Results for 8.2.1 20181012 [gcc-8-branch revision 265071] (GCC) testsuite on sparc-sun-solaris2.11

Rainer Orth ro@CeBiTec.Uni-Bielefeld.DE
Sat Oct 13 07:42:00 GMT 2018


LAST_UPDATED: Fri Oct 12 08:57:50 UTC 2018 (revision 265071)

		=== acats tests ===
FAIL:	c35507e

		=== acats Summary ===
# of expected passes		2319
# of unexpected failures	1
Native configuration is sparc-sun-solaris2.11

		=== g++ tests ===


Running target unix
FAIL: g++.dg/pr83239.C  -std=gnu++98 (test for excess errors)
FAIL: g++.dg/gcov/pr16855-priority.C  -std=gnu++11  gcov: 1 failures in line counts, 0 in branch percentages, 0 in return percentages, 0 in intermediate format
FAIL: g++.dg/gcov/pr16855-priority.C  -std=gnu++11  line 22: is #####:should be 1
FAIL: g++.dg/gcov/pr16855-priority.C  -std=gnu++14  gcov: 1 failures in line counts, 0 in branch percentages, 0 in return percentages, 0 in intermediate format
FAIL: g++.dg/gcov/pr16855-priority.C  -std=gnu++14  line 22: is #####:should be 1
FAIL: g++.dg/gcov/pr16855-priority.C  -std=gnu++98  gcov: 1 failures in line counts, 0 in branch percentages, 0 in return percentages, 0 in intermediate format
FAIL: g++.dg/gcov/pr16855-priority.C  -std=gnu++98  line 22: is #####:should be 1
FAIL: g++.dg/gcov/pr16855.C  -std=gnu++11  gcov: 1 failures in line counts, 0 in branch percentages, 0 in return percentages, 0 in intermediate format
FAIL: g++.dg/gcov/pr16855.C  -std=gnu++11  line 21: is #####:should be 1
FAIL: g++.dg/gcov/pr16855.C  -std=gnu++14  gcov: 1 failures in line counts, 0 in branch percentages, 0 in return percentages, 0 in intermediate format
FAIL: g++.dg/gcov/pr16855.C  -std=gnu++14  line 21: is #####:should be 1
FAIL: g++.dg/gcov/pr16855.C  -std=gnu++98  gcov: 1 failures in line counts, 0 in branch percentages, 0 in return percentages, 0 in intermediate format
FAIL: g++.dg/gcov/pr16855.C  -std=gnu++98  line 21: is #####:should be 1

		=== g++ Summary for unix ===

# of expected passes		113531
# of unexpected failures	13
# of expected failures		511
# of unsupported tests		5275

Running target unix/-m64
FAIL: g++.dg/pr83239.C  -std=gnu++98 (test for excess errors)
FAIL: g++.dg/gcov/pr16855-priority.C  -std=gnu++11  gcov: 1 failures in line counts, 0 in branch percentages, 0 in return percentages, 0 in intermediate format
FAIL: g++.dg/gcov/pr16855-priority.C  -std=gnu++11  line 22: is #####:should be 1
FAIL: g++.dg/gcov/pr16855-priority.C  -std=gnu++14  gcov: 1 failures in line counts, 0 in branch percentages, 0 in return percentages, 0 in intermediate format
FAIL: g++.dg/gcov/pr16855-priority.C  -std=gnu++14  line 22: is #####:should be 1
FAIL: g++.dg/gcov/pr16855-priority.C  -std=gnu++98  gcov: 1 failures in line counts, 0 in branch percentages, 0 in return percentages, 0 in intermediate format
FAIL: g++.dg/gcov/pr16855-priority.C  -std=gnu++98  line 22: is #####:should be 1
FAIL: g++.dg/gcov/pr16855.C  -std=gnu++11  gcov: 1 failures in line counts, 0 in branch percentages, 0 in return percentages, 0 in intermediate format
FAIL: g++.dg/gcov/pr16855.C  -std=gnu++11  line 21: is #####:should be 1
FAIL: g++.dg/gcov/pr16855.C  -std=gnu++14  gcov: 1 failures in line counts, 0 in branch percentages, 0 in return percentages, 0 in intermediate format
FAIL: g++.dg/gcov/pr16855.C  -std=gnu++14  line 21: is #####:should be 1
FAIL: g++.dg/gcov/pr16855.C  -std=gnu++98  gcov: 1 failures in line counts, 0 in branch percentages, 0 in return percentages, 0 in intermediate format
FAIL: g++.dg/gcov/pr16855.C  -std=gnu++98  line 21: is #####:should be 1

		=== g++ Summary for unix/-m64 ===

# of expected passes		115428
# of unexpected failures	13
# of expected failures		514
# of unsupported tests		5244

		=== g++ Summary ===

# of expected passes		228959
# of unexpected failures	26
# of expected failures		1025
# of unsupported tests		10519
/var/gcc/regression/gcc-8-branch/11-gcc/build/gcc/xg++  version 8.2.1 20181012 [gcc-8-branch revision 265071] (GCC) 

		=== gcc tests ===


Running target unix
FAIL: gcc.dg/simulate-thread/atomic-other-int.c   -O2 -g  thread simulation test
FAIL: gcc.dg/simulate-thread/atomic-other-int.c   -O3 -g  thread simulation test
FAIL: gcc.dg/simulate-thread/speculative-store-4.c   -O0 -g  thread simulation test
FAIL: gcc.dg/simulate-thread/speculative-store-4.c   -O2 -g  thread simulation test
FAIL: gcc.dg/simulate-thread/speculative-store-4.c   -O3 -g  thread simulation test
FAIL: gcc.dg/simulate-thread/speculative-store.c   -O0 -g  thread simulation test

		=== gcc Summary for unix ===

# of expected passes		102788
# of unexpected failures	6
# of expected failures		475
# of unsupported tests		2764

Running target unix/-m64

		=== gcc Summary for unix/-m64 ===

# of expected passes		103914
# of expected failures		465
# of unsupported tests		2523

		=== gcc Summary ===

# of expected passes		206702
# of unexpected failures	6
# of expected failures		940
# of unsupported tests		5287
/var/gcc/regression/gcc-8-branch/11-gcc/build/gcc/xgcc  version 8.2.1 20181012 [gcc-8-branch revision 265071] (GCC) 

		=== gfortran tests ===


Running target unix
FAIL: gfortran.dg/elemental_subroutine_3.f90   -O1  (test for excess errors)
FAIL: gfortran.dg/elemental_subroutine_3.f90   -O2  (test for excess errors)
FAIL: gfortran.dg/elemental_subroutine_3.f90   -O3 -fomit-frame-pointer -funroll-loops -fpeel-loops -ftracer -finline-functions  (test for excess errors)
FAIL: gfortran.dg/elemental_subroutine_3.f90   -O3 -g  (test for excess errors)
FAIL: gfortran.dg/elemental_subroutine_3.f90   -Os  (test for excess errors)
FAIL: gfortran.dg/unlimited_polymorphic_30.f03   -O0  execution test
FAIL: gfortran.dg/unlimited_polymorphic_30.f03   -O1  execution test

		=== gfortran Summary for unix ===

# of expected passes		47158
# of unexpected failures	7
# of expected failures		92
# of unsupported tests		263

Running target unix/-m64
FAIL: gfortran.dg/elemental_subroutine_3.f90   -O1  (test for excess errors)
FAIL: gfortran.dg/elemental_subroutine_3.f90   -O2  (test for excess errors)
FAIL: gfortran.dg/elemental_subroutine_3.f90   -O3 -fomit-frame-pointer -funroll-loops -fpeel-loops -ftracer -finline-functions  (test for excess errors)
FAIL: gfortran.dg/elemental_subroutine_3.f90   -O3 -g  (test for excess errors)
FAIL: gfortran.dg/elemental_subroutine_3.f90   -Os  (test for excess errors)
FAIL: gfortran.dg/unlimited_polymorphic_30.f03   -O0  execution test
FAIL: gfortran.dg/unlimited_polymorphic_30.f03   -O1  execution test
FAIL: gfortran.dg/unlimited_polymorphic_30.f03   -O2  execution test
FAIL: gfortran.dg/unlimited_polymorphic_30.f03   -O3 -fomit-frame-pointer -funroll-loops -fpeel-loops -ftracer -finline-functions  execution test
FAIL: gfortran.dg/unlimited_polymorphic_30.f03   -O3 -g  execution test
FAIL: gfortran.dg/unlimited_polymorphic_30.f03   -Os  execution test

		=== gfortran Summary for unix/-m64 ===

# of expected passes		47401
# of unexpected failures	11
# of expected failures		92
# of unsupported tests		142

		=== gfortran Summary ===

# of expected passes		94559
# of unexpected failures	18
# of expected failures		184
# of unsupported tests		405
/var/gcc/regression/gcc-8-branch/11-gcc/build/gcc/gfortran  version 8.2.1 20181012 [gcc-8-branch revision 265071] (GCC) 

		=== gnat tests ===


Running target unix
FAIL: gnat.dg/sso/r5.adb   -O0  (test for excess errors)
UNRESOLVED: gnat.dg/sso/r5.adb   -O0  compilation failed to produce executable

		=== gnat Summary for unix ===

# of expected passes		2666
# of unexpected failures	1
# of expected failures		24
# of unresolved testcases	1
# of unsupported tests		23

Running target unix/-m64

		=== gnat Summary for unix/-m64 ===

# of expected passes		2669
# of expected failures		24
# of unsupported tests		23

		=== gnat Summary ===

# of expected passes		5335
# of unexpected failures	1
# of expected failures		48
# of unresolved testcases	1
# of unsupported tests		46
/var/gcc/regression/gcc-8-branch/11-gcc/build/gcc/gnatmake version 8.2.1 20181012 [gcc-8-branch revision 265071]

		=== go tests ===


Running target unix
FAIL: ./index0-out.go execution,  -O0 -g -fno-var-tracking-assignments 
FAIL: go.test/test/fixedbugs/issue4562.go execution,  -O2 -g 
FAIL: go.test/test/nil.go execution,  -O2 -g 

		=== go Summary for unix ===

# of expected passes		7391
# of unexpected failures	3
# of expected failures		1
# of untested testcases		11
# of unsupported tests		3

Running target unix/-m64
FAIL: ./index0-out.go execution,  -O0 -g -fno-var-tracking-assignments 

		=== go Summary for unix/-m64 ===

# of expected passes		7273
# of unexpected failures	1
# of expected failures		1
# of untested testcases		11
# of unsupported tests		3

		=== go Summary ===

# of expected passes		14664
# of unexpected failures	4
# of expected failures		2
# of untested testcases		22
# of unsupported tests		6
		=== obj-c++ tests ===


Running target unix

		=== obj-c++ Summary for unix ===

# of expected passes		1464
# of expected failures		2
# of unsupported tests		77

Running target unix/-m64

		=== obj-c++ Summary for unix/-m64 ===

# of expected passes		1456
# of expected failures		10
# of unsupported tests		77

		=== obj-c++ Summary ===

# of expected passes		2920
# of expected failures		12
# of unsupported tests		154
/var/gcc/regression/gcc-8-branch/11-gcc/build/gcc/xg++  version 8.2.1 20181012 [gcc-8-branch revision 265071] (GCC) 

		=== objc tests ===


Running target unix

		=== objc Summary for unix ===

# of expected passes		2803
# of unsupported tests		68

Running target unix/-m64

		=== objc Summary for unix/-m64 ===

# of expected passes		2803
# of unsupported tests		68

		=== objc Summary ===

# of expected passes		5606
# of unsupported tests		136
/var/gcc/regression/gcc-8-branch/11-gcc/build/gcc/xgcc  version 8.2.1 20181012 [gcc-8-branch revision 265071] (GCC) 

		=== gotools tests ===

FAIL: go test cmd/go
FAIL: TestBreakpoint
FAIL: TestCgoExecSignalMask
FAIL: TestCgoSignalDeadlock
FAIL: TestCrashDumpsAllThreads
FAIL: TestCrashHandler
FAIL: TestGccgoCrashTracebackNodebug
FAIL: TestPanicInlined
FAIL: TestSelectStackAdjust
FAIL: go test runtime
FAIL: go test misc/cgo/test
FAIL: TestCompileWithoutShared
FAIL: TestEarlySignalHandler
FAIL: TestInstall
FAIL: TestOsSignal
FAIL: TestPIE
FAIL: TestSIGPROF
FAIL: TestSigaltstack
FAIL: TestSignalForwarding
FAIL: TestSignalForwardingExternal
FAIL: go test misc/cgo/testcarchive

		=== gotools Summary ===
# of expected passes		260
# of unexpected failures	21
# of untested testcases		189
/var/gcc/regression/gcc-8-branch/11-gcc/build/./gcc/gccgo version 8.2.1 20181012 [gcc-8-branch revision 265071] (GCC)

		=== libatomic tests ===


Running target unix

		=== libatomic Summary for unix ===

# of expected passes		44
# of unsupported tests		5

Running target unix/-m64

		=== libatomic Summary for unix/-m64 ===

# of expected passes		54

		=== libatomic Summary ===

# of expected passes		98
# of unsupported tests		5
		=== libffi tests ===


Running target unix

		=== libffi Summary for unix ===

# of expected passes		2214

Running target unix/-m64

		=== libffi Summary for unix/-m64 ===

# of expected passes		2214

		=== libffi Summary ===

# of expected passes		4428
		=== libgo tests ===


Running target unix
FAIL: runtime
FAIL: go/build
FAIL: net/http

		=== libgo Summary for unix ===

# of expected passes		161
# of unexpected failures	3

Running target unix/-m64
FAIL: fmt
FAIL: go/build

		=== libgo Summary for unix/-m64 ===

# of expected passes		162
# of unexpected failures	2

		=== libgo Summary ===

# of expected passes		323
# of unexpected failures	5
/var/gcc/regression/gcc-8-branch/11-gcc/build/./gcc/gccgo version 8.2.1 20181012 [gcc-8-branch revision 265071] (GCC)

		=== libgomp tests ===


Running target unix

		=== libgomp Summary for unix ===

# of expected passes		5446
# of expected failures		1
# of unsupported tests		365

Running target unix/-m64

		=== libgomp Summary for unix/-m64 ===

# of expected passes		5446
# of expected failures		1
# of unsupported tests		365

		=== libgomp Summary ===

# of expected passes		10892
# of expected failures		2
# of unsupported tests		730
		=== libitm tests ===


Running target unix

		=== libitm Summary for unix ===

# of expected passes		42
# of expected failures		3
# of unsupported tests		1

Running target unix/-m64

		=== libitm Summary for unix/-m64 ===

# of expected passes		42
# of expected failures		3
# of unsupported tests		1

		=== libitm Summary ===

# of expected passes		84
# of expected failures		6
# of unsupported tests		2
		=== libstdc++ tests ===


Running target unix
FAIL: 23_containers/stack/members/emplace_cxx17_return.cc (test for excess errors)
UNRESOLVED: 23_containers/stack/members/emplace_cxx17_return.cc compilation failed to produce executable
FAIL: 23_containers/stack/requirements/constructible.cc (test for excess errors)
FAIL: 23_containers/unordered_map/allocator/move_assign.cc (test for excess errors)
UNRESOLVED: 23_containers/unordered_map/allocator/move_assign.cc compilation failed to produce executable
FAIL: 23_containers/unordered_map/allocator/noexcept.cc (test for excess errors)
FAIL: 23_containers/unordered_map/init-list.cc (test for excess errors)
UNRESOLVED: 23_containers/unordered_map/init-list.cc compilation failed to produce executable
FAIL: 23_containers/unordered_map/insert/24061-map.cc (test for excess errors)
UNRESOLVED: 23_containers/unordered_map/insert/24061-map.cc compilation failed to produce executable
FAIL: 23_containers/unordered_multimap/debug/insert4_neg.cc (test for excess errors)
UNRESOLVED: 23_containers/unordered_multimap/debug/insert4_neg.cc compilation failed to produce executable
FAIL: 23_containers/unordered_multimap/debug/move_neg.cc (test for excess errors)
UNRESOLVED: 23_containers/unordered_multimap/debug/move_neg.cc compilation failed to produce executable

		=== libstdc++ Summary for unix ===

# of expected passes		11343
# of unexpected failures	8
# of expected failures		69
# of unresolved testcases	6
# of unsupported tests		639

Running target unix/-m64

		=== libstdc++ Summary for unix/-m64 ===

# of expected passes		11355
# of expected failures		71
# of unsupported tests		639

		=== libstdc++ Summary ===

# of expected passes		22698
# of unexpected failures	8
# of expected failures		140
# of unresolved testcases	6
# of unsupported tests		1278

Compiler version: 8.2.1 20181012 [gcc-8-branch revision 265071] (GCC) 
Platform: sparc-sun-solaris2.11
configure flags: --prefix=/vol/gcc --target=sparc-sun-solaris2.11 --enable-objc-gc --with-target-bdw-gc-include=/vol/gcc/include --with-target-bdw-gc-lib=/vol/gcc/lib,sparcv9=/vol/gcc/lib/sparcv9 --with-as=/usr/ccs/bin/as --without-gnu-as --with-gmp-include=/vol/gcc/include --with-gmp-lib=/vol/gcc/lib --with-mpfr-include=/vol/gcc/include --with-mpfr-lib=/vol/gcc/lib --with-mpc-include=/vol/gcc/include --with-mpc-lib=/vol/gcc/lib --enable-languages=all,ada,obj-c++,go --with-isl-include=/vol/gcc/include --with-isl-lib=/vol/gcc/lib --build=sparc-sun-solaris2.11 --host=sparc-sun-solaris2.11
BOOT_CFLAGS=-g -O2



More information about the Gcc-testresults mailing list