Results for 9.0.0 20181011 (experimental) [trunk revision 265032] (GCC) testsuite on x86_64-pc-linux-gnu
H.J. Lu (Intel64-profiled)
intel64profiled@gnu-4.sc.intel.com
Thu Oct 11 08:22:00 GMT 2018
Native configuration is x86_64-pc-linux-gnu
=== gcc tests ===
Running target unix
FAIL: gcc.dg/graphite/interchange-3.c scan-tree-dump graphite "tiled"
FAIL: gcc.dg/graphite/interchange-7.c scan-tree-dump graphite "tiled"
FAIL: gcc.dg/graphite/interchange-9.c scan-tree-dump graphite "tiled"
FAIL: gcc.dg/graphite/uns-interchange-9.c scan-tree-dump graphite "tiled"
XPASS: gcc.dg/guality/example.c -O0 execution test
XPASS: gcc.dg/guality/example.c -O1 -DPREVENT_OPTIMIZATION execution test
XPASS: gcc.dg/guality/example.c -Og -DPREVENT_OPTIMIZATION execution test
XPASS: gcc.dg/guality/guality.c -O0 execution test
XPASS: gcc.dg/guality/guality.c -O1 -DPREVENT_OPTIMIZATION execution test
XPASS: gcc.dg/guality/guality.c -O2 -DPREVENT_OPTIMIZATION execution test
XPASS: gcc.dg/guality/guality.c -O2 -flto -fno-use-linker-plugin -flto-partition=none -DPREVENT_OPTIMIZATION execution test
XPASS: gcc.dg/guality/guality.c -O2 -flto -fuse-linker-plugin -fno-fat-lto-objects -DPREVENT_OPTIMIZATION execution test
XPASS: gcc.dg/guality/guality.c -O3 -g -DPREVENT_OPTIMIZATION execution test
XPASS: gcc.dg/guality/guality.c -Os -DPREVENT_OPTIMIZATION execution test
XPASS: gcc.dg/guality/guality.c -Og -DPREVENT_OPTIMIZATION execution test
XPASS: gcc.dg/guality/inline-params.c -O2 -DPREVENT_OPTIMIZATION execution test
XPASS: gcc.dg/guality/inline-params.c -O2 -flto -fno-use-linker-plugin -flto-partition=none -DPREVENT_OPTIMIZATION execution test
XPASS: gcc.dg/guality/inline-params.c -O2 -flto -fuse-linker-plugin -fno-fat-lto-objects -DPREVENT_OPTIMIZATION execution test
XPASS: gcc.dg/guality/inline-params.c -O3 -g -DPREVENT_OPTIMIZATION execution test
XPASS: gcc.dg/guality/inline-params.c -Os -DPREVENT_OPTIMIZATION execution test
XPASS: gcc.dg/guality/pr41353-1.c -O0 line 28 j == 28 + 37
XPASS: gcc.dg/guality/pr41353-1.c -Og -DPREVENT_OPTIMIZATION line 28 j == 28 + 37
FAIL: gcc.dg/guality/pr41616-1.c -O2 -DPREVENT_OPTIMIZATION execution test
FAIL: gcc.dg/guality/pr41616-1.c -O2 -flto -fno-use-linker-plugin -flto-partition=none -DPREVENT_OPTIMIZATION execution test
FAIL: gcc.dg/guality/pr41616-1.c -O3 -g -DPREVENT_OPTIMIZATION execution test
FAIL: gcc.dg/guality/pr54200.c -Og -DPREVENT_OPTIMIZATION line 20 z == 3
FAIL: gcc.dg/guality/pr54519-1.c -O2 -flto -fno-use-linker-plugin -flto-partition=none -DPREVENT_OPTIMIZATION line 20 y == 25
FAIL: gcc.dg/guality/pr54519-1.c -O2 -flto -fno-use-linker-plugin -flto-partition=none -DPREVENT_OPTIMIZATION line 20 z == 6
FAIL: gcc.dg/guality/pr54519-1.c -O2 -flto -fno-use-linker-plugin -flto-partition=none -DPREVENT_OPTIMIZATION line 23 y == 117
FAIL: gcc.dg/guality/pr54519-1.c -O2 -flto -fno-use-linker-plugin -flto-partition=none -DPREVENT_OPTIMIZATION line 23 z == 8
FAIL: gcc.dg/guality/pr54519-1.c -O2 -flto -fuse-linker-plugin -fno-fat-lto-objects -DPREVENT_OPTIMIZATION line 20 y == 25
FAIL: gcc.dg/guality/pr54519-1.c -O2 -flto -fuse-linker-plugin -fno-fat-lto-objects -DPREVENT_OPTIMIZATION line 20 z == 6
FAIL: gcc.dg/guality/pr54519-1.c -O2 -flto -fuse-linker-plugin -fno-fat-lto-objects -DPREVENT_OPTIMIZATION line 23 y == 117
FAIL: gcc.dg/guality/pr54519-1.c -O2 -flto -fuse-linker-plugin -fno-fat-lto-objects -DPREVENT_OPTIMIZATION line 23 z == 8
FAIL: gcc.dg/guality/pr54519-2.c -O2 -flto -fno-use-linker-plugin -flto-partition=none -DPREVENT_OPTIMIZATION line 17 y == 25
FAIL: gcc.dg/guality/pr54519-2.c -O2 -flto -fuse-linker-plugin -fno-fat-lto-objects -DPREVENT_OPTIMIZATION line 17 y == 25
FAIL: gcc.dg/guality/pr54519-3.c -O2 -flto -fno-use-linker-plugin -flto-partition=none -DPREVENT_OPTIMIZATION line 20 y == 25
FAIL: gcc.dg/guality/pr54519-3.c -O2 -flto -fno-use-linker-plugin -flto-partition=none -DPREVENT_OPTIMIZATION line 20 z == 6
FAIL: gcc.dg/guality/pr54519-3.c -O2 -flto -fno-use-linker-plugin -flto-partition=none -DPREVENT_OPTIMIZATION line 23 y == 117
FAIL: gcc.dg/guality/pr54519-3.c -O2 -flto -fno-use-linker-plugin -flto-partition=none -DPREVENT_OPTIMIZATION line 23 z == 8
FAIL: gcc.dg/guality/pr54519-3.c -O2 -flto -fuse-linker-plugin -fno-fat-lto-objects -DPREVENT_OPTIMIZATION line 20 y == 25
FAIL: gcc.dg/guality/pr54519-3.c -O2 -flto -fuse-linker-plugin -fno-fat-lto-objects -DPREVENT_OPTIMIZATION line 20 z == 6
FAIL: gcc.dg/guality/pr54519-3.c -O2 -flto -fuse-linker-plugin -fno-fat-lto-objects -DPREVENT_OPTIMIZATION line 23 y == 117
FAIL: gcc.dg/guality/pr54519-3.c -O2 -flto -fuse-linker-plugin -fno-fat-lto-objects -DPREVENT_OPTIMIZATION line 23 z == 8
FAIL: gcc.dg/guality/pr54519-4.c -O2 -flto -fno-use-linker-plugin -flto-partition=none -DPREVENT_OPTIMIZATION line 17 y == 25
FAIL: gcc.dg/guality/pr54519-4.c -O2 -flto -fuse-linker-plugin -fno-fat-lto-objects -DPREVENT_OPTIMIZATION line 17 y == 25
FAIL: gcc.dg/guality/pr54519-5.c -O2 -flto -fno-use-linker-plugin -flto-partition=none -DPREVENT_OPTIMIZATION line 17 y == 25
FAIL: gcc.dg/guality/pr54519-5.c -O2 -flto -fuse-linker-plugin -fno-fat-lto-objects -DPREVENT_OPTIMIZATION line 17 y == 25
XPASS: gcc.dg/guality/pr54970.c -O0 line 31 a[0] == 4
XPASS: gcc.dg/guality/pr54970.c -O0 line 36 a[0] == 4
XPASS: gcc.dg/guality/pr54970.c -O0 line 45 a[0] == 4
XPASS: gcc.dg/guality/pr54970.c -O0 line 45 p[-2] == 4
XPASS: gcc.dg/guality/pr54970.c -O0 line 45 q[-1] == 4
FAIL: gcc.dg/guality/pr54970.c -Og -DPREVENT_OPTIMIZATION line 15 *p == 3
FAIL: gcc.dg/guality/pr54970.c -Og -DPREVENT_OPTIMIZATION line 15 *q == 2
FAIL: gcc.dg/guality/pr54970.c -Og -DPREVENT_OPTIMIZATION line 15 a[0] == 1
FAIL: gcc.dg/guality/pr54970.c -Og -DPREVENT_OPTIMIZATION line 15 a[1] == 2
FAIL: gcc.dg/guality/pr54970.c -Og -DPREVENT_OPTIMIZATION line 15 a[2] == 3
FAIL: gcc.dg/guality/pr54970.c -Og -DPREVENT_OPTIMIZATION line 20 *p == 13
FAIL: gcc.dg/guality/pr54970.c -Og -DPREVENT_OPTIMIZATION line 20 *q == 2
FAIL: gcc.dg/guality/pr54970.c -Og -DPREVENT_OPTIMIZATION line 20 a[0] == 1
FAIL: gcc.dg/guality/pr54970.c -Og -DPREVENT_OPTIMIZATION line 20 a[1] == 2
FAIL: gcc.dg/guality/pr54970.c -Og -DPREVENT_OPTIMIZATION line 20 a[2] == 13
FAIL: gcc.dg/guality/pr54970.c -Og -DPREVENT_OPTIMIZATION line 25 *p == 13
FAIL: gcc.dg/guality/pr54970.c -Og -DPREVENT_OPTIMIZATION line 25 *q == 12
FAIL: gcc.dg/guality/pr54970.c -Og -DPREVENT_OPTIMIZATION line 25 a[0] == 1
FAIL: gcc.dg/guality/pr54970.c -Og -DPREVENT_OPTIMIZATION line 25 a[1] == 12
FAIL: gcc.dg/guality/pr54970.c -Og -DPREVENT_OPTIMIZATION line 25 a[2] == 13
FAIL: gcc.dg/guality/pr54970.c -Og -DPREVENT_OPTIMIZATION line 31 *p == 6
FAIL: gcc.dg/guality/pr54970.c -Og -DPREVENT_OPTIMIZATION line 31 *q == 5
FAIL: gcc.dg/guality/pr54970.c -Og -DPREVENT_OPTIMIZATION line 31 a[1] == 5
FAIL: gcc.dg/guality/pr54970.c -Og -DPREVENT_OPTIMIZATION line 31 a[2] == 6
FAIL: gcc.dg/guality/pr54970.c -Og -DPREVENT_OPTIMIZATION line 36 *p == 26
FAIL: gcc.dg/guality/pr54970.c -Og -DPREVENT_OPTIMIZATION line 36 *q == 5
FAIL: gcc.dg/guality/pr54970.c -Og -DPREVENT_OPTIMIZATION line 36 a[1] == 5
FAIL: gcc.dg/guality/pr54970.c -Og -DPREVENT_OPTIMIZATION line 36 a[2] == 26
FAIL: gcc.dg/guality/pr54970.c -Og -DPREVENT_OPTIMIZATION line 45 *p == 26
FAIL: gcc.dg/guality/pr54970.c -Og -DPREVENT_OPTIMIZATION line 45 *q == 25
FAIL: gcc.dg/guality/pr54970.c -Og -DPREVENT_OPTIMIZATION line 45 a[1] == 25
FAIL: gcc.dg/guality/pr54970.c -Og -DPREVENT_OPTIMIZATION line 45 a[2] == 26
FAIL: gcc.dg/guality/pr54970.c -Og -DPREVENT_OPTIMIZATION line 45 p[-1] == 25
FAIL: gcc.dg/guality/pr54970.c -Og -DPREVENT_OPTIMIZATION line 45 q[1] == 26
FAIL: gcc.dg/guality/pr56154-1.c -Og -DPREVENT_OPTIMIZATION line pr56154-1.c:20 x.a == 6
FAIL: gcc.dg/guality/pr59776.c -Og -DPREVENT_OPTIMIZATION line pr59776.c:17 s1.f == 5.0
FAIL: gcc.dg/guality/pr59776.c -Og -DPREVENT_OPTIMIZATION line pr59776.c:17 s1.g == 6.0
FAIL: gcc.dg/guality/pr59776.c -Og -DPREVENT_OPTIMIZATION line pr59776.c:17 s2.f == 0.0
FAIL: gcc.dg/guality/pr59776.c -Og -DPREVENT_OPTIMIZATION line pr59776.c:17 s2.g == 6.0
FAIL: gcc.dg/guality/pr59776.c -Og -DPREVENT_OPTIMIZATION line pr59776.c:20 s1.f == 5.0
FAIL: gcc.dg/guality/pr59776.c -Og -DPREVENT_OPTIMIZATION line pr59776.c:20 s1.g == 6.0
FAIL: gcc.dg/guality/pr59776.c -Og -DPREVENT_OPTIMIZATION line pr59776.c:20 s2.f == 5.0
FAIL: gcc.dg/guality/pr59776.c -Og -DPREVENT_OPTIMIZATION line pr59776.c:20 s2.g == 6.0
FAIL: gcc.dg/guality/pr68860-1.c -O2 -flto -fno-use-linker-plugin -flto-partition=none -DPREVENT_OPTIMIZATION line 14 arg1 == 1
FAIL: gcc.dg/guality/pr68860-1.c -O2 -flto -fno-use-linker-plugin -flto-partition=none -DPREVENT_OPTIMIZATION line 14 arg2 == 2
FAIL: gcc.dg/guality/pr68860-1.c -O2 -flto -fno-use-linker-plugin -flto-partition=none -DPREVENT_OPTIMIZATION line 14 arg3 == 3
FAIL: gcc.dg/guality/pr68860-1.c -O2 -flto -fno-use-linker-plugin -flto-partition=none -DPREVENT_OPTIMIZATION line 14 arg4 == 4
FAIL: gcc.dg/guality/pr68860-1.c -O2 -flto -fno-use-linker-plugin -flto-partition=none -DPREVENT_OPTIMIZATION line 14 arg5 == 5
FAIL: gcc.dg/guality/pr68860-1.c -O2 -flto -fno-use-linker-plugin -flto-partition=none -DPREVENT_OPTIMIZATION line 14 arg6 == 6
FAIL: gcc.dg/guality/pr68860-1.c -O2 -flto -fno-use-linker-plugin -flto-partition=none -DPREVENT_OPTIMIZATION line 16 arg1 == 1
FAIL: gcc.dg/guality/pr68860-1.c -O2 -flto -fno-use-linker-plugin -flto-partition=none -DPREVENT_OPTIMIZATION line 16 arg2 == 2
FAIL: gcc.dg/guality/pr68860-1.c -O2 -flto -fno-use-linker-plugin -flto-partition=none -DPREVENT_OPTIMIZATION line 16 arg3 == 3
FAIL: gcc.dg/guality/pr68860-1.c -O2 -flto -fno-use-linker-plugin -flto-partition=none -DPREVENT_OPTIMIZATION line 16 arg4 == 4
FAIL: gcc.dg/guality/pr68860-1.c -O2 -flto -fno-use-linker-plugin -flto-partition=none -DPREVENT_OPTIMIZATION line 16 arg5 == 5
FAIL: gcc.dg/guality/pr68860-1.c -O2 -flto -fno-use-linker-plugin -flto-partition=none -DPREVENT_OPTIMIZATION line 16 arg6 == 6
FAIL: gcc.dg/guality/pr68860-1.c -O2 -flto -fuse-linker-plugin -fno-fat-lto-objects -DPREVENT_OPTIMIZATION line 14 arg1 == 1
FAIL: gcc.dg/guality/pr68860-1.c -O2 -flto -fuse-linker-plugin -fno-fat-lto-objects -DPREVENT_OPTIMIZATION line 14 arg2 == 2
FAIL: gcc.dg/guality/pr68860-1.c -O2 -flto -fuse-linker-plugin -fno-fat-lto-objects -DPREVENT_OPTIMIZATION line 14 arg3 == 3
FAIL: gcc.dg/guality/pr68860-1.c -O2 -flto -fuse-linker-plugin -fno-fat-lto-objects -DPREVENT_OPTIMIZATION line 14 arg4 == 4
FAIL: gcc.dg/guality/pr68860-1.c -O2 -flto -fuse-linker-plugin -fno-fat-lto-objects -DPREVENT_OPTIMIZATION line 14 arg5 == 5
FAIL: gcc.dg/guality/pr68860-1.c -O2 -flto -fuse-linker-plugin -fno-fat-lto-objects -DPREVENT_OPTIMIZATION line 14 arg6 == 6
FAIL: gcc.dg/guality/pr68860-1.c -O2 -flto -fuse-linker-plugin -fno-fat-lto-objects -DPREVENT_OPTIMIZATION line 16 arg1 == 1
FAIL: gcc.dg/guality/pr68860-1.c -O2 -flto -fuse-linker-plugin -fno-fat-lto-objects -DPREVENT_OPTIMIZATION line 16 arg2 == 2
FAIL: gcc.dg/guality/pr68860-1.c -O2 -flto -fuse-linker-plugin -fno-fat-lto-objects -DPREVENT_OPTIMIZATION line 16 arg3 == 3
FAIL: gcc.dg/guality/pr68860-1.c -O2 -flto -fuse-linker-plugin -fno-fat-lto-objects -DPREVENT_OPTIMIZATION line 16 arg4 == 4
FAIL: gcc.dg/guality/pr68860-1.c -O2 -flto -fuse-linker-plugin -fno-fat-lto-objects -DPREVENT_OPTIMIZATION line 16 arg5 == 5
FAIL: gcc.dg/guality/pr68860-1.c -O2 -flto -fuse-linker-plugin -fno-fat-lto-objects -DPREVENT_OPTIMIZATION line 16 arg6 == 6
FAIL: gcc.dg/guality/sra-1.c -Og -DPREVENT_OPTIMIZATION line 21 a.i == 4
FAIL: gcc.dg/guality/sra-1.c -Og -DPREVENT_OPTIMIZATION line 21 a.j == 14
FAIL: gcc.dg/guality/sra-1.c -Og -DPREVENT_OPTIMIZATION line 32 a[0] == 4
FAIL: gcc.dg/guality/sra-1.c -Og -DPREVENT_OPTIMIZATION line 32 a[1] == 14
FAIL: gcc.dg/guality/sra-1.c -Og -DPREVENT_OPTIMIZATION line 43 a.i == 4
FAIL: gcc.dg/guality/sra-1.c -Og -DPREVENT_OPTIMIZATION line 43 a.j == 14
FAIL: gcc.dg/guality/vla-1.c -O1 -DPREVENT_OPTIMIZATION line 17 sizeof (a) == 6
FAIL: gcc.dg/guality/vla-1.c -O2 -DPREVENT_OPTIMIZATION line 17 sizeof (a) == 6
FAIL: gcc.dg/guality/vla-1.c -O2 -flto -fno-use-linker-plugin -flto-partition=none -DPREVENT_OPTIMIZATION line 17 sizeof (a) == 6
FAIL: gcc.dg/guality/vla-1.c -O2 -flto -fuse-linker-plugin -fno-fat-lto-objects -DPREVENT_OPTIMIZATION line 17 sizeof (a) == 6
FAIL: gcc.dg/guality/vla-1.c -O3 -g -DPREVENT_OPTIMIZATION line 17 sizeof (a) == 6
FAIL: gcc.dg/guality/vla-1.c -Os -DPREVENT_OPTIMIZATION line 17 sizeof (a) == 6
FAIL: gcc.target/i386/avx512vl-pr79299-2.c (test for excess errors)
=== gcc Summary for unix ===
# of expected passes 139170
# of unexpected failures 105
# of unexpected successes 23
# of expected failures 518
# of unsupported tests 2213
Running target unix/-m32
FAIL: gcc.dg/graphite/interchange-3.c scan-tree-dump graphite "tiled"
FAIL: gcc.dg/graphite/interchange-7.c scan-tree-dump graphite "tiled"
FAIL: gcc.dg/graphite/interchange-9.c scan-tree-dump graphite "tiled"
FAIL: gcc.dg/graphite/uns-interchange-9.c scan-tree-dump graphite "tiled"
XPASS: gcc.dg/guality/example.c -O0 execution test
XPASS: gcc.dg/guality/example.c -O1 -DPREVENT_OPTIMIZATION execution test
XPASS: gcc.dg/guality/example.c -Og -DPREVENT_OPTIMIZATION execution test
XPASS: gcc.dg/guality/guality.c -O0 execution test
XPASS: gcc.dg/guality/guality.c -O1 -DPREVENT_OPTIMIZATION execution test
XPASS: gcc.dg/guality/guality.c -O2 -DPREVENT_OPTIMIZATION execution test
XPASS: gcc.dg/guality/guality.c -O2 -flto -fno-use-linker-plugin -flto-partition=none -DPREVENT_OPTIMIZATION execution test
XPASS: gcc.dg/guality/guality.c -O2 -flto -fuse-linker-plugin -fno-fat-lto-objects -DPREVENT_OPTIMIZATION execution test
XPASS: gcc.dg/guality/guality.c -O3 -g -DPREVENT_OPTIMIZATION execution test
XPASS: gcc.dg/guality/guality.c -Os -DPREVENT_OPTIMIZATION execution test
XPASS: gcc.dg/guality/guality.c -Og -DPREVENT_OPTIMIZATION execution test
XPASS: gcc.dg/guality/inline-params.c -O2 -DPREVENT_OPTIMIZATION execution test
XPASS: gcc.dg/guality/inline-params.c -O2 -flto -fno-use-linker-plugin -flto-partition=none -DPREVENT_OPTIMIZATION execution test
XPASS: gcc.dg/guality/inline-params.c -O2 -flto -fuse-linker-plugin -fno-fat-lto-objects -DPREVENT_OPTIMIZATION execution test
XPASS: gcc.dg/guality/inline-params.c -O3 -g -DPREVENT_OPTIMIZATION execution test
XPASS: gcc.dg/guality/inline-params.c -Os -DPREVENT_OPTIMIZATION execution test
XPASS: gcc.dg/guality/pr41353-1.c -O0 line 28 j == 28 + 37
XPASS: gcc.dg/guality/pr41353-1.c -Os -DPREVENT_OPTIMIZATION line 28 j == 28 + 37
XPASS: gcc.dg/guality/pr41353-1.c -Og -DPREVENT_OPTIMIZATION line 28 j == 28 + 37
FAIL: gcc.dg/guality/pr41447-1.c -O2 -DPREVENT_OPTIMIZATION execution test
FAIL: gcc.dg/guality/pr41447-1.c -O2 -flto -fno-use-linker-plugin -flto-partition=none -DPREVENT_OPTIMIZATION execution test
FAIL: gcc.dg/guality/pr41447-1.c -O3 -g -DPREVENT_OPTIMIZATION execution test
FAIL: gcc.dg/guality/pr54519-1.c -O2 -flto -fno-use-linker-plugin -flto-partition=none -DPREVENT_OPTIMIZATION line 20 y == 25
FAIL: gcc.dg/guality/pr54519-1.c -O2 -flto -fno-use-linker-plugin -flto-partition=none -DPREVENT_OPTIMIZATION line 20 z == 6
FAIL: gcc.dg/guality/pr54519-1.c -O2 -flto -fno-use-linker-plugin -flto-partition=none -DPREVENT_OPTIMIZATION line 23 y == 117
FAIL: gcc.dg/guality/pr54519-1.c -O2 -flto -fno-use-linker-plugin -flto-partition=none -DPREVENT_OPTIMIZATION line 23 z == 8
FAIL: gcc.dg/guality/pr54519-1.c -O2 -flto -fuse-linker-plugin -fno-fat-lto-objects -DPREVENT_OPTIMIZATION line 20 y == 25
FAIL: gcc.dg/guality/pr54519-1.c -O2 -flto -fuse-linker-plugin -fno-fat-lto-objects -DPREVENT_OPTIMIZATION line 20 z == 6
FAIL: gcc.dg/guality/pr54519-1.c -O2 -flto -fuse-linker-plugin -fno-fat-lto-objects -DPREVENT_OPTIMIZATION line 23 y == 117
FAIL: gcc.dg/guality/pr54519-1.c -O2 -flto -fuse-linker-plugin -fno-fat-lto-objects -DPREVENT_OPTIMIZATION line 23 z == 8
FAIL: gcc.dg/guality/pr54519-2.c -O2 -flto -fno-use-linker-plugin -flto-partition=none -DPREVENT_OPTIMIZATION line 17 y == 25
FAIL: gcc.dg/guality/pr54519-2.c -O2 -flto -fuse-linker-plugin -fno-fat-lto-objects -DPREVENT_OPTIMIZATION line 17 y == 25
FAIL: gcc.dg/guality/pr54519-3.c -O2 -flto -fno-use-linker-plugin -flto-partition=none -DPREVENT_OPTIMIZATION line 20 y == 25
FAIL: gcc.dg/guality/pr54519-3.c -O2 -flto -fno-use-linker-plugin -flto-partition=none -DPREVENT_OPTIMIZATION line 20 z == 6
FAIL: gcc.dg/guality/pr54519-3.c -O2 -flto -fno-use-linker-plugin -flto-partition=none -DPREVENT_OPTIMIZATION line 23 y == 117
FAIL: gcc.dg/guality/pr54519-3.c -O2 -flto -fno-use-linker-plugin -flto-partition=none -DPREVENT_OPTIMIZATION line 23 z == 8
FAIL: gcc.dg/guality/pr54519-3.c -O2 -flto -fuse-linker-plugin -fno-fat-lto-objects -DPREVENT_OPTIMIZATION line 20 y == 25
FAIL: gcc.dg/guality/pr54519-3.c -O2 -flto -fuse-linker-plugin -fno-fat-lto-objects -DPREVENT_OPTIMIZATION line 20 z == 6
FAIL: gcc.dg/guality/pr54519-3.c -O2 -flto -fuse-linker-plugin -fno-fat-lto-objects -DPREVENT_OPTIMIZATION line 23 y == 117
FAIL: gcc.dg/guality/pr54519-3.c -O2 -flto -fuse-linker-plugin -fno-fat-lto-objects -DPREVENT_OPTIMIZATION line 23 z == 8
FAIL: gcc.dg/guality/pr54519-4.c -O2 -flto -fno-use-linker-plugin -flto-partition=none -DPREVENT_OPTIMIZATION line 17 y == 25
FAIL: gcc.dg/guality/pr54519-4.c -O2 -flto -fuse-linker-plugin -fno-fat-lto-objects -DPREVENT_OPTIMIZATION line 17 y == 25
FAIL: gcc.dg/guality/pr54519-5.c -O2 -flto -fno-use-linker-plugin -flto-partition=none -DPREVENT_OPTIMIZATION line 17 y == 25
FAIL: gcc.dg/guality/pr54519-5.c -O2 -flto -fuse-linker-plugin -fno-fat-lto-objects -DPREVENT_OPTIMIZATION line 17 y == 25
XPASS: gcc.dg/guality/pr54970.c -O0 line 31 a[0] == 4
XPASS: gcc.dg/guality/pr54970.c -O0 line 36 a[0] == 4
XPASS: gcc.dg/guality/pr54970.c -O0 line 45 a[0] == 4
XPASS: gcc.dg/guality/pr54970.c -O0 line 45 p[-2] == 4
XPASS: gcc.dg/guality/pr54970.c -O0 line 45 q[-1] == 4
FAIL: gcc.dg/guality/pr54970.c -Og -DPREVENT_OPTIMIZATION line 15 *p == 3
FAIL: gcc.dg/guality/pr54970.c -Og -DPREVENT_OPTIMIZATION line 15 *q == 2
FAIL: gcc.dg/guality/pr54970.c -Og -DPREVENT_OPTIMIZATION line 15 a[0] == 1
FAIL: gcc.dg/guality/pr54970.c -Og -DPREVENT_OPTIMIZATION line 15 a[1] == 2
FAIL: gcc.dg/guality/pr54970.c -Og -DPREVENT_OPTIMIZATION line 15 a[2] == 3
FAIL: gcc.dg/guality/pr54970.c -Og -DPREVENT_OPTIMIZATION line 20 *p == 13
FAIL: gcc.dg/guality/pr54970.c -Og -DPREVENT_OPTIMIZATION line 20 *q == 2
FAIL: gcc.dg/guality/pr54970.c -Og -DPREVENT_OPTIMIZATION line 20 a[0] == 1
FAIL: gcc.dg/guality/pr54970.c -Og -DPREVENT_OPTIMIZATION line 20 a[1] == 2
FAIL: gcc.dg/guality/pr54970.c -Og -DPREVENT_OPTIMIZATION line 20 a[2] == 13
FAIL: gcc.dg/guality/pr54970.c -Og -DPREVENT_OPTIMIZATION line 25 *p == 13
FAIL: gcc.dg/guality/pr54970.c -Og -DPREVENT_OPTIMIZATION line 25 *q == 12
FAIL: gcc.dg/guality/pr54970.c -Og -DPREVENT_OPTIMIZATION line 25 a[0] == 1
FAIL: gcc.dg/guality/pr54970.c -Og -DPREVENT_OPTIMIZATION line 25 a[1] == 12
FAIL: gcc.dg/guality/pr54970.c -Og -DPREVENT_OPTIMIZATION line 25 a[2] == 13
FAIL: gcc.dg/guality/pr54970.c -Og -DPREVENT_OPTIMIZATION line 31 *p == 6
FAIL: gcc.dg/guality/pr54970.c -Og -DPREVENT_OPTIMIZATION line 31 *q == 5
FAIL: gcc.dg/guality/pr54970.c -Og -DPREVENT_OPTIMIZATION line 31 a[1] == 5
FAIL: gcc.dg/guality/pr54970.c -Og -DPREVENT_OPTIMIZATION line 31 a[2] == 6
FAIL: gcc.dg/guality/pr54970.c -Og -DPREVENT_OPTIMIZATION line 36 *p == 26
FAIL: gcc.dg/guality/pr54970.c -Og -DPREVENT_OPTIMIZATION line 36 *q == 5
FAIL: gcc.dg/guality/pr54970.c -Og -DPREVENT_OPTIMIZATION line 36 a[1] == 5
FAIL: gcc.dg/guality/pr54970.c -Og -DPREVENT_OPTIMIZATION line 36 a[2] == 26
FAIL: gcc.dg/guality/pr54970.c -Og -DPREVENT_OPTIMIZATION line 45 *p == 26
FAIL: gcc.dg/guality/pr54970.c -Og -DPREVENT_OPTIMIZATION line 45 *q == 25
FAIL: gcc.dg/guality/pr54970.c -Og -DPREVENT_OPTIMIZATION line 45 a[1] == 25
FAIL: gcc.dg/guality/pr54970.c -Og -DPREVENT_OPTIMIZATION line 45 a[2] == 26
FAIL: gcc.dg/guality/pr54970.c -Og -DPREVENT_OPTIMIZATION line 45 p[-1] == 25
FAIL: gcc.dg/guality/pr54970.c -Og -DPREVENT_OPTIMIZATION line 45 q[1] == 26
FAIL: gcc.dg/guality/pr56154-1.c -Og -DPREVENT_OPTIMIZATION line pr56154-1.c:20 x.a == 6
FAIL: gcc.dg/guality/pr59776.c -Og -DPREVENT_OPTIMIZATION line pr59776.c:17 s1.f == 5.0
FAIL: gcc.dg/guality/pr59776.c -Og -DPREVENT_OPTIMIZATION line pr59776.c:17 s1.g == 6.0
FAIL: gcc.dg/guality/pr59776.c -Og -DPREVENT_OPTIMIZATION line pr59776.c:17 s2.f == 0.0
FAIL: gcc.dg/guality/pr59776.c -Og -DPREVENT_OPTIMIZATION line pr59776.c:17 s2.g == 6.0
FAIL: gcc.dg/guality/pr59776.c -Og -DPREVENT_OPTIMIZATION line pr59776.c:20 s1.f == 5.0
FAIL: gcc.dg/guality/pr59776.c -Og -DPREVENT_OPTIMIZATION line pr59776.c:20 s1.g == 6.0
FAIL: gcc.dg/guality/pr59776.c -Og -DPREVENT_OPTIMIZATION line pr59776.c:20 s2.f == 5.0
FAIL: gcc.dg/guality/pr59776.c -Og -DPREVENT_OPTIMIZATION line pr59776.c:20 s2.g == 6.0
FAIL: gcc.dg/guality/pr68860-1.c -O2 -flto -fno-use-linker-plugin -flto-partition=none -DPREVENT_OPTIMIZATION line 14 arg1 == 1
FAIL: gcc.dg/guality/pr68860-1.c -O2 -flto -fno-use-linker-plugin -flto-partition=none -DPREVENT_OPTIMIZATION line 14 arg2 == 2
FAIL: gcc.dg/guality/pr68860-1.c -O2 -flto -fno-use-linker-plugin -flto-partition=none -DPREVENT_OPTIMIZATION line 14 arg3 == 3
FAIL: gcc.dg/guality/pr68860-1.c -O2 -flto -fno-use-linker-plugin -flto-partition=none -DPREVENT_OPTIMIZATION line 14 arg4 == 4
FAIL: gcc.dg/guality/pr68860-1.c -O2 -flto -fno-use-linker-plugin -flto-partition=none -DPREVENT_OPTIMIZATION line 14 arg5 == 5
FAIL: gcc.dg/guality/pr68860-1.c -O2 -flto -fno-use-linker-plugin -flto-partition=none -DPREVENT_OPTIMIZATION line 14 arg6 == 6
FAIL: gcc.dg/guality/pr68860-1.c -O2 -flto -fno-use-linker-plugin -flto-partition=none -DPREVENT_OPTIMIZATION line 16 arg1 == 1
FAIL: gcc.dg/guality/pr68860-1.c -O2 -flto -fno-use-linker-plugin -flto-partition=none -DPREVENT_OPTIMIZATION line 16 arg2 == 2
FAIL: gcc.dg/guality/pr68860-1.c -O2 -flto -fno-use-linker-plugin -flto-partition=none -DPREVENT_OPTIMIZATION line 16 arg3 == 3
FAIL: gcc.dg/guality/pr68860-1.c -O2 -flto -fno-use-linker-plugin -flto-partition=none -DPREVENT_OPTIMIZATION line 16 arg4 == 4
FAIL: gcc.dg/guality/pr68860-1.c -O2 -flto -fno-use-linker-plugin -flto-partition=none -DPREVENT_OPTIMIZATION line 16 arg5 == 5
FAIL: gcc.dg/guality/pr68860-1.c -O2 -flto -fno-use-linker-plugin -flto-partition=none -DPREVENT_OPTIMIZATION line 16 arg6 == 6
FAIL: gcc.dg/guality/pr68860-1.c -O2 -flto -fuse-linker-plugin -fno-fat-lto-objects -DPREVENT_OPTIMIZATION line 14 arg1 == 1
FAIL: gcc.dg/guality/pr68860-1.c -O2 -flto -fuse-linker-plugin -fno-fat-lto-objects -DPREVENT_OPTIMIZATION line 14 arg2 == 2
FAIL: gcc.dg/guality/pr68860-1.c -O2 -flto -fuse-linker-plugin -fno-fat-lto-objects -DPREVENT_OPTIMIZATION line 14 arg3 == 3
FAIL: gcc.dg/guality/pr68860-1.c -O2 -flto -fuse-linker-plugin -fno-fat-lto-objects -DPREVENT_OPTIMIZATION line 14 arg4 == 4
FAIL: gcc.dg/guality/pr68860-1.c -O2 -flto -fuse-linker-plugin -fno-fat-lto-objects -DPREVENT_OPTIMIZATION line 14 arg5 == 5
FAIL: gcc.dg/guality/pr68860-1.c -O2 -flto -fuse-linker-plugin -fno-fat-lto-objects -DPREVENT_OPTIMIZATION line 14 arg6 == 6
FAIL: gcc.dg/guality/pr68860-1.c -O2 -flto -fuse-linker-plugin -fno-fat-lto-objects -DPREVENT_OPTIMIZATION line 16 arg1 == 1
FAIL: gcc.dg/guality/pr68860-1.c -O2 -flto -fuse-linker-plugin -fno-fat-lto-objects -DPREVENT_OPTIMIZATION line 16 arg2 == 2
FAIL: gcc.dg/guality/pr68860-1.c -O2 -flto -fuse-linker-plugin -fno-fat-lto-objects -DPREVENT_OPTIMIZATION line 16 arg3 == 3
FAIL: gcc.dg/guality/pr68860-1.c -O2 -flto -fuse-linker-plugin -fno-fat-lto-objects -DPREVENT_OPTIMIZATION line 16 arg4 == 4
FAIL: gcc.dg/guality/pr68860-1.c -O2 -flto -fuse-linker-plugin -fno-fat-lto-objects -DPREVENT_OPTIMIZATION line 16 arg5 == 5
FAIL: gcc.dg/guality/pr68860-1.c -O2 -flto -fuse-linker-plugin -fno-fat-lto-objects -DPREVENT_OPTIMIZATION line 16 arg6 == 6
FAIL: gcc.dg/guality/sra-1.c -Og -DPREVENT_OPTIMIZATION line 21 a.i == 4
FAIL: gcc.dg/guality/sra-1.c -Og -DPREVENT_OPTIMIZATION line 21 a.j == 14
FAIL: gcc.dg/guality/sra-1.c -Og -DPREVENT_OPTIMIZATION line 32 a[0] == 4
FAIL: gcc.dg/guality/sra-1.c -Og -DPREVENT_OPTIMIZATION line 32 a[1] == 14
FAIL: gcc.dg/guality/sra-1.c -Og -DPREVENT_OPTIMIZATION line 43 a.i == 4
FAIL: gcc.dg/guality/sra-1.c -Og -DPREVENT_OPTIMIZATION line 43 a.j == 14
FAIL: gcc.dg/guality/vla-1.c -O1 -DPREVENT_OPTIMIZATION line 17 sizeof (a) == 6
FAIL: gcc.dg/guality/vla-1.c -O2 -DPREVENT_OPTIMIZATION line 17 sizeof (a) == 6
FAIL: gcc.dg/guality/vla-1.c -O2 -flto -fno-use-linker-plugin -flto-partition=none -DPREVENT_OPTIMIZATION line 17 sizeof (a) == 6
FAIL: gcc.dg/guality/vla-1.c -O2 -flto -fuse-linker-plugin -fno-fat-lto-objects -DPREVENT_OPTIMIZATION line 17 sizeof (a) == 6
FAIL: gcc.dg/guality/vla-1.c -O3 -g -DPREVENT_OPTIMIZATION line 17 sizeof (a) == 6
FAIL: gcc.dg/guality/vla-1.c -Os -DPREVENT_OPTIMIZATION line 17 sizeof (a) == 6
FAIL: gcc.dg/tree-ssa/builtin-sprintf-10.c (test for excess errors)
XPASS: gcc.dg/vect/vect-24.c -flto -ffat-lto-objects scan-tree-dump-times vect "vectorized 3 loops" 1
XPASS: gcc.dg/vect/vect-24.c scan-tree-dump-times vect "vectorized 3 loops" 1
XPASS: gcc.dg/vect/vect-reduc-in-order-1.c -flto -ffat-lto-objects execution test
XPASS: gcc.dg/vect/vect-reduc-in-order-1.c execution test
XPASS: gcc.dg/vect/vect-reduc-in-order-2.c -flto -ffat-lto-objects execution test
XPASS: gcc.dg/vect/vect-reduc-in-order-2.c execution test
XPASS: gcc.dg/vect/vect-reduc-in-order-3.c -flto -ffat-lto-objects execution test
XPASS: gcc.dg/vect/vect-reduc-in-order-3.c execution test
XPASS: gcc.dg/vect/vect-reduc-in-order-4.c -flto -ffat-lto-objects execution test
XPASS: gcc.dg/vect/vect-reduc-in-order-4.c execution test
FAIL: gcc.target/i386/avx512vl-pr79299-2.c (test for excess errors)
=== gcc Summary for unix/-m32 ===
# of expected passes 136660
# of unexpected failures 105
# of unexpected successes 34
# of expected failures 511
# of unsupported tests 2485
=== gcc Summary ===
# of expected passes 275830
# of unexpected failures 210
# of unexpected successes 57
# of expected failures 1029
# of unsupported tests 4698
/export/project/git/gcc-regression-profiled/bld/gcc/xgcc version 9.0.0 20181011 (experimental) [trunk revision 265032] (GCC)
=== gfortran tests ===
Running target unix
FAIL: gfortran.dg/argument_checking_11.f90 -O (test for errors, line 60)
FAIL: gfortran.dg/argument_checking_11.f90 -O (test for errors, line 61)
FAIL: gfortran.dg/argument_checking_11.f90 -O (test for errors, line 63)
FAIL: gfortran.dg/argument_checking_11.f90 -O (test for errors, line 64)
FAIL: gfortran.dg/argument_checking_11.f90 -O (test for errors, line 65)
FAIL: gfortran.dg/argument_checking_11.f90 -O (test for errors, line 66)
FAIL: gfortran.dg/argument_checking_11.f90 -O (test for errors, line 67)
FAIL: gfortran.dg/argument_checking_11.f90 -O (test for errors, line 68)
FAIL: gfortran.dg/argument_checking_11.f90 -O (test for errors, line 69)
FAIL: gfortran.dg/argument_checking_11.f90 -O (test for errors, line 70)
FAIL: gfortran.dg/argument_checking_11.f90 -O (test for errors, line 84)
FAIL: gfortran.dg/argument_checking_11.f90 -O (test for errors, line 85)
FAIL: gfortran.dg/argument_checking_11.f90 -O (test for errors, line 89)
FAIL: gfortran.dg/argument_checking_11.f90 -O (test for errors, line 91)
FAIL: gfortran.dg/argument_checking_11.f90 -O (test for errors, line 92)
FAIL: gfortran.dg/argument_checking_11.f90 -O (test for errors, line 93)
FAIL: gfortran.dg/argument_checking_11.f90 -O (test for errors, line 96)
FAIL: gfortran.dg/argument_checking_11.f90 -O (test for errors, line 97)
FAIL: gfortran.dg/argument_checking_11.f90 -O (test for errors, line 98)
FAIL: gfortran.dg/argument_checking_11.f90 -O (test for errors, line 99)
FAIL: gfortran.dg/argument_checking_11.f90 -O (test for excess errors)
FAIL: gfortran.dg/argument_checking_15.f90 -O (test for errors, line 24)
FAIL: gfortran.dg/argument_checking_15.f90 -O (test for errors, line 25)
FAIL: gfortran.dg/argument_checking_15.f90 -O (test for excess errors)
FAIL: gfortran.dg/array_initializer_1.f90 -O0 (test for excess errors)
UNRESOLVED: gfortran.dg/array_initializer_1.f90 -O0 compilation failed to produce executable
FAIL: gfortran.dg/array_initializer_1.f90 -O1 (test for excess errors)
UNRESOLVED: gfortran.dg/array_initializer_1.f90 -O1 compilation failed to produce executable
FAIL: gfortran.dg/array_initializer_1.f90 -O2 (test for excess errors)
UNRESOLVED: gfortran.dg/array_initializer_1.f90 -O2 compilation failed to produce executable
FAIL: gfortran.dg/array_initializer_1.f90 -O3 -fomit-frame-pointer -funroll-loops -fpeel-loops -ftracer -finline-functions (test for excess errors)
UNRESOLVED: gfortran.dg/array_initializer_1.f90 -O3 -fomit-frame-pointer -funroll-loops -fpeel-loops -ftracer -finline-functions compilation failed to produce executable
FAIL: gfortran.dg/array_initializer_1.f90 -O3 -g (test for excess errors)
UNRESOLVED: gfortran.dg/array_initializer_1.f90 -O3 -g compilation failed to produce executable
FAIL: gfortran.dg/array_initializer_1.f90 -Os (test for excess errors)
UNRESOLVED: gfortran.dg/array_initializer_1.f90 -Os compilation failed to produce executable
FAIL: gfortran.dg/arrayio_11.f90 -O0 (test for excess errors)
UNRESOLVED: gfortran.dg/arrayio_11.f90 -O0 compilation failed to produce executable
FAIL: gfortran.dg/arrayio_11.f90 -O1 (test for excess errors)
UNRESOLVED: gfortran.dg/arrayio_11.f90 -O1 compilation failed to produce executable
FAIL: gfortran.dg/arrayio_11.f90 -O2 (test for excess errors)
UNRESOLVED: gfortran.dg/arrayio_11.f90 -O2 compilation failed to produce executable
FAIL: gfortran.dg/arrayio_11.f90 -O3 -fomit-frame-pointer -funroll-loops -fpeel-loops -ftracer -finline-functions (test for excess errors)
UNRESOLVED: gfortran.dg/arrayio_11.f90 -O3 -fomit-frame-pointer -funroll-loops -fpeel-loops -ftracer -finline-functions compilation failed to produce executable
FAIL: gfortran.dg/arrayio_11.f90 -O3 -g (test for excess errors)
UNRESOLVED: gfortran.dg/arrayio_11.f90 -O3 -g compilation failed to produce executable
FAIL: gfortran.dg/arrayio_11.f90 -Os (test for excess errors)
UNRESOLVED: gfortran.dg/arrayio_11.f90 -Os compilation failed to produce executable
FAIL: gfortran.dg/arrayio_12.f90 -O0 (test for excess errors)
UNRESOLVED: gfortran.dg/arrayio_12.f90 -O0 compilation failed to produce executable
FAIL: gfortran.dg/arrayio_12.f90 -O1 (test for excess errors)
UNRESOLVED: gfortran.dg/arrayio_12.f90 -O1 compilation failed to produce executable
FAIL: gfortran.dg/arrayio_12.f90 -O2 (test for excess errors)
UNRESOLVED: gfortran.dg/arrayio_12.f90 -O2 compilation failed to produce executable
FAIL: gfortran.dg/arrayio_12.f90 -O3 -fomit-frame-pointer -funroll-loops -fpeel-loops -ftracer -finline-functions (test for excess errors)
UNRESOLVED: gfortran.dg/arrayio_12.f90 -O3 -fomit-frame-pointer -funroll-loops -fpeel-loops -ftracer -finline-functions compilation failed to produce executable
FAIL: gfortran.dg/arrayio_12.f90 -O3 -g (test for excess errors)
UNRESOLVED: gfortran.dg/arrayio_12.f90 -O3 -g compilation failed to produce executable
FAIL: gfortran.dg/arrayio_12.f90 -Os (test for excess errors)
UNRESOLVED: gfortran.dg/arrayio_12.f90 -Os compilation failed to produce executable
FAIL: gfortran.dg/associate_23.f90 -O0 (test for excess errors)
UNRESOLVED: gfortran.dg/associate_23.f90 -O0 compilation failed to produce executable
FAIL: gfortran.dg/associate_23.f90 -O1 (test for excess errors)
UNRESOLVED: gfortran.dg/associate_23.f90 -O1 compilation failed to produce executable
FAIL: gfortran.dg/associate_23.f90 -O2 (test for excess errors)
UNRESOLVED: gfortran.dg/associate_23.f90 -O2 compilation failed to produce executable
FAIL: gfortran.dg/associate_23.f90 -O3 -fomit-frame-pointer -funroll-loops -fpeel-loops -ftracer -finline-functions (test for excess errors)
UNRESOLVED: gfortran.dg/associate_23.f90 -O3 -fomit-frame-pointer -funroll-loops -fpeel-loops -ftracer -finline-functions compilation failed to produce executable
FAIL: gfortran.dg/associate_23.f90 -O3 -g (test for excess errors)
UNRESOLVED: gfortran.dg/associate_23.f90 -O3 -g compilation failed to produce executable
FAIL: gfortran.dg/associate_23.f90 -Os (test for excess errors)
UNRESOLVED: gfortran.dg/associate_23.f90 -Os compilation failed to produce executable
FAIL: gfortran.dg/char_assign_1.f90 -O0 (test for excess errors)
UNRESOLVED: gfortran.dg/char_assign_1.f90 -O0 compilation failed to produce executable
FAIL: gfortran.dg/char_assign_1.f90 -O1 (test for excess errors)
UNRESOLVED: gfortran.dg/char_assign_1.f90 -O1 compilation failed to produce executable
FAIL: gfortran.dg/char_assign_1.f90 -O2 (test for excess errors)
UNRESOLVED: gfortran.dg/char_assign_1.f90 -O2 compilation failed to produce executable
FAIL: gfortran.dg/char_assign_1.f90 -O3 -fomit-frame-pointer -funroll-loops -fpeel-loops -ftracer -finline-functions (test for excess errors)
UNRESOLVED: gfortran.dg/char_assign_1.f90 -O3 -fomit-frame-pointer -funroll-loops -fpeel-loops -ftracer -finline-functions compilation failed to produce executable
FAIL: gfortran.dg/char_assign_1.f90 -O3 -g (test for excess errors)
UNRESOLVED: gfortran.dg/char_assign_1.f90 -O3 -g compilation failed to produce executable
FAIL: gfortran.dg/char_assign_1.f90 -Os (test for excess errors)
UNRESOLVED: gfortran.dg/char_assign_1.f90 -Os compilation failed to produce executable
UNRESOLVED: gfortran.dg/char_eoshift_5.f90 -O0 scan-tree-dump original "_gfortran_eoshift[0-9_]+char \\\\([&a-zA-Z0-9._]*, [&a-zA-Z0-9._]*, [&a-zA-Z0-9._]*, [&a-zA-Z0-9._]*, [&a-zA-Z0-9._]*, [&a-zA-Z0-9._]*, [&a-zA-Z0-9._]*, [&a-zA-Z0-9._]*\\\\)"
FAIL: gfortran.dg/char_eoshift_5.f90 -O0 (test for excess errors)
UNRESOLVED: gfortran.dg/char_eoshift_5.f90 -O0 compilation failed to produce executable
UNRESOLVED: gfortran.dg/char_eoshift_5.f90 -O1 scan-tree-dump original "_gfortran_eoshift[0-9_]+char \\\\([&a-zA-Z0-9._]*, [&a-zA-Z0-9._]*, [&a-zA-Z0-9._]*, [&a-zA-Z0-9._]*, [&a-zA-Z0-9._]*, [&a-zA-Z0-9._]*, [&a-zA-Z0-9._]*, [&a-zA-Z0-9._]*\\\\)"
FAIL: gfortran.dg/char_eoshift_5.f90 -O1 (test for excess errors)
UNRESOLVED: gfortran.dg/char_eoshift_5.f90 -O1 compilation failed to produce executable
UNRESOLVED: gfortran.dg/char_eoshift_5.f90 -O2 scan-tree-dump original "_gfortran_eoshift[0-9_]+char \\\\([&a-zA-Z0-9._]*, [&a-zA-Z0-9._]*, [&a-zA-Z0-9._]*, [&a-zA-Z0-9._]*, [&a-zA-Z0-9._]*, [&a-zA-Z0-9._]*, [&a-zA-Z0-9._]*, [&a-zA-Z0-9._]*\\\\)"
FAIL: gfortran.dg/char_eoshift_5.f90 -O2 (test for excess errors)
UNRESOLVED: gfortran.dg/char_eoshift_5.f90 -O2 compilation failed to produce executable
UNRESOLVED: gfortran.dg/char_eoshift_5.f90 -O3 -fomit-frame-pointer -funroll-loops -fpeel-loops -ftracer -finline-functions scan-tree-dump original "_gfortran_eoshift[0-9_]+char \\\\([&a-zA-Z0-9._]*, [&a-zA-Z0-9._]*, [&a-zA-Z0-9._]*, [&a-zA-Z0-9._]*, [&a-zA-Z0-9._]*, [&a-zA-Z0-9._]*, [&a-zA-Z0-9._]*, [&a-zA-Z0-9._]*\\\\)"
FAIL: gfortran.dg/char_eoshift_5.f90 -O3 -fomit-frame-pointer -funroll-loops -fpeel-loops -ftracer -finline-functions (test for excess errors)
UNRESOLVED: gfortran.dg/char_eoshift_5.f90 -O3 -fomit-frame-pointer -funroll-loops -fpeel-loops -ftracer -finline-functions compilation failed to produce executable
UNRESOLVED: gfortran.dg/char_eoshift_5.f90 -O3 -g scan-tree-dump original "_gfortran_eoshift[0-9_]+char \\\\([&a-zA-Z0-9._]*, [&a-zA-Z0-9._]*, [&a-zA-Z0-9._]*, [&a-zA-Z0-9._]*, [&a-zA-Z0-9._]*, [&a-zA-Z0-9._]*, [&a-zA-Z0-9._]*, [&a-zA-Z0-9._]*\\\\)"
FAIL: gfortran.dg/char_eoshift_5.f90 -O3 -g (test for excess errors)
UNRESOLVED: gfortran.dg/char_eoshift_5.f90 -O3 -g compilation failed to produce executable
UNRESOLVED: gfortran.dg/char_eoshift_5.f90 -Os scan-tree-dump original "_gfortran_eoshift[0-9_]+char \\\\([&a-zA-Z0-9._]*, [&a-zA-Z0-9._]*, [&a-zA-Z0-9._]*, [&a-zA-Z0-9._]*, [&a-zA-Z0-9._]*, [&a-zA-Z0-9._]*, [&a-zA-Z0-9._]*, [&a-zA-Z0-9._]*\\\\)"
FAIL: gfortran.dg/char_eoshift_5.f90 -Os (test for excess errors)
UNRESOLVED: gfortran.dg/char_eoshift_5.f90 -Os compilation failed to produce executable
FAIL: gfortran.dg/char_length_7.f90 -O0 (test for excess errors)
UNRESOLVED: gfortran.dg/char_length_7.f90 -O0 compilation failed to produce executable
FAIL: gfortran.dg/char_length_7.f90 -O1 (test for excess errors)
UNRESOLVED: gfortran.dg/char_length_7.f90 -O1 compilation failed to produce executable
FAIL: gfortran.dg/char_length_7.f90 -O2 (test for excess errors)
UNRESOLVED: gfortran.dg/char_length_7.f90 -O2 compilation failed to produce executable
FAIL: gfortran.dg/char_length_7.f90 -O3 -fomit-frame-pointer -funroll-loops -fpeel-loops -ftracer -finline-functions (test for excess errors)
UNRESOLVED: gfortran.dg/char_length_7.f90 -O3 -fomit-frame-pointer -funroll-loops -fpeel-loops -ftracer -finline-functions compilation failed to produce executable
FAIL: gfortran.dg/char_length_7.f90 -O3 -g (test for excess errors)
UNRESOLVED: gfortran.dg/char_length_7.f90 -O3 -g compilation failed to produce executable
FAIL: gfortran.dg/char_length_7.f90 -Os (test for excess errors)
UNRESOLVED: gfortran.dg/char_length_7.f90 -Os compilation failed to produce executable
FAIL: gfortran.dg/char_length_8.f90 -O0 (test for excess errors)
UNRESOLVED: gfortran.dg/char_length_8.f90 -O0 compilation failed to produce executable
FAIL: gfortran.dg/char_length_8.f90 -O1 (test for excess errors)
UNRESOLVED: gfortran.dg/char_length_8.f90 -O1 compilation failed to produce executable
FAIL: gfortran.dg/char_length_8.f90 -O2 (test for excess errors)
UNRESOLVED: gfortran.dg/char_length_8.f90 -O2 compilation failed to produce executable
FAIL: gfortran.dg/char_length_8.f90 -O3 -fomit-frame-pointer -funroll-loops -fpeel-loops -ftracer -finline-functions (test for excess errors)
UNRESOLVED: gfortran.dg/char_length_8.f90 -O3 -fomit-frame-pointer -funroll-loops -fpeel-loops -ftracer -finline-functions compilation failed to produce executable
FAIL: gfortran.dg/char_length_8.f90 -O3 -g (test for excess errors)
UNRESOLVED: gfortran.dg/char_length_8.f90 -O3 -g compilation failed to produce executable
FAIL: gfortran.dg/char_length_8.f90 -Os (test for excess errors)
UNRESOLVED: gfortran.dg/char_length_8.f90 -Os compilation failed to produce executable
FAIL: gfortran.dg/data_char_1.f90 -O0 (test for warnings, line 11)
FAIL: gfortran.dg/data_char_1.f90 -O0 (test for excess errors)
UNRESOLVED: gfortran.dg/data_char_1.f90 -O0 compilation failed to produce executable
FAIL: gfortran.dg/data_char_1.f90 -O1 (test for warnings, line 11)
FAIL: gfortran.dg/data_char_1.f90 -O1 (test for excess errors)
UNRESOLVED: gfortran.dg/data_char_1.f90 -O1 compilation failed to produce executable
FAIL: gfortran.dg/data_char_1.f90 -O2 (test for warnings, line 11)
FAIL: gfortran.dg/data_char_1.f90 -O2 (test for excess errors)
UNRESOLVED: gfortran.dg/data_char_1.f90 -O2 compilation failed to produce executable
FAIL: gfortran.dg/data_char_1.f90 -O3 -fomit-frame-pointer -funroll-loops -fpeel-loops -ftracer -finline-functions (test for warnings, line 11)
FAIL: gfortran.dg/data_char_1.f90 -O3 -fomit-frame-pointer -funroll-loops -fpeel-loops -ftracer -finline-functions (test for excess errors)
UNRESOLVED: gfortran.dg/data_char_1.f90 -O3 -fomit-frame-pointer -funroll-loops -fpeel-loops -ftracer -finline-functions compilation failed to produce executable
FAIL: gfortran.dg/data_char_1.f90 -O3 -g (test for warnings, line 11)
FAIL: gfortran.dg/data_char_1.f90 -O3 -g (test for excess errors)
UNRESOLVED: gfortran.dg/data_char_1.f90 -O3 -g compilation failed to produce executable
FAIL: gfortran.dg/data_char_1.f90 -Os (test for warnings, line 11)
FAIL: gfortran.dg/data_char_1.f90 -Os (test for excess errors)
UNRESOLVED: gfortran.dg/data_char_1.f90 -Os compilation failed to produce executable
FAIL: gfortran.dg/deferred_character_2.f90 -O0 (test for excess errors)
UNRESOLVED: gfortran.dg/deferred_character_2.f90 -O0 compilation failed to produce executable
FAIL: gfortran.dg/deferred_character_2.f90 -O1 (test for excess errors)
UNRESOLVED: gfortran.dg/deferred_character_2.f90 -O1 compilation failed to produce executable
FAIL: gfortran.dg/deferred_character_2.f90 -O2 (test for excess errors)
UNRESOLVED: gfortran.dg/deferred_character_2.f90 -O2 compilation failed to produce executable
FAIL: gfortran.dg/deferred_character_2.f90 -O3 -fomit-frame-pointer -funroll-loops -fpeel-loops -ftracer -finline-functions (test for excess errors)
UNRESOLVED: gfortran.dg/deferred_character_2.f90 -O3 -fomit-frame-pointer -funroll-loops -fpeel-loops -ftracer -finline-functions compilation failed to produce executable
FAIL: gfortran.dg/deferred_character_2.f90 -O3 -g (test for excess errors)
UNRESOLVED: gfortran.dg/deferred_character_2.f90 -O3 -g compilation failed to produce executable
FAIL: gfortran.dg/deferred_character_2.f90 -Os (test for excess errors)
UNRESOLVED: gfortran.dg/deferred_character_2.f90 -Os compilation failed to produce executable
FAIL: gfortran.dg/deferred_character_22.f90 -O0 (test for excess errors)
UNRESOLVED: gfortran.dg/deferred_character_22.f90 -O0 compilation failed to produce executable
FAIL: gfortran.dg/deferred_character_22.f90 -O1 (test for excess errors)
UNRESOLVED: gfortran.dg/deferred_character_22.f90 -O1 compilation failed to produce executable
FAIL: gfortran.dg/deferred_character_22.f90 -O2 (test for excess errors)
UNRESOLVED: gfortran.dg/deferred_character_22.f90 -O2 compilation failed to produce executable
FAIL: gfortran.dg/deferred_character_22.f90 -O3 -fomit-frame-pointer -funroll-loops -fpeel-loops -ftracer -finline-functions (test for excess errors)
UNRESOLVED: gfortran.dg/deferred_character_22.f90 -O3 -fomit-frame-pointer -funroll-loops -fpeel-loops -ftracer -finline-functions compilation failed to produce executable
FAIL: gfortran.dg/deferred_character_22.f90 -O3 -g (test for excess errors)
UNRESOLVED: gfortran.dg/deferred_character_22.f90 -O3 -g compilation failed to produce executable
FAIL: gfortran.dg/deferred_character_22.f90 -Os (test for excess errors)
UNRESOLVED: gfortran.dg/deferred_character_22.f90 -Os compilation failed to produce executable
FAIL: gfortran.dg/deferred_character_23.f90 -O0 (test for excess errors)
UNRESOLVED: gfortran.dg/deferred_character_23.f90 -O0 compilation failed to produce executable
FAIL: gfortran.dg/deferred_character_23.f90 -O1 (test for excess errors)
UNRESOLVED: gfortran.dg/deferred_character_23.f90 -O1 compilation failed to produce executable
FAIL: gfortran.dg/deferred_character_23.f90 -O2 (test for excess errors)
UNRESOLVED: gfortran.dg/deferred_character_23.f90 -O2 compilation failed to produce executable
FAIL: gfortran.dg/deferred_character_23.f90 -O3 -fomit-frame-pointer -funroll-loops -fpeel-loops -ftracer -finline-functions (test for excess errors)
UNRESOLVED: gfortran.dg/deferred_character_23.f90 -O3 -fomit-frame-pointer -funroll-loops -fpeel-loops -ftracer -finline-functions compilation failed to produce executable
FAIL: gfortran.dg/deferred_character_23.f90 -O3 -g (test for excess errors)
UNRESOLVED: gfortran.dg/deferred_character_23.f90 -O3 -g compilation failed to produce executable
FAIL: gfortran.dg/deferred_character_23.f90 -Os (test for excess errors)
UNRESOLVED: gfortran.dg/deferred_character_23.f90 -Os compilation failed to produce executable
FAIL: gfortran.dg/deferred_character_7.f90 -O0 (test for excess errors)
UNRESOLVED: gfortran.dg/deferred_character_7.f90 -O0 compilation failed to produce executable
FAIL: gfortran.dg/deferred_character_7.f90 -O1 (test for excess errors)
UNRESOLVED: gfortran.dg/deferred_character_7.f90 -O1 compilation failed to produce executable
FAIL: gfortran.dg/deferred_character_7.f90 -O2 (test for excess errors)
UNRESOLVED: gfortran.dg/deferred_character_7.f90 -O2 compilation failed to produce executable
FAIL: gfortran.dg/deferred_character_7.f90 -O3 -fomit-frame-pointer -funroll-loops -fpeel-loops -ftracer -finline-functions (test for excess errors)
UNRESOLVED: gfortran.dg/deferred_character_7.f90 -O3 -fomit-frame-pointer -funroll-loops -fpeel-loops -ftracer -finline-functions compilation failed to produce executable
FAIL: gfortran.dg/deferred_character_7.f90 -O3 -g (test for excess errors)
UNRESOLVED: gfortran.dg/deferred_character_7.f90 -O3 -g compilation failed to produce executable
FAIL: gfortran.dg/deferred_character_7.f90 -Os (test for excess errors)
UNRESOLVED: gfortran.dg/deferred_character_7.f90 -Os compilation failed to produce executable
FAIL: gfortran.dg/deferred_character_8.f90 -O0 (test for excess errors)
UNRESOLVED: gfortran.dg/deferred_character_8.f90 -O0 compilation failed to produce executable
FAIL: gfortran.dg/deferred_character_8.f90 -O1 (test for excess errors)
UNRESOLVED: gfortran.dg/deferred_character_8.f90 -O1 compilation failed to produce executable
FAIL: gfortran.dg/deferred_character_8.f90 -O2 (test for excess errors)
UNRESOLVED: gfortran.dg/deferred_character_8.f90 -O2 compilation failed to produce executable
FAIL: gfortran.dg/deferred_character_8.f90 -O3 -fomit-frame-pointer -funroll-loops -fpeel-loops -ftracer -finline-functions (test for excess errors)
UNRESOLVED: gfortran.dg/deferred_character_8.f90 -O3 -fomit-frame-pointer -funroll-loops -fpeel-loops -ftracer -finline-functions compilation failed to produce executable
FAIL: gfortran.dg/deferred_character_8.f90 -O3 -g (test for excess errors)
UNRESOLVED: gfortran.dg/deferred_character_8.f90 -O3 -g compilation failed to produce executable
FAIL: gfortran.dg/deferred_character_8.f90 -Os (test for excess errors)
UNRESOLVED: gfortran.dg/deferred_character_8.f90 -Os compilation failed to produce executable
FAIL: gfortran.dg/deferred_type_component_3.f90 -O0 (test for excess errors)
UNRESOLVED: gfortran.dg/deferred_type_component_3.f90 -O0 compilation failed to produce executable
FAIL: gfortran.dg/deferred_type_component_3.f90 -O1 (test for excess errors)
UNRESOLVED: gfortran.dg/deferred_type_component_3.f90 -O1 compilation failed to produce executable
FAIL: gfortran.dg/deferred_type_component_3.f90 -O2 (test for excess errors)
UNRESOLVED: gfortran.dg/deferred_type_component_3.f90 -O2 compilation failed to produce executable
FAIL: gfortran.dg/deferred_type_component_3.f90 -O3 -fomit-frame-pointer -funroll-loops -fpeel-loops -ftracer -finline-functions (test for excess errors)
UNRESOLVED: gfortran.dg/deferred_type_component_3.f90 -O3 -fomit-frame-pointer -funroll-loops -fpeel-loops -ftracer -finline-functions compilation failed to produce executable
FAIL: gfortran.dg/deferred_type_component_3.f90 -O3 -g (test for excess errors)
UNRESOLVED: gfortran.dg/deferred_type_component_3.f90 -O3 -g compilation failed to produce executable
FAIL: gfortran.dg/deferred_type_component_3.f90 -Os (test for excess errors)
UNRESOLVED: gfortran.dg/deferred_type_component_3.f90 -Os compilation failed to produce executable
FAIL: gfortran.dg/dependency_45.f90 -O0 (test for warnings, line 10)
FAIL: gfortran.dg/dependency_45.f90 -O0 (test for excess errors)
UNRESOLVED: gfortran.dg/dependency_45.f90 -O0 compilation failed to produce executable
FAIL: gfortran.dg/dependency_45.f90 -O1 (test for warnings, line 10)
FAIL: gfortran.dg/dependency_45.f90 -O1 (test for excess errors)
UNRESOLVED: gfortran.dg/dependency_45.f90 -O1 compilation failed to produce executable
FAIL: gfortran.dg/dependency_45.f90 -O2 (test for warnings, line 10)
FAIL: gfortran.dg/dependency_45.f90 -O2 (test for excess errors)
UNRESOLVED: gfortran.dg/dependency_45.f90 -O2 compilation failed to produce executable
FAIL: gfortran.dg/dependency_45.f90 -O3 -fomit-frame-pointer -funroll-loops -fpeel-loops -ftracer -finline-functions (test for warnings, line 10)
FAIL: gfortran.dg/dependency_45.f90 -O3 -fomit-frame-pointer -funroll-loops -fpeel-loops -ftracer -finline-functions (test for excess errors)
UNRESOLVED: gfortran.dg/dependency_45.f90 -O3 -fomit-frame-pointer -funroll-loops -fpeel-loops -ftracer -finline-functions compilation failed to produce executable
FAIL: gfortran.dg/dependency_45.f90 -O3 -g (test for warnings, line 10)
FAIL: gfortran.dg/dependency_45.f90 -O3 -g (test for excess errors)
UNRESOLVED: gfortran.dg/dependency_45.f90 -O3 -g compilation failed to produce executable
FAIL: gfortran.dg/dependency_45.f90 -Os (test for warnings, line 10)
FAIL: gfortran.dg/dependency_45.f90 -Os (test for excess errors)
UNRESOLVED: gfortran.dg/dependency_45.f90 -Os compilation failed to produce executable
FAIL: gfortran.dg/forall_12.f90 -O0 (test for excess errors)
UNRESOLVED: gfortran.dg/forall_12.f90 -O0 compilation failed to produce executable
FAIL: gfortran.dg/forall_12.f90 -O1 (test for excess errors)
UNRESOLVED: gfortran.dg/forall_12.f90 -O1 compilation failed to produce executable
FAIL: gfortran.dg/forall_12.f90 -O2 (test for excess errors)
UNRESOLVED: gfortran.dg/forall_12.f90 -O2 compilation failed to produce executable
FAIL: gfortran.dg/forall_12.f90 -O3 -fomit-frame-pointer -funroll-loops -fpeel-loops -ftracer -finline-functions (test for excess errors)
UNRESOLVED: gfortran.dg/forall_12.f90 -O3 -fomit-frame-pointer -funroll-loops -fpeel-loops -ftracer -finline-functions compilation failed to produce executable
FAIL: gfortran.dg/forall_12.f90 -O3 -g (test for excess errors)
UNRESOLVED: gfortran.dg/forall_12.f90 -O3 -g compilation failed to produce executable
FAIL: gfortran.dg/forall_12.f90 -Os (test for excess errors)
UNRESOLVED: gfortran.dg/forall_12.f90 -Os compilation failed to produce executable
FAIL: gfortran.dg/interface_12.f90 -O0 (test for excess errors)
UNRESOLVED: gfortran.dg/interface_12.f90 -O0 compilation failed to produce executable
FAIL: gfortran.dg/interface_12.f90 -O1 (test for excess errors)
UNRESOLVED: gfortran.dg/interface_12.f90 -O1 compilation failed to produce executable
FAIL: gfortran.dg/interface_12.f90 -O2 (test for excess errors)
UNRESOLVED: gfortran.dg/interface_12.f90 -O2 compilation failed to produce executable
FAIL: gfortran.dg/interface_12.f90 -O3 -fomit-frame-pointer -funroll-loops -fpeel-loops -ftracer -finline-functions (test for excess errors)
UNRESOLVED: gfortran.dg/interface_12.f90 -O3 -fomit-frame-pointer -funroll-loops -fpeel-loops -ftracer -finline-functions compilation failed to produce executable
FAIL: gfortran.dg/interface_12.f90 -O3 -g (test for excess errors)
UNRESOLVED: gfortran.dg/interface_12.f90 -O3 -g compilation failed to produce executable
FAIL: gfortran.dg/interface_12.f90 -Os (test for excess errors)
UNRESOLVED: gfortran.dg/interface_12.f90 -Os compilation failed to produce executable
UNRESOLVED: gfortran.dg/internal_pack_9.f90 -O scan-tree-dump-times original "unpack" 3
FAIL: gfortran.dg/internal_pack_9.f90 -O (test for excess errors)
FAIL: gfortran.dg/namelist_65.f90 -O0 (test for excess errors)
UNRESOLVED: gfortran.dg/namelist_65.f90 -O0 compilation failed to produce executable
FAIL: gfortran.dg/namelist_65.f90 -O1 (test for excess errors)
UNRESOLVED: gfortran.dg/namelist_65.f90 -O1 compilation failed to produce executable
FAIL: gfortran.dg/namelist_65.f90 -O2 (test for excess errors)
UNRESOLVED: gfortran.dg/namelist_65.f90 -O2 compilation failed to produce executable
FAIL: gfortran.dg/namelist_65.f90 -O3 -fomit-frame-pointer -funroll-loops -fpeel-loops -ftracer -finline-functions (test for excess errors)
UNRESOLVED: gfortran.dg/namelist_65.f90 -O3 -fomit-frame-pointer -funroll-loops -fpeel-loops -ftracer -finline-functions compilation failed to produce executable
FAIL: gfortran.dg/namelist_65.f90 -O3 -g (test for excess errors)
UNRESOLVED: gfortran.dg/namelist_65.f90 -O3 -g compilation failed to produce executable
FAIL: gfortran.dg/namelist_65.f90 -Os (test for excess errors)
UNRESOLVED: gfortran.dg/namelist_65.f90 -Os compilation failed to produce executable
FAIL: gfortran.dg/pr19928-1.f90 -O0 (test for excess errors)
UNRESOLVED: gfortran.dg/pr19928-1.f90 -O0 compilation failed to produce executable
FAIL: gfortran.dg/pr19928-1.f90 -O1 (test for excess errors)
UNRESOLVED: gfortran.dg/pr19928-1.f90 -O1 compilation failed to produce executable
FAIL: gfortran.dg/pr19928-1.f90 -O2 (test for excess errors)
UNRESOLVED: gfortran.dg/pr19928-1.f90 -O2 compilation failed to produce executable
FAIL: gfortran.dg/pr19928-1.f90 -O3 -fomit-frame-pointer -funroll-loops -fpeel-loops -ftracer -finline-functions (test for excess errors)
UNRESOLVED: gfortran.dg/pr19928-1.f90 -O3 -fomit-frame-pointer -funroll-loops -fpeel-loops -ftracer -finline-functions compilation failed to produce executable
FAIL: gfortran.dg/pr19928-1.f90 -O3 -g (test for excess errors)
UNRESOLVED: gfortran.dg/pr19928-1.f90 -O3 -g compilation failed to produce executable
FAIL: gfortran.dg/pr19928-1.f90 -Os (test for excess errors)
UNRESOLVED: gfortran.dg/pr19928-1.f90 -Os compilation failed to produce executable
FAIL: gfortran.dg/pr44592.f90 -O0 (test for excess errors)
UNRESOLVED: gfortran.dg/pr44592.f90 -O0 compilation failed to produce executable
FAIL: gfortran.dg/pr44592.f90 -O1 (test for excess errors)
UNRESOLVED: gfortran.dg/pr44592.f90 -O1 compilation failed to produce executable
FAIL: gfortran.dg/pr44592.f90 -O2 (test for excess errors)
UNRESOLVED: gfortran.dg/pr44592.f90 -O2 compilation failed to produce executable
FAIL: gfortran.dg/pr44592.f90 -O3 -fomit-frame-pointer -funroll-loops -fpeel-loops -ftracer -finline-functions (test for excess errors)
UNRESOLVED: gfortran.dg/pr44592.f90 -O3 -fomit-frame-pointer -funroll-loops -fpeel-loops -ftracer -finline-functions compilation failed to produce executable
FAIL: gfortran.dg/pr44592.f90 -O3 -g (test for excess errors)
UNRESOLVED: gfortran.dg/pr44592.f90 -O3 -g compilation failed to produce executable
FAIL: gfortran.dg/pr44592.f90 -Os (test for excess errors)
UNRESOLVED: gfortran.dg/pr44592.f90 -Os compilation failed to produce executable
FAIL: gfortran.dg/read_eof_all.f90 -O0 (test for excess errors)
UNRESOLVED: gfortran.dg/read_eof_all.f90 -O0 compilation failed to produce executable
FAIL: gfortran.dg/read_eof_all.f90 -O1 (test for excess errors)
UNRESOLVED: gfortran.dg/read_eof_all.f90 -O1 compilation failed to produce executable
FAIL: gfortran.dg/read_eof_all.f90 -O2 (test for excess errors)
UNRESOLVED: gfortran.dg/read_eof_all.f90 -O2 compilation failed to produce executable
FAIL: gfortran.dg/read_eof_all.f90 -O3 -fomit-frame-pointer -funroll-loops -fpeel-loops -ftracer -finline-functions (test for excess errors)
UNRESOLVED: gfortran.dg/read_eof_all.f90 -O3 -fomit-frame-pointer -funroll-loops -fpeel-loops -ftracer -finline-functions compilation failed to produce executable
FAIL: gfortran.dg/read_eof_all.f90 -O3 -g (test for excess errors)
UNRESOLVED: gfortran.dg/read_eof_all.f90 -O3 -g compilation failed to produce executable
FAIL: gfortran.dg/read_eof_all.f90 -Os (test for excess errors)
UNRESOLVED: gfortran.dg/read_eof_all.f90 -Os compilation failed to produce executable
FAIL: gfortran.dg/result_in_spec_1.f90 -O0 (test for excess errors)
UNRESOLVED: gfortran.dg/result_in_spec_1.f90 -O0 compilation failed to produce executable
FAIL: gfortran.dg/result_in_spec_1.f90 -O1 (test for excess errors)
UNRESOLVED: gfortran.dg/result_in_spec_1.f90 -O1 compilation failed to produce executable
FAIL: gfortran.dg/result_in_spec_1.f90 -O2 (test for excess errors)
UNRESOLVED: gfortran.dg/result_in_spec_1.f90 -O2 compilation failed to produce executable
FAIL: gfortran.dg/result_in_spec_1.f90 -O3 -fomit-frame-pointer -funroll-loops -fpeel-loops -ftracer -finline-functions (test for excess errors)
UNRESOLVED: gfortran.dg/result_in_spec_1.f90 -O3 -fomit-frame-pointer -funroll-loops -fpeel-loops -ftracer -finline-functions compilation failed to produce executable
FAIL: gfortran.dg/result_in_spec_1.f90 -O3 -g (test for excess errors)
UNRESOLVED: gfortran.dg/result_in_spec_1.f90 -O3 -g compilation failed to produce executable
FAIL: gfortran.dg/result_in_spec_1.f90 -Os (test for excess errors)
UNRESOLVED: gfortran.dg/result_in_spec_1.f90 -Os compilation failed to produce executable
FAIL: gfortran.dg/string_compare_1.f90 -O0 (test for excess errors)
UNRESOLVED: gfortran.dg/string_compare_1.f90 -O0 compilation failed to produce executable
FAIL: gfortran.dg/string_compare_1.f90 -O1 (test for excess errors)
UNRESOLVED: gfortran.dg/string_compare_1.f90 -O1 compilation failed to produce executable
FAIL: gfortran.dg/string_compare_1.f90 -O2 (test for excess errors)
UNRESOLVED: gfortran.dg/string_compare_1.f90 -O2 compilation failed to produce executable
FAIL: gfortran.dg/string_compare_1.f90 -O3 -fomit-frame-pointer -funroll-loops -fpeel-loops -ftracer -finline-functions (test for excess errors)
UNRESOLVED: gfortran.dg/string_compare_1.f90 -O3 -fomit-frame-pointer -funroll-loops -fpeel-loops -ftracer -finline-functions compilation failed to produce executable
FAIL: gfortran.dg/string_compare_1.f90 -O3 -g (test for excess errors)
UNRESOLVED: gfortran.dg/string_compare_1.f90 -O3 -g compilation failed to produce executable
FAIL: gfortran.dg/string_compare_1.f90 -Os (test for excess errors)
UNRESOLVED: gfortran.dg/string_compare_1.f90 -Os compilation failed to produce executable
FAIL: gfortran.dg/string_compare_2.f90 -O0 (test for excess errors)
UNRESOLVED: gfortran.dg/string_compare_2.f90 -O0 compilation failed to produce executable
FAIL: gfortran.dg/string_compare_2.f90 -O1 (test for excess errors)
UNRESOLVED: gfortran.dg/string_compare_2.f90 -O1 compilation failed to produce executable
FAIL: gfortran.dg/string_compare_2.f90 -O2 (test for excess errors)
UNRESOLVED: gfortran.dg/string_compare_2.f90 -O2 compilation failed to produce executable
FAIL: gfortran.dg/string_compare_2.f90 -O3 -fomit-frame-pointer -funroll-loops -fpeel-loops -ftracer -finline-functions (test for excess errors)
UNRESOLVED: gfortran.dg/string_compare_2.f90 -O3 -fomit-frame-pointer -funroll-loops -fpeel-loops -ftracer -finline-functions compilation failed to produce executable
FAIL: gfortran.dg/string_compare_2.f90 -O3 -g (test for excess errors)
UNRESOLVED: gfortran.dg/string_compare_2.f90 -O3 -g compilation failed to produce executable
FAIL: gfortran.dg/string_compare_2.f90 -Os (test for excess errors)
UNRESOLVED: gfortran.dg/string_compare_2.f90 -Os compilation failed to produce executable
FAIL: gfortran.dg/string_compare_3.f90 -O0 (test for excess errors)
UNRESOLVED: gfortran.dg/string_compare_3.f90 -O0 compilation failed to produce executable
FAIL: gfortran.dg/string_compare_3.f90 -O1 (test for excess errors)
UNRESOLVED: gfortran.dg/string_compare_3.f90 -O1 compilation failed to produce executable
FAIL: gfortran.dg/string_compare_3.f90 -O2 (test for excess errors)
UNRESOLVED: gfortran.dg/string_compare_3.f90 -O2 compilation failed to produce executable
FAIL: gfortran.dg/string_compare_3.f90 -O3 -fomit-frame-pointer -funroll-loops -fpeel-loops -ftracer -finline-functions (test for excess errors)
UNRESOLVED: gfortran.dg/string_compare_3.f90 -O3 -fomit-frame-pointer -funroll-loops -fpeel-loops -ftracer -finline-functions compilation failed to produce executable
FAIL: gfortran.dg/string_compare_3.f90 -O3 -g (test for excess errors)
UNRESOLVED: gfortran.dg/string_compare_3.f90 -O3 -g compilation failed to produce executable
FAIL: gfortran.dg/string_compare_3.f90 -Os (test for excess errors)
UNRESOLVED: gfortran.dg/string_compare_3.f90 -Os compilation failed to produce executable
FAIL: gfortran.dg/subref_array_pointer_1.f90 -O0 (test for excess errors)
UNRESOLVED: gfortran.dg/subref_array_pointer_1.f90 -O0 compilation failed to produce executable
FAIL: gfortran.dg/subref_array_pointer_1.f90 -O1 (test for excess errors)
UNRESOLVED: gfortran.dg/subref_array_pointer_1.f90 -O1 compilation failed to produce executable
FAIL: gfortran.dg/subref_array_pointer_1.f90 -O2 (test for excess errors)
UNRESOLVED: gfortran.dg/subref_array_pointer_1.f90 -O2 compilation failed to produce executable
FAIL: gfortran.dg/subref_array_pointer_1.f90 -O3 -fomit-frame-pointer -funroll-loops -fpeel-loops -ftracer -finline-functions (test for excess errors)
UNRESOLVED: gfortran.dg/subref_array_pointer_1.f90 -O3 -fomit-frame-pointer -funroll-loops -fpeel-loops -ftracer -finline-functions compilation failed to produce executable
FAIL: gfortran.dg/subref_array_pointer_1.f90 -O3 -g (test for excess errors)
UNRESOLVED: gfortran.dg/subref_array_pointer_1.f90 -O3 -g compilation failed to produce executable
FAIL: gfortran.dg/subref_array_pointer_1.f90 -Os (test for excess errors)
UNRESOLVED: gfortran.dg/subref_array_pointer_1.f90 -Os compilation failed to produce executable
FAIL: gfortran.dg/subref_array_pointer_2.f90 -O0 (test for excess errors)
UNRESOLVED: gfortran.dg/subref_array_pointer_2.f90 -O0 compilation failed to produce executable
FAIL: gfortran.dg/subref_array_pointer_2.f90 -O1 (test for excess errors)
UNRESOLVED: gfortran.dg/subref_array_pointer_2.f90 -O1 compilation failed to produce executable
FAIL: gfortran.dg/subref_array_pointer_2.f90 -O2 (test for excess errors)
UNRESOLVED: gfortran.dg/subref_array_pointer_2.f90 -O2 compilation failed to produce executable
FAIL: gfortran.dg/subref_array_pointer_2.f90 -O3 -fomit-frame-pointer -funroll-loops -fpeel-loops -ftracer -finline-functions (test for excess errors)
UNRESOLVED: gfortran.dg/subref_array_pointer_2.f90 -O3 -fomit-frame-pointer -funroll-loops -fpeel-loops -ftracer -finline-functions compilation failed to produce executable
FAIL: gfortran.dg/subref_array_pointer_2.f90 -O3 -g (test for excess errors)
UNRESOLVED: gfortran.dg/subref_array_pointer_2.f90 -O3 -g compilation failed to produce executable
FAIL: gfortran.dg/subref_array_pointer_2.f90 -Os (test for excess errors)
UNRESOLVED: gfortran.dg/subref_array_pointer_2.f90 -Os compilation failed to produce executable
FAIL: gfortran.dg/graphite/id-pr45370.f90 -O (test for excess errors)
=== gfortran Summary for unix ===
# of expected passes 47539
# of unexpected failures 206
# of expected failures 104
# of unresolved testcases 175
# of unsupported tests 79
Running target unix/-m32
FAIL: gfortran.dg/argument_checking_11.f90 -O (test for errors, line 60)
FAIL: gfortran.dg/argument_checking_11.f90 -O (test for errors, line 61)
FAIL: gfortran.dg/argument_checking_11.f90 -O (test for errors, line 63)
FAIL: gfortran.dg/argument_checking_11.f90 -O (test for errors, line 64)
FAIL: gfortran.dg/argument_checking_11.f90 -O (test for errors, line 65)
FAIL: gfortran.dg/argument_checking_11.f90 -O (test for errors, line 66)
FAIL: gfortran.dg/argument_checking_11.f90 -O (test for errors, line 67)
FAIL: gfortran.dg/argument_checking_11.f90 -O (test for errors, line 68)
FAIL: gfortran.dg/argument_checking_11.f90 -O (test for errors, line 69)
FAIL: gfortran.dg/argument_checking_11.f90 -O (test for errors, line 70)
FAIL: gfortran.dg/argument_checking_11.f90 -O (test for errors, line 84)
FAIL: gfortran.dg/argument_checking_11.f90 -O (test for errors, line 85)
FAIL: gfortran.dg/argument_checking_11.f90 -O (test for errors, line 89)
FAIL: gfortran.dg/argument_checking_11.f90 -O (test for errors, line 91)
FAIL: gfortran.dg/argument_checking_11.f90 -O (test for errors, line 92)
FAIL: gfortran.dg/argument_checking_11.f90 -O (test for errors, line 93)
FAIL: gfortran.dg/argument_checking_11.f90 -O (test for errors, line 96)
FAIL: gfortran.dg/argument_checking_11.f90 -O (test for errors, line 97)
FAIL: gfortran.dg/argument_checking_11.f90 -O (test for errors, line 98)
FAIL: gfortran.dg/argument_checking_11.f90 -O (test for errors, line 99)
FAIL: gfortran.dg/argument_checking_11.f90 -O (test for excess errors)
FAIL: gfortran.dg/argument_checking_15.f90 -O (test for errors, line 24)
FAIL: gfortran.dg/argument_checking_15.f90 -O (test for errors, line 25)
FAIL: gfortran.dg/argument_checking_15.f90 -O (test for excess errors)
FAIL: gfortran.dg/array_initializer_1.f90 -O0 (test for excess errors)
UNRESOLVED: gfortran.dg/array_initializer_1.f90 -O0 compilation failed to produce executable
FAIL: gfortran.dg/array_initializer_1.f90 -O1 (test for excess errors)
UNRESOLVED: gfortran.dg/array_initializer_1.f90 -O1 compilation failed to produce executable
FAIL: gfortran.dg/array_initializer_1.f90 -O2 (test for excess errors)
UNRESOLVED: gfortran.dg/array_initializer_1.f90 -O2 compilation failed to produce executable
FAIL: gfortran.dg/array_initializer_1.f90 -O3 -fomit-frame-pointer -funroll-loops -fpeel-loops -ftracer -finline-functions (test for excess errors)
UNRESOLVED: gfortran.dg/array_initializer_1.f90 -O3 -fomit-frame-pointer -funroll-loops -fpeel-loops -ftracer -finline-functions compilation failed to produce executable
FAIL: gfortran.dg/array_initializer_1.f90 -O3 -g (test for excess errors)
UNRESOLVED: gfortran.dg/array_initializer_1.f90 -O3 -g compilation failed to produce executable
FAIL: gfortran.dg/array_initializer_1.f90 -Os (test for excess errors)
UNRESOLVED: gfortran.dg/array_initializer_1.f90 -Os compilation failed to produce executable
FAIL: gfortran.dg/arrayio_11.f90 -O0 (test for excess errors)
UNRESOLVED: gfortran.dg/arrayio_11.f90 -O0 compilation failed to produce executable
FAIL: gfortran.dg/arrayio_11.f90 -O1 (test for excess errors)
UNRESOLVED: gfortran.dg/arrayio_11.f90 -O1 compilation failed to produce executable
FAIL: gfortran.dg/arrayio_11.f90 -O2 (test for excess errors)
UNRESOLVED: gfortran.dg/arrayio_11.f90 -O2 compilation failed to produce executable
FAIL: gfortran.dg/arrayio_11.f90 -O3 -fomit-frame-pointer -funroll-loops -fpeel-loops -ftracer -finline-functions (test for excess errors)
UNRESOLVED: gfortran.dg/arrayio_11.f90 -O3 -fomit-frame-pointer -funroll-loops -fpeel-loops -ftracer -finline-functions compilation failed to produce executable
FAIL: gfortran.dg/arrayio_11.f90 -O3 -g (test for excess errors)
UNRESOLVED: gfortran.dg/arrayio_11.f90 -O3 -g compilation failed to produce executable
FAIL: gfortran.dg/arrayio_11.f90 -Os (test for excess errors)
UNRESOLVED: gfortran.dg/arrayio_11.f90 -Os compilation failed to produce executable
FAIL: gfortran.dg/arrayio_12.f90 -O0 (test for excess errors)
UNRESOLVED: gfortran.dg/arrayio_12.f90 -O0 compilation failed to produce executable
FAIL: gfortran.dg/arrayio_12.f90 -O1 (test for excess errors)
UNRESOLVED: gfortran.dg/arrayio_12.f90 -O1 compilation failed to produce executable
FAIL: gfortran.dg/arrayio_12.f90 -O2 (test for excess errors)
UNRESOLVED: gfortran.dg/arrayio_12.f90 -O2 compilation failed to produce executable
FAIL: gfortran.dg/arrayio_12.f90 -O3 -fomit-frame-pointer -funroll-loops -fpeel-loops -ftracer -finline-functions (test for excess errors)
UNRESOLVED: gfortran.dg/arrayio_12.f90 -O3 -fomit-frame-pointer -funroll-loops -fpeel-loops -ftracer -finline-functions compilation failed to produce executable
FAIL: gfortran.dg/arrayio_12.f90 -O3 -g (test for excess errors)
UNRESOLVED: gfortran.dg/arrayio_12.f90 -O3 -g compilation failed to produce executable
FAIL: gfortran.dg/arrayio_12.f90 -Os (test for excess errors)
UNRESOLVED: gfortran.dg/arrayio_12.f90 -Os compilation failed to produce executable
FAIL: gfortran.dg/associate_23.f90 -O0 (test for excess errors)
UNRESOLVED: gfortran.dg/associate_23.f90 -O0 compilation failed to produce executable
FAIL: gfortran.dg/associate_23.f90 -O1 (test for excess errors)
UNRESOLVED: gfortran.dg/associate_23.f90 -O1 compilation failed to produce executable
FAIL: gfortran.dg/associate_23.f90 -O2 (test for excess errors)
UNRESOLVED: gfortran.dg/associate_23.f90 -O2 compilation failed to produce executable
FAIL: gfortran.dg/associate_23.f90 -O3 -fomit-frame-pointer -funroll-loops -fpeel-loops -ftracer -finline-functions (test for excess errors)
UNRESOLVED: gfortran.dg/associate_23.f90 -O3 -fomit-frame-pointer -funroll-loops -fpeel-loops -ftracer -finline-functions compilation failed to produce executable
FAIL: gfortran.dg/associate_23.f90 -O3 -g (test for excess errors)
UNRESOLVED: gfortran.dg/associate_23.f90 -O3 -g compilation failed to produce executable
FAIL: gfortran.dg/associate_23.f90 -Os (test for excess errors)
UNRESOLVED: gfortran.dg/associate_23.f90 -Os compilation failed to produce executable
FAIL: gfortran.dg/bessel_6.f90 -O0 execution test
FAIL: gfortran.dg/bessel_6.f90 -O1 execution test
FAIL: gfortran.dg/bessel_6.f90 -O2 execution test
FAIL: gfortran.dg/bessel_6.f90 -O3 -fomit-frame-pointer -funroll-loops -fpeel-loops -ftracer -finline-functions execution test
FAIL: gfortran.dg/bessel_6.f90 -O3 -g execution test
FAIL: gfortran.dg/bessel_6.f90 -Os execution test
FAIL: gfortran.dg/char_assign_1.f90 -O0 (test for excess errors)
UNRESOLVED: gfortran.dg/char_assign_1.f90 -O0 compilation failed to produce executable
FAIL: gfortran.dg/char_assign_1.f90 -O1 (test for excess errors)
UNRESOLVED: gfortran.dg/char_assign_1.f90 -O1 compilation failed to produce executable
FAIL: gfortran.dg/char_assign_1.f90 -O2 (test for excess errors)
UNRESOLVED: gfortran.dg/char_assign_1.f90 -O2 compilation failed to produce executable
FAIL: gfortran.dg/char_assign_1.f90 -O3 -fomit-frame-pointer -funroll-loops -fpeel-loops -ftracer -finline-functions (test for excess errors)
UNRESOLVED: gfortran.dg/char_assign_1.f90 -O3 -fomit-frame-pointer -funroll-loops -fpeel-loops -ftracer -finline-functions compilation failed to produce executable
FAIL: gfortran.dg/char_assign_1.f90 -O3 -g (test for excess errors)
UNRESOLVED: gfortran.dg/char_assign_1.f90 -O3 -g compilation failed to produce executable
FAIL: gfortran.dg/char_assign_1.f90 -Os (test for excess errors)
UNRESOLVED: gfortran.dg/char_assign_1.f90 -Os compilation failed to produce executable
UNRESOLVED: gfortran.dg/char_eoshift_5.f90 -O0 scan-tree-dump original "_gfortran_eoshift[0-9_]+char \\\\([&a-zA-Z0-9._]*, [&a-zA-Z0-9._]*, [&a-zA-Z0-9._]*, [&a-zA-Z0-9._]*, [&a-zA-Z0-9._]*, [&a-zA-Z0-9._]*, [&a-zA-Z0-9._]*, [&a-zA-Z0-9._]*\\\\)"
FAIL: gfortran.dg/char_eoshift_5.f90 -O0 (test for excess errors)
UNRESOLVED: gfortran.dg/char_eoshift_5.f90 -O0 compilation failed to produce executable
UNRESOLVED: gfortran.dg/char_eoshift_5.f90 -O1 scan-tree-dump original "_gfortran_eoshift[0-9_]+char \\\\([&a-zA-Z0-9._]*, [&a-zA-Z0-9._]*, [&a-zA-Z0-9._]*, [&a-zA-Z0-9._]*, [&a-zA-Z0-9._]*, [&a-zA-Z0-9._]*, [&a-zA-Z0-9._]*, [&a-zA-Z0-9._]*\\\\)"
FAIL: gfortran.dg/char_eoshift_5.f90 -O1 (test for excess errors)
UNRESOLVED: gfortran.dg/char_eoshift_5.f90 -O1 compilation failed to produce executable
UNRESOLVED: gfortran.dg/char_eoshift_5.f90 -O2 scan-tree-dump original "_gfortran_eoshift[0-9_]+char \\\\([&a-zA-Z0-9._]*, [&a-zA-Z0-9._]*, [&a-zA-Z0-9._]*, [&a-zA-Z0-9._]*, [&a-zA-Z0-9._]*, [&a-zA-Z0-9._]*, [&a-zA-Z0-9._]*, [&a-zA-Z0-9._]*\\\\)"
FAIL: gfortran.dg/char_eoshift_5.f90 -O2 (test for excess errors)
UNRESOLVED: gfortran.dg/char_eoshift_5.f90 -O2 compilation failed to produce executable
UNRESOLVED: gfortran.dg/char_eoshift_5.f90 -O3 -fomit-frame-pointer -funroll-loops -fpeel-loops -ftracer -finline-functions scan-tree-dump original "_gfortran_eoshift[0-9_]+char \\\\([&a-zA-Z0-9._]*, [&a-zA-Z0-9._]*, [&a-zA-Z0-9._]*, [&a-zA-Z0-9._]*, [&a-zA-Z0-9._]*, [&a-zA-Z0-9._]*, [&a-zA-Z0-9._]*, [&a-zA-Z0-9._]*\\\\)"
FAIL: gfortran.dg/char_eoshift_5.f90 -O3 -fomit-frame-pointer -funroll-loops -fpeel-loops -ftracer -finline-functions (test for excess errors)
UNRESOLVED: gfortran.dg/char_eoshift_5.f90 -O3 -fomit-frame-pointer -funroll-loops -fpeel-loops -ftracer -finline-functions compilation failed to produce executable
UNRESOLVED: gfortran.dg/char_eoshift_5.f90 -O3 -g scan-tree-dump original "_gfortran_eoshift[0-9_]+char \\\\([&a-zA-Z0-9._]*, [&a-zA-Z0-9._]*, [&a-zA-Z0-9._]*, [&a-zA-Z0-9._]*, [&a-zA-Z0-9._]*, [&a-zA-Z0-9._]*, [&a-zA-Z0-9._]*, [&a-zA-Z0-9._]*\\\\)"
FAIL: gfortran.dg/char_eoshift_5.f90 -O3 -g (test for excess errors)
UNRESOLVED: gfortran.dg/char_eoshift_5.f90 -O3 -g compilation failed to produce executable
UNRESOLVED: gfortran.dg/char_eoshift_5.f90 -Os scan-tree-dump original "_gfortran_eoshift[0-9_]+char \\\\([&a-zA-Z0-9._]*, [&a-zA-Z0-9._]*, [&a-zA-Z0-9._]*, [&a-zA-Z0-9._]*, [&a-zA-Z0-9._]*, [&a-zA-Z0-9._]*, [&a-zA-Z0-9._]*, [&a-zA-Z0-9._]*\\\\)"
FAIL: gfortran.dg/char_eoshift_5.f90 -Os (test for excess errors)
UNRESOLVED: gfortran.dg/char_eoshift_5.f90 -Os compilation failed to produce executable
FAIL: gfortran.dg/char_length_7.f90 -O0 (test for excess errors)
UNRESOLVED: gfortran.dg/char_length_7.f90 -O0 compilation failed to produce executable
FAIL: gfortran.dg/char_length_7.f90 -O1 (test for excess errors)
UNRESOLVED: gfortran.dg/char_length_7.f90 -O1 compilation failed to produce executable
FAIL: gfortran.dg/char_length_7.f90 -O2 (test for excess errors)
UNRESOLVED: gfortran.dg/char_length_7.f90 -O2 compilation failed to produce executable
FAIL: gfortran.dg/char_length_7.f90 -O3 -fomit-frame-pointer -funroll-loops -fpeel-loops -ftracer -finline-functions (test for excess errors)
UNRESOLVED: gfortran.dg/char_length_7.f90 -O3 -fomit-frame-pointer -funroll-loops -fpeel-loops -ftracer -finline-functions compilation failed to produce executable
FAIL: gfortran.dg/char_length_7.f90 -O3 -g (test for excess errors)
UNRESOLVED: gfortran.dg/char_length_7.f90 -O3 -g compilation failed to produce executable
FAIL: gfortran.dg/char_length_7.f90 -Os (test for excess errors)
UNRESOLVED: gfortran.dg/char_length_7.f90 -Os compilation failed to produce executable
FAIL: gfortran.dg/char_length_8.f90 -O0 (test for excess errors)
UNRESOLVED: gfortran.dg/char_length_8.f90 -O0 compilation failed to produce executable
FAIL: gfortran.dg/char_length_8.f90 -O1 (test for excess errors)
UNRESOLVED: gfortran.dg/char_length_8.f90 -O1 compilation failed to produce executable
FAIL: gfortran.dg/char_length_8.f90 -O2 (test for excess errors)
UNRESOLVED: gfortran.dg/char_length_8.f90 -O2 compilation failed to produce executable
FAIL: gfortran.dg/char_length_8.f90 -O3 -fomit-frame-pointer -funroll-loops -fpeel-loops -ftracer -finline-functions (test for excess errors)
UNRESOLVED: gfortran.dg/char_length_8.f90 -O3 -fomit-frame-pointer -funroll-loops -fpeel-loops -ftracer -finline-functions compilation failed to produce executable
FAIL: gfortran.dg/char_length_8.f90 -O3 -g (test for excess errors)
UNRESOLVED: gfortran.dg/char_length_8.f90 -O3 -g compilation failed to produce executable
FAIL: gfortran.dg/char_length_8.f90 -Os (test for excess errors)
UNRESOLVED: gfortran.dg/char_length_8.f90 -Os compilation failed to produce executable
FAIL: gfortran.dg/data_char_1.f90 -O0 (test for warnings, line 11)
FAIL: gfortran.dg/data_char_1.f90 -O0 (test for excess errors)
UNRESOLVED: gfortran.dg/data_char_1.f90 -O0 compilation failed to produce executable
FAIL: gfortran.dg/data_char_1.f90 -O1 (test for warnings, line 11)
FAIL: gfortran.dg/data_char_1.f90 -O1 (test for excess errors)
UNRESOLVED: gfortran.dg/data_char_1.f90 -O1 compilation failed to produce executable
FAIL: gfortran.dg/data_char_1.f90 -O2 (test for warnings, line 11)
FAIL: gfortran.dg/data_char_1.f90 -O2 (test for excess errors)
UNRESOLVED: gfortran.dg/data_char_1.f90 -O2 compilation failed to produce executable
FAIL: gfortran.dg/data_char_1.f90 -O3 -fomit-frame-pointer -funroll-loops -fpeel-loops -ftracer -finline-functions (test for warnings, line 11)
FAIL: gfortran.dg/data_char_1.f90 -O3 -fomit-frame-pointer -funroll-loops -fpeel-loops -ftracer -finline-functions (test for excess errors)
UNRESOLVED: gfortran.dg/data_char_1.f90 -O3 -fomit-frame-pointer -funroll-loops -fpeel-loops -ftracer -finline-functions compilation failed to produce executable
FAIL: gfortran.dg/data_char_1.f90 -O3 -g (test for warnings, line 11)
FAIL: gfortran.dg/data_char_1.f90 -O3 -g (test for excess errors)
UNRESOLVED: gfortran.dg/data_char_1.f90 -O3 -g compilation failed to produce executable
FAIL: gfortran.dg/data_char_1.f90 -Os (test for warnings, line 11)
FAIL: gfortran.dg/data_char_1.f90 -Os (test for excess errors)
UNRESOLVED: gfortran.dg/data_char_1.f90 -Os compilation failed to produce executable
FAIL: gfortran.dg/deferred_character_2.f90 -O0 (test for excess errors)
UNRESOLVED: gfortran.dg/deferred_character_2.f90 -O0 compilation failed to produce executable
FAIL: gfortran.dg/deferred_character_2.f90 -O1 (test for excess errors)
UNRESOLVED: gfortran.dg/deferred_character_2.f90 -O1 compilation failed to produce executable
FAIL: gfortran.dg/deferred_character_2.f90 -O2 (test for excess errors)
UNRESOLVED: gfortran.dg/deferred_character_2.f90 -O2 compilation failed to produce executable
FAIL: gfortran.dg/deferred_character_2.f90 -O3 -fomit-frame-pointer -funroll-loops -fpeel-loops -ftracer -finline-functions (test for excess errors)
UNRESOLVED: gfortran.dg/deferred_character_2.f90 -O3 -fomit-frame-pointer -funroll-loops -fpeel-loops -ftracer -finline-functions compilation failed to produce executable
FAIL: gfortran.dg/deferred_character_2.f90 -O3 -g (test for excess errors)
UNRESOLVED: gfortran.dg/deferred_character_2.f90 -O3 -g compilation failed to produce executable
FAIL: gfortran.dg/deferred_character_2.f90 -Os (test for excess errors)
UNRESOLVED: gfortran.dg/deferred_character_2.f90 -Os compilation failed to produce executable
FAIL: gfortran.dg/deferred_character_22.f90 -O0 (test for excess errors)
UNRESOLVED: gfortran.dg/deferred_character_22.f90 -O0 compilation failed to produce executable
FAIL: gfortran.dg/deferred_character_22.f90 -O1 (test for excess errors)
UNRESOLVED: gfortran.dg/deferred_character_22.f90 -O1 compilation failed to produce executable
FAIL: gfortran.dg/deferred_character_22.f90 -O2 (test for excess errors)
UNRESOLVED: gfortran.dg/deferred_character_22.f90 -O2 compilation failed to produce executable
FAIL: gfortran.dg/deferred_character_22.f90 -O3 -fomit-frame-pointer -funroll-loops -fpeel-loops -ftracer -finline-functions (test for excess errors)
UNRESOLVED: gfortran.dg/deferred_character_22.f90 -O3 -fomit-frame-pointer -funroll-loops -fpeel-loops -ftracer -finline-functions compilation failed to produce executable
FAIL: gfortran.dg/deferred_character_22.f90 -O3 -g (test for excess errors)
UNRESOLVED: gfortran.dg/deferred_character_22.f90 -O3 -g compilation failed to produce executable
FAIL: gfortran.dg/deferred_character_22.f90 -Os (test for excess errors)
UNRESOLVED: gfortran.dg/deferred_character_22.f90 -Os compilation failed to produce executable
FAIL: gfortran.dg/deferred_character_23.f90 -O0 (test for excess errors)
UNRESOLVED: gfortran.dg/deferred_character_23.f90 -O0 compilation failed to produce executable
FAIL: gfortran.dg/deferred_character_23.f90 -O1 (test for excess errors)
UNRESOLVED: gfortran.dg/deferred_character_23.f90 -O1 compilation failed to produce executable
FAIL: gfortran.dg/deferred_character_23.f90 -O2 (test for excess errors)
UNRESOLVED: gfortran.dg/deferred_character_23.f90 -O2 compilation failed to produce executable
FAIL: gfortran.dg/deferred_character_23.f90 -O3 -fomit-frame-pointer -funroll-loops -fpeel-loops -ftracer -finline-functions (test for excess errors)
UNRESOLVED: gfortran.dg/deferred_character_23.f90 -O3 -fomit-frame-pointer -funroll-loops -fpeel-loops -ftracer -finline-functions compilation failed to produce executable
FAIL: gfortran.dg/deferred_character_23.f90 -O3 -g (test for excess errors)
UNRESOLVED: gfortran.dg/deferred_character_23.f90 -O3 -g compilation failed to produce executable
FAIL: gfortran.dg/deferred_character_23.f90 -Os (test for excess errors)
UNRESOLVED: gfortran.dg/deferred_character_23.f90 -Os compilation failed to produce executable
FAIL: gfortran.dg/deferred_character_7.f90 -O0 (test for excess errors)
UNRESOLVED: gfortran.dg/deferred_character_7.f90 -O0 compilation failed to produce executable
FAIL: gfortran.dg/deferred_character_7.f90 -O1 (test for excess errors)
UNRESOLVED: gfortran.dg/deferred_character_7.f90 -O1 compilation failed to produce executable
FAIL: gfortran.dg/deferred_character_7.f90 -O2 (test for excess errors)
UNRESOLVED: gfortran.dg/deferred_character_7.f90 -O2 compilation failed to produce executable
FAIL: gfortran.dg/deferred_character_7.f90 -O3 -fomit-frame-pointer -funroll-loops -fpeel-loops -ftracer -finline-functions (test for excess errors)
UNRESOLVED: gfortran.dg/deferred_character_7.f90 -O3 -fomit-frame-pointer -funroll-loops -fpeel-loops -ftracer -finline-functions compilation failed to produce executable
FAIL: gfortran.dg/deferred_character_7.f90 -O3 -g (test for excess errors)
UNRESOLVED: gfortran.dg/deferred_character_7.f90 -O3 -g compilation failed to produce executable
FAIL: gfortran.dg/deferred_character_7.f90 -Os (test for excess errors)
UNRESOLVED: gfortran.dg/deferred_character_7.f90 -Os compilation failed to produce executable
FAIL: gfortran.dg/deferred_character_8.f90 -O0 (test for excess errors)
UNRESOLVED: gfortran.dg/deferred_character_8.f90 -O0 compilation failed to produce executable
FAIL: gfortran.dg/deferred_character_8.f90 -O1 (test for excess errors)
UNRESOLVED: gfortran.dg/deferred_character_8.f90 -O1 compilation failed to produce executable
FAIL: gfortran.dg/deferred_character_8.f90 -O2 (test for excess errors)
UNRESOLVED: gfortran.dg/deferred_character_8.f90 -O2 compilation failed to produce executable
FAIL: gfortran.dg/deferred_character_8.f90 -O3 -fomit-frame-pointer -funroll-loops -fpeel-loops -ftracer -finline-functions (test for excess errors)
UNRESOLVED: gfortran.dg/deferred_character_8.f90 -O3 -fomit-frame-pointer -funroll-loops -fpeel-loops -ftracer -finline-functions compilation failed to produce executable
FAIL: gfortran.dg/deferred_character_8.f90 -O3 -g (test for excess errors)
UNRESOLVED: gfortran.dg/deferred_character_8.f90 -O3 -g compilation failed to produce executable
FAIL: gfortran.dg/deferred_character_8.f90 -Os (test for excess errors)
UNRESOLVED: gfortran.dg/deferred_character_8.f90 -Os compilation failed to produce executable
FAIL: gfortran.dg/deferred_type_component_3.f90 -O0 (test for excess errors)
UNRESOLVED: gfortran.dg/deferred_type_component_3.f90 -O0 compilation failed to produce executable
FAIL: gfortran.dg/deferred_type_component_3.f90 -O1 (test for excess errors)
UNRESOLVED: gfortran.dg/deferred_type_component_3.f90 -O1 compilation failed to produce executable
FAIL: gfortran.dg/deferred_type_component_3.f90 -O2 (test for excess errors)
UNRESOLVED: gfortran.dg/deferred_type_component_3.f90 -O2 compilation failed to produce executable
FAIL: gfortran.dg/deferred_type_component_3.f90 -O3 -fomit-frame-pointer -funroll-loops -fpeel-loops -ftracer -finline-functions (test for excess errors)
UNRESOLVED: gfortran.dg/deferred_type_component_3.f90 -O3 -fomit-frame-pointer -funroll-loops -fpeel-loops -ftracer -finline-functions compilation failed to produce executable
FAIL: gfortran.dg/deferred_type_component_3.f90 -O3 -g (test for excess errors)
UNRESOLVED: gfortran.dg/deferred_type_component_3.f90 -O3 -g compilation failed to produce executable
FAIL: gfortran.dg/deferred_type_component_3.f90 -Os (test for excess errors)
UNRESOLVED: gfortran.dg/deferred_type_component_3.f90 -Os compilation failed to produce executable
FAIL: gfortran.dg/dependency_45.f90 -O0 (test for warnings, line 10)
FAIL: gfortran.dg/dependency_45.f90 -O0 (test for excess errors)
UNRESOLVED: gfortran.dg/dependency_45.f90 -O0 compilation failed to produce executable
FAIL: gfortran.dg/dependency_45.f90 -O1 (test for warnings, line 10)
FAIL: gfortran.dg/dependency_45.f90 -O1 (test for excess errors)
UNRESOLVED: gfortran.dg/dependency_45.f90 -O1 compilation failed to produce executable
FAIL: gfortran.dg/dependency_45.f90 -O2 (test for warnings, line 10)
FAIL: gfortran.dg/dependency_45.f90 -O2 (test for excess errors)
UNRESOLVED: gfortran.dg/dependency_45.f90 -O2 compilation failed to produce executable
FAIL: gfortran.dg/dependency_45.f90 -O3 -fomit-frame-pointer -funroll-loops -fpeel-loops -ftracer -finline-functions (test for warnings, line 10)
FAIL: gfortran.dg/dependency_45.f90 -O3 -fomit-frame-pointer -funroll-loops -fpeel-loops -ftracer -finline-functions (test for excess errors)
UNRESOLVED: gfortran.dg/dependency_45.f90 -O3 -fomit-frame-pointer -funroll-loops -fpeel-loops -ftracer -finline-functions compilation failed to produce executable
FAIL: gfortran.dg/dependency_45.f90 -O3 -g (test for warnings, line 10)
FAIL: gfortran.dg/dependency_45.f90 -O3 -g (test for excess errors)
UNRESOLVED: gfortran.dg/dependency_45.f90 -O3 -g compilation failed to produce executable
FAIL: gfortran.dg/dependency_45.f90 -Os (test for warnings, line 10)
FAIL: gfortran.dg/dependency_45.f90 -Os (test for excess errors)
UNRESOLVED: gfortran.dg/dependency_45.f90 -Os compilation failed to produce executable
FAIL: gfortran.dg/forall_12.f90 -O0 (test for excess errors)
UNRESOLVED: gfortran.dg/forall_12.f90 -O0 compilation failed to produce executable
FAIL: gfortran.dg/forall_12.f90 -O1 (test for excess errors)
UNRESOLVED: gfortran.dg/forall_12.f90 -O1 compilation failed to produce executable
FAIL: gfortran.dg/forall_12.f90 -O2 (test for excess errors)
UNRESOLVED: gfortran.dg/forall_12.f90 -O2 compilation failed to produce executable
FAIL: gfortran.dg/forall_12.f90 -O3 -fomit-frame-pointer -funroll-loops -fpeel-loops -ftracer -finline-functions (test for excess errors)
UNRESOLVED: gfortran.dg/forall_12.f90 -O3 -fomit-frame-pointer -funroll-loops -fpeel-loops -ftracer -finline-functions compilation failed to produce executable
FAIL: gfortran.dg/forall_12.f90 -O3 -g (test for excess errors)
UNRESOLVED: gfortran.dg/forall_12.f90 -O3 -g compilation failed to produce executable
FAIL: gfortran.dg/forall_12.f90 -Os (test for excess errors)
UNRESOLVED: gfortran.dg/forall_12.f90 -Os compilation failed to produce executable
FAIL: gfortran.dg/interface_12.f90 -O0 (test for excess errors)
UNRESOLVED: gfortran.dg/interface_12.f90 -O0 compilation failed to produce executable
FAIL: gfortran.dg/interface_12.f90 -O1 (test for excess errors)
UNRESOLVED: gfortran.dg/interface_12.f90 -O1 compilation failed to produce executable
FAIL: gfortran.dg/interface_12.f90 -O2 (test for excess errors)
UNRESOLVED: gfortran.dg/interface_12.f90 -O2 compilation failed to produce executable
FAIL: gfortran.dg/interface_12.f90 -O3 -fomit-frame-pointer -funroll-loops -fpeel-loops -ftracer -finline-functions (test for excess errors)
UNRESOLVED: gfortran.dg/interface_12.f90 -O3 -fomit-frame-pointer -funroll-loops -fpeel-loops -ftracer -finline-functions compilation failed to produce executable
FAIL: gfortran.dg/interface_12.f90 -O3 -g (test for excess errors)
UNRESOLVED: gfortran.dg/interface_12.f90 -O3 -g compilation failed to produce executable
FAIL: gfortran.dg/interface_12.f90 -Os (test for excess errors)
UNRESOLVED: gfortran.dg/interface_12.f90 -Os compilation failed to produce executable
UNRESOLVED: gfortran.dg/internal_pack_9.f90 -O scan-tree-dump-times original "unpack" 3
FAIL: gfortran.dg/internal_pack_9.f90 -O (test for excess errors)
FAIL: gfortran.dg/namelist_65.f90 -O0 (test for excess errors)
UNRESOLVED: gfortran.dg/namelist_65.f90 -O0 compilation failed to produce executable
FAIL: gfortran.dg/namelist_65.f90 -O1 (test for excess errors)
UNRESOLVED: gfortran.dg/namelist_65.f90 -O1 compilation failed to produce executable
FAIL: gfortran.dg/namelist_65.f90 -O2 (test for excess errors)
UNRESOLVED: gfortran.dg/namelist_65.f90 -O2 compilation failed to produce executable
FAIL: gfortran.dg/namelist_65.f90 -O3 -fomit-frame-pointer -funroll-loops -fpeel-loops -ftracer -finline-functions (test for excess errors)
UNRESOLVED: gfortran.dg/namelist_65.f90 -O3 -fomit-frame-pointer -funroll-loops -fpeel-loops -ftracer -finline-functions compilation failed to produce executable
FAIL: gfortran.dg/namelist_65.f90 -O3 -g (test for excess errors)
UNRESOLVED: gfortran.dg/namelist_65.f90 -O3 -g compilation failed to produce executable
FAIL: gfortran.dg/namelist_65.f90 -Os (test for excess errors)
UNRESOLVED: gfortran.dg/namelist_65.f90 -Os compilation failed to produce executable
FAIL: gfortran.dg/pr19928-1.f90 -O0 (test for excess errors)
UNRESOLVED: gfortran.dg/pr19928-1.f90 -O0 compilation failed to produce executable
FAIL: gfortran.dg/pr19928-1.f90 -O1 (test for excess errors)
UNRESOLVED: gfortran.dg/pr19928-1.f90 -O1 compilation failed to produce executable
FAIL: gfortran.dg/pr19928-1.f90 -O2 (test for excess errors)
UNRESOLVED: gfortran.dg/pr19928-1.f90 -O2 compilation failed to produce executable
FAIL: gfortran.dg/pr19928-1.f90 -O3 -fomit-frame-pointer -funroll-loops -fpeel-loops -ftracer -finline-functions (test for excess errors)
UNRESOLVED: gfortran.dg/pr19928-1.f90 -O3 -fomit-frame-pointer -funroll-loops -fpeel-loops -ftracer -finline-functions compilation failed to produce executable
FAIL: gfortran.dg/pr19928-1.f90 -O3 -g (test for excess errors)
UNRESOLVED: gfortran.dg/pr19928-1.f90 -O3 -g compilation failed to produce executable
FAIL: gfortran.dg/pr19928-1.f90 -Os (test for excess errors)
UNRESOLVED: gfortran.dg/pr19928-1.f90 -Os compilation failed to produce executable
FAIL: gfortran.dg/pr44592.f90 -O0 (test for excess errors)
UNRESOLVED: gfortran.dg/pr44592.f90 -O0 compilation failed to produce executable
FAIL: gfortran.dg/pr44592.f90 -O1 (test for excess errors)
UNRESOLVED: gfortran.dg/pr44592.f90 -O1 compilation failed to produce executable
FAIL: gfortran.dg/pr44592.f90 -O2 (test for excess errors)
UNRESOLVED: gfortran.dg/pr44592.f90 -O2 compilation failed to produce executable
FAIL: gfortran.dg/pr44592.f90 -O3 -fomit-frame-pointer -funroll-loops -fpeel-loops -ftracer -finline-functions (test for excess errors)
UNRESOLVED: gfortran.dg/pr44592.f90 -O3 -fomit-frame-pointer -funroll-loops -fpeel-loops -ftracer -finline-functions compilation failed to produce executable
FAIL: gfortran.dg/pr44592.f90 -O3 -g (test for excess errors)
UNRESOLVED: gfortran.dg/pr44592.f90 -O3 -g compilation failed to produce executable
FAIL: gfortran.dg/pr44592.f90 -Os (test for excess errors)
UNRESOLVED: gfortran.dg/pr44592.f90 -Os compilation failed to produce executable
FAIL: gfortran.dg/read_eof_all.f90 -O0 (test for excess errors)
UNRESOLVED: gfortran.dg/read_eof_all.f90 -O0 compilation failed to produce executable
FAIL: gfortran.dg/read_eof_all.f90 -O1 (test for excess errors)
UNRESOLVED: gfortran.dg/read_eof_all.f90 -O1 compilation failed to produce executable
FAIL: gfortran.dg/read_eof_all.f90 -O2 (test for excess errors)
UNRESOLVED: gfortran.dg/read_eof_all.f90 -O2 compilation failed to produce executable
FAIL: gfortran.dg/read_eof_all.f90 -O3 -fomit-frame-pointer -funroll-loops -fpeel-loops -ftracer -finline-functions (test for excess errors)
UNRESOLVED: gfortran.dg/read_eof_all.f90 -O3 -fomit-frame-pointer -funroll-loops -fpeel-loops -ftracer -finline-functions compilation failed to produce executable
FAIL: gfortran.dg/read_eof_all.f90 -O3 -g (test for excess errors)
UNRESOLVED: gfortran.dg/read_eof_all.f90 -O3 -g compilation failed to produce executable
FAIL: gfortran.dg/read_eof_all.f90 -Os (test for excess errors)
UNRESOLVED: gfortran.dg/read_eof_all.f90 -Os compilation failed to produce executable
FAIL: gfortran.dg/result_in_spec_1.f90 -O0 (test for excess errors)
UNRESOLVED: gfortran.dg/result_in_spec_1.f90 -O0 compilation failed to produce executable
FAIL: gfortran.dg/result_in_spec_1.f90 -O1 (test for excess errors)
UNRESOLVED: gfortran.dg/result_in_spec_1.f90 -O1 compilation failed to produce executable
FAIL: gfortran.dg/result_in_spec_1.f90 -O2 (test for excess errors)
UNRESOLVED: gfortran.dg/result_in_spec_1.f90 -O2 compilation failed to produce executable
FAIL: gfortran.dg/result_in_spec_1.f90 -O3 -fomit-frame-pointer -funroll-loops -fpeel-loops -ftracer -finline-functions (test for excess errors)
UNRESOLVED: gfortran.dg/result_in_spec_1.f90 -O3 -fomit-frame-pointer -funroll-loops -fpeel-loops -ftracer -finline-functions compilation failed to produce executable
FAIL: gfortran.dg/result_in_spec_1.f90 -O3 -g (test for excess errors)
UNRESOLVED: gfortran.dg/result_in_spec_1.f90 -O3 -g compilation failed to produce executable
FAIL: gfortran.dg/result_in_spec_1.f90 -Os (test for excess errors)
UNRESOLVED: gfortran.dg/result_in_spec_1.f90 -Os compilation failed to produce executable
FAIL: gfortran.dg/string_compare_1.f90 -O0 (test for excess errors)
UNRESOLVED: gfortran.dg/string_compare_1.f90 -O0 compilation failed to produce executable
FAIL: gfortran.dg/string_compare_1.f90 -O1 (test for excess errors)
UNRESOLVED: gfortran.dg/string_compare_1.f90 -O1 compilation failed to produce executable
FAIL: gfortran.dg/string_compare_1.f90 -O2 (test for excess errors)
UNRESOLVED: gfortran.dg/string_compare_1.f90 -O2 compilation failed to produce executable
FAIL: gfortran.dg/string_compare_1.f90 -O3 -fomit-frame-pointer -funroll-loops -fpeel-loops -ftracer -finline-functions (test for excess errors)
UNRESOLVED: gfortran.dg/string_compare_1.f90 -O3 -fomit-frame-pointer -funroll-loops -fpeel-loops -ftracer -finline-functions compilation failed to produce executable
FAIL: gfortran.dg/string_compare_1.f90 -O3 -g (test for excess errors)
UNRESOLVED: gfortran.dg/string_compare_1.f90 -O3 -g compilation failed to produce executable
FAIL: gfortran.dg/string_compare_1.f90 -Os (test for excess errors)
UNRESOLVED: gfortran.dg/string_compare_1.f90 -Os compilation failed to produce executable
FAIL: gfortran.dg/string_compare_2.f90 -O0 (test for excess errors)
UNRESOLVED: gfortran.dg/string_compare_2.f90 -O0 compilation failed to produce executable
FAIL: gfortran.dg/string_compare_2.f90 -O1 (test for excess errors)
UNRESOLVED: gfortran.dg/string_compare_2.f90 -O1 compilation failed to produce executable
FAIL: gfortran.dg/string_compare_2.f90 -O2 (test for excess errors)
UNRESOLVED: gfortran.dg/string_compare_2.f90 -O2 compilation failed to produce executable
FAIL: gfortran.dg/string_compare_2.f90 -O3 -fomit-frame-pointer -funroll-loops -fpeel-loops -ftracer -finline-functions (test for excess errors)
UNRESOLVED: gfortran.dg/string_compare_2.f90 -O3 -fomit-frame-pointer -funroll-loops -fpeel-loops -ftracer -finline-functions compilation failed to produce executable
FAIL: gfortran.dg/string_compare_2.f90 -O3 -g (test for excess errors)
UNRESOLVED: gfortran.dg/string_compare_2.f90 -O3 -g compilation failed to produce executable
FAIL: gfortran.dg/string_compare_2.f90 -Os (test for excess errors)
UNRESOLVED: gfortran.dg/string_compare_2.f90 -Os compilation failed to produce executable
FAIL: gfortran.dg/string_compare_3.f90 -O0 (test for excess errors)
UNRESOLVED: gfortran.dg/string_compare_3.f90 -O0 compilation failed to produce executable
FAIL: gfortran.dg/string_compare_3.f90 -O1 (test for excess errors)
UNRESOLVED: gfortran.dg/string_compare_3.f90 -O1 compilation failed to produce executable
FAIL: gfortran.dg/string_compare_3.f90 -O2 (test for excess errors)
UNRESOLVED: gfortran.dg/string_compare_3.f90 -O2 compilation failed to produce executable
FAIL: gfortran.dg/string_compare_3.f90 -O3 -fomit-frame-pointer -funroll-loops -fpeel-loops -ftracer -finline-functions (test for excess errors)
UNRESOLVED: gfortran.dg/string_compare_3.f90 -O3 -fomit-frame-pointer -funroll-loops -fpeel-loops -ftracer -finline-functions compilation failed to produce executable
FAIL: gfortran.dg/string_compare_3.f90 -O3 -g (test for excess errors)
UNRESOLVED: gfortran.dg/string_compare_3.f90 -O3 -g compilation failed to produce executable
FAIL: gfortran.dg/string_compare_3.f90 -Os (test for excess errors)
UNRESOLVED: gfortran.dg/string_compare_3.f90 -Os compilation failed to produce executable
FAIL: gfortran.dg/subref_array_pointer_1.f90 -O0 (test for excess errors)
UNRESOLVED: gfortran.dg/subref_array_pointer_1.f90 -O0 compilation failed to produce executable
FAIL: gfortran.dg/subref_array_pointer_1.f90 -O1 (test for excess errors)
UNRESOLVED: gfortran.dg/subref_array_pointer_1.f90 -O1 compilation failed to produce executable
FAIL: gfortran.dg/subref_array_pointer_1.f90 -O2 (test for excess errors)
UNRESOLVED: gfortran.dg/subref_array_pointer_1.f90 -O2 compilation failed to produce executable
FAIL: gfortran.dg/subref_array_pointer_1.f90 -O3 -fomit-frame-pointer -funroll-loops -fpeel-loops -ftracer -finline-functions (test for excess errors)
UNRESOLVED: gfortran.dg/subref_array_pointer_1.f90 -O3 -fomit-frame-pointer -funroll-loops -fpeel-loops -ftracer -finline-functions compilation failed to produce executable
FAIL: gfortran.dg/subref_array_pointer_1.f90 -O3 -g (test for excess errors)
UNRESOLVED: gfortran.dg/subref_array_pointer_1.f90 -O3 -g compilation failed to produce executable
FAIL: gfortran.dg/subref_array_pointer_1.f90 -Os (test for excess errors)
UNRESOLVED: gfortran.dg/subref_array_pointer_1.f90 -Os compilation failed to produce executable
FAIL: gfortran.dg/subref_array_pointer_2.f90 -O0 (test for excess errors)
UNRESOLVED: gfortran.dg/subref_array_pointer_2.f90 -O0 compilation failed to produce executable
FAIL: gfortran.dg/subref_array_pointer_2.f90 -O1 (test for excess errors)
UNRESOLVED: gfortran.dg/subref_array_pointer_2.f90 -O1 compilation failed to produce executable
FAIL: gfortran.dg/subref_array_pointer_2.f90 -O2 (test for excess errors)
UNRESOLVED: gfortran.dg/subref_array_pointer_2.f90 -O2 compilation failed to produce executable
FAIL: gfortran.dg/subref_array_pointer_2.f90 -O3 -fomit-frame-pointer -funroll-loops -fpeel-loops -ftracer -finline-functions (test for excess errors)
UNRESOLVED: gfortran.dg/subref_array_pointer_2.f90 -O3 -fomit-frame-pointer -funroll-loops -fpeel-loops -ftracer -finline-functions compilation failed to produce executable
FAIL: gfortran.dg/subref_array_pointer_2.f90 -O3 -g (test for excess errors)
UNRESOLVED: gfortran.dg/subref_array_pointer_2.f90 -O3 -g compilation failed to produce executable
FAIL: gfortran.dg/subref_array_pointer_2.f90 -Os (test for excess errors)
UNRESOLVED: gfortran.dg/subref_array_pointer_2.f90 -Os compilation failed to produce executable
FAIL: gfortran.dg/graphite/id-pr45370.f90 -O (test for excess errors)
=== gfortran Summary for unix/-m32 ===
# of expected passes 47316
# of unexpected failures 212
# of expected failures 104
# of unresolved testcases 175
# of unsupported tests 182
=== gfortran Summary ===
# of expected passes 94855
# of unexpected failures 418
# of expected failures 208
# of unresolved testcases 350
# of unsupported tests 261
/export/project/git/gcc-regression-profiled/bld/gcc/gfortran version 9.0.0 20181011 (experimental) [trunk revision 265032] (GCC)
=== g++ tests ===
Running target unix
FAIL: g++.dg/pr80481.C -std=gnu++11 scan-assembler-not vmovaps
FAIL: g++.dg/pr80481.C -std=gnu++14 scan-assembler-not vmovaps
FAIL: g++.dg/pr80481.C -std=gnu++98 scan-assembler-not vmovaps
FAIL: g++.dg/pr83239.C -std=gnu++98 (test for excess errors)
FAIL: g++.dg/guality/pr55665.C -O2 line 23 p == 40
FAIL: g++.dg/guality/pr55665.C -O2 -flto -fno-use-linker-plugin -flto-partition=none line 23 p == 40
FAIL: g++.dg/guality/pr55665.C -O3 -g line 23 p == 40
=== g++ Summary for unix ===
# of expected passes 127525
# of unexpected failures 7
# of expected failures 534
# of unsupported tests 5124
Running target unix/-m32
FAIL: g++.dg/pr83239.C -std=gnu++98 (test for excess errors)
FAIL: g++.dg/guality/pr55665.C -O2 line 23 p == 40
FAIL: g++.dg/guality/pr55665.C -O2 -flto -fno-use-linker-plugin -flto-partition=none line 23 p == 40
FAIL: g++.dg/guality/pr55665.C -O3 -g line 23 p == 40
=== g++ Summary for unix/-m32 ===
# of expected passes 125752
# of unexpected failures 4
# of expected failures 531
# of unsupported tests 4958
=== g++ Summary ===
# of expected passes 253277
# of unexpected failures 11
# of expected failures 1065
# of unsupported tests 10082
/export/project/git/gcc-regression-profiled/bld/gcc/xg++ version 9.0.0 20181011 (experimental) [trunk revision 265032] (GCC)
=== objc tests ===
Running target unix
=== objc Summary for unix ===
# of expected passes 2797
# of expected failures 6
# of unsupported tests 68
Running target unix/-m32
=== objc Summary for unix/-m32 ===
# of expected passes 2797
# of expected failures 6
# of unsupported tests 68
=== objc Summary ===
# of expected passes 5594
# of expected failures 12
# of unsupported tests 136
/export/project/git/gcc-regression-profiled/bld/gcc/xgcc version 9.0.0 20181011 (experimental) [trunk revision 265032] (GCC)
=== libatomic tests ===
Running target unix/-m32
=== libatomic Summary for unix/-m32 ===
# of expected passes 44
# of unsupported tests 5
Running target unix
=== libatomic Summary for unix ===
# of expected passes 54
=== libatomic Summary ===
# of expected passes 98
# of unsupported tests 5
=== libgomp tests ===
Running target unix/-m32
FAIL: libgomp.fortran/target7.f90 -O0 execution test
FAIL: libgomp.fortran/target7.f90 -O1 execution test
FAIL: libgomp.fortran/target7.f90 -O2 execution test
FAIL: libgomp.fortran/target7.f90 -O3 -fomit-frame-pointer -funroll-loops -fpeel-loops -ftracer -finline-functions execution test
FAIL: libgomp.fortran/target7.f90 -O3 -g execution test
FAIL: libgomp.fortran/target7.f90 -Os execution test
FAIL: libgomp.fortran/target8.f90 -O0 execution test
FAIL: libgomp.fortran/target8.f90 -O2 execution test
FAIL: libgomp.fortran/target8.f90 -O3 -fomit-frame-pointer -funroll-loops -fpeel-loops -ftracer -finline-functions execution test
FAIL: libgomp.fortran/target8.f90 -O3 -g execution test
FAIL: libgomp.fortran/target8.f90 -Os execution test
FAIL: libgomp.fortran/udr4.f90 -O0 (test for excess errors)
UNRESOLVED: libgomp.fortran/udr4.f90 -O0 compilation failed to produce executable
FAIL: libgomp.fortran/udr4.f90 -O1 (test for excess errors)
UNRESOLVED: libgomp.fortran/udr4.f90 -O1 compilation failed to produce executable
FAIL: libgomp.fortran/udr4.f90 -O2 (test for excess errors)
UNRESOLVED: libgomp.fortran/udr4.f90 -O2 compilation failed to produce executable
FAIL: libgomp.fortran/udr4.f90 -O3 -fomit-frame-pointer -funroll-loops -fpeel-loops -ftracer -finline-functions (test for excess errors)
UNRESOLVED: libgomp.fortran/udr4.f90 -O3 -fomit-frame-pointer -funroll-loops -fpeel-loops -ftracer -finline-functions compilation failed to produce executable
FAIL: libgomp.fortran/udr4.f90 -O3 -g (test for excess errors)
UNRESOLVED: libgomp.fortran/udr4.f90 -O3 -g compilation failed to produce executable
FAIL: libgomp.fortran/udr4.f90 -Os (test for excess errors)
UNRESOLVED: libgomp.fortran/udr4.f90 -Os compilation failed to produce executable
=== libgomp Summary for unix/-m32 ===
# of expected passes 6111
# of unexpected failures 17
# of expected failures 1
# of unresolved testcases 6
# of unsupported tests 322
Running target unix
FAIL: libgomp.fortran/udr4.f90 -O0 (test for excess errors)
UNRESOLVED: libgomp.fortran/udr4.f90 -O0 compilation failed to produce executable
FAIL: libgomp.fortran/udr4.f90 -O1 (test for excess errors)
UNRESOLVED: libgomp.fortran/udr4.f90 -O1 compilation failed to produce executable
FAIL: libgomp.fortran/udr4.f90 -O2 (test for excess errors)
UNRESOLVED: libgomp.fortran/udr4.f90 -O2 compilation failed to produce executable
FAIL: libgomp.fortran/udr4.f90 -O3 -fomit-frame-pointer -funroll-loops -fpeel-loops -ftracer -finline-functions (test for excess errors)
UNRESOLVED: libgomp.fortran/udr4.f90 -O3 -fomit-frame-pointer -funroll-loops -fpeel-loops -ftracer -finline-functions compilation failed to produce executable
FAIL: libgomp.fortran/udr4.f90 -O3 -g (test for excess errors)
UNRESOLVED: libgomp.fortran/udr4.f90 -O3 -g compilation failed to produce executable
FAIL: libgomp.fortran/udr4.f90 -Os (test for excess errors)
UNRESOLVED: libgomp.fortran/udr4.f90 -Os compilation failed to produce executable
=== libgomp Summary for unix ===
# of expected passes 6122
# of unexpected failures 6
# of expected failures 1
# of unresolved testcases 6
# of unsupported tests 322
=== libgomp Summary ===
# of expected passes 12233
# of unexpected failures 23
# of expected failures 2
# of unresolved testcases 12
# of unsupported tests 644
=== libitm tests ===
Running target unix/-m32
=== libitm Summary for unix/-m32 ===
# of expected passes 42
# of expected failures 3
# of unsupported tests 1
Running target unix
=== libitm Summary for unix ===
# of expected passes 42
# of expected failures 3
# of unsupported tests 1
=== libitm Summary ===
# of expected passes 84
# of expected failures 6
# of unsupported tests 2
=== libstdc++ tests ===
Running target unix
FAIL: libstdc++-prettyprinters/80276.cc whatis p4
FAIL: libstdc++-prettyprinters/80276.cc whatis p4
=== libstdc++ Summary for unix ===
# of expected passes 13301
# of unexpected failures 2
# of expected failures 77
# of unsupported tests 273
Running target unix/-m32
FAIL: libstdc++-prettyprinters/80276.cc whatis p4
FAIL: libstdc++-prettyprinters/80276.cc whatis p4
=== libstdc++ Summary for unix/-m32 ===
# of expected passes 13309
# of unexpected failures 2
# of expected failures 77
# of unsupported tests 269
=== libstdc++ Summary ===
# of expected passes 26610
# of unexpected failures 4
# of expected failures 154
# of unsupported tests 542
Compiler version: 9.0.0 20181011 (experimental) [trunk revision 265032] (GCC)
Platform: x86_64-pc-linux-gnu
configure flags: --prefix=/usr/9.0.0 --enable-clocale=gnu --with-system-zlib --enable-shared --enable-cet --with-demangler-in-ld --enable-libmpx --with-build-config=bootstrap-lto --disable-werror --with-fpmath=sse
More information about the Gcc-testresults
mailing list