Results for 9.0.0 20181010 (experimental) [master revision 265025] (GCC) testsuite on aarch64-unknown-linux-gnu
LINARO TCWG
tcwg-buildslave@linaro.org
Thu Oct 11 01:14:00 GMT 2018
LAST_UPDATED: Wed Oct 10 20:05:12 UTC 2018 (revision 265025)
Native configuration is aarch64-unknown-linux-gnu
=== libatomic tests ===
Running target tcwg-local
=== libatomic Summary ===
# of expected passes 54
=== libgomp tests ===
Running target tcwg-local
FAIL: libgomp.fortran/udr4.f90 -O0 (test for excess errors)
UNRESOLVED: libgomp.fortran/udr4.f90 -O0 compilation failed to produce executable
FAIL: libgomp.fortran/udr4.f90 -O1 (test for excess errors)
UNRESOLVED: libgomp.fortran/udr4.f90 -O1 compilation failed to produce executable
FAIL: libgomp.fortran/udr4.f90 -O2 (test for excess errors)
UNRESOLVED: libgomp.fortran/udr4.f90 -O2 compilation failed to produce executable
FAIL: libgomp.fortran/udr4.f90 -O3 -fomit-frame-pointer -funroll-loops -fpeel-loops -ftracer -finline-functions (test for excess errors)
UNRESOLVED: libgomp.fortran/udr4.f90 -O3 -fomit-frame-pointer -funroll-loops -fpeel-loops -ftracer -finline-functions compilation failed to produce executable
FAIL: libgomp.fortran/udr4.f90 -O3 -g (test for excess errors)
UNRESOLVED: libgomp.fortran/udr4.f90 -O3 -g compilation failed to produce executable
FAIL: libgomp.fortran/udr4.f90 -Os (test for excess errors)
UNRESOLVED: libgomp.fortran/udr4.f90 -Os compilation failed to produce executable
=== libgomp Summary ===
# of expected passes 5930
# of unexpected failures 6
# of unresolved testcases 6
# of unsupported tests 395
=== libitm tests ===
Running target tcwg-local
=== libitm Summary ===
# of expected passes 42
# of expected failures 3
# of unsupported tests 1
=== libstdc++ tests ===
Running target tcwg-local
FAIL: libstdc++-prettyprinters/80276.cc whatis p4
FAIL: libstdc++-prettyprinters/80276.cc whatis p4
=== libstdc++ Summary ===
# of expected passes 12376
# of unexpected failures 2
# of expected failures 77
# of unsupported tests 639
=== g++ tests ===
Running target tcwg-local
UNRESOLVED: g++.dg/ext/pr82625.C -std=gnu++11 scan-tree-dump-times optimized "return 4096;" 1
UNRESOLVED: g++.dg/ext/pr82625.C -std=gnu++11 scan-tree-dump-times optimized "return 8192;" 1
FAIL: g++.dg/ext/pr82625.C -std=gnu++11 (test for excess errors)
UNRESOLVED: g++.dg/ext/pr82625.C -std=gnu++14 scan-tree-dump-times optimized "return 4096;" 1
UNRESOLVED: g++.dg/ext/pr82625.C -std=gnu++14 scan-tree-dump-times optimized "return 8192;" 1
FAIL: g++.dg/ext/pr82625.C -std=gnu++14 (test for excess errors)
UNRESOLVED: g++.dg/ext/pr82625.C -std=gnu++98 scan-tree-dump-times optimized "return 4096;" 1
UNRESOLVED: g++.dg/ext/pr82625.C -std=gnu++98 scan-tree-dump-times optimized "return 8192;" 1
FAIL: g++.dg/ext/pr82625.C -std=gnu++98 (test for excess errors)
FAIL: g++.dg/pr83239.C -std=gnu++98 (test for excess errors)
=== g++ Summary ===
# of expected passes 123926
# of unexpected failures 4
# of expected failures 540
# of unresolved testcases 6
# of unsupported tests 5539
/home/tcwg-buildslave/workspace/tcwg-buildfarm/tcwg-thx1_64-build/_build/builds/aarch64-unknown-linux-gnu/aarch64-unknown-linux-gnu/gcc.git~master_rev_fbd68cc0274bc6d2033cee90c1f4c65174a28e47-stage2/gcc/xg++ version 9.0.0 20181010 (experimental) [master revision 265025] (GCC)
=== gcc tests ===
Running target tcwg-local
FAIL: gcc.dg/debug/dwarf2/inline5.c scan-assembler-times DW_TAG_lexical_block\\\\)[^#/!]*[#/!] DW_AT_abstract_origin 2
FAIL: gcc.dg/debug/dwarf2/inline5.c scan-assembler-times DW_TAG_lexical_block\\\\)[^#/!]*[#/!] \\\\(DIE \\\\(0x[0-9a-f]*\\\\) DW_TAG_variable 1
FAIL: gcc.dg/torture/pr84682-2.c -O0 (internal compiler error)
FAIL: gcc.dg/torture/pr84682-2.c -O0 (test for excess errors)
FAIL: gcc.dg/torture/pr84682-2.c -O1 (internal compiler error)
FAIL: gcc.dg/torture/pr84682-2.c -O1 (test for excess errors)
FAIL: gcc.dg/torture/pr84682-2.c -O2 (internal compiler error)
FAIL: gcc.dg/torture/pr84682-2.c -O2 (test for excess errors)
FAIL: gcc.dg/torture/pr84682-2.c -O2 -flto -fno-use-linker-plugin -flto-partition=none (internal compiler error)
FAIL: gcc.dg/torture/pr84682-2.c -O2 -flto -fno-use-linker-plugin -flto-partition=none (test for excess errors)
FAIL: gcc.dg/torture/pr84682-2.c -O3 -fomit-frame-pointer -funroll-loops -fpeel-loops -ftracer -finline-functions (internal compiler error)
FAIL: gcc.dg/torture/pr84682-2.c -O3 -fomit-frame-pointer -funroll-loops -fpeel-loops -ftracer -finline-functions (test for excess errors)
FAIL: gcc.dg/torture/pr84682-2.c -O3 -g (internal compiler error)
FAIL: gcc.dg/torture/pr84682-2.c -O3 -g (test for excess errors)
FAIL: gcc.dg/torture/pr84682-2.c -Os (internal compiler error)
FAIL: gcc.dg/torture/pr84682-2.c -Os (test for excess errors)
FAIL: gcc.dg/tree-ssa/pr77445-2.c scan-tree-dump-not thread4 "not considered"
FAIL: gcc.dg/tree-ssa/ssa-dom-thread-7.c scan-tree-dump-not dom3 "Jumps threaded"
FAIL: gcc.dg/tree-ssa/ssa-dom-thread-7.c scan-tree-dump-not vrp2 "Jumps threaded"
FAIL: gcc.target/aarch64/copysign-bsl.c scan-assembler b(sl|it|if)\\tv[0-9]
=== gcc Summary ===
# of expected passes 126819
# of unexpected failures 20
# of expected failures 539
# of unsupported tests 3427
/home/tcwg-buildslave/workspace/tcwg-buildfarm/tcwg-thx1_64-build/_build/builds/aarch64-unknown-linux-gnu/aarch64-unknown-linux-gnu/gcc.git~master_rev_fbd68cc0274bc6d2033cee90c1f4c65174a28e47-stage2/gcc/xgcc version 9.0.0 20181010 (experimental) [master revision 265025] (GCC)
=== gfortran tests ===
Running target tcwg-local
FAIL: gfortran.dg/argument_checking_11.f90 -O (test for errors, line 60)
FAIL: gfortran.dg/argument_checking_11.f90 -O (test for errors, line 61)
FAIL: gfortran.dg/argument_checking_11.f90 -O (test for errors, line 63)
FAIL: gfortran.dg/argument_checking_11.f90 -O (test for errors, line 64)
FAIL: gfortran.dg/argument_checking_11.f90 -O (test for errors, line 65)
FAIL: gfortran.dg/argument_checking_11.f90 -O (test for errors, line 66)
FAIL: gfortran.dg/argument_checking_11.f90 -O (test for errors, line 67)
FAIL: gfortran.dg/argument_checking_11.f90 -O (test for errors, line 68)
FAIL: gfortran.dg/argument_checking_11.f90 -O (test for errors, line 69)
FAIL: gfortran.dg/argument_checking_11.f90 -O (test for errors, line 70)
FAIL: gfortran.dg/argument_checking_11.f90 -O (test for errors, line 84)
FAIL: gfortran.dg/argument_checking_11.f90 -O (test for errors, line 85)
FAIL: gfortran.dg/argument_checking_11.f90 -O (test for errors, line 89)
FAIL: gfortran.dg/argument_checking_11.f90 -O (test for errors, line 91)
FAIL: gfortran.dg/argument_checking_11.f90 -O (test for errors, line 92)
FAIL: gfortran.dg/argument_checking_11.f90 -O (test for errors, line 93)
FAIL: gfortran.dg/argument_checking_11.f90 -O (test for errors, line 96)
FAIL: gfortran.dg/argument_checking_11.f90 -O (test for errors, line 97)
FAIL: gfortran.dg/argument_checking_11.f90 -O (test for errors, line 98)
FAIL: gfortran.dg/argument_checking_11.f90 -O (test for errors, line 99)
FAIL: gfortran.dg/argument_checking_11.f90 -O (test for excess errors)
FAIL: gfortran.dg/argument_checking_15.f90 -O (test for errors, line 24)
FAIL: gfortran.dg/argument_checking_15.f90 -O (test for errors, line 25)
FAIL: gfortran.dg/argument_checking_15.f90 -O (test for excess errors)
FAIL: gfortran.dg/array_initializer_1.f90 -O0 (test for excess errors)
UNRESOLVED: gfortran.dg/array_initializer_1.f90 -O0 compilation failed to produce executable
FAIL: gfortran.dg/array_initializer_1.f90 -O1 (test for excess errors)
UNRESOLVED: gfortran.dg/array_initializer_1.f90 -O1 compilation failed to produce executable
FAIL: gfortran.dg/array_initializer_1.f90 -O2 (test for excess errors)
UNRESOLVED: gfortran.dg/array_initializer_1.f90 -O2 compilation failed to produce executable
FAIL: gfortran.dg/array_initializer_1.f90 -O3 -fomit-frame-pointer -funroll-loops -fpeel-loops -ftracer -finline-functions (test for excess errors)
UNRESOLVED: gfortran.dg/array_initializer_1.f90 -O3 -fomit-frame-pointer -funroll-loops -fpeel-loops -ftracer -finline-functions compilation failed to produce executable
FAIL: gfortran.dg/array_initializer_1.f90 -O3 -g (test for excess errors)
UNRESOLVED: gfortran.dg/array_initializer_1.f90 -O3 -g compilation failed to produce executable
FAIL: gfortran.dg/array_initializer_1.f90 -Os (test for excess errors)
UNRESOLVED: gfortran.dg/array_initializer_1.f90 -Os compilation failed to produce executable
FAIL: gfortran.dg/arrayio_11.f90 -O0 (test for excess errors)
UNRESOLVED: gfortran.dg/arrayio_11.f90 -O0 compilation failed to produce executable
FAIL: gfortran.dg/arrayio_11.f90 -O1 (test for excess errors)
UNRESOLVED: gfortran.dg/arrayio_11.f90 -O1 compilation failed to produce executable
FAIL: gfortran.dg/arrayio_11.f90 -O2 (test for excess errors)
UNRESOLVED: gfortran.dg/arrayio_11.f90 -O2 compilation failed to produce executable
FAIL: gfortran.dg/arrayio_11.f90 -O3 -fomit-frame-pointer -funroll-loops -fpeel-loops -ftracer -finline-functions (test for excess errors)
UNRESOLVED: gfortran.dg/arrayio_11.f90 -O3 -fomit-frame-pointer -funroll-loops -fpeel-loops -ftracer -finline-functions compilation failed to produce executable
FAIL: gfortran.dg/arrayio_11.f90 -O3 -g (test for excess errors)
UNRESOLVED: gfortran.dg/arrayio_11.f90 -O3 -g compilation failed to produce executable
FAIL: gfortran.dg/arrayio_11.f90 -Os (test for excess errors)
UNRESOLVED: gfortran.dg/arrayio_11.f90 -Os compilation failed to produce executable
FAIL: gfortran.dg/arrayio_12.f90 -O0 (test for excess errors)
UNRESOLVED: gfortran.dg/arrayio_12.f90 -O0 compilation failed to produce executable
FAIL: gfortran.dg/arrayio_12.f90 -O1 (test for excess errors)
UNRESOLVED: gfortran.dg/arrayio_12.f90 -O1 compilation failed to produce executable
FAIL: gfortran.dg/arrayio_12.f90 -O2 (test for excess errors)
UNRESOLVED: gfortran.dg/arrayio_12.f90 -O2 compilation failed to produce executable
FAIL: gfortran.dg/arrayio_12.f90 -O3 -fomit-frame-pointer -funroll-loops -fpeel-loops -ftracer -finline-functions (test for excess errors)
UNRESOLVED: gfortran.dg/arrayio_12.f90 -O3 -fomit-frame-pointer -funroll-loops -fpeel-loops -ftracer -finline-functions compilation failed to produce executable
FAIL: gfortran.dg/arrayio_12.f90 -O3 -g (test for excess errors)
UNRESOLVED: gfortran.dg/arrayio_12.f90 -O3 -g compilation failed to produce executable
FAIL: gfortran.dg/arrayio_12.f90 -Os (test for excess errors)
UNRESOLVED: gfortran.dg/arrayio_12.f90 -Os compilation failed to produce executable
FAIL: gfortran.dg/associate_23.f90 -O0 (test for excess errors)
UNRESOLVED: gfortran.dg/associate_23.f90 -O0 compilation failed to produce executable
FAIL: gfortran.dg/associate_23.f90 -O1 (test for excess errors)
UNRESOLVED: gfortran.dg/associate_23.f90 -O1 compilation failed to produce executable
FAIL: gfortran.dg/associate_23.f90 -O2 (test for excess errors)
UNRESOLVED: gfortran.dg/associate_23.f90 -O2 compilation failed to produce executable
FAIL: gfortran.dg/associate_23.f90 -O3 -fomit-frame-pointer -funroll-loops -fpeel-loops -ftracer -finline-functions (test for excess errors)
UNRESOLVED: gfortran.dg/associate_23.f90 -O3 -fomit-frame-pointer -funroll-loops -fpeel-loops -ftracer -finline-functions compilation failed to produce executable
FAIL: gfortran.dg/associate_23.f90 -O3 -g (test for excess errors)
UNRESOLVED: gfortran.dg/associate_23.f90 -O3 -g compilation failed to produce executable
FAIL: gfortran.dg/associate_23.f90 -Os (test for excess errors)
UNRESOLVED: gfortran.dg/associate_23.f90 -Os compilation failed to produce executable
FAIL: gfortran.dg/char_assign_1.f90 -O0 (test for excess errors)
UNRESOLVED: gfortran.dg/char_assign_1.f90 -O0 compilation failed to produce executable
FAIL: gfortran.dg/char_assign_1.f90 -O1 (test for excess errors)
UNRESOLVED: gfortran.dg/char_assign_1.f90 -O1 compilation failed to produce executable
FAIL: gfortran.dg/char_assign_1.f90 -O2 (test for excess errors)
UNRESOLVED: gfortran.dg/char_assign_1.f90 -O2 compilation failed to produce executable
FAIL: gfortran.dg/char_assign_1.f90 -O3 -fomit-frame-pointer -funroll-loops -fpeel-loops -ftracer -finline-functions (test for excess errors)
UNRESOLVED: gfortran.dg/char_assign_1.f90 -O3 -fomit-frame-pointer -funroll-loops -fpeel-loops -ftracer -finline-functions compilation failed to produce executable
FAIL: gfortran.dg/char_assign_1.f90 -O3 -g (test for excess errors)
UNRESOLVED: gfortran.dg/char_assign_1.f90 -O3 -g compilation failed to produce executable
FAIL: gfortran.dg/char_assign_1.f90 -Os (test for excess errors)
UNRESOLVED: gfortran.dg/char_assign_1.f90 -Os compilation failed to produce executable
UNRESOLVED: gfortran.dg/char_eoshift_5.f90 -O0 scan-tree-dump original "_gfortran_eoshift[0-9_]+char \\\\([&a-zA-Z0-9._]*, [&a-zA-Z0-9._]*, [&a-zA-Z0-9._]*, [&a-zA-Z0-9._]*, [&a-zA-Z0-9._]*, [&a-zA-Z0-9._]*, [&a-zA-Z0-9._]*, [&a-zA-Z0-9._]*\\\\)"
FAIL: gfortran.dg/char_eoshift_5.f90 -O0 (test for excess errors)
UNRESOLVED: gfortran.dg/char_eoshift_5.f90 -O0 compilation failed to produce executable
UNRESOLVED: gfortran.dg/char_eoshift_5.f90 -O1 scan-tree-dump original "_gfortran_eoshift[0-9_]+char \\\\([&a-zA-Z0-9._]*, [&a-zA-Z0-9._]*, [&a-zA-Z0-9._]*, [&a-zA-Z0-9._]*, [&a-zA-Z0-9._]*, [&a-zA-Z0-9._]*, [&a-zA-Z0-9._]*, [&a-zA-Z0-9._]*\\\\)"
FAIL: gfortran.dg/char_eoshift_5.f90 -O1 (test for excess errors)
UNRESOLVED: gfortran.dg/char_eoshift_5.f90 -O1 compilation failed to produce executable
UNRESOLVED: gfortran.dg/char_eoshift_5.f90 -O2 scan-tree-dump original "_gfortran_eoshift[0-9_]+char \\\\([&a-zA-Z0-9._]*, [&a-zA-Z0-9._]*, [&a-zA-Z0-9._]*, [&a-zA-Z0-9._]*, [&a-zA-Z0-9._]*, [&a-zA-Z0-9._]*, [&a-zA-Z0-9._]*, [&a-zA-Z0-9._]*\\\\)"
FAIL: gfortran.dg/char_eoshift_5.f90 -O2 (test for excess errors)
UNRESOLVED: gfortran.dg/char_eoshift_5.f90 -O2 compilation failed to produce executable
UNRESOLVED: gfortran.dg/char_eoshift_5.f90 -O3 -fomit-frame-pointer -funroll-loops -fpeel-loops -ftracer -finline-functions scan-tree-dump original "_gfortran_eoshift[0-9_]+char \\\\([&a-zA-Z0-9._]*, [&a-zA-Z0-9._]*, [&a-zA-Z0-9._]*, [&a-zA-Z0-9._]*, [&a-zA-Z0-9._]*, [&a-zA-Z0-9._]*, [&a-zA-Z0-9._]*, [&a-zA-Z0-9._]*\\\\)"
FAIL: gfortran.dg/char_eoshift_5.f90 -O3 -fomit-frame-pointer -funroll-loops -fpeel-loops -ftracer -finline-functions (test for excess errors)
UNRESOLVED: gfortran.dg/char_eoshift_5.f90 -O3 -fomit-frame-pointer -funroll-loops -fpeel-loops -ftracer -finline-functions compilation failed to produce executable
UNRESOLVED: gfortran.dg/char_eoshift_5.f90 -O3 -g scan-tree-dump original "_gfortran_eoshift[0-9_]+char \\\\([&a-zA-Z0-9._]*, [&a-zA-Z0-9._]*, [&a-zA-Z0-9._]*, [&a-zA-Z0-9._]*, [&a-zA-Z0-9._]*, [&a-zA-Z0-9._]*, [&a-zA-Z0-9._]*, [&a-zA-Z0-9._]*\\\\)"
FAIL: gfortran.dg/char_eoshift_5.f90 -O3 -g (test for excess errors)
UNRESOLVED: gfortran.dg/char_eoshift_5.f90 -O3 -g compilation failed to produce executable
UNRESOLVED: gfortran.dg/char_eoshift_5.f90 -Os scan-tree-dump original "_gfortran_eoshift[0-9_]+char \\\\([&a-zA-Z0-9._]*, [&a-zA-Z0-9._]*, [&a-zA-Z0-9._]*, [&a-zA-Z0-9._]*, [&a-zA-Z0-9._]*, [&a-zA-Z0-9._]*, [&a-zA-Z0-9._]*, [&a-zA-Z0-9._]*\\\\)"
FAIL: gfortran.dg/char_eoshift_5.f90 -Os (test for excess errors)
UNRESOLVED: gfortran.dg/char_eoshift_5.f90 -Os compilation failed to produce executable
FAIL: gfortran.dg/char_length_7.f90 -O0 (test for excess errors)
UNRESOLVED: gfortran.dg/char_length_7.f90 -O0 compilation failed to produce executable
FAIL: gfortran.dg/char_length_7.f90 -O1 (test for excess errors)
UNRESOLVED: gfortran.dg/char_length_7.f90 -O1 compilation failed to produce executable
FAIL: gfortran.dg/char_length_7.f90 -O2 (test for excess errors)
UNRESOLVED: gfortran.dg/char_length_7.f90 -O2 compilation failed to produce executable
FAIL: gfortran.dg/char_length_7.f90 -O3 -fomit-frame-pointer -funroll-loops -fpeel-loops -ftracer -finline-functions (test for excess errors)
UNRESOLVED: gfortran.dg/char_length_7.f90 -O3 -fomit-frame-pointer -funroll-loops -fpeel-loops -ftracer -finline-functions compilation failed to produce executable
FAIL: gfortran.dg/char_length_7.f90 -O3 -g (test for excess errors)
UNRESOLVED: gfortran.dg/char_length_7.f90 -O3 -g compilation failed to produce executable
FAIL: gfortran.dg/char_length_7.f90 -Os (test for excess errors)
UNRESOLVED: gfortran.dg/char_length_7.f90 -Os compilation failed to produce executable
FAIL: gfortran.dg/char_length_8.f90 -O0 (test for excess errors)
UNRESOLVED: gfortran.dg/char_length_8.f90 -O0 compilation failed to produce executable
FAIL: gfortran.dg/char_length_8.f90 -O1 (test for excess errors)
UNRESOLVED: gfortran.dg/char_length_8.f90 -O1 compilation failed to produce executable
FAIL: gfortran.dg/char_length_8.f90 -O2 (test for excess errors)
UNRESOLVED: gfortran.dg/char_length_8.f90 -O2 compilation failed to produce executable
FAIL: gfortran.dg/char_length_8.f90 -O3 -fomit-frame-pointer -funroll-loops -fpeel-loops -ftracer -finline-functions (test for excess errors)
UNRESOLVED: gfortran.dg/char_length_8.f90 -O3 -fomit-frame-pointer -funroll-loops -fpeel-loops -ftracer -finline-functions compilation failed to produce executable
FAIL: gfortran.dg/char_length_8.f90 -O3 -g (test for excess errors)
UNRESOLVED: gfortran.dg/char_length_8.f90 -O3 -g compilation failed to produce executable
FAIL: gfortran.dg/char_length_8.f90 -Os (test for excess errors)
UNRESOLVED: gfortran.dg/char_length_8.f90 -Os compilation failed to produce executable
FAIL: gfortran.dg/data_char_1.f90 -O0 (test for warnings, line 11)
FAIL: gfortran.dg/data_char_1.f90 -O0 (test for excess errors)
UNRESOLVED: gfortran.dg/data_char_1.f90 -O0 compilation failed to produce executable
FAIL: gfortran.dg/data_char_1.f90 -O1 (test for warnings, line 11)
FAIL: gfortran.dg/data_char_1.f90 -O1 (test for excess errors)
UNRESOLVED: gfortran.dg/data_char_1.f90 -O1 compilation failed to produce executable
FAIL: gfortran.dg/data_char_1.f90 -O2 (test for warnings, line 11)
FAIL: gfortran.dg/data_char_1.f90 -O2 (test for excess errors)
UNRESOLVED: gfortran.dg/data_char_1.f90 -O2 compilation failed to produce executable
FAIL: gfortran.dg/data_char_1.f90 -O3 -fomit-frame-pointer -funroll-loops -fpeel-loops -ftracer -finline-functions (test for warnings, line 11)
FAIL: gfortran.dg/data_char_1.f90 -O3 -fomit-frame-pointer -funroll-loops -fpeel-loops -ftracer -finline-functions (test for excess errors)
UNRESOLVED: gfortran.dg/data_char_1.f90 -O3 -fomit-frame-pointer -funroll-loops -fpeel-loops -ftracer -finline-functions compilation failed to produce executable
FAIL: gfortran.dg/data_char_1.f90 -O3 -g (test for warnings, line 11)
FAIL: gfortran.dg/data_char_1.f90 -O3 -g (test for excess errors)
UNRESOLVED: gfortran.dg/data_char_1.f90 -O3 -g compilation failed to produce executable
FAIL: gfortran.dg/data_char_1.f90 -Os (test for warnings, line 11)
FAIL: gfortran.dg/data_char_1.f90 -Os (test for excess errors)
UNRESOLVED: gfortran.dg/data_char_1.f90 -Os compilation failed to produce executable
FAIL: gfortran.dg/deferred_character_2.f90 -O0 (test for excess errors)
UNRESOLVED: gfortran.dg/deferred_character_2.f90 -O0 compilation failed to produce executable
FAIL: gfortran.dg/deferred_character_2.f90 -O1 (test for excess errors)
UNRESOLVED: gfortran.dg/deferred_character_2.f90 -O1 compilation failed to produce executable
FAIL: gfortran.dg/deferred_character_2.f90 -O2 (test for excess errors)
UNRESOLVED: gfortran.dg/deferred_character_2.f90 -O2 compilation failed to produce executable
FAIL: gfortran.dg/deferred_character_2.f90 -O3 -fomit-frame-pointer -funroll-loops -fpeel-loops -ftracer -finline-functions (test for excess errors)
UNRESOLVED: gfortran.dg/deferred_character_2.f90 -O3 -fomit-frame-pointer -funroll-loops -fpeel-loops -ftracer -finline-functions compilation failed to produce executable
FAIL: gfortran.dg/deferred_character_2.f90 -O3 -g (test for excess errors)
UNRESOLVED: gfortran.dg/deferred_character_2.f90 -O3 -g compilation failed to produce executable
FAIL: gfortran.dg/deferred_character_2.f90 -Os (test for excess errors)
UNRESOLVED: gfortran.dg/deferred_character_2.f90 -Os compilation failed to produce executable
FAIL: gfortran.dg/deferred_character_22.f90 -O0 (test for excess errors)
UNRESOLVED: gfortran.dg/deferred_character_22.f90 -O0 compilation failed to produce executable
FAIL: gfortran.dg/deferred_character_22.f90 -O1 (test for excess errors)
UNRESOLVED: gfortran.dg/deferred_character_22.f90 -O1 compilation failed to produce executable
FAIL: gfortran.dg/deferred_character_22.f90 -O2 (test for excess errors)
UNRESOLVED: gfortran.dg/deferred_character_22.f90 -O2 compilation failed to produce executable
FAIL: gfortran.dg/deferred_character_22.f90 -O3 -fomit-frame-pointer -funroll-loops -fpeel-loops -ftracer -finline-functions (test for excess errors)
UNRESOLVED: gfortran.dg/deferred_character_22.f90 -O3 -fomit-frame-pointer -funroll-loops -fpeel-loops -ftracer -finline-functions compilation failed to produce executable
FAIL: gfortran.dg/deferred_character_22.f90 -O3 -g (test for excess errors)
UNRESOLVED: gfortran.dg/deferred_character_22.f90 -O3 -g compilation failed to produce executable
FAIL: gfortran.dg/deferred_character_22.f90 -Os (test for excess errors)
UNRESOLVED: gfortran.dg/deferred_character_22.f90 -Os compilation failed to produce executable
FAIL: gfortran.dg/deferred_character_23.f90 -O0 (test for excess errors)
UNRESOLVED: gfortran.dg/deferred_character_23.f90 -O0 compilation failed to produce executable
FAIL: gfortran.dg/deferred_character_23.f90 -O1 (test for excess errors)
UNRESOLVED: gfortran.dg/deferred_character_23.f90 -O1 compilation failed to produce executable
FAIL: gfortran.dg/deferred_character_23.f90 -O2 (test for excess errors)
UNRESOLVED: gfortran.dg/deferred_character_23.f90 -O2 compilation failed to produce executable
FAIL: gfortran.dg/deferred_character_23.f90 -O3 -fomit-frame-pointer -funroll-loops -fpeel-loops -ftracer -finline-functions (test for excess errors)
UNRESOLVED: gfortran.dg/deferred_character_23.f90 -O3 -fomit-frame-pointer -funroll-loops -fpeel-loops -ftracer -finline-functions compilation failed to produce executable
FAIL: gfortran.dg/deferred_character_23.f90 -O3 -g (test for excess errors)
UNRESOLVED: gfortran.dg/deferred_character_23.f90 -O3 -g compilation failed to produce executable
FAIL: gfortran.dg/deferred_character_23.f90 -Os (test for excess errors)
UNRESOLVED: gfortran.dg/deferred_character_23.f90 -Os compilation failed to produce executable
FAIL: gfortran.dg/deferred_character_7.f90 -O0 (test for excess errors)
UNRESOLVED: gfortran.dg/deferred_character_7.f90 -O0 compilation failed to produce executable
FAIL: gfortran.dg/deferred_character_7.f90 -O1 (test for excess errors)
UNRESOLVED: gfortran.dg/deferred_character_7.f90 -O1 compilation failed to produce executable
FAIL: gfortran.dg/deferred_character_7.f90 -O2 (test for excess errors)
UNRESOLVED: gfortran.dg/deferred_character_7.f90 -O2 compilation failed to produce executable
FAIL: gfortran.dg/deferred_character_7.f90 -O3 -fomit-frame-pointer -funroll-loops -fpeel-loops -ftracer -finline-functions (test for excess errors)
UNRESOLVED: gfortran.dg/deferred_character_7.f90 -O3 -fomit-frame-pointer -funroll-loops -fpeel-loops -ftracer -finline-functions compilation failed to produce executable
FAIL: gfortran.dg/deferred_character_7.f90 -O3 -g (test for excess errors)
UNRESOLVED: gfortran.dg/deferred_character_7.f90 -O3 -g compilation failed to produce executable
FAIL: gfortran.dg/deferred_character_7.f90 -Os (test for excess errors)
UNRESOLVED: gfortran.dg/deferred_character_7.f90 -Os compilation failed to produce executable
FAIL: gfortran.dg/deferred_character_8.f90 -O0 (test for excess errors)
UNRESOLVED: gfortran.dg/deferred_character_8.f90 -O0 compilation failed to produce executable
FAIL: gfortran.dg/deferred_character_8.f90 -O1 (test for excess errors)
UNRESOLVED: gfortran.dg/deferred_character_8.f90 -O1 compilation failed to produce executable
FAIL: gfortran.dg/deferred_character_8.f90 -O2 (test for excess errors)
UNRESOLVED: gfortran.dg/deferred_character_8.f90 -O2 compilation failed to produce executable
FAIL: gfortran.dg/deferred_character_8.f90 -O3 -fomit-frame-pointer -funroll-loops -fpeel-loops -ftracer -finline-functions (test for excess errors)
UNRESOLVED: gfortran.dg/deferred_character_8.f90 -O3 -fomit-frame-pointer -funroll-loops -fpeel-loops -ftracer -finline-functions compilation failed to produce executable
FAIL: gfortran.dg/deferred_character_8.f90 -O3 -g (test for excess errors)
UNRESOLVED: gfortran.dg/deferred_character_8.f90 -O3 -g compilation failed to produce executable
FAIL: gfortran.dg/deferred_character_8.f90 -Os (test for excess errors)
UNRESOLVED: gfortran.dg/deferred_character_8.f90 -Os compilation failed to produce executable
FAIL: gfortran.dg/deferred_type_component_3.f90 -O0 (test for excess errors)
UNRESOLVED: gfortran.dg/deferred_type_component_3.f90 -O0 compilation failed to produce executable
FAIL: gfortran.dg/deferred_type_component_3.f90 -O1 (test for excess errors)
UNRESOLVED: gfortran.dg/deferred_type_component_3.f90 -O1 compilation failed to produce executable
FAIL: gfortran.dg/deferred_type_component_3.f90 -O2 (test for excess errors)
UNRESOLVED: gfortran.dg/deferred_type_component_3.f90 -O2 compilation failed to produce executable
FAIL: gfortran.dg/deferred_type_component_3.f90 -O3 -fomit-frame-pointer -funroll-loops -fpeel-loops -ftracer -finline-functions (test for excess errors)
UNRESOLVED: gfortran.dg/deferred_type_component_3.f90 -O3 -fomit-frame-pointer -funroll-loops -fpeel-loops -ftracer -finline-functions compilation failed to produce executable
FAIL: gfortran.dg/deferred_type_component_3.f90 -O3 -g (test for excess errors)
UNRESOLVED: gfortran.dg/deferred_type_component_3.f90 -O3 -g compilation failed to produce executable
FAIL: gfortran.dg/deferred_type_component_3.f90 -Os (test for excess errors)
UNRESOLVED: gfortran.dg/deferred_type_component_3.f90 -Os compilation failed to produce executable
FAIL: gfortran.dg/dependency_45.f90 -O0 (test for warnings, line 10)
FAIL: gfortran.dg/dependency_45.f90 -O0 (test for excess errors)
UNRESOLVED: gfortran.dg/dependency_45.f90 -O0 compilation failed to produce executable
FAIL: gfortran.dg/dependency_45.f90 -O1 (test for warnings, line 10)
FAIL: gfortran.dg/dependency_45.f90 -O1 (test for excess errors)
UNRESOLVED: gfortran.dg/dependency_45.f90 -O1 compilation failed to produce executable
FAIL: gfortran.dg/dependency_45.f90 -O2 (test for warnings, line 10)
FAIL: gfortran.dg/dependency_45.f90 -O2 (test for excess errors)
UNRESOLVED: gfortran.dg/dependency_45.f90 -O2 compilation failed to produce executable
FAIL: gfortran.dg/dependency_45.f90 -O3 -fomit-frame-pointer -funroll-loops -fpeel-loops -ftracer -finline-functions (test for warnings, line 10)
FAIL: gfortran.dg/dependency_45.f90 -O3 -fomit-frame-pointer -funroll-loops -fpeel-loops -ftracer -finline-functions (test for excess errors)
UNRESOLVED: gfortran.dg/dependency_45.f90 -O3 -fomit-frame-pointer -funroll-loops -fpeel-loops -ftracer -finline-functions compilation failed to produce executable
FAIL: gfortran.dg/dependency_45.f90 -O3 -g (test for warnings, line 10)
FAIL: gfortran.dg/dependency_45.f90 -O3 -g (test for excess errors)
UNRESOLVED: gfortran.dg/dependency_45.f90 -O3 -g compilation failed to produce executable
FAIL: gfortran.dg/dependency_45.f90 -Os (test for warnings, line 10)
FAIL: gfortran.dg/dependency_45.f90 -Os (test for excess errors)
UNRESOLVED: gfortran.dg/dependency_45.f90 -Os compilation failed to produce executable
FAIL: gfortran.dg/forall_12.f90 -O0 (test for excess errors)
UNRESOLVED: gfortran.dg/forall_12.f90 -O0 compilation failed to produce executable
FAIL: gfortran.dg/forall_12.f90 -O1 (test for excess errors)
UNRESOLVED: gfortran.dg/forall_12.f90 -O1 compilation failed to produce executable
FAIL: gfortran.dg/forall_12.f90 -O2 (test for excess errors)
UNRESOLVED: gfortran.dg/forall_12.f90 -O2 compilation failed to produce executable
FAIL: gfortran.dg/forall_12.f90 -O3 -fomit-frame-pointer -funroll-loops -fpeel-loops -ftracer -finline-functions (test for excess errors)
UNRESOLVED: gfortran.dg/forall_12.f90 -O3 -fomit-frame-pointer -funroll-loops -fpeel-loops -ftracer -finline-functions compilation failed to produce executable
FAIL: gfortran.dg/forall_12.f90 -O3 -g (test for excess errors)
UNRESOLVED: gfortran.dg/forall_12.f90 -O3 -g compilation failed to produce executable
FAIL: gfortran.dg/forall_12.f90 -Os (test for excess errors)
UNRESOLVED: gfortran.dg/forall_12.f90 -Os compilation failed to produce executable
FAIL: gfortran.dg/interface_12.f90 -O0 (test for excess errors)
UNRESOLVED: gfortran.dg/interface_12.f90 -O0 compilation failed to produce executable
FAIL: gfortran.dg/interface_12.f90 -O1 (test for excess errors)
UNRESOLVED: gfortran.dg/interface_12.f90 -O1 compilation failed to produce executable
FAIL: gfortran.dg/interface_12.f90 -O2 (test for excess errors)
UNRESOLVED: gfortran.dg/interface_12.f90 -O2 compilation failed to produce executable
FAIL: gfortran.dg/interface_12.f90 -O3 -fomit-frame-pointer -funroll-loops -fpeel-loops -ftracer -finline-functions (test for excess errors)
UNRESOLVED: gfortran.dg/interface_12.f90 -O3 -fomit-frame-pointer -funroll-loops -fpeel-loops -ftracer -finline-functions compilation failed to produce executable
FAIL: gfortran.dg/interface_12.f90 -O3 -g (test for excess errors)
UNRESOLVED: gfortran.dg/interface_12.f90 -O3 -g compilation failed to produce executable
FAIL: gfortran.dg/interface_12.f90 -Os (test for excess errors)
UNRESOLVED: gfortran.dg/interface_12.f90 -Os compilation failed to produce executable
UNRESOLVED: gfortran.dg/internal_pack_9.f90 -O scan-tree-dump-times original "unpack" 3
FAIL: gfortran.dg/internal_pack_9.f90 -O (test for excess errors)
FAIL: gfortran.dg/namelist_65.f90 -O0 (test for excess errors)
UNRESOLVED: gfortran.dg/namelist_65.f90 -O0 compilation failed to produce executable
FAIL: gfortran.dg/namelist_65.f90 -O1 (test for excess errors)
UNRESOLVED: gfortran.dg/namelist_65.f90 -O1 compilation failed to produce executable
FAIL: gfortran.dg/namelist_65.f90 -O2 (test for excess errors)
UNRESOLVED: gfortran.dg/namelist_65.f90 -O2 compilation failed to produce executable
FAIL: gfortran.dg/namelist_65.f90 -O3 -fomit-frame-pointer -funroll-loops -fpeel-loops -ftracer -finline-functions (test for excess errors)
UNRESOLVED: gfortran.dg/namelist_65.f90 -O3 -fomit-frame-pointer -funroll-loops -fpeel-loops -ftracer -finline-functions compilation failed to produce executable
FAIL: gfortran.dg/namelist_65.f90 -O3 -g (test for excess errors)
UNRESOLVED: gfortran.dg/namelist_65.f90 -O3 -g compilation failed to produce executable
FAIL: gfortran.dg/namelist_65.f90 -Os (test for excess errors)
UNRESOLVED: gfortran.dg/namelist_65.f90 -Os compilation failed to produce executable
FAIL: gfortran.dg/pr19928-1.f90 -O0 (test for excess errors)
UNRESOLVED: gfortran.dg/pr19928-1.f90 -O0 compilation failed to produce executable
FAIL: gfortran.dg/pr19928-1.f90 -O1 (test for excess errors)
UNRESOLVED: gfortran.dg/pr19928-1.f90 -O1 compilation failed to produce executable
FAIL: gfortran.dg/pr19928-1.f90 -O2 (test for excess errors)
UNRESOLVED: gfortran.dg/pr19928-1.f90 -O2 compilation failed to produce executable
FAIL: gfortran.dg/pr19928-1.f90 -O3 -fomit-frame-pointer -funroll-loops -fpeel-loops -ftracer -finline-functions (test for excess errors)
UNRESOLVED: gfortran.dg/pr19928-1.f90 -O3 -fomit-frame-pointer -funroll-loops -fpeel-loops -ftracer -finline-functions compilation failed to produce executable
FAIL: gfortran.dg/pr19928-1.f90 -O3 -g (test for excess errors)
UNRESOLVED: gfortran.dg/pr19928-1.f90 -O3 -g compilation failed to produce executable
FAIL: gfortran.dg/pr19928-1.f90 -Os (test for excess errors)
UNRESOLVED: gfortran.dg/pr19928-1.f90 -Os compilation failed to produce executable
FAIL: gfortran.dg/pr44592.f90 -O0 (test for excess errors)
UNRESOLVED: gfortran.dg/pr44592.f90 -O0 compilation failed to produce executable
FAIL: gfortran.dg/pr44592.f90 -O1 (test for excess errors)
UNRESOLVED: gfortran.dg/pr44592.f90 -O1 compilation failed to produce executable
FAIL: gfortran.dg/pr44592.f90 -O2 (test for excess errors)
UNRESOLVED: gfortran.dg/pr44592.f90 -O2 compilation failed to produce executable
FAIL: gfortran.dg/pr44592.f90 -O3 -fomit-frame-pointer -funroll-loops -fpeel-loops -ftracer -finline-functions (test for excess errors)
UNRESOLVED: gfortran.dg/pr44592.f90 -O3 -fomit-frame-pointer -funroll-loops -fpeel-loops -ftracer -finline-functions compilation failed to produce executable
FAIL: gfortran.dg/pr44592.f90 -O3 -g (test for excess errors)
UNRESOLVED: gfortran.dg/pr44592.f90 -O3 -g compilation failed to produce executable
FAIL: gfortran.dg/pr44592.f90 -Os (test for excess errors)
UNRESOLVED: gfortran.dg/pr44592.f90 -Os compilation failed to produce executable
FAIL: gfortran.dg/read_eof_all.f90 -O0 (test for excess errors)
UNRESOLVED: gfortran.dg/read_eof_all.f90 -O0 compilation failed to produce executable
FAIL: gfortran.dg/read_eof_all.f90 -O1 (test for excess errors)
UNRESOLVED: gfortran.dg/read_eof_all.f90 -O1 compilation failed to produce executable
FAIL: gfortran.dg/read_eof_all.f90 -O2 (test for excess errors)
UNRESOLVED: gfortran.dg/read_eof_all.f90 -O2 compilation failed to produce executable
FAIL: gfortran.dg/read_eof_all.f90 -O3 -fomit-frame-pointer -funroll-loops -fpeel-loops -ftracer -finline-functions (test for excess errors)
UNRESOLVED: gfortran.dg/read_eof_all.f90 -O3 -fomit-frame-pointer -funroll-loops -fpeel-loops -ftracer -finline-functions compilation failed to produce executable
FAIL: gfortran.dg/read_eof_all.f90 -O3 -g (test for excess errors)
UNRESOLVED: gfortran.dg/read_eof_all.f90 -O3 -g compilation failed to produce executable
FAIL: gfortran.dg/read_eof_all.f90 -Os (test for excess errors)
UNRESOLVED: gfortran.dg/read_eof_all.f90 -Os compilation failed to produce executable
FAIL: gfortran.dg/result_in_spec_1.f90 -O0 (test for excess errors)
UNRESOLVED: gfortran.dg/result_in_spec_1.f90 -O0 compilation failed to produce executable
FAIL: gfortran.dg/result_in_spec_1.f90 -O1 (test for excess errors)
UNRESOLVED: gfortran.dg/result_in_spec_1.f90 -O1 compilation failed to produce executable
FAIL: gfortran.dg/result_in_spec_1.f90 -O2 (test for excess errors)
UNRESOLVED: gfortran.dg/result_in_spec_1.f90 -O2 compilation failed to produce executable
FAIL: gfortran.dg/result_in_spec_1.f90 -O3 -fomit-frame-pointer -funroll-loops -fpeel-loops -ftracer -finline-functions (test for excess errors)
UNRESOLVED: gfortran.dg/result_in_spec_1.f90 -O3 -fomit-frame-pointer -funroll-loops -fpeel-loops -ftracer -finline-functions compilation failed to produce executable
FAIL: gfortran.dg/result_in_spec_1.f90 -O3 -g (test for excess errors)
UNRESOLVED: gfortran.dg/result_in_spec_1.f90 -O3 -g compilation failed to produce executable
FAIL: gfortran.dg/result_in_spec_1.f90 -Os (test for excess errors)
UNRESOLVED: gfortran.dg/result_in_spec_1.f90 -Os compilation failed to produce executable
FAIL: gfortran.dg/string_compare_1.f90 -O0 (test for excess errors)
UNRESOLVED: gfortran.dg/string_compare_1.f90 -O0 compilation failed to produce executable
FAIL: gfortran.dg/string_compare_1.f90 -O1 (test for excess errors)
UNRESOLVED: gfortran.dg/string_compare_1.f90 -O1 compilation failed to produce executable
FAIL: gfortran.dg/string_compare_1.f90 -O2 (test for excess errors)
UNRESOLVED: gfortran.dg/string_compare_1.f90 -O2 compilation failed to produce executable
FAIL: gfortran.dg/string_compare_1.f90 -O3 -fomit-frame-pointer -funroll-loops -fpeel-loops -ftracer -finline-functions (test for excess errors)
UNRESOLVED: gfortran.dg/string_compare_1.f90 -O3 -fomit-frame-pointer -funroll-loops -fpeel-loops -ftracer -finline-functions compilation failed to produce executable
FAIL: gfortran.dg/string_compare_1.f90 -O3 -g (test for excess errors)
UNRESOLVED: gfortran.dg/string_compare_1.f90 -O3 -g compilation failed to produce executable
FAIL: gfortran.dg/string_compare_1.f90 -Os (test for excess errors)
UNRESOLVED: gfortran.dg/string_compare_1.f90 -Os compilation failed to produce executable
FAIL: gfortran.dg/string_compare_2.f90 -O0 (test for excess errors)
UNRESOLVED: gfortran.dg/string_compare_2.f90 -O0 compilation failed to produce executable
FAIL: gfortran.dg/string_compare_2.f90 -O1 (test for excess errors)
UNRESOLVED: gfortran.dg/string_compare_2.f90 -O1 compilation failed to produce executable
FAIL: gfortran.dg/string_compare_2.f90 -O2 (test for excess errors)
UNRESOLVED: gfortran.dg/string_compare_2.f90 -O2 compilation failed to produce executable
FAIL: gfortran.dg/string_compare_2.f90 -O3 -fomit-frame-pointer -funroll-loops -fpeel-loops -ftracer -finline-functions (test for excess errors)
UNRESOLVED: gfortran.dg/string_compare_2.f90 -O3 -fomit-frame-pointer -funroll-loops -fpeel-loops -ftracer -finline-functions compilation failed to produce executable
FAIL: gfortran.dg/string_compare_2.f90 -O3 -g (test for excess errors)
UNRESOLVED: gfortran.dg/string_compare_2.f90 -O3 -g compilation failed to produce executable
FAIL: gfortran.dg/string_compare_2.f90 -Os (test for excess errors)
UNRESOLVED: gfortran.dg/string_compare_2.f90 -Os compilation failed to produce executable
FAIL: gfortran.dg/string_compare_3.f90 -O0 (test for excess errors)
UNRESOLVED: gfortran.dg/string_compare_3.f90 -O0 compilation failed to produce executable
FAIL: gfortran.dg/string_compare_3.f90 -O1 (test for excess errors)
UNRESOLVED: gfortran.dg/string_compare_3.f90 -O1 compilation failed to produce executable
FAIL: gfortran.dg/string_compare_3.f90 -O2 (test for excess errors)
UNRESOLVED: gfortran.dg/string_compare_3.f90 -O2 compilation failed to produce executable
FAIL: gfortran.dg/string_compare_3.f90 -O3 -fomit-frame-pointer -funroll-loops -fpeel-loops -ftracer -finline-functions (test for excess errors)
UNRESOLVED: gfortran.dg/string_compare_3.f90 -O3 -fomit-frame-pointer -funroll-loops -fpeel-loops -ftracer -finline-functions compilation failed to produce executable
FAIL: gfortran.dg/string_compare_3.f90 -O3 -g (test for excess errors)
UNRESOLVED: gfortran.dg/string_compare_3.f90 -O3 -g compilation failed to produce executable
FAIL: gfortran.dg/string_compare_3.f90 -Os (test for excess errors)
UNRESOLVED: gfortran.dg/string_compare_3.f90 -Os compilation failed to produce executable
FAIL: gfortran.dg/subref_array_pointer_1.f90 -O0 (test for excess errors)
UNRESOLVED: gfortran.dg/subref_array_pointer_1.f90 -O0 compilation failed to produce executable
FAIL: gfortran.dg/subref_array_pointer_1.f90 -O1 (test for excess errors)
UNRESOLVED: gfortran.dg/subref_array_pointer_1.f90 -O1 compilation failed to produce executable
FAIL: gfortran.dg/subref_array_pointer_1.f90 -O2 (test for excess errors)
UNRESOLVED: gfortran.dg/subref_array_pointer_1.f90 -O2 compilation failed to produce executable
FAIL: gfortran.dg/subref_array_pointer_1.f90 -O3 -fomit-frame-pointer -funroll-loops -fpeel-loops -ftracer -finline-functions (test for excess errors)
UNRESOLVED: gfortran.dg/subref_array_pointer_1.f90 -O3 -fomit-frame-pointer -funroll-loops -fpeel-loops -ftracer -finline-functions compilation failed to produce executable
FAIL: gfortran.dg/subref_array_pointer_1.f90 -O3 -g (test for excess errors)
UNRESOLVED: gfortran.dg/subref_array_pointer_1.f90 -O3 -g compilation failed to produce executable
FAIL: gfortran.dg/subref_array_pointer_1.f90 -Os (test for excess errors)
UNRESOLVED: gfortran.dg/subref_array_pointer_1.f90 -Os compilation failed to produce executable
FAIL: gfortran.dg/subref_array_pointer_2.f90 -O0 (test for excess errors)
UNRESOLVED: gfortran.dg/subref_array_pointer_2.f90 -O0 compilation failed to produce executable
FAIL: gfortran.dg/subref_array_pointer_2.f90 -O1 (test for excess errors)
UNRESOLVED: gfortran.dg/subref_array_pointer_2.f90 -O1 compilation failed to produce executable
FAIL: gfortran.dg/subref_array_pointer_2.f90 -O2 (test for excess errors)
UNRESOLVED: gfortran.dg/subref_array_pointer_2.f90 -O2 compilation failed to produce executable
FAIL: gfortran.dg/subref_array_pointer_2.f90 -O3 -fomit-frame-pointer -funroll-loops -fpeel-loops -ftracer -finline-functions (test for excess errors)
UNRESOLVED: gfortran.dg/subref_array_pointer_2.f90 -O3 -fomit-frame-pointer -funroll-loops -fpeel-loops -ftracer -finline-functions compilation failed to produce executable
FAIL: gfortran.dg/subref_array_pointer_2.f90 -O3 -g (test for excess errors)
UNRESOLVED: gfortran.dg/subref_array_pointer_2.f90 -O3 -g compilation failed to produce executable
FAIL: gfortran.dg/subref_array_pointer_2.f90 -Os (test for excess errors)
UNRESOLVED: gfortran.dg/subref_array_pointer_2.f90 -Os compilation failed to produce executable
=== gfortran Summary ===
# of expected passes 46734
# of unexpected failures 205
# of expected failures 100
# of unresolved testcases 175
# of unsupported tests 83
/home/tcwg-buildslave/workspace/tcwg-buildfarm/tcwg-thx1_64-build/_build/builds/aarch64-unknown-linux-gnu/aarch64-unknown-linux-gnu/gcc.git~master_rev_fbd68cc0274bc6d2033cee90c1f4c65174a28e47-stage2/gcc/gfortran version 9.0.0 20181010 (experimental) [master revision 265025] (GCC)
=== obj-c++ tests ===
Running target tcwg-local
=== obj-c++ Summary ===
# of expected passes 1456
# of expected failures 10
# of unsupported tests 77
/home/tcwg-buildslave/workspace/tcwg-buildfarm/tcwg-thx1_64-build/_build/builds/aarch64-unknown-linux-gnu/aarch64-unknown-linux-gnu/gcc.git~master_rev_fbd68cc0274bc6d2033cee90c1f4c65174a28e47-stage2/gcc/xg++ version 9.0.0 20181010 (experimental) [master revision 265025] (GCC)
=== objc tests ===
Running target tcwg-local
=== objc Summary ===
# of expected passes 2801
# of unsupported tests 69
/home/tcwg-buildslave/workspace/tcwg-buildfarm/tcwg-thx1_64-build/_build/builds/aarch64-unknown-linux-gnu/aarch64-unknown-linux-gnu/gcc.git~master_rev_fbd68cc0274bc6d2033cee90c1f4c65174a28e47-stage2/gcc/xgcc version 9.0.0 20181010 (experimental) [master revision 265025] (GCC)
Compiler version: 9.0.0 20181010 (experimental) [master revision 265025] (GCC)
Platform: aarch64-unknown-linux-gnu
configure flags: SHELL=/bin/bash --with-mpc=/home/tcwg-buildslave/workspace/tcwg-buildfarm/tcwg-thx1_64-build/_build/builds/destdir/aarch64-unknown-linux-gnu --with-mpfr=/home/tcwg-buildslave/workspace/tcwg-buildfarm/tcwg-thx1_64-build/_build/builds/destdir/aarch64-unknown-linux-gnu --with-gmp=/home/tcwg-buildslave/workspace/tcwg-buildfarm/tcwg-thx1_64-build/_build/builds/destdir/aarch64-unknown-linux-gnu --with-gnu-as --with-gnu-ld --disable-libmudflap --enable-lto --enable-shared --without-included-gettext --enable-nls --with-system-zlib --disable-sjlj-exceptions --enable-gnu-unique-object --enable-linker-build-id --disable-libstdcxx-pch --enable-c99 --enable-clocale=gnu --enable-libstdcxx-debug --enable-long-long --with-cloog=no --with-ppl=no --with-isl=no --disable-multilib --enable-fix-cortex-a53-835769 --enable-fix-cortex-a53-843419 --with-arch=armv8-a --enable-threads=posix --enable-multiarch --enable-libstdcxx-time=yes --enable-gnu-indirect-function --enable-checking=yes --en
able-bootstrap --enable-languages=c,c++,fortran,lto,objc,obj-c++ --build=aarch64-unknown-linux-gnu --host=aarch64-unknown-linux-gnu --target=aarch64-unknown-linux-gnu --prefix=/home/tcwg-buildslave/workspace/tcwg-buildfarm/tcwg-thx1_64-build/_build/builds/destdir/aarch64-unknown-linux-gnu
More information about the Gcc-testresults
mailing list