Results for 8.2.1 20181005 [gcc-8-branch revision 264859] (GCC) testsuite on sparc-sun-solaris2.11
Rainer Orth
ro@CeBiTec.Uni-Bielefeld.DE
Sat Oct 6 12:09:00 GMT 2018
LAST_UPDATED: Fri Oct 5 09:03:05 UTC 2018 (revision 264859)
=== acats tests ===
FAIL: c34001a
=== acats Summary ===
# of expected passes 2319
# of unexpected failures 1
Native configuration is sparc-sun-solaris2.11
=== g++ tests ===
Running target unix
FAIL: g++.dg/pr83239.C -std=gnu++98 (test for excess errors)
FAIL: g++.dg/gcov/pr16855-priority.C -std=gnu++11 gcov: 1 failures in line counts, 0 in branch percentages, 0 in return percentages, 0 in intermediate format
FAIL: g++.dg/gcov/pr16855-priority.C -std=gnu++11 line 22: is #####:should be 1
FAIL: g++.dg/gcov/pr16855-priority.C -std=gnu++14 gcov: 1 failures in line counts, 0 in branch percentages, 0 in return percentages, 0 in intermediate format
FAIL: g++.dg/gcov/pr16855-priority.C -std=gnu++14 line 22: is #####:should be 1
FAIL: g++.dg/gcov/pr16855-priority.C -std=gnu++98 gcov: 1 failures in line counts, 0 in branch percentages, 0 in return percentages, 0 in intermediate format
FAIL: g++.dg/gcov/pr16855-priority.C -std=gnu++98 line 22: is #####:should be 1
FAIL: g++.dg/gcov/pr16855.C -std=gnu++11 gcov: 1 failures in line counts, 0 in branch percentages, 0 in return percentages, 0 in intermediate format
FAIL: g++.dg/gcov/pr16855.C -std=gnu++11 line 21: is #####:should be 1
FAIL: g++.dg/gcov/pr16855.C -std=gnu++14 gcov: 1 failures in line counts, 0 in branch percentages, 0 in return percentages, 0 in intermediate format
FAIL: g++.dg/gcov/pr16855.C -std=gnu++14 line 21: is #####:should be 1
FAIL: g++.dg/gcov/pr16855.C -std=gnu++98 gcov: 1 failures in line counts, 0 in branch percentages, 0 in return percentages, 0 in intermediate format
FAIL: g++.dg/gcov/pr16855.C -std=gnu++98 line 21: is #####:should be 1
=== g++ Summary for unix ===
# of expected passes 113466
# of unexpected failures 13
# of expected failures 508
# of unsupported tests 5271
Running target unix/-m64
FAIL: g++.dg/pr83239.C -std=gnu++98 (test for excess errors)
FAIL: g++.dg/gcov/pr16855-priority.C -std=gnu++11 gcov: 1 failures in line counts, 0 in branch percentages, 0 in return percentages, 0 in intermediate format
FAIL: g++.dg/gcov/pr16855-priority.C -std=gnu++11 line 22: is #####:should be 1
FAIL: g++.dg/gcov/pr16855-priority.C -std=gnu++14 gcov: 1 failures in line counts, 0 in branch percentages, 0 in return percentages, 0 in intermediate format
FAIL: g++.dg/gcov/pr16855-priority.C -std=gnu++14 line 22: is #####:should be 1
FAIL: g++.dg/gcov/pr16855-priority.C -std=gnu++98 gcov: 1 failures in line counts, 0 in branch percentages, 0 in return percentages, 0 in intermediate format
FAIL: g++.dg/gcov/pr16855-priority.C -std=gnu++98 line 22: is #####:should be 1
FAIL: g++.dg/gcov/pr16855.C -std=gnu++11 gcov: 1 failures in line counts, 0 in branch percentages, 0 in return percentages, 0 in intermediate format
FAIL: g++.dg/gcov/pr16855.C -std=gnu++11 line 21: is #####:should be 1
FAIL: g++.dg/gcov/pr16855.C -std=gnu++14 gcov: 1 failures in line counts, 0 in branch percentages, 0 in return percentages, 0 in intermediate format
FAIL: g++.dg/gcov/pr16855.C -std=gnu++14 line 21: is #####:should be 1
FAIL: g++.dg/gcov/pr16855.C -std=gnu++98 gcov: 1 failures in line counts, 0 in branch percentages, 0 in return percentages, 0 in intermediate format
FAIL: g++.dg/gcov/pr16855.C -std=gnu++98 line 21: is #####:should be 1
=== g++ Summary for unix/-m64 ===
# of expected passes 115363
# of unexpected failures 13
# of expected failures 511
# of unsupported tests 5240
=== g++ Summary ===
# of expected passes 228829
# of unexpected failures 26
# of expected failures 1019
# of unsupported tests 10511
/var/gcc/regression/gcc-8-branch/11-gcc-gas/build/gcc/xg++ version 8.2.1 20181005 [gcc-8-branch revision 264859] (GCC)
=== gcc tests ===
Running target unix
FAIL: gcc.c-torture/compile/200031109-1.c -O0 (test for excess errors)
FAIL: gcc.dg/simulate-thread/atomic-other-int.c -O2 -g thread simulation test
FAIL: gcc.dg/simulate-thread/atomic-other-int.c -O3 -g thread simulation test
FAIL: gcc.dg/simulate-thread/speculative-store-4.c -O0 -g thread simulation test
FAIL: gcc.dg/simulate-thread/speculative-store-4.c -O2 -g thread simulation test
FAIL: gcc.dg/simulate-thread/speculative-store-4.c -O3 -g thread simulation test
FAIL: gcc.dg/simulate-thread/speculative-store.c -O0 -g thread simulation test
=== gcc Summary for unix ===
# of expected passes 102790
# of unexpected failures 7
# of expected failures 475
# of unsupported tests 2754
Running target unix/-m64
=== gcc Summary for unix/-m64 ===
# of expected passes 103917
# of expected failures 465
# of unsupported tests 2513
=== gcc Summary ===
# of expected passes 206707
# of unexpected failures 7
# of expected failures 940
# of unsupported tests 5267
/var/gcc/regression/gcc-8-branch/11-gcc-gas/build/gcc/xgcc version 8.2.1 20181005 [gcc-8-branch revision 264859] (GCC)
=== gfortran tests ===
Running target unix
FAIL: gfortran.dg/elemental_subroutine_3.f90 -O1 (test for excess errors)
FAIL: gfortran.dg/elemental_subroutine_3.f90 -O2 (test for excess errors)
FAIL: gfortran.dg/elemental_subroutine_3.f90 -O3 -fomit-frame-pointer -funroll-loops -fpeel-loops -ftracer -finline-functions (test for excess errors)
FAIL: gfortran.dg/elemental_subroutine_3.f90 -O3 -g (test for excess errors)
FAIL: gfortran.dg/elemental_subroutine_3.f90 -Os (test for excess errors)
FAIL: gfortran.dg/unlimited_polymorphic_30.f03 -O0 execution test
FAIL: gfortran.dg/unlimited_polymorphic_30.f03 -O1 execution test
=== gfortran Summary for unix ===
# of expected passes 47142
# of unexpected failures 7
# of expected failures 92
# of unsupported tests 263
Running target unix/-m64
FAIL: gfortran.dg/elemental_subroutine_3.f90 -O1 (test for excess errors)
FAIL: gfortran.dg/elemental_subroutine_3.f90 -O2 (test for excess errors)
FAIL: gfortran.dg/elemental_subroutine_3.f90 -O3 -fomit-frame-pointer -funroll-loops -fpeel-loops -ftracer -finline-functions (test for excess errors)
FAIL: gfortran.dg/elemental_subroutine_3.f90 -O3 -g (test for excess errors)
FAIL: gfortran.dg/elemental_subroutine_3.f90 -Os (test for excess errors)
FAIL: gfortran.dg/unlimited_polymorphic_30.f03 -O0 execution test
FAIL: gfortran.dg/unlimited_polymorphic_30.f03 -O1 execution test
FAIL: gfortran.dg/unlimited_polymorphic_30.f03 -O2 execution test
FAIL: gfortran.dg/unlimited_polymorphic_30.f03 -O3 -fomit-frame-pointer -funroll-loops -fpeel-loops -ftracer -finline-functions execution test
FAIL: gfortran.dg/unlimited_polymorphic_30.f03 -O3 -g execution test
FAIL: gfortran.dg/unlimited_polymorphic_30.f03 -Os execution test
=== gfortran Summary for unix/-m64 ===
# of expected passes 47385
# of unexpected failures 11
# of expected failures 92
# of unsupported tests 142
=== gfortran Summary ===
# of expected passes 94527
# of unexpected failures 18
# of expected failures 184
# of unsupported tests 405
/var/gcc/regression/gcc-8-branch/11-gcc-gas/build/gcc/gfortran version 8.2.1 20181005 [gcc-8-branch revision 264859] (GCC)
=== gnat tests ===
Running target unix
UNRESOLVED: gnat.dg/sso/p12.adb -O1 -fno-inline compilation failed to produce executable
FAIL: gnat.dg/sso/p9.adb -O2 (test for excess errors)
UNRESOLVED: gnat.dg/sso/p9.adb -O2 compilation failed to produce executable
FAIL: gnat.dg/sso/q6.adb -O0 (test for excess errors)
UNRESOLVED: gnat.dg/sso/q6.adb -O0 compilation failed to produce executable
=== gnat Summary for unix ===
# of expected passes 2661
# of unexpected failures 2
# of expected failures 24
# of unresolved testcases 3
# of unsupported tests 23
Running target unix/-m64
=== gnat Summary for unix/-m64 ===
# of expected passes 2669
# of expected failures 24
# of unsupported tests 23
=== gnat Summary ===
# of expected passes 5330
# of unexpected failures 2
# of expected failures 48
# of unresolved testcases 3
# of unsupported tests 46
/var/gcc/regression/gcc-8-branch/11-gcc-gas/build/gcc/gnatmake version 8.2.1 20181005 [gcc-8-branch revision 264859]
=== go tests ===
Running target unix
FAIL: ./index0-out.go execution, -O0 -g -fno-var-tracking-assignments
FAIL: go.test/test/fixedbugs/issue4562.go execution, -O2 -g
FAIL: go.test/test/nil.go execution, -O2 -g
=== go Summary for unix ===
# of expected passes 7391
# of unexpected failures 3
# of expected failures 1
# of untested testcases 11
# of unsupported tests 3
Running target unix/-m64
FAIL: ./index0-out.go execution, -O0 -g -fno-var-tracking-assignments
=== go Summary for unix/-m64 ===
# of expected passes 7273
# of unexpected failures 1
# of expected failures 1
# of untested testcases 11
# of unsupported tests 3
=== go Summary ===
# of expected passes 14664
# of unexpected failures 4
# of expected failures 2
# of untested testcases 22
# of unsupported tests 6
=== obj-c++ tests ===
Running target unix
=== obj-c++ Summary for unix ===
# of expected passes 1464
# of expected failures 2
# of unsupported tests 77
Running target unix/-m64
=== obj-c++ Summary for unix/-m64 ===
# of expected passes 1456
# of expected failures 10
# of unsupported tests 77
=== obj-c++ Summary ===
# of expected passes 2920
# of expected failures 12
# of unsupported tests 154
/var/gcc/regression/gcc-8-branch/11-gcc-gas/build/gcc/xg++ version 8.2.1 20181005 [gcc-8-branch revision 264859] (GCC)
=== objc tests ===
Running target unix
=== objc Summary for unix ===
# of expected passes 2803
# of unsupported tests 68
Running target unix/-m64
=== objc Summary for unix/-m64 ===
# of expected passes 2803
# of unsupported tests 68
=== objc Summary ===
# of expected passes 5606
# of unsupported tests 136
/var/gcc/regression/gcc-8-branch/11-gcc-gas/build/gcc/xgcc version 8.2.1 20181005 [gcc-8-branch revision 264859] (GCC)
=== gotools tests ===
FAIL: TestAlwaysLinkSysoFiles
FAIL: TestBuildComplex
FAIL: TestCaseCollisions
FAIL: TestCgoAsmError
FAIL: TestCgoShowsFullPathNames
FAIL: TestDefaultGOPATH
FAIL: TestFFLAGS
FAIL: TestGOTMPDIR
FAIL: TestGenerateUsesBuildContext
FAIL: TestGoBuildGOPATHOrder
FAIL: TestGoEnv
FAIL: TestGoListDeps
FAIL: TestGoVetWithOnlyTestFiles
FAIL: TestIssue22588
FAIL: TestListTemplateContextFunction
FAIL: TestNoCache
FAIL: TestNonCanonicalImportPaths
FAIL: TestPackageMainTestCompilerFlags
FAIL: TestSymlinkWarning
FAIL: TestTestRebuild
FAIL: TestTwoPkgConfigs
FAIL: TestVetWithOnlyCgoFiles
FAIL: go test cmd/go
FAIL: TestBreakpoint
FAIL: TestCatchPanic
FAIL: TestCgoCCodeSIGPROF
FAIL: TestCgoCallbackGC
FAIL: TestCgoCheckBytes
FAIL: TestCgoCrashHandler
FAIL: TestCgoExecSignalMask
FAIL: TestCgoExternalThreadPanic
FAIL: TestCgoExternalThreadSIGPROF
FAIL: TestCgoExternalThreadSignal
FAIL: TestCgoLockOSThreadExit
FAIL: TestCgoNumGoroutine
FAIL: TestCgoPanicDeadlock
FAIL: TestCgoSignalDeadlock
FAIL: TestCgoTraceback
FAIL: TestCgoTracebackSigpanic
FAIL: TestCrashDumpsAllThreads
FAIL: TestCrashHandler
FAIL: TestEnsureDropM
FAIL: TestGccgoCrashTraceback
FAIL: TestGccgoCrashTracebackNodebug
FAIL: TestPanicInlined
FAIL: TestSelectStackAdjust
FAIL: TestSigStackSwapping
FAIL: go test runtime
FAIL: go test misc/cgo/test
FAIL: TestCompileWithoutShared
FAIL: TestEarlySignalHandler
FAIL: TestInstall
FAIL: TestOsSignal
FAIL: TestPIE
FAIL: TestSIGPROF
FAIL: TestSigaltstack
FAIL: TestSignalForwarding
FAIL: TestSignalForwardingExternal
FAIL: go test misc/cgo/testcarchive
=== gotools Summary ===
# of expected passes 247
# of unexpected failures 59
# of untested testcases 189
/var/gcc/regression/gcc-8-branch/11-gcc-gas/build/./gcc/gccgo version 8.2.1 20181005 [gcc-8-branch revision 264859] (GCC)
=== libatomic tests ===
Running target unix
=== libatomic Summary for unix ===
# of expected passes 44
# of unsupported tests 5
Running target unix/-m64
=== libatomic Summary for unix/-m64 ===
# of expected passes 54
=== libatomic Summary ===
# of expected passes 98
# of unsupported tests 5
=== libffi tests ===
Running target unix
=== libffi Summary for unix ===
# of expected passes 2214
Running target unix/-m64
=== libffi Summary for unix/-m64 ===
# of expected passes 2214
=== libffi Summary ===
# of expected passes 4428
=== libgo tests ===
Running target unix
FAIL: runtime
FAIL: go/build
FAIL: net/http
FAIL: os/signal
=== libgo Summary for unix ===
# of expected passes 160
# of unexpected failures 4
Running target unix/-m64
FAIL: go/build
=== libgo Summary for unix/-m64 ===
# of expected passes 163
# of unexpected failures 1
=== libgo Summary ===
# of expected passes 323
# of unexpected failures 5
/var/gcc/regression/gcc-8-branch/11-gcc-gas/build/./gcc/gccgo version 8.2.1 20181005 [gcc-8-branch revision 264859] (GCC)
=== libgomp tests ===
Running target unix
=== libgomp Summary for unix ===
# of expected passes 5446
# of expected failures 1
# of unsupported tests 365
Running target unix/-m64
=== libgomp Summary for unix/-m64 ===
# of expected passes 5446
# of expected failures 1
# of unsupported tests 365
=== libgomp Summary ===
# of expected passes 10892
# of expected failures 2
# of unsupported tests 730
=== libitm tests ===
Running target unix
=== libitm Summary for unix ===
# of expected passes 42
# of expected failures 3
# of unsupported tests 1
Running target unix/-m64
=== libitm Summary for unix/-m64 ===
# of expected passes 42
# of expected failures 3
# of unsupported tests 1
=== libitm Summary ===
# of expected passes 84
# of expected failures 6
# of unsupported tests 2
=== libstdc++ tests ===
Running target unix
FAIL: 23_containers/multiset/requirements/explicit_instantiation/5.cc (test for excess errors)
FAIL: 23_containers/unordered_map/allocator/swap.cc (test for excess errors)
UNRESOLVED: 23_containers/unordered_map/allocator/swap.cc compilation failed to produce executable
FAIL: 23_containers/unordered_map/dr761.cc (test for excess errors)
FAIL: 23_containers/unordered_map/modifiers/emplace.cc (test for excess errors)
FAIL: 23_containers/unordered_map/operators/2.cc (test for excess errors)
UNRESOLVED: 23_containers/unordered_map/operators/2.cc compilation failed to produce executable
FAIL: 23_containers/unordered_map/requirements/debug_mode.cc (test for excess errors)
FAIL: 23_containers/unordered_map/requirements/typedefs.cc (test for excess errors)
FAIL: 23_containers/unordered_multimap/debug/move_assign_neg.cc (test for excess errors)
UNRESOLVED: 23_containers/unordered_multimap/debug/move_assign_neg.cc compilation failed to produce executable
FAIL: 23_containers/unordered_multimap/init-list.cc (test for excess errors)
UNRESOLVED: 23_containers/unordered_multimap/init-list.cc compilation failed to produce executable
FAIL: 23_containers/unordered_multimap/operations/count.cc (test for excess errors)
=== libstdc++ Summary for unix ===
# of expected passes 11336
# of unexpected failures 10
# of expected failures 70
# of unresolved testcases 4
# of unsupported tests 640
Running target unix/-m64
=== libstdc++ Summary for unix/-m64 ===
# of expected passes 11351
# of expected failures 71
# of unsupported tests 639
=== libstdc++ Summary ===
# of expected passes 22687
# of unexpected failures 10
# of expected failures 141
# of unresolved testcases 4
# of unsupported tests 1279
Compiler version: 8.2.1 20181005 [gcc-8-branch revision 264859] (GCC)
Platform: sparc-sun-solaris2.11
configure flags: --prefix=/vol/gcc --target=sparc-sun-solaris2.11 --enable-objc-gc --with-target-bdw-gc-include=/vol/gcc/include --with-target-bdw-gc-lib=/vol/gcc/lib,sparcv9=/vol/gcc/lib/sparcv9 --with-as=/vol/gcc/bin/gas-2.31 --with-gnu-as --with-gmp-include=/vol/gcc/include --with-gmp-lib=/vol/gcc/lib --with-mpfr-include=/vol/gcc/include --with-mpfr-lib=/vol/gcc/lib --with-mpc-include=/vol/gcc/include --with-mpc-lib=/vol/gcc/lib --enable-languages=all,ada,obj-c++,go --with-isl-include=/vol/gcc/include --with-isl-lib=/vol/gcc/lib --build=sparc-sun-solaris2.11 --host=sparc-sun-solaris2.11
BOOT_CFLAGS=-g -O2
More information about the Gcc-testresults
mailing list