Results for 7.3.1 20181005 [gcc-7-branch revision 264858] (GCC) testsuite on i386-pc-solaris2.10

Rainer Orth ro@CeBiTec.Uni-Bielefeld.DE
Sat Oct 6 12:08:00 GMT 2018


LAST_UPDATED: Fri Oct  5 09:07:35 UTC 2018 (revision 264858)

		=== acats tests ===

		=== acats Summary ===
# of expected passes		2320
# of unexpected failures	0
Native configuration is i386-pc-solaris2.10

		=== g++ tests ===


Running target unix

		=== g++ Summary for unix ===

# of expected passes		105425
# of expected failures		395
# of unsupported tests		4196

Running target unix/-m64

		=== g++ Summary for unix/-m64 ===

# of expected passes		106741
# of expected failures		395
# of unsupported tests		4444

		=== g++ Summary ===

# of expected passes		212166
# of expected failures		790
# of unsupported tests		8640
/var/gcc/regression/gcc-7-branch/10-gcc/build/gcc/xg++  version 7.3.1 20181005 [gcc-7-branch revision 264858] (GCC) 

		=== gcc tests ===


Running target unix
FAIL: gcc.c-torture/compile/pr61159.c   -O0  (test for excess errors)
FAIL: gcc.c-torture/compile/pr61159.c   -O1  (test for excess errors)
FAIL: gcc.c-torture/compile/pr61159.c   -O2  (test for excess errors)
FAIL: gcc.c-torture/compile/pr61159.c   -O2 -flto  (test for excess errors)
FAIL: gcc.c-torture/compile/pr61159.c   -O2 -flto -flto-partition=none  (test for excess errors)
FAIL: gcc.c-torture/compile/pr61159.c   -O3 -g  (test for excess errors)
FAIL: gcc.c-torture/compile/pr61159.c   -Os  (test for excess errors)
FAIL: gcc.c-torture/execute/alias-3.c   -O0  execution test
FAIL: gcc.c-torture/execute/alias-3.c   -O1  execution test
FAIL: gcc.c-torture/execute/alias-3.c   -O2  execution test
FAIL: gcc.c-torture/execute/alias-3.c   -O2 -flto  execution test
FAIL: gcc.c-torture/execute/alias-3.c   -O2 -flto -flto-partition=none  execution test
FAIL: gcc.c-torture/execute/alias-3.c   -O3 -g  execution test
FAIL: gcc.c-torture/execute/alias-3.c   -Os  execution test
FAIL: gcc.dg/attr-weakref-1.c (test for excess errors)
UNRESOLVED: gcc.dg/attr-weakref-1.c compilation failed to produce executable
XPASS: gcc.dg/pr78768.c -Wformat-overflow (test for warnings, line 11)
FAIL: gcc.dg/visibility-22.c execution test
FAIL: gcc.target/i386/indirect-thunk-1.c scan-assembler jmp[ \\t]*__x86_indirect_thunk_(r|e)ax
FAIL: gcc.target/i386/indirect-thunk-2.c scan-assembler jmp[ \\t]*__x86_indirect_thunk_(r|e)ax
FAIL: gcc.target/i386/indirect-thunk-3.c scan-assembler call[ \\t]*__x86_indirect_thunk_(r|e)ax
FAIL: gcc.target/i386/indirect-thunk-4.c scan-assembler call[ \\t]*__x86_indirect_thunk_(r|e)ax
FAIL: gcc.target/i386/indirect-thunk-7.c scan-assembler jmp[ \\t]*__x86_indirect_thunk_(r|e)ax
FAIL: gcc.target/i386/indirect-thunk-attr-1.c scan-assembler jmp[ \\t]*__x86_indirect_thunk_(r|e)ax
FAIL: gcc.target/i386/indirect-thunk-attr-2.c scan-assembler jmp[ \\t]*__x86_indirect_thunk_(r|e)ax
FAIL: gcc.target/i386/indirect-thunk-attr-5.c scan-assembler call[ \\t]*__x86_indirect_thunk_(r|e)ax
FAIL: gcc.target/i386/indirect-thunk-attr-6.c scan-assembler call[ \\t]*__x86_indirect_thunk_(r|e)ax
FAIL: gcc.target/i386/indirect-thunk-attr-7.c scan-assembler jmp[ \\t]*__x86_indirect_thunk_(r|e)ax
FAIL: gcc.target/i386/indirect-thunk-bnd-1.c scan-assembler bnd call[ \\t]*__x86_indirect_thunk_bnd_eax
FAIL: gcc.target/i386/indirect-thunk-bnd-2.c scan-assembler bnd call[ \\t]*__x86_indirect_thunk_bnd_(r|e)ax
FAIL: gcc.target/i386/indirect-thunk-extern-1.c scan-assembler jmp[ \\t]*__x86_indirect_thunk_(r|e)ax
FAIL: gcc.target/i386/indirect-thunk-extern-2.c scan-assembler jmp[ \\t]*__x86_indirect_thunk_(r|e)ax
FAIL: gcc.target/i386/indirect-thunk-extern-3.c scan-assembler call[ \\t]*__x86_indirect_thunk_(r|e)ax
FAIL: gcc.target/i386/indirect-thunk-extern-4.c scan-assembler call[ \\t]*__x86_indirect_thunk_(r|e)ax
FAIL: gcc.target/i386/indirect-thunk-extern-7.c scan-assembler jmp[ \\t]*__x86_indirect_thunk_(r|e)ax
FAIL: gcc.target/i386/indirect-thunk-register-1.c scan-assembler jmp[ \\t]*__x86_indirect_thunk_(r|e)ax
FAIL: gcc.target/i386/indirect-thunk-register-3.c scan-assembler jmp[ \\t]*__x86_indirect_thunk_(r|e)ax
FAIL: gcc.target/i386/pr80569.c (test for excess errors)
FAIL: gcc.target/i386/ret-thunk-1.c scan-assembler jmp[ \\t]*__x86_return_thunk
FAIL: gcc.target/i386/ret-thunk-10.c scan-assembler __x86_indirect_thunk_(r|e)ax:
FAIL: gcc.target/i386/ret-thunk-10.c scan-assembler call[ \\t]*__x86_indirect_thunk_(r|e)ax
FAIL: gcc.target/i386/ret-thunk-11.c scan-assembler __x86_indirect_thunk_(r|e)ax:
FAIL: gcc.target/i386/ret-thunk-11.c scan-assembler call[ \\t]*__x86_indirect_thunk_(r|e)ax
FAIL: gcc.target/i386/ret-thunk-11.c scan-assembler jmp[ \\t]*__x86_return_thunk
FAIL: gcc.target/i386/ret-thunk-12.c scan-assembler __x86_indirect_thunk_(r|e)ax:
FAIL: gcc.target/i386/ret-thunk-12.c scan-assembler call[ \\t]*__x86_indirect_thunk_(r|e)ax
FAIL: gcc.target/i386/ret-thunk-13.c scan-assembler jmp[ \\t]*__x86_return_thunk
FAIL: gcc.target/i386/ret-thunk-14.c scan-assembler call[ \\t]*__x86_indirect_thunk_(r|e)ax
FAIL: gcc.target/i386/ret-thunk-15.c scan-assembler call[ \\t]*__x86_indirect_thunk_(r|e)ax
FAIL: gcc.target/i386/ret-thunk-15.c scan-assembler jmp[ \\t]*__x86_return_thunk
FAIL: gcc.target/i386/ret-thunk-22.c scan-assembler jmp[ \\t]*__x86_return_thunk_ecx
FAIL: gcc.target/i386/ret-thunk-23.c scan-assembler jmp[ \\t]*__x86_return_thunk_ecx
FAIL: gcc.target/i386/ret-thunk-25.c scan-assembler jmp[ \\t]*__x86_return_thunk_bnd_ecx
FAIL: gcc.target/i386/ret-thunk-26.c (test for excess errors)
UNRESOLVED: gcc.target/i386/ret-thunk-26.c compilation failed to produce executable
FAIL: gcc.target/i386/ret-thunk-3.c scan-assembler jmp[ \\t]*__x86_return_thunk
FAIL: gcc.target/i386/ret-thunk-5.c scan-assembler jmp[ \\t]*__x86_return_thunk
FAIL: gcc.target/i386/ret-thunk-7.c scan-assembler jmp[ \\t]*__x86_return_thunk
FAIL: gcc.target/i386/ret-thunk-9.c scan-assembler __x86_return_thunk:
FAIL: gcc.target/i386/ret-thunk-9.c scan-assembler call[ \\t]*__x86_indirect_thunk_(r|e)ax
FAIL: gcc.target/i386/ret-thunk-9.c scan-assembler jmp[ \\t]*__x86_return_thunk

		=== gcc Summary for unix ===

# of expected passes		115806
# of unexpected failures	58
# of unexpected successes	1
# of expected failures		376
# of unresolved testcases	2
# of unsupported tests		3149

Running target unix/-m64
FAIL: gcc.c-torture/compile/pr61159.c   -O0  (test for excess errors)
FAIL: gcc.c-torture/compile/pr61159.c   -O1  (test for excess errors)
FAIL: gcc.c-torture/compile/pr61159.c   -O2  (test for excess errors)
FAIL: gcc.c-torture/compile/pr61159.c   -O2 -flto  (test for excess errors)
FAIL: gcc.c-torture/compile/pr61159.c   -O2 -flto -flto-partition=none  (test for excess errors)
FAIL: gcc.c-torture/compile/pr61159.c   -O3 -g  (test for excess errors)
FAIL: gcc.c-torture/compile/pr61159.c   -Os  (test for excess errors)
FAIL: gcc.c-torture/execute/alias-3.c   -O0  execution test
FAIL: gcc.c-torture/execute/alias-3.c   -O1  execution test
FAIL: gcc.c-torture/execute/alias-3.c   -O2  execution test
FAIL: gcc.c-torture/execute/alias-3.c   -O2 -flto  execution test
FAIL: gcc.c-torture/execute/alias-3.c   -O2 -flto -flto-partition=none  execution test
FAIL: gcc.c-torture/execute/alias-3.c   -O3 -g  execution test
FAIL: gcc.c-torture/execute/alias-3.c   -Os  execution test
FAIL: gcc.dg/attr-weakref-1.c (test for excess errors)
UNRESOLVED: gcc.dg/attr-weakref-1.c compilation failed to produce executable
XPASS: gcc.dg/pr78768.c -Wformat-overflow (test for warnings, line 11)
FAIL: gcc.dg/visibility-22.c execution test
FAIL: gcc.target/i386/avx-1.c (test for excess errors)
FAIL: gcc.target/i386/avx-2.c (test for excess errors)
FAIL: gcc.target/i386/indirect-thunk-1.c scan-assembler jmp[ \\t]*__x86_indirect_thunk_(r|e)ax
FAIL: gcc.target/i386/indirect-thunk-2.c scan-assembler jmp[ \\t]*__x86_indirect_thunk_(r|e)ax
FAIL: gcc.target/i386/indirect-thunk-3.c scan-assembler call[ \\t]*__x86_indirect_thunk_(r|e)ax
FAIL: gcc.target/i386/indirect-thunk-4.c scan-assembler call[ \\t]*__x86_indirect_thunk_(r|e)ax
FAIL: gcc.target/i386/indirect-thunk-7.c scan-assembler jmp[ \\t]*__x86_indirect_thunk_(r|e)ax
FAIL: gcc.target/i386/indirect-thunk-attr-1.c scan-assembler jmp[ \\t]*__x86_indirect_thunk_(r|e)ax
FAIL: gcc.target/i386/indirect-thunk-attr-2.c scan-assembler jmp[ \\t]*__x86_indirect_thunk_(r|e)ax
FAIL: gcc.target/i386/indirect-thunk-attr-5.c scan-assembler call[ \\t]*__x86_indirect_thunk_(r|e)ax
FAIL: gcc.target/i386/indirect-thunk-attr-6.c scan-assembler call[ \\t]*__x86_indirect_thunk_(r|e)ax
FAIL: gcc.target/i386/indirect-thunk-attr-7.c scan-assembler jmp[ \\t]*__x86_indirect_thunk_(r|e)ax
FAIL: gcc.target/i386/indirect-thunk-bnd-1.c scan-assembler bnd jmp[ \\t]*__x86_indirect_thunk_bnd_rax
FAIL: gcc.target/i386/indirect-thunk-bnd-2.c scan-assembler bnd call[ \\t]*__x86_indirect_thunk_bnd_(r|e)ax
FAIL: gcc.target/i386/indirect-thunk-extern-1.c scan-assembler jmp[ \\t]*__x86_indirect_thunk_(r|e)ax
FAIL: gcc.target/i386/indirect-thunk-extern-2.c scan-assembler jmp[ \\t]*__x86_indirect_thunk_(r|e)ax
FAIL: gcc.target/i386/indirect-thunk-extern-3.c scan-assembler call[ \\t]*__x86_indirect_thunk_(r|e)ax
FAIL: gcc.target/i386/indirect-thunk-extern-4.c scan-assembler call[ \\t]*__x86_indirect_thunk_(r|e)ax
FAIL: gcc.target/i386/indirect-thunk-extern-7.c scan-assembler jmp[ \\t]*__x86_indirect_thunk_(r|e)ax
FAIL: gcc.target/i386/indirect-thunk-register-1.c scan-assembler jmp[ \\t]*__x86_indirect_thunk_(r|e)ax
FAIL: gcc.target/i386/indirect-thunk-register-3.c scan-assembler jmp[ \\t]*__x86_indirect_thunk_(r|e)ax
FAIL: gcc.target/i386/pr80569.c (test for excess errors)
FAIL: gcc.target/i386/ret-thunk-1.c scan-assembler jmp[ \\t]*__x86_return_thunk
FAIL: gcc.target/i386/ret-thunk-10.c scan-assembler __x86_indirect_thunk_(r|e)ax:
FAIL: gcc.target/i386/ret-thunk-10.c scan-assembler call[ \\t]*__x86_indirect_thunk_(r|e)ax
FAIL: gcc.target/i386/ret-thunk-11.c scan-assembler __x86_indirect_thunk_(r|e)ax:
FAIL: gcc.target/i386/ret-thunk-11.c scan-assembler call[ \\t]*__x86_indirect_thunk_(r|e)ax
FAIL: gcc.target/i386/ret-thunk-11.c scan-assembler jmp[ \\t]*__x86_return_thunk
FAIL: gcc.target/i386/ret-thunk-12.c scan-assembler __x86_indirect_thunk_(r|e)ax:
FAIL: gcc.target/i386/ret-thunk-12.c scan-assembler call[ \\t]*__x86_indirect_thunk_(r|e)ax
FAIL: gcc.target/i386/ret-thunk-13.c scan-assembler jmp[ \\t]*__x86_return_thunk
FAIL: gcc.target/i386/ret-thunk-14.c scan-assembler call[ \\t]*__x86_indirect_thunk_(r|e)ax
FAIL: gcc.target/i386/ret-thunk-15.c scan-assembler call[ \\t]*__x86_indirect_thunk_(r|e)ax
FAIL: gcc.target/i386/ret-thunk-15.c scan-assembler jmp[ \\t]*__x86_return_thunk
FAIL: gcc.target/i386/ret-thunk-26.c execution test
FAIL: gcc.target/i386/ret-thunk-3.c scan-assembler jmp[ \\t]*__x86_return_thunk
FAIL: gcc.target/i386/ret-thunk-5.c scan-assembler jmp[ \\t]*__x86_return_thunk
FAIL: gcc.target/i386/ret-thunk-7.c scan-assembler jmp[ \\t]*__x86_return_thunk
FAIL: gcc.target/i386/ret-thunk-9.c scan-assembler __x86_return_thunk:
FAIL: gcc.target/i386/ret-thunk-9.c scan-assembler call[ \\t]*__x86_indirect_thunk_(r|e)ax
FAIL: gcc.target/i386/ret-thunk-9.c scan-assembler jmp[ \\t]*__x86_return_thunk
FAIL: gcc.target/i386/sse-13.c (test for excess errors)
FAIL: gcc.target/i386/sse-14.c (test for excess errors)
FAIL: gcc.target/i386/sse-23.c (test for excess errors)
FAIL: gcc.target/i386/sse-24.c (test for excess errors)
FAIL: gcc.target/i386/sse-25.c (test for excess errors)
FAIL: gcc.target/i386/sse-6.c (test for excess errors)
UNRESOLVED: gcc.target/i386/sse-6.c compilation failed to produce executable
FAIL: gcc.target/i386/sse-7.c (test for excess errors)
UNRESOLVED: gcc.target/i386/sse-7.c compilation failed to produce executable
FAIL: gcc.target/i386/sse-9.c (test for excess errors)
UNRESOLVED: gcc.target/i386/sse-9.c compilation failed to produce executable
FAIL: gcc.target/i386/vperm-v4sf-2.c (test for excess errors)
UNRESOLVED: gcc.target/i386/vperm-v4sf-2.c compilation failed to produce executable
FAIL: gcc.target/i386/vperm-v4si-1.c (test for excess errors)
UNRESOLVED: gcc.target/i386/vperm-v4si-1.c compilation failed to produce executable
FAIL: gcc.target/i386/vperm-v4si-2-sse4.c (test for excess errors)
UNRESOLVED: gcc.target/i386/vperm-v4si-2-sse4.c compilation failed to produce executable
FAIL: gcc.target/i386/vperm-v4si-2.c (test for excess errors)
UNRESOLVED: gcc.target/i386/vperm-v4si-2.c compilation failed to produce executable
FAIL: gcc.target/i386/wrfsbase-1.c (test for excess errors)
UNRESOLVED: gcc.target/i386/wrfsbase-1.c scan-assembler wrfsbase[ \\t]+(%|)(edi|ecx)
WARNING: program timed out
WARNING: program timed out
WARNING: program timed out
WARNING: program timed out
WARNING: program timed out
WARNING: program timed out
WARNING: program timed out
WARNING: program timed out
WARNING: program timed out
WARNING: program timed out
WARNING: program timed out
WARNING: program timed out
WARNING: program timed out
WARNING: program timed out
WARNING: program timed out
FAIL: gcc.target/i386/math-torture/lceil.c   -O0 -msse -mno-sse2 -mfpmath=sse  (test for excess errors)
FAIL: gcc.target/i386/math-torture/lceil.c   -O0 -msse -mno-sse2 -mfpmath=sse -ffast-math  (test for excess errors)
FAIL: gcc.target/i386/math-torture/lceil.c   -O0 -msse -mno-sse2 -mfpmath=sse,387  (test for excess errors)
FAIL: gcc.target/i386/math-torture/lceil.c   -O0 -msse -mno-sse2 -mfpmath=sse,387 -ffast-math  (test for excess errors)
FAIL: gcc.target/i386/math-torture/lceil.c   -O0 -msse -msse2 -mfpmath=sse  (test for excess errors)
FAIL: gcc.target/i386/math-torture/lceil.c   -O0 -msse -msse2 -mfpmath=sse -ffast-math  (test for excess errors)
FAIL: gcc.target/i386/math-torture/lceil.c   -O0 -msse -msse2 -mfpmath=sse,387  (test for excess errors)
FAIL: gcc.target/i386/math-torture/lceil.c   -O0 -msse -msse2 -mfpmath=sse,387 -ffast-math  (test for excess errors)
FAIL: gcc.target/i386/math-torture/lceil.c   -O2 -flto  (test for excess errors)
FAIL: gcc.target/i386/math-torture/lceil.c   -O2 -flto -flto-partition=none  (test for excess errors)
FAIL: gcc.target/i386/math-torture/lceil.c   -O2 -mfpmath=387  (test for excess errors)
FAIL: gcc.target/i386/math-torture/lceil.c   -O2 -mfpmath=387 -ffast-math  (test for excess errors)
FAIL: gcc.target/i386/math-torture/lceil.c   -O2 -msse -mno-sse2 -mfpmath=sse  (test for excess errors)
FAIL: gcc.target/i386/math-torture/lceil.c   -O2 -msse -mno-sse2 -mfpmath=sse -ffast-math  (test for excess errors)
FAIL: gcc.target/i386/math-torture/lceil.c   -O2 -msse -mno-sse2 -mfpmath=sse,387  (test for excess errors)
FAIL: gcc.target/i386/math-torture/lceil.c   -O2 -msse -mno-sse2 -mfpmath=sse,387 -ffast-math  (test for excess errors)
FAIL: gcc.target/i386/math-torture/lceil.c   -O2 -msse -msse2 -mfpmath=sse  (test for excess errors)
FAIL: gcc.target/i386/math-torture/lceil.c   -O2 -msse -msse2 -mfpmath=sse -ffast-math  (test for excess errors)
FAIL: gcc.target/i386/math-torture/lceil.c   -O2 -msse -msse2 -mfpmath=sse,387  (test for excess errors)
FAIL: gcc.target/i386/math-torture/lceil.c   -O2 -msse -msse2 -mfpmath=sse,387 -ffast-math  (test for excess errors)
FAIL: gcc.target/i386/math-torture/lfloor.c   -O0  (test for excess errors)
FAIL: gcc.target/i386/math-torture/lfloor.c   -O0 -mfpmath=387  (test for excess errors)
FAIL: gcc.target/i386/math-torture/lfloor.c   -O0 -mfpmath=387 -ffast-math  (test for excess errors)
FAIL: gcc.target/i386/math-torture/lfloor.c   -O0 -msse -mno-sse2 -mfpmath=sse  (test for excess errors)
FAIL: gcc.target/i386/math-torture/lfloor.c   -O0 -msse -mno-sse2 -mfpmath=sse -ffast-math  (test for excess errors)
FAIL: gcc.target/i386/math-torture/lfloor.c   -O0 -msse -mno-sse2 -mfpmath=sse,387  (test for excess errors)
FAIL: gcc.target/i386/math-torture/lfloor.c   -O0 -msse -mno-sse2 -mfpmath=sse,387 -ffast-math  (test for excess errors)
FAIL: gcc.target/i386/math-torture/lfloor.c   -O2  (test for excess errors)
FAIL: gcc.target/i386/math-torture/lfloor.c   -O2 -mfpmath=387  (test for excess errors)
FAIL: gcc.target/i386/math-torture/lfloor.c   -O2 -mfpmath=387 -ffast-math  (test for excess errors)
FAIL: gcc.target/i386/math-torture/lfloor.c   -O2 -msse -mno-sse2 -mfpmath=sse  (test for excess errors)
FAIL: gcc.target/i386/math-torture/lfloor.c   -O2 -msse -mno-sse2 -mfpmath=sse -ffast-math  (test for excess errors)
FAIL: gcc.target/i386/math-torture/lfloor.c   -O2 -msse -mno-sse2 -mfpmath=sse,387  (test for excess errors)
FAIL: gcc.target/i386/math-torture/lfloor.c   -O2 -msse -mno-sse2 -mfpmath=sse,387 -ffast-math  (test for excess errors)
FAIL: gcc.target/i386/math-torture/round.c   -O2 -flto  (test for excess errors)
FAIL: gcc.target/i386/math-torture/round.c   -O2 -flto -flto-partition=none  (test for excess errors)
FAIL: gcc.target/i386/math-torture/round.c   -O2 -msse -msse2 -mfpmath=sse -ffast-math  (test for excess errors)
FAIL: gcc.target/i386/math-torture/round.c   -O2 -msse -msse2 -mfpmath=sse,387 -ffast-math  (test for excess errors)
FAIL: gcc.target/i386/math-torture/trunc.c   -O0  (test for excess errors)
FAIL: gcc.target/i386/math-torture/trunc.c   -O0 -mfpmath=387  (test for excess errors)
FAIL: gcc.target/i386/math-torture/trunc.c   -O0 -mfpmath=387 -ffast-math  (test for excess errors)
FAIL: gcc.target/i386/math-torture/trunc.c   -O0 -msse -mno-sse2 -mfpmath=sse  (test for excess errors)
FAIL: gcc.target/i386/math-torture/trunc.c   -O0 -msse -mno-sse2 -mfpmath=sse -ffast-math  (test for excess errors)
FAIL: gcc.target/i386/math-torture/trunc.c   -O0 -msse -mno-sse2 -mfpmath=sse,387  (test for excess errors)
FAIL: gcc.target/i386/math-torture/trunc.c   -O0 -msse -mno-sse2 -mfpmath=sse,387 -ffast-math  (test for excess errors)
FAIL: gcc.target/i386/math-torture/trunc.c   -O0 -msse -msse2 -mfpmath=sse  (test for excess errors)
FAIL: gcc.target/i386/math-torture/trunc.c   -O0 -msse -msse2 -mfpmath=sse -ffast-math  (test for excess errors)
FAIL: gcc.target/i386/math-torture/trunc.c   -O0 -msse -msse2 -mfpmath=sse,387  (test for excess errors)
FAIL: gcc.target/i386/math-torture/trunc.c   -O0 -msse -msse2 -mfpmath=sse,387 -ffast-math  (test for excess errors)
FAIL: gcc.target/i386/math-torture/trunc.c   -O2  (test for excess errors)
FAIL: gcc.target/i386/math-torture/trunc.c   -O2 -flto  (test for excess errors)
FAIL: gcc.target/i386/math-torture/trunc.c   -O2 -flto -flto-partition=none  (test for excess errors)
FAIL: gcc.target/i386/math-torture/trunc.c   -O2 -mfpmath=387  (test for excess errors)
FAIL: gcc.target/i386/math-torture/trunc.c   -O2 -mfpmath=387 -ffast-math  (test for excess errors)
FAIL: gcc.target/i386/math-torture/trunc.c   -O2 -msse -mno-sse2 -mfpmath=sse  (test for excess errors)
FAIL: gcc.target/i386/math-torture/trunc.c   -O2 -msse -mno-sse2 -mfpmath=sse -ffast-math  (test for excess errors)
FAIL: gcc.target/i386/math-torture/trunc.c   -O2 -msse -mno-sse2 -mfpmath=sse,387  (test for excess errors)
FAIL: gcc.target/i386/math-torture/trunc.c   -O2 -msse -mno-sse2 -mfpmath=sse,387 -ffast-math  (test for excess errors)
FAIL: gcc.target/i386/math-torture/trunc.c   -O2 -msse -msse2 -mfpmath=sse  (test for excess errors)
FAIL: gcc.target/i386/math-torture/trunc.c   -O2 -msse -msse2 -mfpmath=sse -ffast-math  (test for excess errors)
FAIL: gcc.target/i386/math-torture/trunc.c   -O2 -msse -msse2 -mfpmath=sse,387  (test for excess errors)
FAIL: gcc.target/i386/math-torture/trunc.c   -O2 -msse -msse2 -mfpmath=sse,387 -ffast-math  (test for excess errors)
WARNING: program timed out
WARNING: program timed out
WARNING: program timed out
WARNING: program timed out
WARNING: program timed out
WARNING: program timed out
WARNING: program timed out
WARNING: program timed out
WARNING: program timed out
WARNING: program timed out
WARNING: program timed out
WARNING: program timed out
WARNING: program timed out
WARNING: program timed out
WARNING: program timed out
WARNING: program timed out
WARNING: program timed out
WARNING: program timed out
WARNING: program timed out
WARNING: program timed out
WARNING: program timed out
WARNING: program timed out
WARNING: program timed out
WARNING: program timed out
WARNING: program timed out
WARNING: program timed out
WARNING: program timed out
WARNING: program timed out
WARNING: program timed out
WARNING: program timed out
WARNING: program timed out
WARNING: program timed out
WARNING: program timed out
WARNING: program timed out
WARNING: program timed out
WARNING: program timed out
WARNING: program timed out
WARNING: program timed out
WARNING: program timed out
WARNING: program timed out
WARNING: program timed out
WARNING: program timed out
WARNING: program timed out
WARNING: program timed out
WARNING: program timed out
WARNING: program timed out
WARNING: program timed out
WARNING: program timed out
WARNING: program timed out
WARNING: program timed out
WARNING: program timed out
WARNING: program timed out
WARNING: program timed out
WARNING: program timed out
WARNING: program timed out
WARNING: program timed out
WARNING: program timed out
WARNING: program timed out
WARNING: program timed out
WARNING: program timed out
WARNING: program timed out
WARNING: program timed out
WARNING: program timed out
UNRESOLVED: gcc.target/i386/stackalign/pr39146.c -mstackrealign  scan-assembler-not and[lq]?[^\\\\n]*-32,[^\\\\n]*sp
FAIL: gcc.target/i386/stackalign/pr39146.c -mstackrealign (test for excess errors)
WARNING: program timed out
WARNING: program timed out
FAIL: gcc.target/x86_64/abi/test_passing_floats.c compilation,  -O0 
FAIL: gcc.target/x86_64/abi/test_passing_floats.c compilation,  -O1 
FAIL: gcc.target/x86_64/abi/test_passing_floats.c compilation,  -O2 
FAIL: gcc.target/x86_64/abi/test_passing_floats.c compilation,  -O3 -g 
FAIL: gcc.target/x86_64/abi/test_passing_floats.c compilation,  -Og -g 
FAIL: gcc.target/x86_64/abi/test_passing_floats.c compilation,  -Os 
UNRESOLVED: gcc.target/x86_64/abi/test_passing_floats.c execution,  -O0 
UNRESOLVED: gcc.target/x86_64/abi/test_passing_floats.c execution,  -O1 
UNRESOLVED: gcc.target/x86_64/abi/test_passing_floats.c execution,  -O2 
UNRESOLVED: gcc.target/x86_64/abi/test_passing_floats.c execution,  -O3 -g 
UNRESOLVED: gcc.target/x86_64/abi/test_passing_floats.c execution,  -Og -g 
UNRESOLVED: gcc.target/x86_64/abi/test_passing_floats.c execution,  -Os 
FAIL: gcc.target/x86_64/abi/test_passing_integers.c compilation,  -O0 
FAIL: gcc.target/x86_64/abi/test_passing_integers.c compilation,  -O1 
FAIL: gcc.target/x86_64/abi/test_passing_integers.c compilation,  -O2 
FAIL: gcc.target/x86_64/abi/test_passing_integers.c compilation,  -O3 -g 
FAIL: gcc.target/x86_64/abi/test_passing_integers.c compilation,  -Og -g 
FAIL: gcc.target/x86_64/abi/test_passing_integers.c compilation,  -Os 
UNRESOLVED: gcc.target/x86_64/abi/test_passing_integers.c execution,  -O0 
UNRESOLVED: gcc.target/x86_64/abi/test_passing_integers.c execution,  -O1 
UNRESOLVED: gcc.target/x86_64/abi/test_passing_integers.c execution,  -O2 
UNRESOLVED: gcc.target/x86_64/abi/test_passing_integers.c execution,  -O3 -g 
UNRESOLVED: gcc.target/x86_64/abi/test_passing_integers.c execution,  -Og -g 
UNRESOLVED: gcc.target/x86_64/abi/test_passing_integers.c execution,  -Os 
FAIL: gcc.target/x86_64/abi/test_passing_m64m128.c compilation,  -O0 
FAIL: gcc.target/x86_64/abi/test_passing_m64m128.c compilation,  -O1 
FAIL: gcc.target/x86_64/abi/test_passing_m64m128.c compilation,  -O2 
FAIL: gcc.target/x86_64/abi/test_passing_m64m128.c compilation,  -O3 -fomit-frame-pointer -funroll-loops -fpeel-loops -ftracer -finline-functions 
FAIL: gcc.target/x86_64/abi/test_passing_m64m128.c compilation,  -O3 -g 
FAIL: gcc.target/x86_64/abi/test_passing_m64m128.c compilation,  -Og -g 
FAIL: gcc.target/x86_64/abi/test_passing_m64m128.c compilation,  -Os 
UNRESOLVED: gcc.target/x86_64/abi/test_passing_m64m128.c execution,  -O0 
UNRESOLVED: gcc.target/x86_64/abi/test_passing_m64m128.c execution,  -O1 
UNRESOLVED: gcc.target/x86_64/abi/test_passing_m64m128.c execution,  -O2 
UNRESOLVED: gcc.target/x86_64/abi/test_passing_m64m128.c execution,  -O3 -fomit-frame-pointer -funroll-loops -fpeel-loops -ftracer -finline-functions 
UNRESOLVED: gcc.target/x86_64/abi/test_passing_m64m128.c execution,  -O3 -g 
UNRESOLVED: gcc.target/x86_64/abi/test_passing_m64m128.c execution,  -Og -g 
UNRESOLVED: gcc.target/x86_64/abi/test_passing_m64m128.c execution,  -Os 
FAIL: gcc.target/x86_64/abi/test_passing_structs.c compilation,  -O0 
FAIL: gcc.target/x86_64/abi/test_passing_structs.c compilation,  -O1 
FAIL: gcc.target/x86_64/abi/test_passing_structs.c compilation,  -O2 
FAIL: gcc.target/x86_64/abi/test_passing_structs.c compilation,  -O3 -fomit-frame-pointer -funroll-loops -fpeel-loops -ftracer -finline-functions 
FAIL: gcc.target/x86_64/abi/test_passing_structs.c compilation,  -O3 -g 
FAIL: gcc.target/x86_64/abi/test_passing_structs.c compilation,  -Og -g 
FAIL: gcc.target/x86_64/abi/test_passing_structs.c compilation,  -Os 
UNRESOLVED: gcc.target/x86_64/abi/test_passing_structs.c execution,  -O0 
UNRESOLVED: gcc.target/x86_64/abi/test_passing_structs.c execution,  -O1 
UNRESOLVED: gcc.target/x86_64/abi/test_passing_structs.c execution,  -O2 
UNRESOLVED: gcc.target/x86_64/abi/test_passing_structs.c execution,  -O3 -fomit-frame-pointer -funroll-loops -fpeel-loops -ftracer -finline-functions 
UNRESOLVED: gcc.target/x86_64/abi/test_passing_structs.c execution,  -O3 -g 
UNRESOLVED: gcc.target/x86_64/abi/test_passing_structs.c execution,  -Og -g 
UNRESOLVED: gcc.target/x86_64/abi/test_passing_structs.c execution,  -Os 
FAIL: gcc.target/x86_64/abi/test_struct_returning.c compilation,  -O1 
FAIL: gcc.target/x86_64/abi/test_struct_returning.c compilation,  -O2 
FAIL: gcc.target/x86_64/abi/test_struct_returning.c compilation,  -O3 -fomit-frame-pointer -funroll-loops -fpeel-loops -ftracer -finline-functions 
FAIL: gcc.target/x86_64/abi/test_struct_returning.c compilation,  -O3 -g 
FAIL: gcc.target/x86_64/abi/test_struct_returning.c compilation,  -Og -g 
FAIL: gcc.target/x86_64/abi/test_struct_returning.c compilation,  -Os 
UNRESOLVED: gcc.target/x86_64/abi/test_struct_returning.c execution,  -O1 
UNRESOLVED: gcc.target/x86_64/abi/test_struct_returning.c execution,  -O2 
UNRESOLVED: gcc.target/x86_64/abi/test_struct_returning.c execution,  -O3 -fomit-frame-pointer -funroll-loops -fpeel-loops -ftracer -finline-functions 
UNRESOLVED: gcc.target/x86_64/abi/test_struct_returning.c execution,  -O3 -g 
UNRESOLVED: gcc.target/x86_64/abi/test_struct_returning.c execution,  -Og -g 
UNRESOLVED: gcc.target/x86_64/abi/test_struct_returning.c execution,  -Os 
FAIL: gcc.target/x86_64/abi/test_varargs.c compilation,  -O0 
FAIL: gcc.target/x86_64/abi/test_varargs.c compilation,  -O1 
FAIL: gcc.target/x86_64/abi/test_varargs.c compilation,  -O2 
FAIL: gcc.target/x86_64/abi/test_varargs.c compilation,  -O3 -fomit-frame-pointer -funroll-loops -fpeel-loops -ftracer -finline-functions 
FAIL: gcc.target/x86_64/abi/test_varargs.c compilation,  -O3 -g 
FAIL: gcc.target/x86_64/abi/test_varargs.c compilation,  -Og -g 
FAIL: gcc.target/x86_64/abi/test_varargs.c compilation,  -Os 
UNRESOLVED: gcc.target/x86_64/abi/test_varargs.c execution,  -O0 
UNRESOLVED: gcc.target/x86_64/abi/test_varargs.c execution,  -O1 
UNRESOLVED: gcc.target/x86_64/abi/test_varargs.c execution,  -O2 
UNRESOLVED: gcc.target/x86_64/abi/test_varargs.c execution,  -O3 -fomit-frame-pointer -funroll-loops -fpeel-loops -ftracer -finline-functions 
UNRESOLVED: gcc.target/x86_64/abi/test_varargs.c execution,  -O3 -g 
UNRESOLVED: gcc.target/x86_64/abi/test_varargs.c execution,  -Og -g 
UNRESOLVED: gcc.target/x86_64/abi/test_varargs.c execution,  -Os 
WARNING: program timed out
WARNING: program timed out
WARNING: program timed out
WARNING: program timed out
WARNING: program timed out
WARNING: program timed out
WARNING: program timed out
WARNING: program timed out
WARNING: program timed out
WARNING: program timed out
WARNING: program timed out
WARNING: program timed out
WARNING: program timed out
WARNING: program timed out
WARNING: program timed out
WARNING: program timed out
WARNING: program timed out
WARNING: program timed out
WARNING: program timed out
WARNING: program timed out
WARNING: program timed out
WARNING: program timed out
WARNING: program timed out
WARNING: program timed out
WARNING: program timed out
WARNING: program timed out
WARNING: program timed out
WARNING: program timed out
WARNING: program timed out
WARNING: program timed out
WARNING: program timed out
WARNING: program timed out
WARNING: program timed out
WARNING: program timed out
WARNING: program timed out
WARNING: program timed out
WARNING: program timed out
WARNING: program timed out
WARNING: program timed out
WARNING: program timed out
WARNING: program timed out
WARNING: program timed out
WARNING: program timed out
WARNING: program timed out
UNRESOLVED: gcc.target/x86_64/abi/callabi/func-1.c (test for excess errors)
UNRESOLVED: gcc.target/x86_64/abi/callabi/func-1.c compilation failed to produce executable
FAIL: gcc.target/x86_64/abi/callabi/func-2a.c (test for excess errors)
UNRESOLVED: gcc.target/x86_64/abi/callabi/func-2a.c compilation failed to produce executable
FAIL: gcc.target/x86_64/abi/callabi/func-2b.c (test for excess errors)
FAIL: gcc.target/x86_64/abi/callabi/func-indirect-2a.c (test for excess errors)
UNRESOLVED: gcc.target/x86_64/abi/callabi/func-indirect-2a.c compilation failed to produce executable
FAIL: gcc.target/x86_64/abi/callabi/func-indirect-2b.c (test for excess errors)
FAIL: gcc.target/x86_64/abi/callabi/func-indirect.c (test for excess errors)
UNRESOLVED: gcc.target/x86_64/abi/callabi/func-indirect.c compilation failed to produce executable
WARNING: program timed out
WARNING: program timed out
WARNING: program timed out
WARNING: program timed out
WARNING: program timed out
WARNING: program timed out
WARNING: program timed out
WARNING: program timed out
WARNING: program timed out

		=== gcc Summary for unix/-m64 ===

# of expected passes		117073
# of unexpected failures	177
# of unexpected successes	1
# of expected failures		370
# of unresolved testcases	54
# of unsupported tests		3129

		=== gcc Summary ===

# of expected passes		232879
# of unexpected failures	235
# of unexpected successes	2
# of expected failures		746
# of unresolved testcases	56
# of unsupported tests		6278
/var/gcc/regression/gcc-7-branch/10-gcc/build/gcc/xgcc  version 7.3.1 20181005 [gcc-7-branch revision 264858] (GCC) 

		=== gfortran tests ===


Running target unix
FAIL: gfortran.dg/execute_command_line_3.f90   -O  execution test

		=== gfortran Summary for unix ===

# of expected passes		45494
# of unexpected failures	1
# of expected failures		93
# of unsupported tests		189

Running target unix/-m64
FAIL: gfortran.dg/execute_command_line_3.f90   -O  execution test

		=== gfortran Summary for unix/-m64 ===

# of expected passes		45711
# of unexpected failures	1
# of expected failures		93
# of unsupported tests		86

		=== gfortran Summary ===

# of expected passes		91205
# of unexpected failures	2
# of expected failures		186
# of unsupported tests		275
/var/gcc/regression/gcc-7-branch/10-gcc/build/gcc/gfortran  version 7.3.1 20181005 [gcc-7-branch revision 264858] (GCC) 

		=== gnat tests ===


Running target unix

		=== gnat Summary for unix ===

# of expected passes		2592
# of expected failures		25
# of unsupported tests		7

Running target unix/-m64

		=== gnat Summary for unix/-m64 ===

# of expected passes		2592
# of expected failures		25
# of unsupported tests		7

		=== gnat Summary ===

# of expected passes		5184
# of expected failures		50
# of unsupported tests		14
/var/gcc/regression/gcc-7-branch/10-gcc/build/gcc/gnatmake version 7.3.1 20181005 [gcc-7-branch revision 264858]

		=== go tests ===


Running target unix
FAIL: go.test/test/recover.go execution,  -O2 -g 

		=== go Summary for unix ===

# of expected passes		7365
# of unexpected failures	1
# of expected failures		1
# of untested testcases		10
# of unsupported tests		2

Running target unix/-m64
FAIL: go.test/test/recover.go execution,  -O2 -g 

		=== go Summary for unix/-m64 ===

# of expected passes		7246
# of unexpected failures	1
# of expected failures		1
# of untested testcases		10
# of unsupported tests		1

		=== go Summary ===

# of expected passes		14611
# of unexpected failures	2
# of expected failures		2
# of untested testcases		20
# of unsupported tests		3
		=== obj-c++ tests ===


Running target unix

		=== obj-c++ Summary for unix ===

# of expected passes		1443
# of expected failures		2
# of unsupported tests		77

Running target unix/-m64

		=== obj-c++ Summary for unix/-m64 ===

# of expected passes		1435
# of expected failures		10
# of unsupported tests		77

		=== obj-c++ Summary ===

# of expected passes		2878
# of expected failures		12
# of unsupported tests		154
/var/gcc/regression/gcc-7-branch/10-gcc/build/gcc/xg++  version 7.3.1 20181005 [gcc-7-branch revision 264858] (GCC) 

		=== objc tests ===


Running target unix

		=== objc Summary for unix ===

# of expected passes		2781
# of expected failures		6
# of unsupported tests		68

Running target unix/-m64

		=== objc Summary for unix/-m64 ===

# of expected passes		2781
# of expected failures		6
# of unsupported tests		68

		=== objc Summary ===

# of expected passes		5562
# of expected failures		12
# of unsupported tests		136
/var/gcc/regression/gcc-7-branch/10-gcc/build/gcc/xgcc  version 7.3.1 20181005 [gcc-7-branch revision 264858] (GCC) 

		=== libatomic tests ===


Running target unix

		=== libatomic Summary for unix ===

# of expected passes		44
# of unsupported tests		5

Running target unix/-m64

		=== libatomic Summary for unix/-m64 ===

# of expected passes		54

		=== libatomic Summary ===

# of expected passes		98
# of unsupported tests		5
		=== libffi tests ===


Running target unix

		=== libffi Summary for unix ===

# of expected passes		2799

Running target unix/-m64

		=== libffi Summary for unix/-m64 ===

# of expected passes		2214

		=== libffi Summary ===

# of expected passes		5013
		=== libgo tests ===


Running target unix
FAIL: runtime
FAIL: go/build
FAIL: net/http
FAIL: runtime/debug
FAIL: runtime/pprof

		=== libgo Summary for unix ===

# of expected passes		141
# of unexpected failures	5

Running target unix/-m64
FAIL: go/build
FAIL: os/signal
FAIL: runtime/debug
FAIL: runtime/pprof

		=== libgo Summary for unix/-m64 ===

# of expected passes		142
# of unexpected failures	4

		=== libgo Summary ===

# of expected passes		283
# of unexpected failures	9
		=== libgomp tests ===


Running target unix

		=== libgomp Summary for unix ===

# of expected passes		5116
# of unsupported tests		393

Running target unix/-m64

		=== libgomp Summary for unix/-m64 ===

# of expected passes		5116
# of unsupported tests		393

		=== libgomp Summary ===

# of expected passes		10232
# of unsupported tests		786
		=== libitm tests ===


Running target unix

		=== libitm Summary for unix ===

# of expected passes		42
# of expected failures		3
# of unsupported tests		1

Running target unix/-m64

		=== libitm Summary for unix/-m64 ===

# of expected passes		42
# of expected failures		3
# of unsupported tests		1

		=== libitm Summary ===

# of expected passes		84
# of expected failures		6
# of unsupported tests		2
		=== libstdc++ tests ===


Running target unix

		=== libstdc++ Summary for unix ===

# of expected passes		10943
# of expected failures		69
# of unsupported tests		624

Running target unix/-m64
FAIL: experimental/filesystem/operations/last_write_time.cc execution test

		=== libstdc++ Summary for unix/-m64 ===

# of expected passes		10935
# of unexpected failures	1
# of expected failures		68
# of unsupported tests		628

		=== libstdc++ Summary ===

# of expected passes		21878
# of unexpected failures	1
# of expected failures		137
# of unsupported tests		1252

Compiler version: 7.3.1 20181005 [gcc-7-branch revision 264858] (GCC) 
Platform: i386-pc-solaris2.10
configure flags: --prefix=/vol/gcc --target=i386-pc-solaris2.10 --enable-objc-gc --with-target-bdw-gc-include=/vol/gcc/include --with-target-bdw-gc-lib=/vol/gcc/lib,amd64=/vol/gcc/lib/amd64 --with-as=/usr/ccs/bin/as --without-gnu-as --with-gmp-include=/vol/gcc/include --with-gmp-lib=/vol/gcc/lib --with-mpfr-include=/vol/gcc/include --with-mpfr-lib=/vol/gcc/lib --with-mpc-include=/vol/gcc/include --with-mpc-lib=/vol/gcc/lib --enable-languages=all,ada,obj-c++,go --with-isl-include=/vol/gcc/include --with-isl-lib=/vol/gcc/lib --build=i386-pc-solaris2.10 --host=i386-pc-solaris2.10
BOOT_CFLAGS=-g -O2



More information about the Gcc-testresults mailing list