Results for 7.3.1 20181003 [gcc-7-branch revision 264813] (GCC) testsuite on powerpc64-unknown-linux-gnu
Bill Seurer (POWER7)
seurer@linux.ibm.com
Wed Oct 3 17:26:00 GMT 2018
Linux 4.17.17-100.fc27.ppc64 ppc64
GNU ld version 2.29-13.fc27
GNU assembler version 2.29-13.fc27
GNU Make 4.2.1
DejaGnu:
DejaGnu version 1.6
Expect version 5.45
Tcl version 8.6
64-bit
LAST_UPDATED: Wed Oct 3 16:02:43 UTC 2018 (revision 264813)
Native configuration is powerpc64-unknown-linux-gnu
=== gcc tests ===
Running target unix
FAIL: gcc.dg/sms-4.c scan-rtl-dump-times sms "SMS succeeded" 1
ERROR: couldn't fork child process: resource temporarily unavailable
ERROR: couldn't fork child process: resource temporarily unavailable
ERROR: couldn't fork child process: resource temporarily unavailable
ERROR: couldn't fork child process: resource temporarily unavailable
ERROR: couldn't fork child process: resource temporarily unavailable
ERROR: couldn't fork child process: resource temporarily unavailable
ERROR: couldn't fork child process: resource temporarily unavailable
FAIL: gcc.dg/guality/const-volatile.c -O2 -flto -fno-use-linker-plugin -flto-partition=none (test for excess errors)
UNRESOLVED: gcc.dg/guality/const-volatile.c -O2 -flto -fno-use-linker-plugin -flto-partition=none compilation failed to produce executable
UNRESOLVED: gcc.dg/guality/const-volatile.c -Os line 50 type:cfoo == const struct foo { const long cli; const signed char csc; }
ERROR: gcc.dg/guality/const-volatile.c -Os : error executing dg-final: couldn't fork child process: resource temporarily unavailable
XPASS: gcc.dg/guality/example.c -O0 execution test
XPASS: gcc.dg/guality/example.c -O1 execution test
XPASS: gcc.dg/guality/guality.c -O0 execution test
XPASS: gcc.dg/guality/guality.c -O1 execution test
XPASS: gcc.dg/guality/guality.c -O2 execution test
XPASS: gcc.dg/guality/guality.c -O2 -flto -fno-use-linker-plugin -flto-partition=none execution test
XPASS: gcc.dg/guality/guality.c -O2 -flto -fuse-linker-plugin -fno-fat-lto-objects execution test
XPASS: gcc.dg/guality/guality.c -O3 -g execution test
XPASS: gcc.dg/guality/guality.c -Os execution test
XPASS: gcc.dg/guality/inline-params.c -O2 execution test
XPASS: gcc.dg/guality/inline-params.c -O2 -flto -fno-use-linker-plugin -flto-partition=none execution test
XPASS: gcc.dg/guality/inline-params.c -O3 -g execution test
XPASS: gcc.dg/guality/inline-params.c -Os execution test
FAIL: gcc.dg/guality/nrv-1.c -O2 -flto -fuse-linker-plugin -fno-fat-lto-objects line 20 a2.i[0] == 42
UNRESOLVED: gcc.dg/guality/pr36728-1.c -O2 line 16 arg2 == 2
FAIL: gcc.dg/guality/pr36728-1.c -O2 -flto -fno-use-linker-plugin -flto-partition=none line 16 y == 2
FAIL: gcc.dg/guality/pr36728-1.c -O2 -flto -fno-use-linker-plugin -flto-partition=none line 18 y == 2
FAIL: gcc.dg/guality/pr36728-1.c -O2 -flto -fuse-linker-plugin -fno-fat-lto-objects line 16 y == 2
ERROR: gcc.dg/guality/pr36728-1.c -O2 : error executing dg-final: couldn't fork child process: resource temporarily unavailable
FAIL: gcc.dg/guality/pr36728-1.c -O3 -g (test for excess errors)
UNRESOLVED: gcc.dg/guality/pr36728-1.c -O3 -g compilation failed to produce executable
FAIL: gcc.dg/guality/pr36728-1.c -Os (test for excess errors)
UNRESOLVED: gcc.dg/guality/pr36728-1.c -Os compilation failed to produce executable
FAIL: gcc.dg/guality/pr36728-2.c -O2 line 16 y == 2
FAIL: gcc.dg/guality/pr36728-2.c -O2 line 18 *x == (char) 25
FAIL: gcc.dg/guality/pr36728-2.c -O2 -flto -fno-use-linker-plugin -flto-partition=none line 16 y == 2
FAIL: gcc.dg/guality/pr36728-2.c -O2 -flto -fno-use-linker-plugin -flto-partition=none line 18 *x == (char) 25
FAIL: gcc.dg/guality/pr36728-2.c -O2 -flto -fuse-linker-plugin -fno-fat-lto-objects line 16 arg1 == 1
FAIL: gcc.dg/guality/pr36728-2.c -O2 -flto -fuse-linker-plugin -fno-fat-lto-objects line 16 arg2 == 2
FAIL: gcc.dg/guality/pr36728-2.c -O2 -flto -fuse-linker-plugin -fno-fat-lto-objects line 16 arg3 == 3
FAIL: gcc.dg/guality/pr36728-2.c -O2 -flto -fuse-linker-plugin -fno-fat-lto-objects line 16 arg4 == 4
FAIL: gcc.dg/guality/pr36728-2.c -O2 -flto -fuse-linker-plugin -fno-fat-lto-objects line 16 arg5 == 5
FAIL: gcc.dg/guality/pr36728-2.c -O2 -flto -fuse-linker-plugin -fno-fat-lto-objects line 16 arg6 == 6
FAIL: gcc.dg/guality/pr36728-2.c -O2 -flto -fuse-linker-plugin -fno-fat-lto-objects line 16 arg7 == 30
FAIL: gcc.dg/guality/pr36728-2.c -O2 -flto -fuse-linker-plugin -fno-fat-lto-objects line 18 arg1 == 1
FAIL: gcc.dg/guality/pr36728-2.c -O2 -flto -fuse-linker-plugin -fno-fat-lto-objects line 18 arg2 == 2
UNRESOLVED: gcc.dg/guality/pr36728-2.c -O2 -flto -fuse-linker-plugin -fno-fat-lto-objects line 18 arg2 == 2
ERROR: gcc.dg/guality/pr36728-2.c -O2 -flto -fuse-linker-plugin -fno-fat-lto-objects : error executing dg-final: couldn't fork child process: resource temporarily unavailable
FAIL: gcc.dg/guality/pr36728-2.c -O3 -g line 16 arg1 == 1
FAIL: gcc.dg/guality/pr36728-2.c -O3 -g line 16 arg2 == 2
FAIL: gcc.dg/guality/pr36728-2.c -O3 -g line 16 arg3 == 3
FAIL: gcc.dg/guality/pr36728-2.c -O3 -g line 16 arg4 == 4
FAIL: gcc.dg/guality/pr36728-2.c -O3 -g line 16 arg5 == 5
FAIL: gcc.dg/guality/pr36728-2.c -O3 -g line 16 arg6 == 6
FAIL: gcc.dg/guality/pr36728-2.c -O3 -g line 16 arg7 == 30
FAIL: gcc.dg/guality/pr36728-2.c -O3 -g line 16 y == 2
FAIL: gcc.dg/guality/pr36728-2.c -O3 -g line 18 *x == (char) 25
FAIL: gcc.dg/guality/pr36728-2.c -O3 -g line 18 arg1 == 1
FAIL: gcc.dg/guality/pr36728-2.c -O3 -g line 18 arg2 == 2
FAIL: gcc.dg/guality/pr36728-2.c -O3 -g line 18 arg3 == 3
FAIL: gcc.dg/guality/pr36728-2.c -O3 -g line 18 arg4 == 4
FAIL: gcc.dg/guality/pr36728-2.c -O3 -g line 18 arg5 == 5
FAIL: gcc.dg/guality/pr36728-2.c -O3 -g line 18 arg6 == 6
FAIL: gcc.dg/guality/pr36728-2.c -O3 -g line 18 arg7 == 30
FAIL: gcc.dg/guality/pr36728-3.c -O0 (test for excess errors)
UNRESOLVED: gcc.dg/guality/pr36728-3.c -O0 compilation failed to produce executable
FAIL: gcc.dg/guality/pr36728-3.c -O1 (test for excess errors)
UNRESOLVED: gcc.dg/guality/pr36728-3.c -O1 compilation failed to produce executable
XPASS: gcc.dg/guality/pr41353-1.c -O0 line 28 j == 28 + 37
FAIL: gcc.dg/guality/pr41353-1.c -O1 line 28 i == 37
FAIL: gcc.dg/guality/pr41353-1.c -O1 line 28 i1 == 2 * 37
FAIL: gcc.dg/guality/pr41353-1.c -O1 line 28 i2 == 3 * 37
XPASS: gcc.dg/guality/pr41353-1.c -O1 line 28 j == 28 + 37
FAIL: gcc.dg/guality/pr41353-1.c -O2 line 28 i == 37
FAIL: gcc.dg/guality/pr41353-1.c -O2 line 28 i1 == 2 * 37
FAIL: gcc.dg/guality/pr41353-1.c -O2 line 28 i2 == 3 * 37
XPASS: gcc.dg/guality/pr41353-1.c -O2 line 28 j == 28 + 37
FAIL: gcc.dg/guality/pr41353-1.c -O2 -flto -fno-use-linker-plugin -flto-partition=none line 28 i == 37
FAIL: gcc.dg/guality/pr41353-1.c -O2 -flto -fno-use-linker-plugin -flto-partition=none line 28 i1 == 2 * 37
FAIL: gcc.dg/guality/pr41353-1.c -O2 -flto -fno-use-linker-plugin -flto-partition=none line 28 i2 == 3 * 37
XPASS: gcc.dg/guality/pr41353-1.c -O2 -flto -fno-use-linker-plugin -flto-partition=none line 28 j == 28 + 37
FAIL: gcc.dg/guality/pr41353-1.c -O2 -flto -fuse-linker-plugin -fno-fat-lto-objects line 28 i == 37
FAIL: gcc.dg/guality/pr41353-1.c -O2 -flto -fuse-linker-plugin -fno-fat-lto-objects line 28 i1 == 2 * 37
FAIL: gcc.dg/guality/pr41353-1.c -O2 -flto -fuse-linker-plugin -fno-fat-lto-objects line 28 i2 == 3 * 37
XPASS: gcc.dg/guality/pr41353-1.c -O2 -flto -fuse-linker-plugin -fno-fat-lto-objects line 28 j == 28 + 37
FAIL: gcc.dg/guality/pr41353-1.c -O3 -g line 28 i == 37
FAIL: gcc.dg/guality/pr41353-1.c -O3 -g line 28 i1 == 2 * 37
FAIL: gcc.dg/guality/pr41353-1.c -O3 -g line 28 i2 == 3 * 37
XPASS: gcc.dg/guality/pr41353-1.c -O3 -g line 28 j == 28 + 37
FAIL: gcc.dg/guality/pr41353-1.c -Os line 28 i == 37
FAIL: gcc.dg/guality/pr41353-1.c -Os line 28 i1 == 2 * 37
FAIL: gcc.dg/guality/pr41353-1.c -Os line 28 i2 == 3 * 37
XPASS: gcc.dg/guality/pr41353-1.c -Os line 28 j == 28 + 37
FAIL: gcc.dg/guality/pr41616-1.c -O2 -flto -fuse-linker-plugin -fno-fat-lto-objects execution test
FAIL: gcc.dg/guality/pr43051-1.c -O1 line 40 v == 1
FAIL: gcc.dg/guality/pr43051-1.c -O2 line 35 v == 1
FAIL: gcc.dg/guality/pr43051-1.c -O2 line 40 v == 1
FAIL: gcc.dg/guality/pr43051-1.c -O2 -flto -fno-use-linker-plugin -flto-partition=none line 35 v == 1
FAIL: gcc.dg/guality/pr43051-1.c -O2 -flto -fno-use-linker-plugin -flto-partition=none line 40 v == 1
FAIL: gcc.dg/guality/pr43051-1.c -O2 -flto -fuse-linker-plugin -fno-fat-lto-objects line 35 v == 1
FAIL: gcc.dg/guality/pr43051-1.c -O2 -flto -fuse-linker-plugin -fno-fat-lto-objects line 40 v == 1
FAIL: gcc.dg/guality/pr43051-1.c -O3 -fomit-frame-pointer -funroll-loops -fpeel-loops -ftracer -finline-functions line 35 v == 1
FAIL: gcc.dg/guality/pr43051-1.c -O3 -fomit-frame-pointer -funroll-loops -fpeel-loops -ftracer -finline-functions line 40 v == 1
FAIL: gcc.dg/guality/pr43051-1.c -O3 -g line 35 v == 1
FAIL: gcc.dg/guality/pr43051-1.c -O3 -g line 40 v == 1
FAIL: gcc.dg/guality/pr43051-1.c -Os line 40 v == 1
FAIL: gcc.dg/guality/pr45882.c -O2 -flto -fuse-linker-plugin -fno-fat-lto-objects line 16 d == 112
FAIL: gcc.dg/guality/pr45882.c -O2 -flto -fuse-linker-plugin -fno-fat-lto-objects line 16 e == 142
FAIL: gcc.dg/guality/pr54200.c -O1 line 20 z == 3
FAIL: gcc.dg/guality/pr54200.c -O2 line 20 z == 3
FAIL: gcc.dg/guality/pr54200.c -O2 -flto -fno-use-linker-plugin -flto-partition=none line 20 z == 3
FAIL: gcc.dg/guality/pr54200.c -O3 -g line 20 z == 3
FAIL: gcc.dg/guality/pr54200.c -Os line 20 z == 3
FAIL: gcc.dg/guality/pr54519-1.c -O1 line 20 x == 36
FAIL: gcc.dg/guality/pr54519-1.c -O1 line 20 y == 25
FAIL: gcc.dg/guality/pr54519-1.c -O1 line 23 x == 98
FAIL: gcc.dg/guality/pr54519-1.c -O1 line 23 y == 117
FAIL: gcc.dg/guality/pr54519-1.c -O2 line 20 x == 36
FAIL: gcc.dg/guality/pr54519-1.c -O2 line 23 x == 98
FAIL: gcc.dg/guality/pr54519-1.c -O2 -flto -fno-use-linker-plugin -flto-partition=none line 20 x == 36
FAIL: gcc.dg/guality/pr54519-1.c -O2 -flto -fno-use-linker-plugin -flto-partition=none line 20 y == 25
FAIL: gcc.dg/guality/pr54519-1.c -O2 -flto -fno-use-linker-plugin -flto-partition=none line 20 z == 6
FAIL: gcc.dg/guality/pr54519-1.c -O2 -flto -fno-use-linker-plugin -flto-partition=none line 23 x == 98
FAIL: gcc.dg/guality/pr54519-1.c -O2 -flto -fno-use-linker-plugin -flto-partition=none line 23 y == 117
FAIL: gcc.dg/guality/pr54519-1.c -O2 -flto -fno-use-linker-plugin -flto-partition=none line 23 z == 8
FAIL: gcc.dg/guality/pr54519-1.c -Os line 20 x == 36
FAIL: gcc.dg/guality/pr54519-1.c -Os line 23 x == 98
FAIL: gcc.dg/guality/pr54519-2.c -O1 line 17 x == 6
FAIL: gcc.dg/guality/pr54519-2.c -O2 -flto -fno-use-linker-plugin -flto-partition=none line 17 y == 25
FAIL: gcc.dg/guality/pr54519-2.c -O2 -flto -fuse-linker-plugin -fno-fat-lto-objects line 17 y == 25
UNRESOLVED: gcc.dg/guality/pr54519-3.c -O0 line 23 z == 8
ERROR: gcc.dg/guality/pr54519-3.c -O0 : error executing dg-final: couldn't fork child process: resource temporarily unavailable
FAIL: gcc.dg/guality/pr54519-3.c -O1 (test for excess errors)
UNRESOLVED: gcc.dg/guality/pr54519-3.c -O1 compilation failed to produce executable
FAIL: gcc.dg/guality/pr54519-3.c -O2 (test for excess errors)
UNRESOLVED: gcc.dg/guality/pr54519-3.c -O2 compilation failed to produce executable
FAIL: gcc.dg/guality/pr54519-3.c -O2 -flto -fno-use-linker-plugin -flto-partition=none line 20 y == 25
FAIL: gcc.dg/guality/pr54519-3.c -O2 -flto -fno-use-linker-plugin -flto-partition=none line 20 z == 6
FAIL: gcc.dg/guality/pr54519-3.c -O2 -flto -fno-use-linker-plugin -flto-partition=none line 23 y == 117
FAIL: gcc.dg/guality/pr54519-3.c -O2 -flto -fno-use-linker-plugin -flto-partition=none line 23 z == 8
FAIL: gcc.dg/guality/pr54519-3.c -O2 -flto -fuse-linker-plugin -fno-fat-lto-objects line 20 y == 25
FAIL: gcc.dg/guality/pr54519-3.c -O2 -flto -fuse-linker-plugin -fno-fat-lto-objects line 20 z == 6
FAIL: gcc.dg/guality/pr54519-3.c -O2 -flto -fuse-linker-plugin -fno-fat-lto-objects line 23 y == 117
FAIL: gcc.dg/guality/pr54519-3.c -O2 -flto -fuse-linker-plugin -fno-fat-lto-objects line 23 z == 8
FAIL: gcc.dg/guality/pr54519-3.c -O3 -g (test for excess errors)
UNRESOLVED: gcc.dg/guality/pr54519-3.c -O3 -g compilation failed to produce executable
FAIL: gcc.dg/guality/pr54519-3.c -Os (test for excess errors)
UNRESOLVED: gcc.dg/guality/pr54519-3.c -Os compilation failed to produce executable
FAIL: gcc.dg/guality/pr54519-4.c -O1 line 17 x == 6
FAIL: gcc.dg/guality/pr54519-4.c -O1 line 17 y == 25
FAIL: gcc.dg/guality/pr54519-4.c -O2 line 17 y == 25
FAIL: gcc.dg/guality/pr54519-4.c -O2 -flto -fno-use-linker-plugin -flto-partition=none line 17 y == 25
FAIL: gcc.dg/guality/pr54519-4.c -O2 -flto -fuse-linker-plugin -fno-fat-lto-objects line 17 y == 25
FAIL: gcc.dg/guality/pr54519-4.c -O3 -g line 17 y == 25
FAIL: gcc.dg/guality/pr54519-4.c -Os line 17 y == 25
FAIL: gcc.dg/guality/pr54519-5.c -O1 line 17 x == 6
FAIL: gcc.dg/guality/pr54519-5.c -O1 line 17 y == 25
FAIL: gcc.dg/guality/pr54519-5.c -O2 line 17 y == 25
FAIL: gcc.dg/guality/pr54519-5.c -O2 -flto -fno-use-linker-plugin -flto-partition=none line 17 y == 25
FAIL: gcc.dg/guality/pr54519-5.c -O2 -flto -fuse-linker-plugin -fno-fat-lto-objects line 17 y == 25
FAIL: gcc.dg/guality/pr54519-5.c -O3 -g line 17 y == 25
FAIL: gcc.dg/guality/pr54519-5.c -Os line 17 y == 25
FAIL: gcc.dg/guality/pr54551.c -O1 line 18 a == 4
FAIL: gcc.dg/guality/pr54551.c -O2 line 18 a == 4
FAIL: gcc.dg/guality/pr54551.c -O2 -flto -fno-use-linker-plugin -flto-partition=none line 18 a == 4
FAIL: gcc.dg/guality/pr54551.c -O3 -g line 18 a == 4
FAIL: gcc.dg/guality/pr54551.c -Os line 18 a == 4
FAIL: gcc.dg/guality/pr54693-2.c -O1 line 21 x == 10 - i
FAIL: gcc.dg/guality/pr54693-2.c -O1 line 21 y == 20 - 2 * i
FAIL: gcc.dg/guality/pr54693-2.c -O2 line 21 x == 10 - i
FAIL: gcc.dg/guality/pr54693-2.c -O2 line 21 y == 20 - 2 * i
FAIL: gcc.dg/guality/pr54693-2.c -O2 line 21 z == 30 - 3 * i
FAIL: gcc.dg/guality/pr54693-2.c -O2 -flto -fno-use-linker-plugin -flto-partition=none line 21 x == 10 - i
FAIL: gcc.dg/guality/pr54693-2.c -O2 -flto -fno-use-linker-plugin -flto-partition=none line 21 y == 20 - 2 * i
FAIL: gcc.dg/guality/pr54693-2.c -O2 -flto -fno-use-linker-plugin -flto-partition=none line 21 z == 30 - 3 * i
FAIL: gcc.dg/guality/pr54693-2.c -O2 -flto -fuse-linker-plugin -fno-fat-lto-objects line 21 y == 20 - 2 * i
FAIL: gcc.dg/guality/pr54693-2.c -O2 -flto -fuse-linker-plugin -fno-fat-lto-objects line 21 z == 30 - 3 * i
FAIL: gcc.dg/guality/pr54693-2.c -O3 -fomit-frame-pointer -funroll-loops -fpeel-loops -ftracer -finline-functions line 21 x == 10 - i
FAIL: gcc.dg/guality/pr54693-2.c -O3 -fomit-frame-pointer -funroll-loops -fpeel-loops -ftracer -finline-functions line 21 y == 20 - 2 * i
FAIL: gcc.dg/guality/pr54693-2.c -O3 -fomit-frame-pointer -funroll-loops -fpeel-loops -ftracer -finline-functions line 21 z == 30 - 3 * i
FAIL: gcc.dg/guality/pr54693-2.c -O3 -g line 21 x == 10 - i
FAIL: gcc.dg/guality/pr54693-2.c -O3 -g line 21 y == 20 - 2 * i
FAIL: gcc.dg/guality/pr54693-2.c -O3 -g line 21 z == 30 - 3 * i
FAIL: gcc.dg/guality/pr54693-2.c -Os line 21 y == 20 - 2 * i
FAIL: gcc.dg/guality/pr54693-2.c -Os line 21 z == 30 - 3 * i
FAIL: gcc.dg/guality/pr54693.c -O1 line 22 i == c - 48
FAIL: gcc.dg/guality/pr54693.c -O2 line 22 i == c - 48
FAIL: gcc.dg/guality/pr54693.c -O2 -flto -fno-use-linker-plugin -flto-partition=none line 22 i == c - 48
FAIL: gcc.dg/guality/pr54693.c -O2 -flto -fuse-linker-plugin -fno-fat-lto-objects line 22 i == c - 48
FAIL: gcc.dg/guality/pr54693.c -O3 -fomit-frame-pointer -funroll-loops -fpeel-loops -ftracer -finline-functions line 22 i == c - 48
FAIL: gcc.dg/guality/pr54693.c -O3 -g line 22 i == c - 48
FAIL: gcc.dg/guality/pr54693.c -Os line 22 i == c - 48
UNRESOLVED: gcc.dg/guality/pr54970.c -O0 line 45 p[-2] == 4
ERROR: gcc.dg/guality/pr54970.c -O0 : error executing dg-final: couldn't fork child process: resource temporarily unavailable
FAIL: gcc.dg/guality/pr54970.c -O1 (test for excess errors)
UNRESOLVED: gcc.dg/guality/pr54970.c -O1 compilation failed to produce executable
FAIL: gcc.dg/guality/pr58791-2.c -O2 -flto -fno-use-linker-plugin -flto-partition=none line pr58791-2.c:27 d & 1 == 1
FAIL: gcc.dg/guality/pr58791-5.c -O2 -flto -fno-use-linker-plugin -flto-partition=none (test for excess errors)
UNRESOLVED: gcc.dg/guality/pr58791-5.c -O2 -flto -fno-use-linker-plugin -flto-partition=none compilation failed to produce executable
UNRESOLVED: gcc.dg/guality/pr58791-5.c -Os line pr58791-5.c:20 b3 == 585
ERROR: gcc.dg/guality/pr58791-5.c -Os : error executing dg-final: couldn't fork child process: resource temporarily unavailable
FAIL: gcc.dg/guality/pr68860-1.c -O2 -flto -fno-use-linker-plugin -flto-partition=none line 14 arg1 == 1
FAIL: gcc.dg/guality/pr68860-1.c -O2 -flto -fno-use-linker-plugin -flto-partition=none line 14 arg2 == 2
FAIL: gcc.dg/guality/pr68860-1.c -O2 -flto -fno-use-linker-plugin -flto-partition=none line 14 arg3 == 3
FAIL: gcc.dg/guality/pr68860-1.c -O2 -flto -fno-use-linker-plugin -flto-partition=none line 14 arg4 == 4
FAIL: gcc.dg/guality/pr68860-1.c -O2 -flto -fno-use-linker-plugin -flto-partition=none line 14 arg5 == 5
FAIL: gcc.dg/guality/pr68860-1.c -O2 -flto -fno-use-linker-plugin -flto-partition=none line 14 arg6 == 6
FAIL: gcc.dg/guality/pr68860-1.c -O2 -flto -fno-use-linker-plugin -flto-partition=none line 16 arg1 == 1
FAIL: gcc.dg/guality/pr68860-1.c -O2 -flto -fno-use-linker-plugin -flto-partition=none line 16 arg2 == 2
FAIL: gcc.dg/guality/pr68860-1.c -O2 -flto -fno-use-linker-plugin -flto-partition=none line 16 arg3 == 3
FAIL: gcc.dg/guality/pr68860-1.c -O2 -flto -fno-use-linker-plugin -flto-partition=none line 16 arg4 == 4
FAIL: gcc.dg/guality/pr68860-1.c -O2 -flto -fno-use-linker-plugin -flto-partition=none line 16 arg5 == 5
FAIL: gcc.dg/guality/pr68860-1.c -O2 -flto -fno-use-linker-plugin -flto-partition=none line 16 arg6 == 6
UNRESOLVED: gcc.dg/guality/pr68860-1.c -O2 -flto -fno-use-linker-plugin -flto-partition=none line 16 arg7 == 30
ERROR: gcc.dg/guality/pr68860-1.c -O2 -flto -fno-use-linker-plugin -flto-partition=none : error executing dg-final: couldn't fork child process: resource temporarily unavailable
FAIL: gcc.dg/guality/pr68860-1.c -O2 -flto -fuse-linker-plugin -fno-fat-lto-objects (test for excess errors)
UNRESOLVED: gcc.dg/guality/pr68860-1.c -O2 -flto -fuse-linker-plugin -fno-fat-lto-objects compilation failed to produce executable
FAIL: gcc.dg/guality/pr68860-2.c -O0 (test for excess errors)
UNRESOLVED: gcc.dg/guality/pr68860-2.c -O0 compilation failed to produce executable
FAIL: gcc.dg/guality/sra-1.c -O1 line 43 a.j == 14
FAIL: gcc.dg/guality/sra-1.c -Os line 43 a.j == 14
FAIL: gcc.dg/guality/vla-1.c -O1 line 17 sizeof (a) == 6
FAIL: gcc.dg/guality/vla-1.c -O2 line 17 sizeof (a) == 6
FAIL: gcc.dg/guality/vla-1.c -O2 -flto -fno-use-linker-plugin -flto-partition=none line 17 sizeof (a) == 6
FAIL: gcc.dg/guality/vla-1.c -O2 -flto -fuse-linker-plugin -fno-fat-lto-objects line 17 sizeof (a) == 6
FAIL: gcc.dg/guality/vla-1.c -O3 -g line 17 sizeof (a) == 6
FAIL: gcc.dg/guality/vla-1.c -Os line 17 sizeof (a) == 6
FAIL: gcc.dg/ipa/iinline-attr.c scan-ipa-dump inline "hooray[^\\\\n]*inline copy in test"
FAIL: gcc.dg/torture/pr61391.c -O2 -flto -fno-use-linker-plugin -flto-partition=none (test for excess errors)
FAIL: gcc.dg/torture/pr61391.c -O2 -flto -fuse-linker-plugin -fno-fat-lto-objects (test for excess errors)
FAIL: gcc.dg/torture/pr61391.c -O3 -g (test for excess errors)
FAIL: gcc.dg/torture/pr61391.c -Os (test for excess errors)
FAIL: gcc.dg/torture/pr61438.c -O0 (test for excess errors)
UNRESOLVED: gcc.dg/torture/pr61438.c -O0 compilation failed to produce executable
FAIL: gcc.dg/torture/pr61438.c -O1 (test for excess errors)
UNRESOLVED: gcc.dg/torture/pr61438.c -O1 compilation failed to produce executable
FAIL: gcc.dg/torture/pr61438.c -O2 (test for excess errors)
UNRESOLVED: gcc.dg/torture/pr61438.c -O2 compilation failed to produce executable
FAIL: gcc.dg/torture/pr61438.c -O2 -flto -fno-use-linker-plugin -flto-partition=none (test for excess errors)
UNRESOLVED: gcc.dg/torture/pr61438.c -O2 -flto -fno-use-linker-plugin -flto-partition=none compilation failed to produce executable
FAIL: gcc.dg/torture/pr61438.c -O2 -flto -fuse-linker-plugin -fno-fat-lto-objects (test for excess errors)
UNRESOLVED: gcc.dg/torture/pr61438.c -O2 -flto -fuse-linker-plugin -fno-fat-lto-objects compilation failed to produce executable
FAIL: gcc.dg/torture/pr61438.c -O3 -fomit-frame-pointer -funroll-loops -fpeel-loops -ftracer -finline-functions (test for excess errors)
UNRESOLVED: gcc.dg/torture/pr61438.c -O3 -fomit-frame-pointer -funroll-loops -fpeel-loops -ftracer -finline-functions compilation failed to produce executable
FAIL: gcc.dg/torture/pr61438.c -O3 -g (test for excess errors)
UNRESOLVED: gcc.dg/torture/pr61438.c -O3 -g compilation failed to produce executable
FAIL: gcc.dg/torture/pr61438.c -Os (test for excess errors)
UNRESOLVED: gcc.dg/torture/pr61438.c -Os compilation failed to produce executable
FAIL: gcc.dg/torture/pr66101.c -O0 (test for excess errors)
FAIL: gcc.dg/torture/pr66101.c -O1 (test for excess errors)
FAIL: gcc.dg/torture/pr66101.c -O2 (test for excess errors)
FAIL: gcc.dg/torture/pr66101.c -O2 -flto -fno-use-linker-plugin -flto-partition=none (test for excess errors)
FAIL: gcc.dg/torture/pr66101.c -O2 -flto -fuse-linker-plugin -fno-fat-lto-objects (test for excess errors)
FAIL: gcc.dg/torture/pr66101.c -O3 -fomit-frame-pointer -funroll-loops -fpeel-loops -ftracer -finline-functions (test for excess errors)
FAIL: gcc.dg/torture/pr66101.c -O3 -g (test for excess errors)
FAIL: gcc.dg/torture/pr66101.c -Os (test for excess errors)
FAIL: gcc.dg/torture/pr66165.c -O0 (test for excess errors)
FAIL: gcc.dg/torture/pr66165.c -O1 (test for excess errors)
FAIL: gcc.dg/torture/pr66165.c -O2 (test for excess errors)
FAIL: gcc.dg/torture/pr66165.c -O2 -flto -fno-use-linker-plugin -flto-partition=none (test for excess errors)
FAIL: gcc.dg/torture/pr66165.c -O2 -flto -fuse-linker-plugin -fno-fat-lto-objects (test for excess errors)
FAIL: gcc.dg/torture/pr66165.c -O3 -g (test for excess errors)
FAIL: gcc.dg/torture/pr66165.c -Os (test for excess errors)
FAIL: gcc.dg/torture/pr66733-1.c -O2 -flto -fno-use-linker-plugin -flto-partition=none (test for excess errors)
FAIL: gcc.dg/torture/pr66733-1.c -O2 -flto -fuse-linker-plugin -fno-fat-lto-objects (test for excess errors)
FAIL: gcc.dg/torture/pr66733-2.c -O0 (test for excess errors)
FAIL: gcc.dg/torture/pr66733-2.c -O1 (test for excess errors)
FAIL: gcc.dg/torture/pr66733-2.c -O2 (test for excess errors)
FAIL: gcc.dg/torture/pr66733-2.c -O2 -flto -fno-use-linker-plugin -flto-partition=none (test for excess errors)
FAIL: gcc.dg/torture/pr66733-2.c -O2 -flto -fuse-linker-plugin -fno-fat-lto-objects (test for excess errors)
FAIL: gcc.dg/torture/pr66733-2.c -O3 -fomit-frame-pointer -funroll-loops -fpeel-loops -ftracer -finline-functions (test for excess errors)
FAIL: gcc.dg/torture/pr66733-2.c -O3 -g (test for excess errors)
FAIL: gcc.dg/torture/pr66733-2.c -Os (test for excess errors)
FAIL: gcc.dg/torture/pr66894.c -O0 (test for excess errors)
UNRESOLVED: gcc.dg/torture/pr66894.c -O0 compilation failed to produce executable
FAIL: gcc.dg/torture/pr66894.c -O1 (test for excess errors)
UNRESOLVED: gcc.dg/torture/pr66894.c -O1 compilation failed to produce executable
FAIL: gcc.dg/torture/pr66894.c -O2 (test for excess errors)
UNRESOLVED: gcc.dg/torture/pr66894.c -O2 compilation failed to produce executable
FAIL: gcc.dg/torture/pr66894.c -O2 -flto -fno-use-linker-plugin -flto-partition=none (test for excess errors)
UNRESOLVED: gcc.dg/torture/pr66894.c -O2 -flto -fno-use-linker-plugin -flto-partition=none compilation failed to produce executable
FAIL: gcc.dg/torture/pr66894.c -O2 -flto -fuse-linker-plugin -fno-fat-lto-objects (test for excess errors)
UNRESOLVED: gcc.dg/torture/pr66894.c -O2 -flto -fuse-linker-plugin -fno-fat-lto-objects compilation failed to produce executable
FAIL: gcc.dg/torture/pr66894.c -O3 -fomit-frame-pointer -funroll-loops -fpeel-loops -ftracer -finline-functions (test for excess errors)
UNRESOLVED: gcc.dg/torture/pr66894.c -O3 -fomit-frame-pointer -funroll-loops -fpeel-loops -ftracer -finline-functions compilation failed to produce executable
FAIL: gcc.dg/torture/pr66894.c -O3 -g (test for excess errors)
UNRESOLVED: gcc.dg/torture/pr66894.c -O3 -g compilation failed to produce executable
FAIL: gcc.dg/torture/pr66894.c -Os (test for excess errors)
UNRESOLVED: gcc.dg/torture/pr66894.c -Os compilation failed to produce executable
FAIL: gcc.dg/torture/pr66945.c -O0 (test for warnings, line 9)
FAIL: gcc.dg/torture/pr66945.c -O0 (test for excess errors)
FAIL: gcc.dg/torture/pr66945.c -O1 (test for warnings, line 9)
FAIL: gcc.dg/torture/pr66945.c -O1 (test for excess errors)
FAIL: gcc.dg/torture/pr66945.c -O2 (test for warnings, line 9)
FAIL: gcc.dg/torture/pr66945.c -O2 (test for excess errors)
FAIL: gcc.dg/torture/pr66945.c -O2 -flto -fno-use-linker-plugin -flto-partition=none (test for warnings, line 9)
FAIL: gcc.dg/torture/pr66945.c -O2 -flto -fno-use-linker-plugin -flto-partition=none (test for excess errors)
FAIL: gcc.dg/torture/pr66945.c -O2 -flto -fuse-linker-plugin -fno-fat-lto-objects (test for warnings, line 9)
FAIL: gcc.dg/torture/pr66945.c -O2 -flto -fuse-linker-plugin -fno-fat-lto-objects (test for excess errors)
FAIL: gcc.dg/torture/pr66945.c -O3 -fomit-frame-pointer -funroll-loops -fpeel-loops -ftracer -finline-functions (test for warnings, line 9)
FAIL: gcc.dg/torture/pr66945.c -O3 -fomit-frame-pointer -funroll-loops -fpeel-loops -ftracer -finline-functions (test for excess errors)
FAIL: gcc.dg/torture/pr66945.c -O3 -g (test for warnings, line 9)
FAIL: gcc.dg/torture/pr66945.c -O3 -g (test for excess errors)
FAIL: gcc.dg/torture/pr66945.c -Os (test for warnings, line 9)
FAIL: gcc.dg/torture/pr66945.c -Os (test for excess errors)
FAIL: gcc.dg/torture/pr66949-1.c -O0 (test for excess errors)
FAIL: gcc.dg/torture/pr66949-1.c -O1 (test for excess errors)
FAIL: gcc.dg/torture/pr66949-1.c -O2 (test for excess errors)
FAIL: gcc.dg/torture/pr66949-1.c -O2 -flto -fno-use-linker-plugin -flto-partition=none (test for excess errors)
FAIL: gcc.dg/torture/pr66949-1.c -O2 -flto -fuse-linker-plugin -fno-fat-lto-objects (test for excess errors)
FAIL: gcc.dg/torture/pr66949-1.c -O3 -fomit-frame-pointer -funroll-loops -fpeel-loops -ftracer -finline-functions (test for excess errors)
FAIL: gcc.dg/torture/pr66949-1.c -O3 -g (test for excess errors)
FAIL: gcc.dg/torture/pr66949-1.c -Os (test for excess errors)
FAIL: gcc.dg/torture/pr67133.c -O2 -flto -fuse-linker-plugin -fno-fat-lto-objects (test for excess errors)
FAIL: gcc.dg/torture/pr67191.c -O0 (test for excess errors)
FAIL: gcc.dg/torture/pr67191.c -O1 (test for excess errors)
FAIL: gcc.dg/torture/pr67191.c -O2 (test for excess errors)
FAIL: gcc.dg/torture/pr67191.c -O2 -flto -fno-use-linker-plugin -flto-partition=none (test for excess errors)
FAIL: gcc.dg/torture/pr67191.c -O2 -flto -fuse-linker-plugin -fno-fat-lto-objects (test for excess errors)
FAIL: gcc.dg/torture/pr67191.c -O3 -fomit-frame-pointer -funroll-loops -fpeel-loops -ftracer -finline-functions (test for excess errors)
FAIL: gcc.dg/torture/pr67191.c -O3 -g (test for excess errors)
FAIL: gcc.dg/torture/pr67191.c -Os (test for excess errors)
FAIL: gcc.dg/torture/pr67221.c -O0 (test for excess errors)
FAIL: gcc.dg/torture/pr67221.c -O1 (test for excess errors)
FAIL: gcc.dg/torture/pr67221.c -O2 (test for excess errors)
FAIL: gcc.dg/torture/pr67221.c -O2 -flto -fno-use-linker-plugin -flto-partition=none (test for excess errors)
FAIL: gcc.dg/torture/pr67221.c -O2 -flto -fuse-linker-plugin -fno-fat-lto-objects (test for excess errors)
FAIL: gcc.dg/torture/pr67221.c -O3 -fomit-frame-pointer -funroll-loops -fpeel-loops -ftracer -finline-functions (test for excess errors)
FAIL: gcc.dg/torture/pr67221.c -O3 -g (test for excess errors)
FAIL: gcc.dg/torture/pr67221.c -Os (test for excess errors)
FAIL: gcc.dg/torture/pr67222.c -O0 (test for warnings, line 7)
FAIL: gcc.dg/torture/pr67222.c -O0 (test for excess errors)
FAIL: gcc.dg/torture/pr67222.c -O1 (test for warnings, line 7)
FAIL: gcc.dg/torture/pr67222.c -O1 (test for excess errors)
FAIL: gcc.dg/torture/pr67222.c -O2 (test for warnings, line 7)
FAIL: gcc.dg/torture/pr67222.c -O2 (test for excess errors)
FAIL: gcc.dg/torture/pr67222.c -O2 -flto -fno-use-linker-plugin -flto-partition=none (test for warnings, line 7)
FAIL: gcc.dg/torture/pr67222.c -O2 -flto -fno-use-linker-plugin -flto-partition=none (test for excess errors)
FAIL: gcc.dg/torture/pr67222.c -O2 -flto -fuse-linker-plugin -fno-fat-lto-objects (test for warnings, line 7)
FAIL: gcc.dg/torture/pr67222.c -O2 -flto -fuse-linker-plugin -fno-fat-lto-objects (test for excess errors)
FAIL: gcc.dg/torture/pr67222.c -O3 -g (test for warnings, line 7)
FAIL: gcc.dg/torture/pr67222.c -O3 -g (test for excess errors)
FAIL: gcc.dg/torture/pr67222.c -Os (test for warnings, line 7)
FAIL: gcc.dg/torture/pr67222.c -Os (test for excess errors)
FAIL: gcc.dg/torture/pr67609.c -O2 -flto -fno-use-linker-plugin -flto-partition=none (test for excess errors)
UNRESOLVED: gcc.dg/torture/pr67609.c -O2 -flto -fno-use-linker-plugin -flto-partition=none compilation failed to produce executable
FAIL: gcc.dg/torture/pr67609.c -O2 -flto -fuse-linker-plugin -fno-fat-lto-objects (test for excess errors)
UNRESOLVED: gcc.dg/torture/pr67609.c -O2 -flto -fuse-linker-plugin -fno-fat-lto-objects compilation failed to produce executable
FAIL: gcc.dg/torture/pr67690.c -O0 (test for excess errors)
UNRESOLVED: gcc.dg/torture/pr67690.c -O0 compilation failed to produce executable
FAIL: gcc.dg/torture/pr67690.c -O1 (test for excess errors)
UNRESOLVED: gcc.dg/torture/pr67690.c -O1 compilation failed to produce executable
FAIL: gcc.dg/torture/pr67690.c -O2 (test for excess errors)
UNRESOLVED: gcc.dg/torture/pr67690.c -O2 compilation failed to produce executable
FAIL: gcc.dg/torture/pr67690.c -O2 -flto -fno-use-linker-plugin -flto-partition=none (test for excess errors)
UNRESOLVED: gcc.dg/torture/pr67690.c -O2 -flto -fno-use-linker-plugin -flto-partition=none compilation failed to produce executable
FAIL: gcc.dg/torture/pr67690.c -O2 -flto -fuse-linker-plugin -fno-fat-lto-objects (test for excess errors)
UNRESOLVED: gcc.dg/torture/pr67690.c -O2 -flto -fuse-linker-plugin -fno-fat-lto-objects compilation failed to produce executable
FAIL: gcc.dg/torture/pr67690.c -O3 -g (test for excess errors)
UNRESOLVED: gcc.dg/torture/pr67690.c -O3 -g compilation failed to produce executable
FAIL: gcc.dg/torture/pr67690.c -Os (test for excess errors)
UNRESOLVED: gcc.dg/torture/pr67690.c -Os compilation failed to produce executable
FAIL: gcc.dg/torture/pr67736.c -O0 (test for excess errors)
UNRESOLVED: gcc.dg/torture/pr67736.c -O0 compilation failed to produce executable
FAIL: gcc.dg/torture/pr67736.c -O1 (test for excess errors)
UNRESOLVED: gcc.dg/torture/pr67736.c -O1 compilation failed to produce executable
FAIL: gcc.dg/torture/pr67736.c -O2 (test for excess errors)
UNRESOLVED: gcc.dg/torture/pr67736.c -O2 compilation failed to produce executable
FAIL: gcc.dg/torture/pr67736.c -O2 -flto -fno-use-linker-plugin -flto-partition=none (test for excess errors)
UNRESOLVED: gcc.dg/torture/pr67736.c -O2 -flto -fno-use-linker-plugin -flto-partition=none compilation failed to produce executable
FAIL: gcc.dg/torture/pr67736.c -O2 -flto -fuse-linker-plugin -fno-fat-lto-objects (test for excess errors)
UNRESOLVED: gcc.dg/torture/pr67736.c -O2 -flto -fuse-linker-plugin -fno-fat-lto-objects compilation failed to produce executable
FAIL: gcc.dg/torture/pr67736.c -O3 -g (test for excess errors)
UNRESOLVED: gcc.dg/torture/pr67736.c -O3 -g compilation failed to produce executable
FAIL: gcc.dg/torture/pr67736.c -Os (test for excess errors)
UNRESOLVED: gcc.dg/torture/pr67736.c -Os compilation failed to produce executable
FAIL: gcc.dg/torture/pr67741.c -O0 (test for warnings, line 8)
FAIL: gcc.dg/torture/pr67741.c -O0 (test for excess errors)
FAIL: gcc.dg/torture/pr67741.c -O1 (test for warnings, line 8)
FAIL: gcc.dg/torture/pr67741.c -O1 (test for excess errors)
FAIL: gcc.dg/torture/pr67741.c -O2 (test for warnings, line 8)
FAIL: gcc.dg/torture/pr67741.c -O2 (test for excess errors)
FAIL: gcc.dg/torture/pr67741.c -O2 -flto -fno-use-linker-plugin -flto-partition=none (test for warnings, line 8)
FAIL: gcc.dg/torture/pr67741.c -O2 -flto -fno-use-linker-plugin -flto-partition=none (test for excess errors)
FAIL: gcc.dg/torture/pr67741.c -O2 -flto -fuse-linker-plugin -fno-fat-lto-objects (test for warnings, line 8)
FAIL: gcc.dg/torture/pr67741.c -O2 -flto -fuse-linker-plugin -fno-fat-lto-objects (test for excess errors)
FAIL: gcc.dg/torture/pr67741.c -O3 -g (test for warnings, line 8)
FAIL: gcc.dg/torture/pr67741.c -O3 -g (test for excess errors)
FAIL: gcc.dg/torture/pr67741.c -Os (test for warnings, line 8)
FAIL: gcc.dg/torture/pr67741.c -Os (test for excess errors)
FAIL: gcc.dg/torture/pr67769.c -O0 (test for excess errors)
UNRESOLVED: gcc.dg/torture/pr67769.c -O0 compilation failed to produce executable
FAIL: gcc.dg/torture/pr67769.c -O1 (test for excess errors)
UNRESOLVED: gcc.dg/torture/pr67769.c -O1 compilation failed to produce executable
FAIL: gcc.dg/torture/pr67769.c -O2 (test for excess errors)
UNRESOLVED: gcc.dg/torture/pr67769.c -O2 compilation failed to produce executable
FAIL: gcc.dg/torture/pr67769.c -O2 -flto -fno-use-linker-plugin -flto-partition=none (test for excess errors)
UNRESOLVED: gcc.dg/torture/pr67769.c -O2 -flto -fno-use-linker-plugin -flto-partition=none compilation failed to produce executable
FAIL: gcc.dg/torture/pr67769.c -O2 -flto -fuse-linker-plugin -fno-fat-lto-objects (test for excess errors)
UNRESOLVED: gcc.dg/torture/pr67769.c -O2 -flto -fuse-linker-plugin -fno-fat-lto-objects compilation failed to produce executable
FAIL: gcc.dg/torture/pr67769.c -O3 -g (test for excess errors)
UNRESOLVED: gcc.dg/torture/pr67769.c -O3 -g compilation failed to produce executable
FAIL: gcc.dg/torture/pr67769.c -Os (test for excess errors)
UNRESOLVED: gcc.dg/torture/pr67769.c -Os compilation failed to produce executable
FAIL: gcc.dg/torture/pr67794.c -O0 (test for excess errors)
FAIL: gcc.dg/torture/pr67794.c -O1 (test for excess errors)
FAIL: gcc.dg/torture/pr67794.c -O2 (test for excess errors)
FAIL: gcc.dg/torture/pr68083.c -O2 -flto -fno-use-linker-plugin -flto-partition=none (test for excess errors)
UNRESOLVED: gcc.dg/torture/pr68083.c -O2 -flto -fno-use-linker-plugin -flto-partition=none compilation failed to produce executable
FAIL: gcc.dg/torture/pr68083.c -O2 -flto -fuse-linker-plugin -fno-fat-lto-objects (test for excess errors)
UNRESOLVED: gcc.dg/torture/pr68083.c -O2 -flto -fuse-linker-plugin -fno-fat-lto-objects compilation failed to produce executable
FAIL: gcc.dg/torture/pr68104.c -O0 (test for excess errors)
FAIL: gcc.dg/torture/pr68104.c -O1 (test for excess errors)
FAIL: gcc.dg/torture/pr68104.c -O2 (test for excess errors)
FAIL: gcc.dg/torture/pr68104.c -O2 -flto -fno-use-linker-plugin -flto-partition=none (test for excess errors)
FAIL: gcc.dg/torture/pr68104.c -O2 -flto -fuse-linker-plugin -fno-fat-lto-objects (test for excess errors)
FAIL: gcc.dg/torture/pr68104.c -O3 -fomit-frame-pointer -funroll-loops -fpeel-loops -ftracer -finline-functions (test for excess errors)
FAIL: gcc.dg/torture/pr68104.c -O3 -g (test for excess errors)
FAIL: gcc.dg/torture/pr68104.c -Os (test for excess errors)
FAIL: gcc.dg/torture/pr68240.c -O0 (test for excess errors)
FAIL: gcc.dg/torture/pr68240.c -O1 (test for excess errors)
FAIL: gcc.dg/torture/pr68240.c -O2 (test for excess errors)
FAIL: gcc.dg/torture/pr68240.c -O2 -flto -fno-use-linker-plugin -flto-partition=none (test for excess errors)
FAIL: gcc.dg/torture/pr68240.c -O2 -flto -fuse-linker-plugin -fno-fat-lto-objects (test for excess errors)
FAIL: gcc.dg/torture/pr68240.c -O3 -fomit-frame-pointer -funroll-loops -fpeel-loops -ftracer -finline-functions (test for excess errors)
FAIL: gcc.dg/torture/pr68240.c -O3 -g (test for excess errors)
FAIL: gcc.dg/torture/pr68240.c -Os (test for excess errors)
FAIL: gcc.dg/torture/pr68517.c -O2 (test for excess errors)
FAIL: gcc.dg/torture/pr69186.c -O2 -flto -fno-use-linker-plugin -flto-partition=none (test for excess errors)
FAIL: gcc.dg/torture/pr69186.c -O2 -flto -fuse-linker-plugin -fno-fat-lto-objects (test for excess errors)
FAIL: gcc.dg/torture/pr69186.c -O3 -g (test for excess errors)
FAIL: gcc.dg/torture/pr69186.c -Os (test for excess errors)
FAIL: gcc.dg/torture/pr69242.c -O0 (test for excess errors)
FAIL: gcc.dg/torture/pr69242.c -O1 (test for excess errors)
FAIL: gcc.dg/torture/pr69242.c -O2 (test for excess errors)
FAIL: gcc.dg/torture/pr69242.c -O2 -flto -fno-use-linker-plugin -flto-partition=none (test for excess errors)
FAIL: gcc.dg/torture/pr69242.c -O2 -flto -fuse-linker-plugin -fno-fat-lto-objects (test for excess errors)
FAIL: gcc.dg/torture/pr69242.c -O3 -g (test for excess errors)
FAIL: gcc.dg/torture/pr69242.c -Os (test for excess errors)
FAIL: gcc.dg/torture/pr69352.c -O0 (test for excess errors)
FAIL: gcc.dg/torture/pr69352.c -O1 (test for excess errors)
FAIL: gcc.dg/torture/pr69352.c -O2 (test for excess errors)
FAIL: gcc.dg/torture/pr69352.c -O2 -flto -fno-use-linker-plugin -flto-partition=none (test for excess errors)
FAIL: gcc.dg/torture/pr69352.c -O2 -flto -fuse-linker-plugin -fno-fat-lto-objects (test for excess errors)
FAIL: gcc.dg/torture/pr69352.c -O3 -fomit-frame-pointer -funroll-loops -fpeel-loops -ftracer -finline-functions (test for excess errors)
FAIL: gcc.dg/torture/pr69352.c -O3 -g (test for excess errors)
FAIL: gcc.dg/torture/pr69352.c -Os (test for excess errors)
FAIL: gcc.dg/torture/pr69376.c -O0 (test for excess errors)
UNRESOLVED: gcc.dg/torture/pr69376.c -O0 compilation failed to produce executable
FAIL: gcc.dg/torture/pr69376.c -O1 (test for excess errors)
UNRESOLVED: gcc.dg/torture/pr69376.c -O1 compilation failed to produce executable
FAIL: gcc.dg/torture/pr69376.c -O2 (test for excess errors)
UNRESOLVED: gcc.dg/torture/pr69376.c -O2 compilation failed to produce executable
FAIL: gcc.dg/torture/pr69376.c -O2 -flto -fno-use-linker-plugin -flto-partition=none (test for excess errors)
UNRESOLVED: gcc.dg/torture/pr69376.c -O2 -flto -fno-use-linker-plugin -flto-partition=none compilation failed to produce executable
FAIL: gcc.dg/torture/pr69376.c -O2 -flto -fuse-linker-plugin -fno-fat-lto-objects (test for excess errors)
UNRESOLVED: gcc.dg/torture/pr69376.c -O2 -flto -fuse-linker-plugin -fno-fat-lto-objects compilation failed to produce executable
FAIL: gcc.dg/torture/pr69376.c -O3 -g (test for excess errors)
UNRESOLVED: gcc.dg/torture/pr69376.c -O3 -g compilation failed to produce executable
FAIL: gcc.dg/torture/pr69376.c -Os (test for excess errors)
UNRESOLVED: gcc.dg/torture/pr69376.c -Os compilation failed to produce executable
FAIL: gcc.dg/torture/pr70307.c -O2 -flto -fno-use-linker-plugin -flto-partition=none (test for excess errors)
FAIL: gcc.dg/torture/pr70307.c -O2 -flto -fuse-linker-plugin -fno-fat-lto-objects (test for excess errors)
FAIL: gcc.dg/torture/pr70310.c -O0 (test for excess errors)
UNRESOLVED: gcc.dg/torture/pr70310.c -O0 compilation failed to produce executable
FAIL: gcc.dg/torture/pr70310.c -O1 (test for excess errors)
UNRESOLVED: gcc.dg/torture/pr70310.c -O1 compilation failed to produce executable
FAIL: gcc.dg/torture/pr70310.c -O2 (test for excess errors)
UNRESOLVED: gcc.dg/torture/pr70310.c -O2 compilation failed to produce executable
FAIL: gcc.dg/torture/pr70310.c -O2 -flto -fno-use-linker-plugin -flto-partition=none (test for excess errors)
UNRESOLVED: gcc.dg/torture/pr70310.c -O2 -flto -fno-use-linker-plugin -flto-partition=none compilation failed to produce executable
FAIL: gcc.dg/torture/pr70310.c -O2 -flto -fuse-linker-plugin -fno-fat-lto-objects (test for excess errors)
UNRESOLVED: gcc.dg/torture/pr70310.c -O2 -flto -fuse-linker-plugin -fno-fat-lto-objects compilation failed to produce executable
FAIL: gcc.dg/torture/pr70310.c -O3 -g (test for excess errors)
UNRESOLVED: gcc.dg/torture/pr70310.c -O3 -g compilation failed to produce executable
FAIL: gcc.dg/torture/pr70310.c -Os (test for excess errors)
UNRESOLVED: gcc.dg/torture/pr70310.c -Os compilation failed to produce executable
FAIL: gcc.dg/torture/pr70370.c -O0 (test for excess errors)
FAIL: gcc.dg/torture/pr70370.c -O1 (test for excess errors)
FAIL: gcc.dg/torture/pr70370.c -O2 (test for excess errors)
FAIL: gcc.dg/torture/pr70370.c -O2 -flto -fno-use-linker-plugin -flto-partition=none (test for excess errors)
FAIL: gcc.dg/torture/pr70370.c -O2 -flto -fuse-linker-plugin -fno-fat-lto-objects (test for excess errors)
FAIL: gcc.dg/torture/pr70370.c -O3 -g (test for excess errors)
FAIL: gcc.dg/torture/pr70370.c -Os (test for excess errors)
FAIL: gcc.dg/torture/pr70396.c -O0 (test for excess errors)
FAIL: gcc.dg/torture/pr70396.c -O1 (test for excess errors)
FAIL: gcc.dg/torture/pr70396.c -O2 (test for excess errors)
FAIL: gcc.dg/torture/pr70396.c -O2 -flto -fno-use-linker-plugin -flto-partition=none (test for excess errors)
FAIL: gcc.dg/torture/pr70396.c -O2 -flto -fuse-linker-plugin -fno-fat-lto-objects (test for excess errors)
FAIL: gcc.dg/torture/pr70396.c -O3 -fomit-frame-pointer -funroll-loops -fpeel-loops -ftracer -finline-functions (test for excess errors)
FAIL: gcc.dg/torture/pr70396.c -O3 -g (test for excess errors)
FAIL: gcc.dg/torture/pr70396.c -Os (test for excess errors)
FAIL: gcc.dg/torture/pr70421.c -O0 (test for excess errors)
UNRESOLVED: gcc.dg/torture/pr70421.c -O0 compilation failed to produce executable
FAIL: gcc.dg/torture/pr70421.c -O1 (test for excess errors)
UNRESOLVED: gcc.dg/torture/pr70421.c -O1 compilation failed to produce executable
FAIL: gcc.dg/torture/pr70421.c -O2 (test for excess errors)
UNRESOLVED: gcc.dg/torture/pr70421.c -O2 compilation failed to produce executable
FAIL: gcc.dg/torture/pr70623-2.c -O2 -flto -fno-use-linker-plugin -flto-partition=none (test for excess errors)
FAIL: gcc.dg/torture/pr70623-2.c -O2 -flto -fuse-linker-plugin -fno-fat-lto-objects (test for excess errors)
FAIL: gcc.dg/torture/pr70623-2.c -O3 -g (test for excess errors)
FAIL: gcc.dg/torture/pr70623-2.c -Os (test for excess errors)
FAIL: gcc.dg/torture/pr70623.c -O0 (test for excess errors)
FAIL: gcc.dg/torture/pr70623.c -O1 (test for excess errors)
FAIL: gcc.dg/torture/pr70623.c -O2 (test for excess errors)
FAIL: gcc.dg/torture/pr70623.c -O2 -flto -fno-use-linker-plugin -flto-partition=none (test for excess errors)
FAIL: gcc.dg/torture/pr70623.c -O2 -flto -fuse-linker-plugin -fno-fat-lto-objects (test for excess errors)
FAIL: gcc.dg/torture/pr70623.c -O3 -fomit-frame-pointer -funroll-loops -fpeel-loops -ftracer -finline-functions (test for excess errors)
FAIL: gcc.dg/torture/pr70623.c -O3 -g (test for excess errors)
FAIL: gcc.dg/torture/pr70623.c -Os (test for excess errors)
FAIL: gcc.dg/torture/pr70628.c -O0 (test for excess errors)
FAIL: gcc.dg/torture/pr70628.c -O1 (test for excess errors)
FAIL: gcc.dg/torture/pr70628.c -O2 (test for excess errors)
FAIL: gcc.dg/torture/pr70628.c -O2 -flto -fno-use-linker-plugin -flto-partition=none (test for excess errors)
FAIL: gcc.dg/torture/pr70628.c -O2 -flto -fuse-linker-plugin -fno-fat-lto-objects (test for excess errors)
FAIL: gcc.dg/torture/pr70628.c -O3 -fomit-frame-pointer -funroll-loops -fpeel-loops -ftracer -finline-functions (test for excess errors)
FAIL: gcc.dg/torture/pr70628.c -O3 -g (test for excess errors)
FAIL: gcc.dg/torture/pr70628.c -Os (test for excess errors)
FAIL: gcc.dg/torture/pr70724.c -O0 (test for excess errors)
UNRESOLVED: gcc.dg/torture/pr70724.c -O0 compilation failed to produce executable
FAIL: gcc.dg/torture/pr70724.c -O1 (test for excess errors)
UNRESOLVED: gcc.dg/torture/pr70724.c -O1 compilation failed to produce executable
FAIL: gcc.dg/torture/pr70724.c -O2 (test for excess errors)
UNRESOLVED: gcc.dg/torture/pr70724.c -O2 compilation failed to produce executable
FAIL: gcc.dg/torture/pr70724.c -O2 -flto -fno-use-linker-plugin -flto-partition=none (test for excess errors)
UNRESOLVED: gcc.dg/torture/pr70724.c -O2 -flto -fno-use-linker-plugin -flto-partition=none compilation failed to produce executable
FAIL: gcc.dg/torture/pr70724.c -O2 -flto -fuse-linker-plugin -fno-fat-lto-objects (test for excess errors)
UNRESOLVED: gcc.dg/torture/pr70724.c -O2 -flto -fuse-linker-plugin -fno-fat-lto-objects compilation failed to produce executable
FAIL: gcc.dg/torture/pr70724.c -O3 -g (test for excess errors)
UNRESOLVED: gcc.dg/torture/pr70724.c -O3 -g compilation failed to produce executable
FAIL: gcc.dg/torture/pr70724.c -Os (test for excess errors)
UNRESOLVED: gcc.dg/torture/pr70724.c -Os compilation failed to produce executable
FAIL: gcc.dg/torture/pr70740.c -O0 (test for excess errors)
FAIL: gcc.dg/torture/pr70740.c -O1 (test for excess errors)
FAIL: gcc.dg/torture/pr70740.c -O2 (test for excess errors)
FAIL: gcc.dg/torture/pr70986-2.c -O0 (test for excess errors)
FAIL: gcc.dg/torture/pr70986-2.c -O1 (test for excess errors)
FAIL: gcc.dg/torture/pr70986-2.c -O2 (test for excess errors)
FAIL: gcc.dg/torture/pr70986-2.c -O2 -flto -fno-use-linker-plugin -flto-partition=none (test for excess errors)
FAIL: gcc.dg/torture/pr70986-2.c -O2 -flto -fuse-linker-plugin -fno-fat-lto-objects (test for excess errors)
FAIL: gcc.dg/torture/pr70986-2.c -O3 -fomit-frame-pointer -funroll-loops -fpeel-loops -ftracer -finline-functions (test for excess errors)
FAIL: gcc.dg/torture/pr70986-2.c -O3 -g (test for excess errors)
FAIL: gcc.dg/torture/pr70986-2.c -Os (test for excess errors)
FAIL: gcc.dg/torture/pr70986-3.c -O0 (test for excess errors)
FAIL: gcc.dg/torture/pr70986-3.c -O1 (test for excess errors)
FAIL: gcc.dg/torture/pr70986-3.c -O2 (test for excess errors)
FAIL: gcc.dg/torture/pr70986-3.c -O2 -flto -fno-use-linker-plugin -flto-partition=none (test for excess errors)
FAIL: gcc.dg/torture/pr70986-3.c -O2 -flto -fuse-linker-plugin -fno-fat-lto-objects (test for excess errors)
FAIL: gcc.dg/torture/pr70986-3.c -O3 -fomit-frame-pointer -funroll-loops -fpeel-loops -ftracer -finline-functions (test for excess errors)
FAIL: gcc.dg/torture/pr70986-3.c -O3 -g (test for excess errors)
FAIL: gcc.dg/torture/pr70986-3.c -Os (test for excess errors)
FAIL: gcc.dg/torture/pr71020.c -O0 (test for excess errors)
FAIL: gcc.dg/torture/pr71020.c -O1 (test for excess errors)
FAIL: gcc.dg/torture/pr71020.c -O2 (test for excess errors)
FAIL: gcc.dg/torture/pr71253.c -O0 (test for excess errors)
FAIL: gcc.dg/torture/pr71253.c -O1 (test for excess errors)
FAIL: gcc.dg/torture/pr71253.c -O2 (test for excess errors)
FAIL: gcc.dg/torture/pr71253.c -O2 -flto -fno-use-linker-plugin -flto-partition=none (test for excess errors)
FAIL: gcc.dg/torture/pr71253.c -O2 -flto -fuse-linker-plugin -fno-fat-lto-objects (test for excess errors)
FAIL: gcc.dg/torture/pr71253.c -O3 -fomit-frame-pointer -funroll-loops -fpeel-loops -ftracer -finline-functions (test for excess errors)
FAIL: gcc.dg/torture/pr71253.c -O3 -g (test for excess errors)
FAIL: gcc.dg/torture/pr71253.c -Os (test for excess errors)
FAIL: gcc.dg/torture/pr71366-1.c -O0 (test for excess errors)
FAIL: gcc.dg/torture/pr71366-1.c -O1 (test for excess errors)
FAIL: gcc.dg/torture/pr71366-1.c -O2 (test for excess errors)
FAIL: gcc.dg/torture/pr71366-1.c -O2 -flto -fno-use-linker-plugin -flto-partition=none (test for excess errors)
FAIL: gcc.dg/torture/pr71366-1.c -O2 -flto -fuse-linker-plugin -fno-fat-lto-objects (test for excess errors)
FAIL: gcc.dg/torture/pr71366-1.c -O3 -fomit-frame-pointer -funroll-loops -fpeel-loops -ftracer -finline-functions (test for excess errors)
FAIL: gcc.dg/torture/pr71366-1.c -O3 -g (test for excess errors)
FAIL: gcc.dg/torture/pr71366-1.c -Os (test for excess errors)
FAIL: gcc.dg/torture/pr71532.c -O0 (test for excess errors)
UNRESOLVED: gcc.dg/torture/pr71532.c -O0 compilation failed to produce executable
FAIL: gcc.dg/torture/pr71532.c -O1 (test for excess errors)
UNRESOLVED: gcc.dg/torture/pr71532.c -O1 compilation failed to produce executable
FAIL: gcc.dg/torture/pr71532.c -O2 (test for excess errors)
UNRESOLVED: gcc.dg/torture/pr71532.c -O2 compilation failed to produce executable
FAIL: gcc.dg/torture/pr71532.c -O2 -flto -fno-use-linker-plugin -flto-partition=none (test for excess errors)
UNRESOLVED: gcc.dg/torture/pr71532.c -O2 -flto -fno-use-linker-plugin -flto-partition=none compilation failed to produce executable
FAIL: gcc.dg/torture/pr71532.c -O2 -flto -fuse-linker-plugin -fno-fat-lto-objects (test for excess errors)
UNRESOLVED: gcc.dg/torture/pr71532.c -O2 -flto -fuse-linker-plugin -fno-fat-lto-objects compilation failed to produce executable
FAIL: gcc.dg/torture/pr71532.c -O3 -g (test for excess errors)
UNRESOLVED: gcc.dg/torture/pr71532.c -O3 -g compilation failed to produce executable
FAIL: gcc.dg/torture/pr71532.c -Os (test for excess errors)
UNRESOLVED: gcc.dg/torture/pr71532.c -Os compilation failed to produce executable
FAIL: gcc.dg/torture/pr71594.c -O0 (test for excess errors)
FAIL: gcc.dg/torture/pr71594.c -O1 (test for excess errors)
FAIL: gcc.dg/torture/pr71594.c -O2 (test for excess errors)
FAIL: gcc.dg/torture/pr71881.c -O0 (test for excess errors)
FAIL: gcc.dg/torture/pr71881.c -O1 (test for excess errors)
FAIL: gcc.dg/torture/pr71881.c -O2 (test for excess errors)
FAIL: gcc.dg/torture/pr71881.c -O2 -flto -fno-use-linker-plugin -flto-partition=none (test for excess errors)
FAIL: gcc.dg/torture/pr71881.c -O2 -flto -fuse-linker-plugin -fno-fat-lto-objects (test for excess errors)
FAIL: gcc.dg/torture/pr71881.c -O3 -fomit-frame-pointer -funroll-loops -fpeel-loops -ftracer -finline-functions (test for excess errors)
FAIL: gcc.dg/torture/pr71881.c -O3 -g (test for excess errors)
FAIL: gcc.dg/torture/pr71881.c -Os (test for excess errors)
FAIL: gcc.dg/torture/pr71887.c -O0 (test for excess errors)
UNRESOLVED: gcc.dg/torture/pr71887.c -O0 compilation failed to produce executable
FAIL: gcc.dg/torture/pr71887.c -O1 (test for excess errors)
UNRESOLVED: gcc.dg/torture/pr71887.c -O1 compilation failed to produce executable
FAIL: gcc.dg/torture/pr71887.c -O2 (test for excess errors)
UNRESOLVED: gcc.dg/torture/pr71887.c -O2 compilation failed to produce executable
FAIL: gcc.dg/torture/pr77286.c -O0 (test for excess errors)
FAIL: gcc.dg/torture/pr77286.c -O1 (test for excess errors)
FAIL: gcc.dg/torture/pr77286.c -O2 (test for excess errors)
FAIL: gcc.dg/torture/pr77286.c -O3 -fomit-frame-pointer -funroll-loops -fpeel-loops -ftracer -finline-functions (test for excess errors)
FAIL: gcc.dg/torture/pr77286.c -O3 -g (test for excess errors)
FAIL: gcc.dg/torture/pr77677-2.c -O0 (test for excess errors)
FAIL: gcc.dg/torture/pr77677-2.c -O1 (test for excess errors)
FAIL: gcc.dg/torture/pr77677-2.c -O2 (test for excess errors)
XPASS: gcc.dg/tree-ssa/ssa-dom-cse-2.c scan-tree-dump optimized "return 28;"
FAIL: gcc.dg/vect/bb-slp-pr65935.c -flto -ffat-lto-objects scan-tree-dump-times slp1 "basic block vectorized" 1
FAIL: gcc.dg/vect/bb-slp-pr65935.c scan-tree-dump-times slp1 "basic block vectorized" 1
FAIL: gcc.dg/vect/bb-slp-subgroups-1.c -flto -ffat-lto-objects scan-tree-dump-times slp2 "Basic block will be vectorized using SLP" 1
FAIL: gcc.dg/vect/bb-slp-subgroups-1.c -flto -ffat-lto-objects scan-tree-dump-times slp2 "basic block vectorized" 1
FAIL: gcc.dg/vect/bb-slp-subgroups-1.c scan-tree-dump-times slp2 "Basic block will be vectorized using SLP" 1
FAIL: gcc.dg/vect/bb-slp-subgroups-1.c scan-tree-dump-times slp2 "basic block vectorized" 1
FAIL: gcc.dg/vect/bb-slp-subgroups-2.c -flto -ffat-lto-objects scan-tree-dump-times slp2 "Basic block will be vectorized using SLP" 1
FAIL: gcc.dg/vect/bb-slp-subgroups-2.c -flto -ffat-lto-objects scan-tree-dump-times slp2 "basic block vectorized" 1
FAIL: gcc.dg/vect/bb-slp-subgroups-2.c scan-tree-dump-times slp2 "Basic block will be vectorized using SLP" 1
FAIL: gcc.dg/vect/bb-slp-subgroups-2.c scan-tree-dump-times slp2 "basic block vectorized" 1
FAIL: gcc.dg/vect/bb-slp-subgroups-3.c -flto -ffat-lto-objects scan-tree-dump-times slp2 "Basic block will be vectorized using SLP" 1
FAIL: gcc.dg/vect/bb-slp-subgroups-3.c -flto -ffat-lto-objects scan-tree-dump-times slp2 "basic block vectorized" 1
FAIL: gcc.dg/vect/bb-slp-subgroups-3.c scan-tree-dump-times slp2 "Basic block will be vectorized using SLP" 1
FAIL: gcc.dg/vect/bb-slp-subgroups-3.c scan-tree-dump-times slp2 "basic block vectorized" 1
FAIL: gcc.dg/vect/no-tree-sra-bb-slp-pr50730.c scan-tree-dump-times slp2 "basic block vectorized" 1
FAIL: gcc.dg/vect/no-vfa-vect-depend-2.c scan-tree-dump-times vect "vectorized 1 loops" 1
FAIL: gcc.dg/vect/no-vfa-vect-depend-3.c scan-tree-dump-times vect "vectorized 1 loops" 4
FAIL: gcc.dg/vect/pr46032.c -flto -ffat-lto-objects scan-tree-dump-times vect "note: vectorized 1 loop" 1
FAIL: gcc.dg/vect/pr46032.c scan-tree-dump-times vect "note: vectorized 1 loop" 1
FAIL: gcc.dg/vect/pr62171.c -flto -ffat-lto-objects scan-tree-dump-not vect "versioned"
FAIL: gcc.dg/vect/pr62171.c scan-tree-dump-not vect "versioned"
FAIL: gcc.dg/vect/slp-43.c -flto -ffat-lto-objects scan-tree-dump-times vect "vectorized 1 loops" 2
FAIL: gcc.dg/vect/slp-43.c scan-tree-dump-times vect "vectorized 1 loops" 2
FAIL: gcc.dg/vect/vect-117.c -flto -ffat-lto-objects scan-tree-dump-times vect "vectorized 1 loops" 1
FAIL: gcc.dg/vect/vect-117.c scan-tree-dump-times vect "vectorized 1 loops" 1
XPASS: gcc.dg/vect/vect-24.c -flto -ffat-lto-objects scan-tree-dump-times vect "vectorized 3 loops" 1
XPASS: gcc.dg/vect/vect-24.c scan-tree-dump-times vect "vectorized 3 loops" 1
FAIL: gcc.dg/vect/vect-31.c -flto -ffat-lto-objects scan-tree-dump-times vect "vectorized 4 loops" 1
FAIL: gcc.dg/vect/vect-31.c scan-tree-dump-times vect "vectorized 4 loops" 1
FAIL: gcc.dg/vect/vect-strided-a-u8-i2-gap.c -flto -ffat-lto-objects scan-tree-dump-times vect "vectorized 1 loops" 1
FAIL: gcc.dg/vect/vect-strided-a-u8-i2-gap.c scan-tree-dump-times vect "vectorized 1 loops" 1
UNRESOLVED: gcc.target/powerpc/altivec-consts.c scan-assembler-not lvx
FAIL: gcc.target/powerpc/pr58673-2.c (test for excess errors)
FAIL: gcc.target/powerpc/vec-cmpne-long.c execution test
=== gcc Summary ===
# of expected passes 113867
# of unexpected failures 513
# of unexpected successes 23
# of expected failures 342
# of unresolved testcases 96
# of unsupported tests 2710
/home/gccbuild/build/nightly/build-gcc-7/gcc/xgcc version 7.3.1 20181003 [gcc-7-branch revision 264813] (GCC)
=== gfortran tests ===
Running target unix
FAIL: gfortran.dg/dtio_4.f90 -O3 -fomit-frame-pointer -funroll-loops -fpeel-loops -ftracer -finline-functions execution test
FAIL: gfortran.dg/dtio_4.f90 -O3 -g (test for excess errors)
UNRESOLVED: gfortran.dg/dtio_4.f90 -O3 -g compilation failed to produce executable
FAIL: gfortran.dg/dtio_4.f90 -Os (test for excess errors)
UNRESOLVED: gfortran.dg/dtio_4.f90 -Os compilation failed to produce executable
FAIL: gfortran.dg/dtio_5.f90 -O0 (test for excess errors)
UNRESOLVED: gfortran.dg/dtio_5.f90 -O0 compilation failed to produce executable
FAIL: gfortran.dg/dtio_5.f90 -O1 (test for excess errors)
UNRESOLVED: gfortran.dg/dtio_5.f90 -O1 compilation failed to produce executable
FAIL: gfortran.dg/dtio_5.f90 -O2 (test for excess errors)
UNRESOLVED: gfortran.dg/dtio_5.f90 -O2 compilation failed to produce executable
FAIL: gfortran.dg/dtio_5.f90 -O3 -fomit-frame-pointer -funroll-loops -fpeel-loops -ftracer -finline-functions (test for excess errors)
UNRESOLVED: gfortran.dg/dtio_5.f90 -O3 -fomit-frame-pointer -funroll-loops -fpeel-loops -ftracer -finline-functions compilation failed to produce executable
FAIL: gfortran.dg/dtio_5.f90 -O3 -g (test for excess errors)
UNRESOLVED: gfortran.dg/dtio_5.f90 -O3 -g compilation failed to produce executable
FAIL: gfortran.dg/dtio_5.f90 -Os (test for excess errors)
UNRESOLVED: gfortran.dg/dtio_5.f90 -Os compilation failed to produce executable
FAIL: gfortran.dg/dtio_6.f90 -O (test for errors, line 13)
FAIL: gfortran.dg/dtio_6.f90 -O (test for errors, line 42)
FAIL: gfortran.dg/dtio_6.f90 -O (test for errors, line 52)
FAIL: gfortran.dg/dtio_6.f90 -O (test for errors, line 62)
FAIL: gfortran.dg/dtio_6.f90 -O (test for errors, line 70)
FAIL: gfortran.dg/dtio_6.f90 -O (test for errors, line 78)
FAIL: gfortran.dg/dtio_6.f90 -O (test for errors, line 88)
FAIL: gfortran.dg/dtio_6.f90 -O (test for excess errors)
FAIL: gfortran.dg/dtio_7.f90 -O0 (test for excess errors)
UNRESOLVED: gfortran.dg/dtio_7.f90 -O0 compilation failed to produce executable
FAIL: gfortran.dg/dtio_7.f90 -O1 (test for excess errors)
UNRESOLVED: gfortran.dg/dtio_7.f90 -O1 compilation failed to produce executable
FAIL: gfortran.dg/dtio_7.f90 -O2 (test for excess errors)
UNRESOLVED: gfortran.dg/dtio_7.f90 -O2 compilation failed to produce executable
FAIL: gfortran.dg/dtio_7.f90 -O3 -fomit-frame-pointer -funroll-loops -fpeel-loops -ftracer -finline-functions (test for excess errors)
UNRESOLVED: gfortran.dg/dtio_7.f90 -O3 -fomit-frame-pointer -funroll-loops -fpeel-loops -ftracer -finline-functions compilation failed to produce executable
FAIL: gfortran.dg/dtio_7.f90 -O3 -g (test for excess errors)
UNRESOLVED: gfortran.dg/dtio_7.f90 -O3 -g compilation failed to produce executable
FAIL: gfortran.dg/dtio_7.f90 -Os (test for excess errors)
UNRESOLVED: gfortran.dg/dtio_7.f90 -Os compilation failed to produce executable
FAIL: gfortran.dg/dtio_8.f90 -O0 (test for excess errors)
UNRESOLVED: gfortran.dg/dtio_8.f90 -O0 compilation failed to produce executable
FAIL: gfortran.dg/dtio_8.f90 -O1 (test for excess errors)
UNRESOLVED: gfortran.dg/dtio_8.f90 -O1 compilation failed to produce executable
FAIL: gfortran.dg/dtio_8.f90 -O2 (test for excess errors)
UNRESOLVED: gfortran.dg/dtio_8.f90 -O2 compilation failed to produce executable
FAIL: gfortran.dg/dtio_8.f90 -O3 -fomit-frame-pointer -funroll-loops -fpeel-loops -ftracer -finline-functions (test for excess errors)
UNRESOLVED: gfortran.dg/dtio_8.f90 -O3 -fomit-frame-pointer -funroll-loops -fpeel-loops -ftracer -finline-functions compilation failed to produce executable
FAIL: gfortran.dg/dtio_8.f90 -O3 -g (test for excess errors)
UNRESOLVED: gfortran.dg/dtio_8.f90 -O3 -g compilation failed to produce executable
FAIL: gfortran.dg/dtio_8.f90 -Os (test for excess errors)
UNRESOLVED: gfortran.dg/dtio_8.f90 -Os compilation failed to produce executable
FAIL: gfortran.dg/dynamic_dispatch_2.f03 -O1 execution test
FAIL: gfortran.dg/dynamic_dispatch_2.f03 -O2 (test for excess errors)
UNRESOLVED: gfortran.dg/dynamic_dispatch_2.f03 -O2 compilation failed to produce executable
FAIL: gfortran.dg/dynamic_dispatch_2.f03 -O3 -fomit-frame-pointer -funroll-loops -fpeel-loops -ftracer -finline-functions (test for excess errors)
UNRESOLVED: gfortran.dg/dynamic_dispatch_2.f03 -O3 -fomit-frame-pointer -funroll-loops -fpeel-loops -ftracer -finline-functions compilation failed to produce executable
FAIL: gfortran.dg/dynamic_dispatch_2.f03 -O3 -g (test for excess errors)
UNRESOLVED: gfortran.dg/dynamic_dispatch_2.f03 -O3 -g compilation failed to produce executable
FAIL: gfortran.dg/dynamic_dispatch_2.f03 -Os (test for excess errors)
UNRESOLVED: gfortran.dg/dynamic_dispatch_2.f03 -Os compilation failed to produce executable
FAIL: gfortran.dg/dynamic_dispatch_3.f03 -O0 (test for excess errors)
UNRESOLVED: gfortran.dg/dynamic_dispatch_3.f03 -O0 compilation failed to produce executable
FAIL: gfortran.dg/dynamic_dispatch_3.f03 -O1 (test for excess errors)
UNRESOLVED: gfortran.dg/dynamic_dispatch_3.f03 -O1 compilation failed to produce executable
FAIL: gfortran.dg/dynamic_dispatch_3.f03 -O2 (test for excess errors)
UNRESOLVED: gfortran.dg/dynamic_dispatch_3.f03 -O2 compilation failed to produce executable
FAIL: gfortran.dg/dynamic_dispatch_3.f03 -O3 -fomit-frame-pointer -funroll-loops -fpeel-loops -ftracer -finline-functions (test for excess errors)
UNRESOLVED: gfortran.dg/dynamic_dispatch_3.f03 -O3 -fomit-frame-pointer -funroll-loops -fpeel-loops -ftracer -finline-functions compilation failed to produce executable
FAIL: gfortran.dg/dynamic_dispatch_3.f03 -O3 -g (test for excess errors)
UNRESOLVED: gfortran.dg/dynamic_dispatch_3.f03 -O3 -g compilation failed to produce executable
FAIL: gfortran.dg/dynamic_dispatch_3.f03 -Os (test for excess errors)
UNRESOLVED: gfortran.dg/dynamic_dispatch_3.f03 -Os compilation failed to produce executable
FAIL: gfortran.dg/dynamic_dispatch_4.f03 -O0 (test for excess errors)
UNRESOLVED: gfortran.dg/dynamic_dispatch_4.f03 -O0 compilation failed to produce executable
FAIL: gfortran.dg/dynamic_dispatch_4.f03 -O1 (test for excess errors)
UNRESOLVED: gfortran.dg/dynamic_dispatch_4.f03 -O1 compilation failed to produce executable
FAIL: gfortran.dg/dynamic_dispatch_4.f03 -O2 (test for excess errors)
UNRESOLVED: gfortran.dg/dynamic_dispatch_4.f03 -O2 compilation failed to produce executable
FAIL: gfortran.dg/dynamic_dispatch_4.f03 -O3 -fomit-frame-pointer -funroll-loops -fpeel-loops -ftracer -finline-functions (test for excess errors)
UNRESOLVED: gfortran.dg/dynamic_dispatch_4.f03 -O3 -fomit-frame-pointer -funroll-loops -fpeel-loops -ftracer -finline-functions compilation failed to produce executable
FAIL: gfortran.dg/dynamic_dispatch_4.f03 -O3 -g (test for excess errors)
UNRESOLVED: gfortran.dg/dynamic_dispatch_4.f03 -O3 -g compilation failed to produce executable
FAIL: gfortran.dg/dynamic_dispatch_4.f03 -Os (test for excess errors)
UNRESOLVED: gfortran.dg/dynamic_dispatch_4.f03 -Os compilation failed to produce executable
FAIL: gfortran.dg/elemental_dependency_4.f90 -O3 -g execution test
UNRESOLVED: gfortran.dg/elemental_dependency_4.f90 -Os scan-tree-dump-times original "array\\\\[[^\\\\]]*\\\\]\\\\s*=\\\\s*\\\\(\\\\(real\\\\(kind=4\\\\)\\\\)\\\\s*index\\\\[[^\\\\]]*\\\\]\\\\s*\\\\+\\\\s*D.\\\\d*\\\\)\\\\s*-\\\\s*array\\\\[[^\\\\]]*\\\\];" 1
UNRESOLVED: gfortran.dg/elemental_dependency_4.f90 -Os scan-tree-dump-times original "array\\\\[[^\\\\]]*\\\\]\\\\s*=\\\\s*charles\\\\s*\\\\(&array\\\\[[^\\\\]]*\\\\]\\\\);" 1
FAIL: gfortran.dg/elemental_dependency_4.f90 -Os (test for excess errors)
UNRESOLVED: gfortran.dg/elemental_dependency_4.f90 -Os compilation failed to produce executable
FAIL: gfortran.dg/elemental_dependency_5.f90 -O0 (test for excess errors)
UNRESOLVED: gfortran.dg/elemental_dependency_5.f90 -O0 compilation failed to produce executable
FAIL: gfortran.dg/elemental_dependency_5.f90 -O1 (test for excess errors)
UNRESOLVED: gfortran.dg/elemental_dependency_5.f90 -O1 compilation failed to produce executable
FAIL: gfortran.dg/elemental_dependency_5.f90 -O2 (test for excess errors)
UNRESOLVED: gfortran.dg/elemental_dependency_5.f90 -O2 compilation failed to produce executable
FAIL: gfortran.dg/elemental_dependency_5.f90 -O3 -fomit-frame-pointer -funroll-loops -fpeel-loops -ftracer -finline-functions (test for excess errors)
UNRESOLVED: gfortran.dg/elemental_dependency_5.f90 -O3 -fomit-frame-pointer -funroll-loops -fpeel-loops -ftracer -finline-functions compilation failed to produce executable
FAIL: gfortran.dg/elemental_dependency_5.f90 -O3 -g (test for excess errors)
UNRESOLVED: gfortran.dg/elemental_dependency_5.f90 -O3 -g compilation failed to produce executable
FAIL: gfortran.dg/elemental_dependency_5.f90 -Os (test for excess errors)
UNRESOLVED: gfortran.dg/elemental_dependency_5.f90 -Os compilation failed to produce executable
FAIL: gfortran.dg/elemental_dependency_6.f90 -O0 (test for excess errors)
UNRESOLVED: gfortran.dg/elemental_dependency_6.f90 -O0 compilation failed to produce executable
FAIL: gfortran.dg/elemental_dependency_6.f90 -O1 (test for excess errors)
UNRESOLVED: gfortran.dg/elemental_dependency_6.f90 -O1 compilation failed to produce executable
FAIL: gfortran.dg/elemental_dependency_6.f90 -O2 (test for excess errors)
UNRESOLVED: gfortran.dg/elemental_dependency_6.f90 -O2 compilation failed to produce executable
FAIL: gfortran.dg/elemental_dependency_6.f90 -O3 -fomit-frame-pointer -funroll-loops -fpeel-loops -ftracer -finline-functions (test for excess errors)
UNRESOLVED: gfortran.dg/elemental_dependency_6.f90 -O3 -fomit-frame-pointer -funroll-loops -fpeel-loops -ftracer -finline-functions compilation failed to produce executable
FAIL: gfortran.dg/elemental_dependency_6.f90 -O3 -g (test for excess errors)
UNRESOLVED: gfortran.dg/elemental_dependency_6.f90 -O3 -g compilation failed to produce executable
FAIL: gfortran.dg/elemental_dependency_6.f90 -Os (test for excess errors)
UNRESOLVED: gfortran.dg/elemental_dependency_6.f90 -Os compilation failed to produce executable
FAIL: gfortran.dg/empty_format_1.f90 -O3 -g execution test
FAIL: gfortran.dg/empty_format_1.f90 -Os (test for excess errors)
UNRESOLVED: gfortran.dg/empty_format_1.f90 -Os compilation failed to produce executable
FAIL: gfortran.dg/empty_function_1.f90 -O (test for excess errors)
FAIL: gfortran.dg/empty_label.f -O (test for errors, line 2)
FAIL: gfortran.dg/empty_label.f -O (test for excess errors)
FAIL: gfortran.dg/entry_1.f90 -O0 execution test
FAIL: gfortran.dg/entry_1.f90 -O1 (test for excess errors)
UNRESOLVED: gfortran.dg/entry_1.f90 -O1 compilation failed to produce executable
FAIL: gfortran.dg/entry_1.f90 -O2 (test for excess errors)
UNRESOLVED: gfortran.dg/entry_1.f90 -O2 compilation failed to produce executable
FAIL: gfortran.dg/entry_1.f90 -O3 -fomit-frame-pointer -funroll-loops -fpeel-loops -ftracer -finline-functions (test for excess errors)
UNRESOLVED: gfortran.dg/entry_1.f90 -O3 -fomit-frame-pointer -funroll-loops -fpeel-loops -ftracer -finline-functions compilation failed to produce executable
FAIL: gfortran.dg/entry_1.f90 -O3 -g (test for excess errors)
UNRESOLVED: gfortran.dg/entry_1.f90 -O3 -g compilation failed to produce executable
FAIL: gfortran.dg/entry_1.f90 -Os (test for excess errors)
UNRESOLVED: gfortran.dg/entry_1.f90 -Os compilation failed to produce executable
FAIL: gfortran.dg/entry_10.f90 -O0 (test for excess errors)
UNRESOLVED: gfortran.dg/entry_10.f90 -O0 compilation failed to produce executable
FAIL: gfortran.dg/entry_10.f90 -O1 (test for excess errors)
UNRESOLVED: gfortran.dg/entry_10.f90 -O1 compilation failed to produce executable
FAIL: gfortran.dg/entry_10.f90 -O2 (test for excess errors)
UNRESOLVED: gfortran.dg/entry_10.f90 -O2 compilation failed to produce executable
FAIL: gfortran.dg/entry_10.f90 -O3 -fomit-frame-pointer -funroll-loops -fpeel-loops -ftracer -finline-functions (test for excess errors)
UNRESOLVED: gfortran.dg/entry_10.f90 -O3 -fomit-frame-pointer -funroll-loops -fpeel-loops -ftracer -finline-functions compilation failed to produce executable
FAIL: gfortran.dg/entry_10.f90 -O3 -g (test for excess errors)
UNRESOLVED: gfortran.dg/entry_10.f90 -O3 -g compilation failed to produce executable
FAIL: gfortran.dg/entry_10.f90 -Os (test for excess errors)
UNRESOLVED: gfortran.dg/entry_10.f90 -Os compilation failed to produce executable
FAIL: gfortran.dg/entry_11.f90 -O (test for excess errors)
FAIL: gfortran.dg/entry_12.f90 -O0 (test for excess errors)
UNRESOLVED: gfortran.dg/entry_12.f90 -O0 compilation failed to produce executable
FAIL: gfortran.dg/entry_12.f90 -O1 (test for excess errors)
UNRESOLVED: gfortran.dg/entry_12.f90 -O1 compilation failed to produce executable
FAIL: gfortran.dg/entry_12.f90 -O2 (test for excess errors)
UNRESOLVED: gfortran.dg/entry_12.f90 -O2 compilation failed to produce executable
FAIL: gfortran.dg/entry_12.f90 -O3 -fomit-frame-pointer -funroll-loops -fpeel-loops -ftracer -finline-functions (test for excess errors)
UNRESOLVED: gfortran.dg/entry_12.f90 -O3 -fomit-frame-pointer -funroll-loops -fpeel-loops -ftracer -finline-functions compilation failed to produce executable
FAIL: gfortran.dg/entry_12.f90 -O3 -g (test for excess errors)
UNRESOLVED: gfortran.dg/entry_12.f90 -O3 -g compilation failed to produce executable
FAIL: gfortran.dg/entry_12.f90 -Os (test for excess errors)
UNRESOLVED: gfortran.dg/entry_12.f90 -Os compilation failed to produce executable
FAIL: gfortran.dg/entry_13.f90 -O0 (test for excess errors)
UNRESOLVED: gfortran.dg/entry_13.f90 -O0 compilation failed to produce executable
FAIL: gfortran.dg/entry_13.f90 -O1 (test for excess errors)
UNRESOLVED: gfortran.dg/entry_13.f90 -O1 compilation failed to produce executable
FAIL: gfortran.dg/entry_13.f90 -O2 (test for excess errors)
UNRESOLVED: gfortran.dg/entry_13.f90 -O2 compilation failed to produce executable
FAIL: gfortran.dg/entry_13.f90 -O3 -fomit-frame-pointer -funroll-loops -fpeel-loops -ftracer -finline-functions (test for excess errors)
UNRESOLVED: gfortran.dg/entry_13.f90 -O3 -fomit-frame-pointer -funroll-loops -fpeel-loops -ftracer -finline-functions compilation failed to produce executable
FAIL: gfortran.dg/entry_13.f90 -O3 -g (test for excess errors)
UNRESOLVED: gfortran.dg/entry_13.f90 -O3 -g compilation failed to produce executable
FAIL: gfortran.dg/entry_13.f90 -Os (test for excess errors)
UNRESOLVED: gfortran.dg/entry_13.f90 -Os compilation failed to produce executable
FAIL: gfortran.dg/entry_14.f90 -O0 (test for excess errors)
UNRESOLVED: gfortran.dg/entry_14.f90 -O0 compilation failed to produce executable
FAIL: gfortran.dg/entry_14.f90 -O1 (test for excess errors)
UNRESOLVED: gfortran.dg/entry_14.f90 -O1 compilation failed to produce executable
FAIL: gfortran.dg/entry_14.f90 -O2 (test for excess errors)
UNRESOLVED: gfortran.dg/entry_14.f90 -O2 compilation failed to produce executable
FAIL: gfortran.dg/entry_14.f90 -O3 -fomit-frame-pointer -funroll-loops -fpeel-loops -ftracer -finline-functions (test for excess errors)
UNRESOLVED: gfortran.dg/entry_14.f90 -O3 -fomit-frame-pointer -funroll-loops -fpeel-loops -ftracer -finline-functions compilation failed to produce executable
FAIL: gfortran.dg/entry_14.f90 -O3 -g (test for excess errors)
UNRESOLVED: gfortran.dg/entry_14.f90 -O3 -g compilation failed to produce executable
FAIL: gfortran.dg/entry_9.f90 -O2 execution test
FAIL: gfortran.dg/entry_9.f90 -O3 -fomit-frame-pointer -funroll-loops -fpeel-loops -ftracer -finline-functions (test for excess errors)
UNRESOLVED: gfortran.dg/entry_9.f90 -O3 -fomit-frame-pointer -funroll-loops -fpeel-loops -ftracer -finline-functions compilation failed to produce executable
FAIL: gfortran.dg/entry_9.f90 -O3 -g (test for excess errors)
UNRESOLVED: gfortran.dg/entry_9.f90 -O3 -g compilation failed to produce executable
FAIL: gfortran.dg/entry_9.f90 -Os (test for excess errors)
UNRESOLVED: gfortran.dg/entry_9.f90 -Os compilation failed to produce executable
FAIL: gfortran.dg/entry_array_specs_1.f90 -O (test for errors, line 15)
FAIL: gfortran.dg/entry_array_specs_1.f90 -O (test for errors, line 22)
FAIL: gfortran.dg/entry_array_specs_1.f90 -O (test for errors, line 28)
FAIL: gfortran.dg/entry_array_specs_1.f90 -O (test for errors, line 8)
FAIL: gfortran.dg/entry_array_specs_1.f90 -O (test for excess errors)
FAIL: gfortran.dg/entry_array_specs_2.f -O0 (test for excess errors)
UNRESOLVED: gfortran.dg/entry_array_specs_2.f -O0 compilation failed to produce executable
FAIL: gfortran.dg/entry_array_specs_2.f -O1 (test for excess errors)
UNRESOLVED: gfortran.dg/entry_array_specs_2.f -O1 compilation failed to produce executable
FAIL: gfortran.dg/entry_array_specs_2.f -O2 (test for excess errors)
UNRESOLVED: gfortran.dg/entry_array_specs_2.f -O2 compilation failed to produce executable
FAIL: gfortran.dg/entry_array_specs_2.f -O3 -fomit-frame-pointer -funroll-loops -fpeel-loops -ftracer -finline-functions (test for excess errors)
UNRESOLVED: gfortran.dg/entry_array_specs_2.f -O3 -fomit-frame-pointer -funroll-loops -fpeel-loops -ftracer -finline-functions compilation failed to produce executable
FAIL: gfortran.dg/entry_array_specs_2.f -O3 -g (test for excess errors)
UNRESOLVED: gfortran.dg/entry_array_specs_2.f -O3 -g compilation failed to produce executable
FAIL: gfortran.dg/entry_array_specs_2.f -Os (test for excess errors)
UNRESOLVED: gfortran.dg/entry_array_specs_2.f -Os compilation failed to produce executable
FAIL: gfortran.dg/entry_array_specs_3.f90 -O (test for excess errors)
FAIL: gfortran.dg/entry_dummy_ref_1.f90 -O (test for errors, line 11)
FAIL: gfortran.dg/entry_dummy_ref_1.f90 -O (test for errors, line 12)
FAIL: gfortran.dg/entry_dummy_ref_1.f90 -O (test for excess errors)
FAIL: gfortran.dg/entry_dummy_ref_2.f90 -O (test for errors, line 11)
FAIL: gfortran.dg/entry_dummy_ref_2.f90 -O (test for excess errors)
FAIL: gfortran.dg/entry_dummy_ref_3.f90 -O (test for excess errors)
FAIL: gfortran.dg/enum_1.f90 -O0 (test for excess errors)
UNRESOLVED: gfortran.dg/enum_1.f90 -O0 compilation failed to produce executable
FAIL: gfortran.dg/enum_1.f90 -O1 (test for excess errors)
UNRESOLVED: gfortran.dg/enum_1.f90 -O1 compilation failed to produce executable
FAIL: gfortran.dg/enum_1.f90 -O2 (test for excess errors)
UNRESOLVED: gfortran.dg/enum_1.f90 -O2 compilation failed to produce executable
FAIL: gfortran.dg/enum_1.f90 -O3 -fomit-frame-pointer -funroll-loops -fpeel-loops -ftracer -finline-functions (test for excess errors)
UNRESOLVED: gfortran.dg/enum_1.f90 -O3 -fomit-frame-pointer -funroll-loops -fpeel-loops -ftracer -finline-functions compilation failed to produce executable
FAIL: gfortran.dg/enum_10.f90 -O0 (test for excess errors)
UNRESOLVED: gfortran.dg/enum_10.f90 -O0 compilation failed to produce executable
FAIL: gfortran.dg/enum_10.f90 -O1 (test for excess errors)
UNRESOLVED: gfortran.dg/enum_10.f90 -O1 compilation failed to produce executable
FAIL: gfortran.dg/enum_10.f90 -O2 (test for excess errors)
UNRESOLVED: gfortran.dg/enum_10.f90 -O2 compilation failed to produce executable
FAIL: gfortran.dg/enum_10.f90 -O3 -fomit-frame-pointer -funroll-loops -fpeel-loops -ftracer -finline-functions (test for excess errors)
UNRESOLVED: gfortran.dg/enum_10.f90 -O3 -fomit-frame-pointer -funroll-loops -fpeel-loops -ftracer -finline-functions compilation failed to produce executable
FAIL: gfortran.dg/enum_10.f90 -O3 -g (test for excess errors)
UNRESOLVED: gfortran.dg/enum_10.f90 -O3 -g compilation failed to produce executable
FAIL: gfortran.dg/enum_10.f90 -Os (test for excess errors)
UNRESOLVED: gfortran.dg/enum_10.f90 -Os compilation failed to produce executable
FAIL: gfortran.dg/enum_2.f90 -O (test for errors, line 12)
FAIL: gfortran.dg/enum_2.f90 -O (test for errors, line 14)
FAIL: gfortran.dg/enum_2.f90 -O (test for errors, line 8)
FAIL: gfortran.dg/enum_2.f90 -O (test for errors, line 9)
FAIL: gfortran.dg/enum_2.f90 -O (test for excess errors)
FAIL: gfortran.dg/enum_3.f90 -O (test for errors, line 7)
FAIL: gfortran.dg/enum_3.f90 -O (test for errors, line 8)
FAIL: gfortran.dg/enum_3.f90 -O (test for errors, line 9)
FAIL: gfortran.dg/enum_3.f90 -O (test for excess errors)
FAIL: gfortran.dg/enum_4.f90 -O (test for errors, line )
FAIL: gfortran.dg/enum_4.f90 -O (test for errors, line 12)
FAIL: gfortran.dg/enum_4.f90 -O (test for errors, line 13)
FAIL: gfortran.dg/enum_4.f90 -O (test for errors, line 14)
FAIL: gfortran.dg/enum_4.f90 -O (test for errors, line 16)
FAIL: gfortran.dg/enum_4.f90 -O (test for errors, line 8)
FAIL: gfortran.dg/enum_4.f90 -O (test for excess errors)
FAIL: gfortran.dg/enum_5.f90 -O (test for errors, line )
FAIL: gfortran.dg/enum_5.f90 -O (test for errors, line 11)
FAIL: gfortran.dg/enum_5.f90 -O (test for errors, line 13)
FAIL: gfortran.dg/enum_5.f90 -O (test for errors, line 15)
FAIL: gfortran.dg/enum_5.f90 -O (test for errors, line 9)
FAIL: gfortran.dg/enum_5.f90 -O (test for excess errors)
FAIL: gfortran.dg/enum_6.f90 -O (test for errors, line 10)
FAIL: gfortran.dg/enum_6.f90 -O (test for errors, line 16)
FAIL: gfortran.dg/enum_6.f90 -O (test for errors, line 17)
FAIL: gfortran.dg/enum_6.f90 -O (test for errors, line 18)
FAIL: gfortran.dg/enum_6.f90 -O (test for errors, line 19)
FAIL: gfortran.dg/enum_6.f90 -O (test for excess errors)
FAIL: gfortran.dg/enum_7.f90 -O (test for errors, line 12)
FAIL: gfortran.dg/enum_7.f90 -O (test for errors, line 13)
FAIL: gfortran.dg/enum_7.f90 -O (test for errors, line 9)
FAIL: gfortran.dg/enum_7.f90 -O (test for excess errors)
FAIL: gfortran.dg/enum_8.f90 -O (test for errors, line 12)
FAIL: gfortran.dg/enum_8.f90 -O (test for errors, line 13)
FAIL: gfortran.dg/enum_8.f90 -O (test for errors, line 8)
FAIL: gfortran.dg/enum_8.f90 -O (test for errors, line 9)
FAIL: gfortran.dg/enum_8.f90 -O (test for excess errors)
FAIL: gfortran.dg/enum_9.f90 -O0 (test for excess errors)
UNRESOLVED: gfortran.dg/enum_9.f90 -O0 compilation failed to produce executable
FAIL: gfortran.dg/enum_9.f90 -O1 (test for excess errors)
UNRESOLVED: gfortran.dg/enum_9.f90 -O1 compilation failed to produce executable
FAIL: gfortran.dg/enum_9.f90 -O2 (test for excess errors)
UNRESOLVED: gfortran.dg/enum_9.f90 -O2 compilation failed to produce executable
FAIL: gfortran.dg/enum_9.f90 -O3 -fomit-frame-pointer -funroll-loops -fpeel-loops -ftracer -finline-functions (test for excess errors)
UNRESOLVED: gfortran.dg/enum_9.f90 -O3 -fomit-frame-pointer -funroll-loops -fpeel-loops -ftracer -finline-functions compilation failed to produce executable
FAIL: gfortran.dg/enum_9.f90 -O3 -g (test for excess errors)
UNRESOLVED: gfortran.dg/enum_9.f90 -O3 -g compilation failed to produce executable
FAIL: gfortran.dg/enum_9.f90 -Os (test for excess errors)
UNRESOLVED: gfortran.dg/enum_9.f90 -Os compilation failed to produce executable
FAIL: gfortran.dg/eof_2.f90 -O0 (test for excess errors)
UNRESOLVED: gfortran.dg/eof_2.f90 -O0 compilation failed to produce executable
FAIL: gfortran.dg/eof_2.f90 -O1 (test for excess errors)
UNRESOLVED: gfortran.dg/eof_2.f90 -O1 compilation failed to produce executable
FAIL: gfortran.dg/eof_2.f90 -O2 (test for excess errors)
UNRESOLVED: gfortran.dg/eof_2.f90 -O2 compilation failed to produce executable
FAIL: gfortran.dg/eof_2.f90 -O3 -fomit-frame-pointer -funroll-loops -fpeel-loops -ftracer -finline-functions (test for excess errors)
UNRESOLVED: gfortran.dg/eof_2.f90 -O3 -fomit-frame-pointer -funroll-loops -fpeel-loops -ftracer -finline-functions compilation failed to produce executable
FAIL: gfortran.dg/eof_2.f90 -O3 -g (test for excess errors)
UNRESOLVED: gfortran.dg/eof_2.f90 -O3 -g compilation failed to produce executable
FAIL: gfortran.dg/eof_2.f90 -Os (test for excess errors)
UNRESOLVED: gfortran.dg/eof_2.f90 -Os compilation failed to produce executable
FAIL: gfortran.dg/eof_3.f90 -O0 (test for excess errors)
UNRESOLVED: gfortran.dg/eof_3.f90 -O0 compilation failed to produce executable
FAIL: gfortran.dg/eof_3.f90 -O1 (test for excess errors)
UNRESOLVED: gfortran.dg/eof_3.f90 -O1 compilation failed to produce executable
FAIL: gfortran.dg/eof_3.f90 -O2 (test for excess errors)
UNRESOLVED: gfortran.dg/eof_3.f90 -O2 compilation failed to produce executable
FAIL: gfortran.dg/eof_3.f90 -O3 -fomit-frame-pointer -funroll-loops -fpeel-loops -ftracer -finline-functions (test for excess errors)
UNRESOLVED: gfortran.dg/eof_3.f90 -O3 -fomit-frame-pointer -funroll-loops -fpeel-loops -ftracer -finline-functions compilation failed to produce executable
FAIL: gfortran.dg/eof_3.f90 -O3 -g (test for excess errors)
UNRESOLVED: gfortran.dg/eof_3.f90 -O3 -g compilation failed to produce executable
FAIL: gfortran.dg/eoshift.f90 -O0 (test for excess errors)
UNRESOLVED: gfortran.dg/eoshift.f90 -O0 compilation failed to produce executable
FAIL: gfortran.dg/eoshift.f90 -O1 (test for excess errors)
UNRESOLVED: gfortran.dg/eoshift.f90 -O1 compilation failed to produce executable
FAIL: gfortran.dg/eoshift.f90 -O2 (test for excess errors)
UNRESOLVED: gfortran.dg/eoshift.f90 -O2 compilation failed to produce executable
FAIL: gfortran.dg/eoshift.f90 -O3 -fomit-frame-pointer -funroll-loops -fpeel-loops -ftracer -finline-functions (test for excess errors)
UNRESOLVED: gfortran.dg/eoshift.f90 -O3 -fomit-frame-pointer -funroll-loops -fpeel-loops -ftracer -finline-functions compilation failed to produce executable
FAIL: gfortran.dg/eoshift.f90 -O3 -g (test for excess errors)
UNRESOLVED: gfortran.dg/eoshift.f90 -O3 -g compilation failed to produce executable
FAIL: gfortran.dg/eoshift.f90 -Os (test for excess errors)
UNRESOLVED: gfortran.dg/eoshift.f90 -Os compilation failed to produce executable
FAIL: gfortran.dg/eoshift_2.f90 -O (test for excess errors)
FAIL: gfortran.dg/eoshift_bounds_1.f90 -O0 (test for excess errors)
UNRESOLVED: gfortran.dg/eoshift_bounds_1.f90 -O0 compilation failed to produce executable
FAIL: gfortran.dg/eoshift_bounds_1.f90 -O1 (test for excess errors)
UNRESOLVED: gfortran.dg/eoshift_bounds_1.f90 -O1 compilation failed to produce executable
FAIL: gfortran.dg/eoshift_bounds_1.f90 -O2 (test for excess errors)
UNRESOLVED: gfortran.dg/eoshift_bounds_1.f90 -O2 compilation failed to produce executable
FAIL: gfortran.dg/eoshift_bounds_1.f90 -O3 -fomit-frame-pointer -funroll-loops -fpeel-loops -ftracer -finline-functions (test for excess errors)
UNRESOLVED: gfortran.dg/eoshift_bounds_1.f90 -O3 -fomit-frame-pointer -funroll-loops -fpeel-loops -ftracer -finline-functions compilation failed to produce executable
FAIL: gfortran.dg/eoshift_bounds_1.f90 -O3 -g (test for excess errors)
UNRESOLVED: gfortran.dg/eoshift_bounds_1.f90 -O3 -g compilation failed to produce executable
FAIL: gfortran.dg/eoshift_bounds_1.f90 -Os (test for excess errors)
UNRESOLVED: gfortran.dg/eoshift_bounds_1.f90 -Os compilation failed to produce executable
XPASS: gfortran.dg/large_real_kind_form_io_2.f90 -O0 execution test
XPASS: gfortran.dg/large_real_kind_form_io_2.f90 -O1 execution test
XPASS: gfortran.dg/large_real_kind_form_io_2.f90 -O2 execution test
XPASS: gfortran.dg/large_real_kind_form_io_2.f90 -O3 -fomit-frame-pointer -funroll-loops -fpeel-loops -ftracer -finline-functions execution test
XPASS: gfortran.dg/large_real_kind_form_io_2.f90 -O3 -g execution test
XPASS: gfortran.dg/large_real_kind_form_io_2.f90 -Os execution test
FAIL: gfortran.dg/ieee/large_2.f90 -O0 execution test
FAIL: gfortran.dg/ieee/large_2.f90 -O1 execution test
FAIL: gfortran.dg/ieee/large_2.f90 -O2 execution test
FAIL: gfortran.dg/ieee/large_2.f90 -O3 -fomit-frame-pointer -funroll-loops -fpeel-loops -ftracer -finline-functions execution test
FAIL: gfortran.dg/ieee/large_2.f90 -O3 -g execution test
FAIL: gfortran.dg/ieee/large_2.f90 -Os execution test
FAIL: gfortran.dg/vect/fast-math-pr37021.f90 -O scan-tree-dump vect "vectorized 2 loops"
FAIL: gfortran.dg/vect/pr52580.f -O scan-tree-dump-times vect "LOOP VECTORIZED" 1
FAIL: gfortran.dg/vect/pr62283-2.f -O scan-tree-dump slp2 "basic block vectorized"
FAIL: gfortran.dg/vect/vect-8.f90 -O scan-tree-dump-times vect "vectorized 21 loops" 1
FAIL: gfortran.dg/vect/vect-gems.f90 -O scan-tree-dump-times vect "vectorized 1 loops" 1
=== gfortran Summary ===
# of expected passes 45219
# of unexpected failures 205
# of unexpected successes 6
# of expected failures 89
# of unresolved testcases 128
# of unsupported tests 103
/home/gccbuild/build/nightly/build-gcc-7/gcc/gfortran version 7.3.1 20181003 [gcc-7-branch revision 264813] (GCC)
=== g++ tests ===
Running target unix
FAIL: g++.dg/asan/asan_test.C -O2 AddressSanitizer_LargeOOBInMemset execution test
FAIL: g++.dg/asan/asan_test.C -O2 AddressSanitizer_MemCmpOOBTest execution test
FAIL: g++.dg/asan/asan_test.C -O2 AddressSanitizer_MemCpyOOBTest execution test
FAIL: g++.dg/asan/asan_test.C -O2 AddressSanitizer_MemMoveOOBTest execution test
FAIL: g++.dg/asan/asan_test.C -O2 AddressSanitizer_MemSetOOBTest MEMSET((char*)(array + length) - 1, element, 6) output pattern test
FAIL: g++.dg/asan/asan_test.C -O2 AddressSanitizer_MemSetOOBTest MEMSET((char*)(array + length) - 1, element, 6) output pattern test
FAIL: g++.dg/asan/asan_test.C -O2 AddressSanitizer_MemSetOOBTest MEMSET((char*)array - 1, element, size) output pattern test
FAIL: g++.dg/asan/asan_test.C -O2 AddressSanitizer_MemSetOOBTest MEMSET((char*)array - 1, element, size) output pattern test
FAIL: g++.dg/asan/asan_test.C -O2 AddressSanitizer_MemSetOOBTest MEMSET((char*)array - 2, element, size + 4) output pattern test
FAIL: g++.dg/asan/asan_test.C -O2 AddressSanitizer_MemSetOOBTest MEMSET((char*)array - 2, element, size + 4) output pattern test
FAIL: g++.dg/asan/asan_test.C -O2 AddressSanitizer_MemSetOOBTest MEMSET((char*)array - 2, element, size + 4) output pattern test
FAIL: g++.dg/asan/asan_test.C -O2 AddressSanitizer_MemSetOOBTest MEMSET((char*)array - 5, 0, 6) output pattern test
FAIL: g++.dg/asan/asan_test.C -O2 AddressSanitizer_MemSetOOBTest MEMSET((char*)array - 5, 0, 6) output pattern test
FAIL: g++.dg/asan/asan_test.C -O2 AddressSanitizer_MemSetOOBTest MEMSET((char*)array - 5, 0, 6) output pattern test
FAIL: g++.dg/asan/asan_test.C -O2 AddressSanitizer_MemSetOOBTest MEMSET(array + 1, element, size + sizeof(T)) output pattern test
FAIL: g++.dg/asan/asan_test.C -O2 AddressSanitizer_MemSetOOBTest MEMSET(array + 1, element, size + sizeof(T)) output pattern test
FAIL: g++.dg/asan/asan_test.C -O2 AddressSanitizer_MemSetOOBTest MEMSET(array + length + 1, 0, 10) output pattern test
FAIL: g++.dg/asan/asan_test.C -O2 AddressSanitizer_MemSetOOBTest MEMSET(array + length + 1, 0, 10) output pattern test
FAIL: g++.dg/asan/asan_test.C -O2 AddressSanitizer_MemSetOOBTest MEMSET(array - 2, 0, sizeof(T)) output pattern test
FAIL: g++.dg/asan/asan_test.C -O2 AddressSanitizer_MemSetOOBTest MEMSET(array - 2, 0, sizeof(T)) output pattern test
FAIL: g++.dg/asan/asan_test.C -O2 AddressSanitizer_MemSetOOBTest MEMSET(array - 2, 0, sizeof(T)) output pattern test
FAIL: g++.dg/asan/asan_test.C -O2 AddressSanitizer_MemSetOOBTest MEMSET(array, 0, size + 1) output pattern test
FAIL: g++.dg/asan/asan_test.C -O2 AddressSanitizer_MemSetOOBTest MEMSET(array, 0, size + 1) output pattern test
FAIL: g++.dg/asan/asan_test.C -O2 AddressSanitizer_MemSetOOBTest memset(array - 5, element, size + 5 * sizeof(T)) output pattern test
FAIL: g++.dg/asan/asan_test.C -O2 AddressSanitizer_MemSetOOBTest memset(array - 5, element, size + 5 * sizeof(T)) output pattern test
FAIL: g++.dg/asan/asan_test.C -O2 AddressSanitizer_StrCaseCmpOOBTest execution test
FAIL: g++.dg/asan/asan_test.C -O2 AddressSanitizer_StrCatOOBTest execution test
FAIL: g++.dg/asan/asan_test.C -O2 AddressSanitizer_StrChrAndIndexOOBTest execution test
FAIL: g++.dg/asan/asan_test.C -O2 AddressSanitizer_StrCmpAndFriendsLogicTest execution test
FAIL: g++.dg/asan/asan_test.C -O2 AddressSanitizer_StrCmpOOBTest execution test
FAIL: g++.dg/asan/asan_test.C -O2 AddressSanitizer_StrCpyOOBTest execution test
FAIL: g++.dg/asan/asan_test.C -O2 AddressSanitizer_StrDupOOBTest execution test
FAIL: g++.dg/asan/asan_test.C -O2 AddressSanitizer_StrLenOOBTest execution test
FAIL: g++.dg/asan/asan_test.C -O2 AddressSanitizer_StrNCaseCmpOOBTest execution test
FAIL: g++.dg/asan/asan_test.C -O2 AddressSanitizer_StrNCatOOBTest execution test
FAIL: g++.dg/asan/asan_test.C -O2 AddressSanitizer_StrNCmpOOBTest execution test
FAIL: g++.dg/asan/asan_test.C -O2 AddressSanitizer_StrNCpyOOBTest execution test
FAIL: g++.dg/asan/asan_test.C -O2 AddressSanitizer_StrNLenOOBTest execution test
FAIL: g++.dg/asan/asan_test.C -O2 AddressSanitizer_WcsLenTest execution test
FAIL: g++.dg/debug/localclass1.C -gstabs+ (test for excess errors)
FAIL: g++.dg/debug/localclass1.C -gstabs+ -O2 (test for excess errors)
FAIL: g++.dg/debug/localclass1.C -gstabs+ -O3 (test for excess errors)
FAIL: g++.dg/debug/localclass1.C -gstabs+1 -O3 (test for excess errors)
FAIL: g++.dg/debug/localclass1.C -gstabs+3 (test for excess errors)
FAIL: g++.dg/debug/localclass1.C -gstabs+3 -O2 (test for excess errors)
FAIL: g++.dg/debug/localclass1.C -gstabs+3 -O3 (test for excess errors)
FAIL: g++.dg/debug/minimal1.C -gdwarf-2 (test for excess errors)
FAIL: g++.dg/debug/minimal1.C -gdwarf-2 -O2 (test for excess errors)
FAIL: g++.dg/debug/minimal1.C -gdwarf-2 -O3 (test for excess errors)
FAIL: g++.dg/debug/minimal1.C -gdwarf-2 -g1 (test for excess errors)
FAIL: g++.dg/debug/minimal1.C -gdwarf-2 -g1 -O2 (test for excess errors)
FAIL: g++.dg/debug/minimal1.C -gdwarf-2 -g1 -O3 (test for excess errors)
FAIL: g++.dg/debug/minimal1.C -gdwarf-2 -g3 (test for excess errors)
FAIL: g++.dg/debug/minimal1.C -gdwarf-2 -g3 -O2 (test for excess errors)
FAIL: g++.dg/debug/minimal1.C -gdwarf-2 -g3 -O3 (test for excess errors)
FAIL: g++.dg/debug/minimal1.C -gstabs (test for excess errors)
FAIL: g++.dg/debug/minimal1.C -gstabs -O2 (test for excess errors)
FAIL: g++.dg/debug/minimal1.C -gstabs -O3 (test for excess errors)
FAIL: g++.dg/debug/minimal1.C -gstabs+1 (test for excess errors)
FAIL: g++.dg/debug/minimal1.C -gstabs1 (test for excess errors)
FAIL: g++.dg/debug/minimal1.C -gstabs1 -O2 (test for excess errors)
FAIL: g++.dg/debug/minimal1.C -gstabs1 -O3 (test for excess errors)
FAIL: g++.dg/debug/minimal1.C -gstabs3 (test for excess errors)
FAIL: g++.dg/debug/minimal1.C -gstabs3 -O2 (test for excess errors)
FAIL: g++.dg/debug/minimal1.C -gstabs3 -O3 (test for excess errors)
=== g++ Summary ===
# of expected passes 111483
# of unexpected failures 65
# of expected failures 383
# of unsupported tests 4744
/home/gccbuild/build/nightly/build-gcc-7/gcc/xg++ version 7.3.1 20181003 [gcc-7-branch revision 264813] (GCC)
=== go tests ===
Running target unix
FAIL: bug297.go -O (test for errors, line 14)
FAIL: bug297.go -O (test for excess errors)
FAIL: bug318.go -O (test for errors, line 12)
FAIL: bug318.go -O (test for excess errors)
FAIL: bug330.go -O (test for errors, line 11)
FAIL: bug330.go -O (test for errors, line 12)
FAIL: bug330.go -O (test for excess errors)
FAIL: bug332.go -O (test for errors, line 17)
FAIL: bug332.go -O (test for excess errors)
FAIL: bug337.go -O (test for errors, line 17)
FAIL: bug337.go -O (test for excess errors)
FAIL: bug340.go -O (test for errors, line 14)
FAIL: bug340.go -O (test for errors, line 15)
FAIL: bug340.go -O (test for excess errors)
FAIL: bug342.go -O (test for errors, line 12)
FAIL: bug342.go -O (test for excess errors)
FAIL: bug344.go -O (test for errors, line 17)
FAIL: bug344.go -O (test for errors, line 20)
FAIL: bug344.go -O (test for excess errors)
FAIL: bug349.go -O (test for errors, line 12)
FAIL: bug349.go -O (test for excess errors)
FAIL: bug350.go -O (test for errors, line 11)
FAIL: bug350.go -O (test for errors, line 12)
FAIL: bug350.go -O (test for errors, line 14)
FAIL: bug350.go -O (test for errors, line 15)
FAIL: bug350.go -O (test for excess errors)
FAIL: bug351.go -O (test for errors, line 12)
FAIL: bug351.go -O (test for excess errors)
FAIL: go.test/test/fixedbugs/bug292.go execution, -O2 -g
FAIL: go.test/test/fixedbugs/bug293.go compilation, -O2 -g
FAIL: go.test/test/fixedbugs/bug294.go compilation, -O2 -g
FAIL: go.test/test/fixedbugs/bug295.go compilation, -O2 -g
FAIL: go.test/test/fixedbugs/bug296.go compilation, -O2 -g
FAIL: go.test/test/fixedbugs/bug316.go -O (test for excess errors)
FAIL: go.test/test/fixedbugs/bug317.go compilation, -O2 -g
FAIL: go.test/test/fixedbugs/bug319.go -O (test for excess errors)
FAIL: go.test/test/fixedbugs/bug320.go compilation, -O2 -g
FAIL: go.test/test/fixedbugs/bug321.go compilation, -O2 -g
FAIL: go.test/test/fixedbugs/bug322.dir/main.go execution, -O2 -g
FAIL: go.test/test/fixedbugs/bug329.go compilation, -O2 -g
FAIL: go.test/test/fixedbugs/bug331.go compilation, -O2 -g
FAIL: go.test/test/fixedbugs/bug333.go compilation, -O2 -g
FAIL: go.test/test/fixedbugs/bug334.go -O (test for excess errors)
FAIL: go.test/test/fixedbugs/bug335.dir/a.go -O (test for excess errors)
FAIL: go.test/test/fixedbugs/bug335.dir/b.go -O (test for excess errors)
FAIL: go.test/test/fixedbugs/bug336.go compilation, -O2 -g
FAIL: go.test/test/fixedbugs/bug338.go -O (test for excess errors)
FAIL: go.test/test/fixedbugs/bug339.go compilation, -O2 -g
FAIL: go.test/test/fixedbugs/bug341.go compilation, -O2 -g
FAIL: go.test/test/fixedbugs/bug343.go compilation, -O2 -g
FAIL: go.test/test/fixedbugs/bug345.dir/io.go -O (test for excess errors)
FAIL: go.test/test/fixedbugs/bug346.go compilation, -O2 -g
FAIL: go.test/test/fixedbugs/bug347.go compilation, -O0 -g
FAIL: go.test/test/fixedbugs/bug348.go compilation, -O0 -g
FAIL: go.test/test/fixedbugs/bug352.go compilation, -O2 -g
FAIL: go.test/test/fixedbugs/bug355.go compilation, -O2 -g
FAIL: go.test/test/fixedbugs/bug356.go compilation, -O2 -g
FAIL: go.test/test/ken/cplx2.go execution, -O2 -g
FAIL: main.go -O (test for errors, line 25)
FAIL: main.go -O (test for errors, line 27)
FAIL: main.go -O (test for excess errors)
=== go Summary ===
# of expected passes 7170
# of unexpected failures 61
# of expected failures 1
# of untested testcases 27
# of unsupported tests 3
/home/gccbuild/build/nightly/build-gcc-7/gcc/gccgo version 7.3.1 20181003 [gcc-7-branch revision 264813] (GCC)
=== obj-c++ tests ===
Running target unix
=== obj-c++ Summary ===
# of expected passes 1451
# of expected failures 10
# of unsupported tests 77
/home/gccbuild/build/nightly/build-gcc-7/gcc/xg++ version 7.3.1 20181003 [gcc-7-branch revision 264813] (GCC)
=== objc tests ===
Running target unix
=== objc Summary ===
# of expected passes 2803
# of unsupported tests 68
/home/gccbuild/build/nightly/build-gcc-7/gcc/xgcc version 7.3.1 20181003 [gcc-7-branch revision 264813] (GCC)
=== libatomic tests ===
Running target unix
=== libatomic Summary ===
# of expected passes 54
=== libffi tests ===
Running target unix
=== libffi Summary ===
# of expected passes 1934
# of unsupported tests 28
=== libgo tests ===
Running target unix
=== libgo Summary ===
# of expected passes 145
/home/gccbuild/build/nightly/build-gcc-7/./gcc/gccgo version 7.3.1 20181003 [gcc-7-branch revision 264813] (GCC)
=== libgomp tests ===
Running target unix
FAIL: libgomp.oacc-c/../libgomp.oacc-c-c++-common/data-clauses-kernels-ipa-pta.c -DACC_DEVICE_TYPE_host=1 -DACC_MEM_SHARED=1 -O2 (test for excess errors)
UNRESOLVED: libgomp.oacc-c/../libgomp.oacc-c-c++-common/data-clauses-kernels-ipa-pta.c -DACC_DEVICE_TYPE_host=1 -DACC_MEM_SHARED=1 -O2 compilation failed to produce executable
FAIL: libgomp.oacc-c/../libgomp.oacc-c-c++-common/data-clauses-parallel-ipa-pta.c -DACC_DEVICE_TYPE_host=1 -DACC_MEM_SHARED=1 -O2 (test for excess errors)
UNRESOLVED: libgomp.oacc-c/../libgomp.oacc-c-c++-common/data-clauses-parallel-ipa-pta.c -DACC_DEVICE_TYPE_host=1 -DACC_MEM_SHARED=1 -O2 compilation failed to produce executable
=== libgomp Summary ===
# of expected passes 5070
# of unexpected failures 2
# of unresolved testcases 2
# of unsupported tests 391
=== libitm tests ===
Running target unix
=== libitm Summary ===
# of expected passes 42
# of expected failures 3
# of unsupported tests 1
=== libstdc++ tests ===
Running target unix
FAIL: libstdc++-prettyprinters/cxx17.cc print ab
FAIL: libstdc++-prettyprinters/cxx17.cc print ai
FAIL: libstdc++-prettyprinters/cxx17.cc print am
FAIL: libstdc++-prettyprinters/cxx17.cc print ap
FAIL: libstdc++-prettyprinters/cxx17.cc print as
FAIL: libstdc++-prettyprinters/cxx17.cc print as2
FAIL: libstdc++-prettyprinters/libfundts.cc print ab
FAIL: libstdc++-prettyprinters/libfundts.cc print ai
FAIL: libstdc++-prettyprinters/libfundts.cc print am
FAIL: libstdc++-prettyprinters/libfundts.cc print ap
FAIL: libstdc++-prettyprinters/libfundts.cc print as
FAIL: libstdc++-prettyprinters/libfundts.cc print as2
=== libstdc++ Summary ===
# of expected passes 12240
# of unexpected failures 12
# of expected failures 66
# of unsupported tests 258
Compiler version: 7.3.1 20181003 [gcc-7-branch revision 264813] (GCC)
Platform: powerpc64-unknown-linux-gnu
configure flags: --prefix=/opt/gcc-nightly/7 --with-as=/usr/bin/as --with-ld=/usr/bin/ld --enable-languages=c,c++,fortran,objc,obj-c++,go --disable-multilib --disable-multilib --with-cpu=power7
More information about the Gcc-testresults
mailing list