Results for 9.0.0 20181002 (experimental) [trunk revision 264799] (GCC) testsuite on powerpc-unknown-freebsd12.0

Andreas Tobler andreast.dev@gmail.com
Wed Oct 3 16:29:00 GMT 2018


LAST_UPDATED: Tue Oct  2 17:57:19 UTC 2018 (revision 264799)

Native configuration is powerpc-unknown-freebsd12.0

		=== g++ tests ===


Running target unix
FAIL: tmpdir-g++.dg-struct-layout-1/t003 cp_compat_x_tst.o-cp_compat_y_tst.o execute 
FAIL: g++.dg/pr66337-1.C   (test for excess errors)
UNRESOLVED: g++.dg/pr66337-1.C   compilation failed to produce executable
FAIL: g++.dg/pr83239.C  -std=gnu++98 (test for excess errors)
FAIL: g++.dg/gcov/pr16855-priority.C  -std=gnu++98  line 22: is #####:should be 1
FAIL: g++.dg/gcov/pr16855-priority.C  -std=gnu++98  gcov: 1 failures in line counts, 0 in branch percentages, 0 in return percentages, 0 in intermediate format
FAIL: g++.dg/gcov/pr16855-priority.C  -std=gnu++11  line 22: is #####:should be 1
FAIL: g++.dg/gcov/pr16855-priority.C  -std=gnu++11  gcov: 1 failures in line counts, 0 in branch percentages, 0 in return percentages, 0 in intermediate format
FAIL: g++.dg/gcov/pr16855-priority.C  -std=gnu++14  line 22: is #####:should be 1
FAIL: g++.dg/gcov/pr16855-priority.C  -std=gnu++14  gcov: 1 failures in line counts, 0 in branch percentages, 0 in return percentages, 0 in intermediate format
FAIL: g++.dg/gcov/pr16855.C  -std=gnu++98  line 21: is #####:should be 1
FAIL: g++.dg/gcov/pr16855.C  -std=gnu++98  gcov: 1 failures in line counts, 0 in branch percentages, 0 in return percentages, 0 in intermediate format
FAIL: g++.dg/gcov/pr16855.C  -std=gnu++11  line 21: is #####:should be 1
FAIL: g++.dg/gcov/pr16855.C  -std=gnu++11  gcov: 1 failures in line counts, 0 in branch percentages, 0 in return percentages, 0 in intermediate format
FAIL: g++.dg/gcov/pr16855.C  -std=gnu++14  line 21: is #####:should be 1
FAIL: g++.dg/gcov/pr16855.C  -std=gnu++14  gcov: 1 failures in line counts, 0 in branch percentages, 0 in return percentages, 0 in intermediate format
FAIL: g++.dg/torture/pr80334.C   -O0  (test for excess errors)
FAIL: g++.dg/torture/pr80334.C   -O1  (test for excess errors)
FAIL: g++.dg/torture/pr80334.C   -O2  (test for excess errors)
FAIL: g++.dg/torture/pr80334.C   -O3 -fomit-frame-pointer -funroll-loops -fpeel-loops -ftracer -finline-functions  (test for excess errors)
FAIL: g++.dg/torture/pr80334.C   -O3 -g  (test for excess errors)
FAIL: g++.dg/torture/pr80334.C   -Os  (test for excess errors)
FAIL: g++.dg/torture/pr80334.C   -O2 -flto -fno-use-linker-plugin -flto-partition=none  (test for excess errors)
FAIL: g++.dg/torture/pr80334.C   -O2 -flto -fuse-linker-plugin -fno-fat-lto-objects  (test for excess errors)
FAIL: g++.old-deja/g++.other/init18.C  -std=c++98 execution test
FAIL: g++.old-deja/g++.other/init18.C  -std=c++11 execution test
FAIL: g++.old-deja/g++.other/init18.C  -std=c++14 execution test
FAIL: g++.old-deja/g++.other/init19.C  -std=c++98 execution test
FAIL: g++.old-deja/g++.other/init19.C  -std=c++11 execution test
FAIL: g++.old-deja/g++.other/init19.C  -std=c++14 execution test

		=== g++ Summary ===

# of expected passes		115046
# of unexpected failures	29
# of expected failures		534
# of unresolved testcases	1
# of unsupported tests		5283
/export/devel/build/gcc/head/objdir/gcc/xg++  version 9.0.0 20181002 (experimental) [trunk revision 264799] (GCC) 

		=== gcc tests ===


Running target unix
FAIL: gcc.c-torture/execute/20000822-1.c   -O0  execution test
FAIL: gcc.c-torture/execute/20000822-1.c   -O1  execution test
FAIL: gcc.c-torture/execute/20000822-1.c   -O2  execution test
FAIL: gcc.c-torture/execute/20000822-1.c   -O3 -g  execution test
FAIL: gcc.c-torture/execute/20000822-1.c   -Os  execution test
FAIL: gcc.c-torture/execute/20000822-1.c   -O2 -flto -fno-use-linker-plugin -flto-partition=none  execution test
FAIL: gcc.c-torture/execute/20000822-1.c   -O2 -flto -fuse-linker-plugin -fno-fat-lto-objects  execution test
FAIL: gcc.c-torture/execute/20020227-1.c   -O0  execution test
FAIL: gcc.c-torture/execute/20030125-1.c   -O1  execution test
FAIL: gcc.c-torture/execute/20030125-1.c   -Os  execution test
FAIL: gcc.c-torture/execute/921215-1.c   -O0  execution test
FAIL: gcc.c-torture/execute/931002-1.c   -O0  execution test
FAIL: gcc.c-torture/execute/nestfunc-1.c   -O0  execution test
FAIL: gcc.c-torture/execute/nestfunc-2.c   -O0  execution test
FAIL: gcc.c-torture/execute/nestfunc-3.c   -O0  execution test
FAIL: gcc.c-torture/execute/nestfunc-3.c   -O1  execution test
FAIL: gcc.c-torture/execute/nestfunc-3.c   -O2  execution test
FAIL: gcc.c-torture/execute/nestfunc-3.c   -O3 -fomit-frame-pointer -funroll-loops -fpeel-loops -ftracer -finline-functions  execution test
FAIL: gcc.c-torture/execute/nestfunc-3.c   -O3 -g  execution test
FAIL: gcc.c-torture/execute/nestfunc-3.c   -Os  execution test
FAIL: gcc.c-torture/execute/nestfunc-3.c   -O2 -flto -fno-use-linker-plugin -flto-partition=none  execution test
FAIL: gcc.c-torture/execute/nestfunc-3.c   -O2 -flto -fuse-linker-plugin -fno-fat-lto-objects  execution test
FAIL: gcc.c-torture/execute/nestfunc-5.c   -O0  execution test
FAIL: gcc.c-torture/execute/nestfunc-5.c   -O1  execution test
FAIL: gcc.c-torture/execute/nestfunc-5.c   -O2  execution test
FAIL: gcc.c-torture/execute/nestfunc-5.c   -O3 -g  execution test
FAIL: gcc.c-torture/execute/nestfunc-5.c   -Os  execution test
FAIL: gcc.c-torture/execute/nestfunc-5.c   -O2 -flto -fno-use-linker-plugin -flto-partition=none  execution test
FAIL: gcc.c-torture/execute/nestfunc-5.c   -O2 -flto -fuse-linker-plugin -fno-fat-lto-objects  execution test
FAIL: gcc.c-torture/execute/nestfunc-6.c   -O0  execution test
FAIL: gcc.c-torture/execute/nestfunc-6.c   -O1  execution test
FAIL: gcc.c-torture/execute/nestfunc-6.c   -O2  execution test
FAIL: gcc.c-torture/execute/nestfunc-6.c   -O3 -g  execution test
FAIL: gcc.c-torture/execute/nestfunc-6.c   -Os  execution test
FAIL: gcc.c-torture/execute/nestfunc-6.c   -O2 -flto -fno-use-linker-plugin -flto-partition=none  execution test
FAIL: gcc.c-torture/execute/nestfunc-6.c   -O2 -flto -fuse-linker-plugin -fno-fat-lto-objects  execution test
FAIL: gcc.c-torture/execute/ieee/rbug.c execution,  -O2 -flto -fuse-linker-plugin -fno-fat-lto-objects 
FAIL: gcc.dg/atomic/c11-atomic-exec-5.c   -O0  execution test
FAIL: gcc.dg/atomic/c11-atomic-exec-5.c   -O1  execution test
FAIL: gcc.dg/atomic/c11-atomic-exec-5.c   -O2  execution test
FAIL: gcc.dg/atomic/c11-atomic-exec-5.c   -O3 -fomit-frame-pointer -funroll-loops -fpeel-loops -ftracer -finline-functions  execution test
FAIL: gcc.dg/atomic/c11-atomic-exec-5.c   -O3 -g  execution test
FAIL: gcc.dg/atomic/c11-atomic-exec-5.c   -Os  execution test
FAIL: gcc.dg/atomic/c11-atomic-exec-5.c   -O2 -flto -fno-use-linker-plugin -flto-partition=none  execution test
FAIL: gcc.dg/atomic/c11-atomic-exec-5.c   -O2 -flto -fuse-linker-plugin -fno-fat-lto-objects  execution test
FAIL: tmpdir-gcc.dg-struct-layout-1/t018 c_compat_x_tst.o-c_compat_y_tst.o execute 
FAIL: tmpdir-gcc.dg-struct-layout-1/t020 c_compat_x_tst.o-c_compat_y_tst.o execute 
FAIL: gcc.dg/builtins-58.c scan-assembler-not pow\\\\M
FAIL: gcc.dg/builtins-59.c scan-tree-dump gimple "__builtin_cexpi"
FAIL: gcc.dg/builtins-59.c scan-tree-dump-not gimple "sincos"
FAIL: gcc.dg/builtins-61.c scan-tree-dump optimized "cexpi"
FAIL: gcc.dg/builtins-61.c scan-tree-dump optimized "sin"
FAIL: gcc.dg/builtins-61.c scan-tree-dump optimized "cos"
FAIL: gcc.dg/builtins-61.c scan-tree-dump optimized "return 0.0"
FAIL: gcc.dg/builtins-62.c scan-tree-dump-times optimized "cexpi" 3
FAIL: gcc.dg/builtins-65.c (test for excess errors)
FAIL: gcc.dg/c99-stdint-7.c (test for excess errors)
FAIL: gcc.dg/c99-tgmath-2.c (test for excess errors)
UNRESOLVED: gcc.dg/c99-tgmath-2.c scan-assembler sinf
FAIL: gcc.dg/c99-tgmath-3.c (test for excess errors)
UNRESOLVED: gcc.dg/c99-tgmath-3.c scan-assembler cexp
FAIL: gcc.dg/gimplefe-28.c (internal compiler error)
FAIL: gcc.dg/gimplefe-28.c (test for excess errors)
FAIL: gcc.dg/misaligned-expand-3.c execution test
FAIL: gcc.dg/pow-sqrt-synth-1.c scan-tree-dump-times sincos "synthesizing" 7
FAIL: gcc.dg/sms-1.c scan-rtl-dump-times sms "SMS succeeded" 1
FAIL: gcc.dg/trampoline-1.c execution test
FAIL: gcc.dg/utf-array-short-wchar.c  (test for errors, line 39)
FAIL: gcc.dg/utf-array-short-wchar.c  (test for errors, line 41)
FAIL: gcc.dg/utf-array-short-wchar.c (test for excess errors)
FAIL: gcc.dg/warn-abs-1.c  (test for warnings, line 46)
FAIL: gcc.dg/warn-abs-1.c  (test for warnings, line 60)
FAIL: gcc.dg/gomp/pr82374.c scan-tree-dump-times vect "vectorized 1 loops" 2
FAIL: gcc.dg/lto/20110201-1 c_lto_20110201-1_0.o-c_lto_20110201-1_0.o link,  -O0 -flto -fno-math-errno 
FAIL: gcc.dg/pch/largefile.c -O0 -g assembly comparison
FAIL: gcc.dg/pch/largefile.c  -O0  assembly comparison
FAIL: gcc.dg/pch/largefile.c  -O1  assembly comparison
FAIL: gcc.dg/pch/largefile.c  -O2  assembly comparison
FAIL: gcc.dg/pch/largefile.c  -O3 -g  assembly comparison
FAIL: gcc.dg/pch/largefile.c  -Os  assembly comparison
FAIL: gcc.dg/plugin/diagnostic-group-test-1.c -fplugin=./diagnostic_group_plugin.so  expected multiline pattern lines 12-19 not found: "\\s*================================= BEGIN GROUP ==============================.*\\nPREFIX.*\\n   __emit_warning \\("warning 1"\\);.*\\n   \\^~~~~~~~~~~~~~~~~~~~~~~~~~~~\\nPREFIX: message for note.*\\nPREFIX:  some more detail.*\\nPREFIX:   yet more detail.*\\n---------------------------------- END GROUP -------------------------------.*\\n"
FAIL: gcc.dg/plugin/diagnostic-group-test-1.c -fplugin=./diagnostic_group_plugin.so  expected multiline pattern lines 23-25 not found: "================================= BEGIN GROUP ==============================.*\\nPREFIX: an unrelated message.*\\n---------------------------------- END GROUP -------------------------------.*\\n"
FAIL: gcc.dg/plugin/diagnostic-group-test-1.c -fplugin=./diagnostic_group_plugin.so (test for excess errors)
FAIL: gcc.dg/plugin/diagnostic-test-inlining-1.c -fplugin=./diagnostic_plugin_test_inlining.so  (test for warnings, line 9)
FAIL: gcc.dg/plugin/diagnostic-test-inlining-1.c -fplugin=./diagnostic_plugin_test_inlining.so  dg-regexp 27 not found: "In function 'foo',"
FAIL: gcc.dg/plugin/diagnostic-test-inlining-1.c -fplugin=./diagnostic_plugin_test_inlining.so  dg-regexp 28 not found: "    inlined from 'bar' at .+/diagnostic-test-inlining-1.c:15:3,"
FAIL: gcc.dg/plugin/diagnostic-test-inlining-1.c -fplugin=./diagnostic_plugin_test_inlining.so  dg-regexp 29 not found: "    inlined from 'main' at .+/diagnostic-test-inlining-1.c:20:3:"
FAIL: gcc.dg/plugin/diagnostic-test-inlining-1.c -fplugin=./diagnostic_plugin_test_inlining.so  expected multiline pattern lines 32-33 not found: "\\s*__emit_warning \\("message"\\);.*\\n   \\^~~~~~~~~~~~~~~~~~~~~~~~~~\\n"
FAIL: gcc.dg/plugin/diagnostic-test-inlining-1.c -fplugin=./diagnostic_plugin_test_inlining.so (test for excess errors)
FAIL: gcc.dg/plugin/diagnostic-test-inlining-2.c -fplugin=./diagnostic_plugin_test_inlining.so  (test for warnings, line 6)
FAIL: gcc.dg/plugin/diagnostic-test-inlining-2.c -fplugin=./diagnostic_plugin_test_inlining.so  (test for warnings, line 8)
FAIL: gcc.dg/plugin/diagnostic-test-inlining-2.c -fplugin=./diagnostic_plugin_test_inlining.so  (test for warnings, line 13)
FAIL: gcc.dg/plugin/diagnostic-test-inlining-2.c -fplugin=./diagnostic_plugin_test_inlining.so  dg-regexp 31 not found: "In function 'foo',"
FAIL: gcc.dg/plugin/diagnostic-test-inlining-2.c -fplugin=./diagnostic_plugin_test_inlining.so  dg-regexp 32 not found: "    inlined from 'bar' at .+/diagnostic-test-inlining-2.c:19:3,"
FAIL: gcc.dg/plugin/diagnostic-test-inlining-2.c -fplugin=./diagnostic_plugin_test_inlining.so  dg-regexp 33 not found: "    inlined from 'main' at .+/diagnostic-test-inlining-2.c:24:3:"
FAIL: gcc.dg/plugin/diagnostic-test-inlining-2.c -fplugin=./diagnostic_plugin_test_inlining.so  expected multiline pattern lines 36-37 not found: "\\s*#define INNER_WARNING\\(MSG\\) __emit_warning \\(MSG\\).*\\n                            \\^~~~~~~~~~~~~~~~~~~~\\n"
FAIL: gcc.dg/plugin/diagnostic-test-inlining-2.c -fplugin=./diagnostic_plugin_test_inlining.so  expected multiline pattern lines 41-42 not found: " #define OUTER_WARNING\\(MSG\\) INNER_WARNING \\(MSG\\).*\\n                            \\^~~~~~~~~~~~~\\n"
FAIL: gcc.dg/plugin/diagnostic-test-inlining-2.c -fplugin=./diagnostic_plugin_test_inlining.so  expected multiline pattern lines 46-47 not found: "   OUTER_WARNING \\("message"\\);.*\\n   \\^~~~~~~~~~~~~\\n"
FAIL: gcc.dg/plugin/diagnostic-test-inlining-2.c -fplugin=./diagnostic_plugin_test_inlining.so (test for excess errors)
FAIL: gcc.dg/plugin/diagnostic-test-inlining-3.c -fplugin=./diagnostic_plugin_test_inlining.so  (test for warnings, line 9)
FAIL: gcc.dg/plugin/diagnostic-test-inlining-3.c -fplugin=./diagnostic_plugin_test_inlining.so  dg-regexp 37 not found: "In function 'foo',"
FAIL: gcc.dg/plugin/diagnostic-test-inlining-3.c -fplugin=./diagnostic_plugin_test_inlining.so  dg-regexp 38 not found: "    inlined from 'main' at .+/diagnostic-test-inlining-3.c:15:3:"
FAIL: gcc.dg/plugin/diagnostic-test-inlining-3.c -fplugin=./diagnostic_plugin_test_inlining.so  expected multiline pattern lines 41-42 not found: "\\s*__emit_warning \\("message"\\);.*\\n   \\^~~~~~~~~~~~~~~~~~~~~~~~~~\\n"
FAIL: gcc.dg/plugin/diagnostic-test-inlining-3.c -fplugin=./diagnostic_plugin_test_inlining.so (test for excess errors)
FAIL: gcc.dg/plugin/diagnostic-test-inlining-4.c -fplugin=./diagnostic_plugin_test_inlining.so  (test for warnings, line 9)
FAIL: gcc.dg/plugin/diagnostic-test-inlining-4.c -fplugin=./diagnostic_plugin_test_inlining.so  dg-regexp 46 not found: "In function 'depth_0',"
FAIL: gcc.dg/plugin/diagnostic-test-inlining-4.c -fplugin=./diagnostic_plugin_test_inlining.so  dg-regexp 47 not found: "    inlined from 'depth_1' at .+/diagnostic-test-inlining-4.c:15:3,"
FAIL: gcc.dg/plugin/diagnostic-test-inlining-4.c -fplugin=./diagnostic_plugin_test_inlining.so  dg-regexp 48 not found: "    inlined from 'depth_2' at .+/diagnostic-test-inlining-4.c:21:3,"
FAIL: gcc.dg/plugin/diagnostic-test-inlining-4.c -fplugin=./diagnostic_plugin_test_inlining.so  dg-regexp 49 not found: "    inlined from 'depth_3' at .+/diagnostic-test-inlining-4.c:27:3,"
FAIL: gcc.dg/plugin/diagnostic-test-inlining-4.c -fplugin=./diagnostic_plugin_test_inlining.so  dg-regexp 50 not found: "    inlined from 'depth_4' at .+/diagnostic-test-inlining-4.c:33:3,"
FAIL: gcc.dg/plugin/diagnostic-test-inlining-4.c -fplugin=./diagnostic_plugin_test_inlining.so  dg-regexp 51 not found: "    inlined from 'main' at .+/diagnostic-test-inlining-4.c:38:3:"
FAIL: gcc.dg/plugin/diagnostic-test-inlining-4.c -fplugin=./diagnostic_plugin_test_inlining.so  expected multiline pattern lines 54-55 not found: "\\s*__emit_warning \\("message"\\);.*\\n   \\^~~~~~~~~~~~~~~~~~~~~~~~~~\\n"
FAIL: gcc.dg/plugin/diagnostic-test-inlining-4.c -fplugin=./diagnostic_plugin_test_inlining.so (test for excess errors)
FAIL: gcc.dg/plugin/diagnostic-test-show-locus-bw-line-numbers.c -fplugin=./diagnostic_plugin_test_show_locus.so  (test for warnings, line 14)
FAIL: gcc.dg/plugin/diagnostic-test-show-locus-bw-line-numbers.c -fplugin=./diagnostic_plugin_test_show_locus.so  (test for warnings, line 27)
FAIL: gcc.dg/plugin/diagnostic-test-show-locus-bw-line-numbers.c -fplugin=./diagnostic_plugin_test_show_locus.so  (test for warnings, line 43)
FAIL: gcc.dg/plugin/diagnostic-test-show-locus-bw-line-numbers.c -fplugin=./diagnostic_plugin_test_show_locus.so  (test for warnings, line 63)
FAIL: gcc.dg/plugin/diagnostic-test-show-locus-bw-line-numbers.c -fplugin=./diagnostic_plugin_test_show_locus.so  (test for warnings, line 77)
FAIL: gcc.dg/plugin/diagnostic-test-show-locus-bw-line-numbers.c -fplugin=./diagnostic_plugin_test_show_locus.so  (test for warnings, line 91)
FAIL: gcc.dg/plugin/diagnostic-test-show-locus-bw-line-numbers.c -fplugin=./diagnostic_plugin_test_show_locus.so  (test for warnings, line 110)
FAIL: gcc.dg/plugin/diagnostic-test-show-locus-bw-line-numbers.c -fplugin=./diagnostic_plugin_test_show_locus.so  expected multiline pattern lines 17-18 not found: "\\s*14 \\|   myvar = myvar\\.x;.*\\n   \\|           ~~~~~\\^~\\n"
FAIL: gcc.dg/plugin/diagnostic-test-show-locus-bw-line-numbers.c -fplugin=./diagnostic_plugin_test_show_locus.so  expected multiline pattern lines 30-35 not found: "26 \\|   x = \\(first_function \\(\\).*\\n   \\|        ~~~~~~~~~~~~~~~~~\\n27 \\|        \\+ second_function \\(\\)\\);.*\\n   \\|        \\^ ~~~~~~~~~~~~~~~~~~\\n   \\|        \\|.*\\n   \\|        label.*\\n"
FAIL: gcc.dg/plugin/diagnostic-test-show-locus-bw-line-numbers.c -fplugin=./diagnostic_plugin_test_show_locus.so  expected multiline pattern lines 45-52 not found: "   \\| 0         0         0         0         0         0         1         .*\\n   \\| 4         5         6         7         8         9         0         .*\\n   \\| 0123456789012345678901234567890123456789012345678901234567890123456789.*\\n43 \\|                                          float f = foo \\* bar;.*\\n   \\|                                                    ~~~~\\^~~~~\\n   \\|                                                        \\|.*\\n   \\|                                                        label.*\\n   \\|                                                    bar \\* foo.*\\n"
FAIL: gcc.dg/plugin/diagnostic-test-show-locus-bw-line-numbers.c -fplugin=./diagnostic_plugin_test_show_locus.so  expected multiline pattern lines 65-67 not found: "63 \\|    int a\\[2\\]\\[2\\] = \\{ 0, 1 , 2, 3 \\};.*\\n   \\|                    \\^~~~\\n   \\|                    \\{   \\}.*\\n"
FAIL: gcc.dg/plugin/diagnostic-test-show-locus-bw-line-numbers.c -fplugin=./diagnostic_plugin_test_show_locus.so  expected multiline pattern lines 79-81 not found: "77 \\|   int a;;.*\\n   \\|         \\^\\n   \\|         -.*\\n"
FAIL: gcc.dg/plugin/diagnostic-test-show-locus-bw-line-numbers.c -fplugin=./diagnostic_plugin_test_show_locus.so  expected multiline pattern lines 93-95 not found: "91 \\|   gtk_widget_showall \\(dlg\\);.*\\n   \\|   \\^~~~~~~~~~~~~~~~~~\\n   \\|   gtk_widget_show_all.*\\n"
FAIL: gcc.dg/plugin/diagnostic-test-show-locus-bw-line-numbers.c -fplugin=./diagnostic_plugin_test_show_locus.so  expected multiline pattern lines 114-117 not found: "109 \\|       x = a;.*\\n\\+\\+\\+ \\|\\+      break;.*\\n110 \\|     case 'b':.*\\n    \\|     \\^~~~~~~~\\n"
FAIL: gcc.dg/plugin/diagnostic-test-show-locus-bw-line-numbers.c -fplugin=./diagnostic_plugin_test_show_locus.so (test for excess errors)
FAIL: gcc.dg/plugin/diagnostic-test-show-locus-bw.c -fplugin=./diagnostic_plugin_test_show_locus.so  (test for warnings, line 14)
FAIL: gcc.dg/plugin/diagnostic-test-show-locus-bw.c -fplugin=./diagnostic_plugin_test_show_locus.so  (test for warnings, line 26)
FAIL: gcc.dg/plugin/diagnostic-test-show-locus-bw.c -fplugin=./diagnostic_plugin_test_show_locus.so  (test for warnings, line 40)
FAIL: gcc.dg/plugin/diagnostic-test-show-locus-bw.c -fplugin=./diagnostic_plugin_test_show_locus.so  (test for warnings, line 61)
FAIL: gcc.dg/plugin/diagnostic-test-show-locus-bw.c -fplugin=./diagnostic_plugin_test_show_locus.so  (test for warnings, line 103)
FAIL: gcc.dg/plugin/diagnostic-test-show-locus-bw.c -fplugin=./diagnostic_plugin_test_show_locus.so  (test for warnings, line 114)
FAIL: gcc.dg/plugin/diagnostic-test-show-locus-bw.c -fplugin=./diagnostic_plugin_test_show_locus.so  (test for warnings, line 125)
FAIL: gcc.dg/plugin/diagnostic-test-show-locus-bw.c -fplugin=./diagnostic_plugin_test_show_locus.so  (test for warnings, line 142)
FAIL: gcc.dg/plugin/diagnostic-test-show-locus-bw.c -fplugin=./diagnostic_plugin_test_show_locus.so  (test for warnings, line 159)
FAIL: gcc.dg/plugin/diagnostic-test-show-locus-bw.c -fplugin=./diagnostic_plugin_test_show_locus.so  (test for warnings, line 171)
FAIL: gcc.dg/plugin/diagnostic-test-show-locus-bw.c -fplugin=./diagnostic_plugin_test_show_locus.so  (test for warnings, line 187)
FAIL: gcc.dg/plugin/diagnostic-test-show-locus-bw.c -fplugin=./diagnostic_plugin_test_show_locus.so  (test for warnings, line 201)
FAIL: gcc.dg/plugin/diagnostic-test-show-locus-bw.c -fplugin=./diagnostic_plugin_test_show_locus.so  (test for warnings, line 215)
FAIL: gcc.dg/plugin/diagnostic-test-show-locus-bw.c -fplugin=./diagnostic_plugin_test_show_locus.so  (test for warnings, line 228)
FAIL: gcc.dg/plugin/diagnostic-test-show-locus-bw.c -fplugin=./diagnostic_plugin_test_show_locus.so  (test for warnings, line 240)
FAIL: gcc.dg/plugin/diagnostic-test-show-locus-bw.c -fplugin=./diagnostic_plugin_test_show_locus.so  (test for warnings, line 331)
FAIL: gcc.dg/plugin/diagnostic-test-show-locus-bw.c -fplugin=./diagnostic_plugin_test_show_locus.so  (test for warnings, line 348)
FAIL: gcc.dg/plugin/diagnostic-test-show-locus-bw.c -fplugin=./diagnostic_plugin_test_show_locus.so  (test for warnings, line 348)
FAIL: gcc.dg/plugin/diagnostic-test-show-locus-bw.c -fplugin=./diagnostic_plugin_test_show_locus.so  expected multiline pattern lines 17-18 not found: "\\s*myvar = myvar\\.x;.*\\n           ~~~~~\\^~\\n"
FAIL: gcc.dg/plugin/diagnostic-test-show-locus-bw.c -fplugin=./diagnostic_plugin_test_show_locus.so  expected multiline pattern lines 29-30 not found: "   x = first_function \\(\\) \\+ second_function \\(\\);.*\\n       ~~~~~~~~~~~~~~~~~ \\^ ~~~~~~~~~~~~~~~~~~\\n"
FAIL: gcc.dg/plugin/diagnostic-test-show-locus-bw.c -fplugin=./diagnostic_plugin_test_show_locus.so  expected multiline pattern lines 43-48 not found: "   x = \\(first_function \\(\\).*\\n        ~~~~~~~~~~~~~~~~~\\n        \\+ second_function \\(\\)\\);.*\\n        \\^ ~~~~~~~~~~~~~~~~~~\\n        \\|.*\\n        label.*\\n"
FAIL: gcc.dg/plugin/diagnostic-test-show-locus-bw.c -fplugin=./diagnostic_plugin_test_show_locus.so  expected multiline pattern lines 69-95 not found: "   x = \\(first_function_with_a_very_long_name \\(lorem, ipsum, dolor, sit, amet,.*\\n        ~~~~~~~~~~~~~~~~~~~~~~~~~~~~~~~~~~~~~~~~~~~~~~~~~~~~~~~~~~~~~~~~~~~~~\\n        \\|.*\\n        label 1.*\\n                                             consectetur, adipiscing, elit,.*\\n                                             ~~~~~~~~~~~~~~~~~~~~~~~~~~~~~~\\n                                             sed, eiusmod, tempor,.*\\n                                             ~~~~~~~~~~~~~~~~~~~~~\\n                                             incididunt, ut, labore, et,.*\\n                                             ~~~~~~~~~~~~~~~~~~~~~~~~~~~\\n                                             dolore, magna, aliqua\\).*\\n                                             ~~~~~~~~~~~~~~~~~~~~~~\\n        \\+ second_function_with_a_very_long_name \\(lorem, ipsum, dolor, sit,.*\\n        \\^ ~~~~~~~~~~~~~~~~~~~~~~~~~~~~~~~~~~~~~~~~~~~~~~~~~~~~~~~~~~~~~~~~~~~~~~~~~~~~~~~~~~~~~~~~~~~~\\n        \\| \\|.*\\n        \\| label 2.*\\n        label 0.*\\n                                                 amet, consectetur,.*\\n                                                 ~~~~~~~~~~~~~~~~~~\\n                                                 adipiscing, elit, sed,.*\\n                                                 ~~~~~~~~~~~~~~~~~~~~~~\\n                                                 eiusmod, tempor, incididunt,.*\\n                                                 ~~~~~~~~~~~~~~~~~~~~~~~~~~~~\\n                                                 ut, labore, et, dolore,.*\\n                                                 ~~~~~~~~~~~~~~~~~~~~~~~\\n                                                 magna, aliqua\\)\\);.*\\n                                                 ~~~~~~~~~~~~~~\\n"
FAIL: gcc.dg/plugin/diagnostic-test-show-locus-bw.c -fplugin=./diagnostic_plugin_test_show_locus.so  expected multiline pattern lines 105-106 not found: "   float f = 98\\.6f;.*\\n             \\^~~~~\\n"
FAIL: gcc.dg/plugin/diagnostic-test-show-locus-bw.c -fplugin=./diagnostic_plugin_test_show_locus.so  expected multiline pattern lines 116-117 not found: "   float f = foo \\* bar;.*\\n             ~~~~\\^~~~~\\n"
FAIL: gcc.dg/plugin/diagnostic-test-show-locus-bw.c -fplugin=./diagnostic_plugin_test_show_locus.so  expected multiline pattern lines 127-134 not found: "     0         0         0         0         0         0         1     .*\\n     4         5         6         7         8         9         0     .*\\n 6789012345678901234567890123456789012345678901234567890123456789012345.*\\n x                                                    = foo \\* bar;.*\\n ~                                                      ~~~~\\^~~~~\\n \\|                                                          \\|.*\\n label 1                                                    label 0.*\\n                                                        bar \\* foo.*\\n"
FAIL: gcc.dg/plugin/diagnostic-test-show-locus-bw.c -fplugin=./diagnostic_plugin_test_show_locus.so  expected multiline pattern lines 144-151 not found: "     0         0         0         0         0         0         1     .*\\n     4         5         6         7         8         9         0     .*\\n 6789012345678901234567890123456789012345678901234567890123456789012345.*\\n                                                      = foo \\* bar;.*\\n                                                        ~~~~\\^~~~~\\n                                                            \\|.*\\n                                                            label 0.*\\n                                                        bar \\* foo.*\\n"
FAIL: gcc.dg/plugin/diagnostic-test-show-locus-bw.c -fplugin=./diagnostic_plugin_test_show_locus.so  expected multiline pattern lines 161-162 not found: "    x = x \\+ y.*\\n        A   B.*\\n"
FAIL: gcc.dg/plugin/diagnostic-test-show-locus-bw.c -fplugin=./diagnostic_plugin_test_show_locus.so  expected multiline pattern lines 173-176 not found: "     ASSOCIATE \\(y => x\\).*\\n                    2.*\\n       y = 5.*\\n      1.*\\n"
FAIL: gcc.dg/plugin/diagnostic-test-show-locus-bw.c -fplugin=./diagnostic_plugin_test_show_locus.so  expected multiline pattern lines 189-191 not found: "    int a\\[2\\]\\[2\\] = \\{ 0, 1 , 2, 3 \\};.*\\n                    \\^~~~\\n                    \\{   \\}.*\\n"
FAIL: gcc.dg/plugin/diagnostic-test-show-locus-bw.c -fplugin=./diagnostic_plugin_test_show_locus.so  expected multiline pattern lines 203-205 not found: "   int a;;.*\\n         \\^\\n         -.*\\n"
FAIL: gcc.dg/plugin/diagnostic-test-show-locus-bw.c -fplugin=./diagnostic_plugin_test_show_locus.so  expected multiline pattern lines 217-219 not found: "   gtk_widget_showall \\(dlg\\);.*\\n   \\^~~~~~~~~~~~~~~~~~\\n   gtk_widget_show_all.*\\n"
FAIL: gcc.dg/plugin/diagnostic-test-show-locus-bw.c -fplugin=./diagnostic_plugin_test_show_locus.so  expected multiline pattern lines 230-231 not found: "   int local = 0;.*\\n       \\^~~~~\\n"
FAIL: gcc.dg/plugin/diagnostic-test-show-locus-bw.c -fplugin=./diagnostic_plugin_test_show_locus.so  expected multiline pattern lines 251-318 not found: "   /\\*.*\\n   \\^\\n     Lorem ipsum dolor sit amet, consectetur adipiscing elit,.*\\n     \\^~~~~ \\^~~~~ \\^~~~~ \\^~~ \\^~~~  \\^~~~~~~~~~~ \\^~~~~~~~~~ \\^~~~\\n     \\|     \\|     \\|     \\|   \\|     \\|           \\|          \\|.*\\n     \\|     \\|     \\|     \\|   label label       label      label.*\\n     label label label label.*\\n     LOREM IPSUM DOLOR SIT AMET  CONSECTETUR ADIPISCING ELIT.*\\n     sed do eiusmod tempor incididunt ut labore et dolore magna.*\\n     \\^~~ \\^~ \\^~~~~~~ \\^~~~~~ \\^~~~~~~~~~ \\^~ \\^~~~~~ \\^~ \\^~~~~~ \\^~~~~\\n     \\|   \\|  \\|       \\|      \\|          \\|  \\|      \\|  \\|      \\|.*\\n     \\|   \\|  \\|       \\|      \\|          \\|  \\|      \\|  label  label.*\\n     \\|   \\|  \\|       \\|      \\|          \\|  label  label.*\\n     \\|   \\|  label   label  label      label.*\\n     \\|   label.*\\n     label.*\\n     SED DO EIUSMOD TEMPOR INCIDIDUNT UT LABORE ET DOLORE MAGNA.*\\n     aliqua\\. Ut enim ad minim veniam, quis nostrud exercitation.*\\n     \\^~~~~~  \\^~ \\^~~~ \\^~ \\^~~~~ \\^~~~~~  \\^~~~ \\^~~~~~~ \\^~~~~~~~~~~~\\n     \\|       \\|  \\|    \\|  \\|     \\|       \\|    \\|       \\|.*\\n     \\|       \\|  \\|    \\|  \\|     \\|       \\|    label   label.*\\n     \\|       \\|  \\|    \\|  label label   label.*\\n     \\|       \\|  \\|    label.*\\n     \\|       \\|  label.*\\n     label   label.*\\n     ALIQUA  UT ENIM AD MINIM VENIAM  QUIS NOSTRUD EXERCITATION.*\\n     ullamco laboris nisi ut aliquip ex ea commodo consequat\\. Duis.*\\n     \\^~~~~~~ \\^~~~~~~ \\^~~~ \\^~ \\^~~~~~~ \\^~ \\^~ \\^~~~~~~ \\^~~~~~~~~  \\^~~~\\n     \\|       \\|       \\|    \\|  \\|       \\|  \\|  \\|       \\|          \\|.*\\n     \\|       \\|       \\|    \\|  \\|       \\|  \\|  label   label      label.*\\n     \\|       \\|       \\|    \\|  \\|       \\|  label.*\\n     \\|        \\|       \\|    \\|  label   label.*\\n     \\|       \\|       \\|    label.*\\n     label   label   label.*\\n     ULLAMCO LABORIS NISI UT ALIQUIP EX EA COMMODO CONSEQUAT  DUIS.*\\n     aute irure dolor in reprehenderit in voluptate velit esse cillum.*\\n     \\^~~~ \\^~~~~ \\^~~~~ \\^~ \\^~~~~~~~~~~~~ \\^~ \\^~~~~~~~~ \\^~~~~ \\^~~~ \\^~~~~~\\n     \\|    \\|     \\|     \\|  \\|             \\|  \\|         \\|     \\|    \\|.*\\n     \\|    \\|     \\|     \\|  \\|             \\|  \\|         \\|     \\|    label.*\\n     \\|    \\|     \\|     \\|  \\|             \\|  label     label label.*\\n     \\|    \\|     \\|     \\|  label         label.*\\n     \\|    label label label.*\\n     label.*\\n     AUTE IRURE DOLOR IN REPREHENDERIT IN VOLUPTATE VELIT ESSE CILLUM.*\\n     dolore eu fugiat nulla pariatur\\. Excepteur sint occaecat.*\\n     \\^~~~~~ \\^~ \\^~~~~~ \\^~~~~ \\^~~~~~~~  \\^~~~~~~~~ \\^~~~ \\^~~~~~~~\\n     \\|      \\|  \\|      \\|     \\|         \\|         \\|    \\|.*\\n     \\|      \\|  \\|      \\|     \\|         \\|         \\|    label.*\\n     \\|      \\|  label  label label     label     label.*\\n     label  label.*\\n     DOLORE EU FUGIAT NULLA PARIATUR  EXCEPTEUR SINT OCCAECAT.*\\n     cupidatat non proident, sunt in culpa qui officia deserunt.*\\n     \\^~~~~~~~~ \\^~~ \\^~~~~~~~  \\^~~~ \\^~ \\^~~~~ \\^~~ \\^~~~~~~ \\^~~~~~~~\\n     \\|         \\|   \\|         \\|    \\|  \\|     \\|   \\|       \\|.*\\n     \\|         \\|   \\|         \\|    \\|  \\|     \\|   label   label.*\\n     \\|         \\|   \\|         \\|    \\|  label label.*\\n     \\|         \\|   \\|         \\|    label.*\\n     \\|         \\|   label     label.*\\n     label     label.*\\n     CUPIDATAT NON PROIDENT  SUNT IN CULPA QUI OFFICIA DESERUNT.*\\n     mollit anim id est laborum\\..*\\n     \\^~~~~~ \\^~~~ \\^~ \\^~~ \\^~~~~~~\\n     \\|      \\|    \\|  \\|   \\|.*\\n     \\|      \\|    \\|  \\|   label.*\\n     \\|      \\|    \\|  label.*\\n     \\|      \\|    label.*\\n     label  la bel.*\\n     MOLLIT ANIM ID EST LABORUM.*\\n"
FAIL: gcc.dg/plugin/diagnostic-test-show-locus-bw.c -fplugin=./diagnostic_plugin_test_show_locus.so  expected multiline pattern lines 335-338 not found: "       x = a;.*\\n\\+      break;.*\\n     case 'b':.*\\n     \\^~~~~~~~\\n"
FAIL: gcc.dg/plugin/diagnostic-test-show-locus-bw.c -fplugin=./diagnostic_plugin_test_show_locus.so  expected multiline pattern lines 351-353 not found: "   original;.*\\n   \\^~~~~~~~\\n   replacement_1.*\\n"
FAIL: gcc.dg/plugin/diagnostic-test-show-locus-bw.c -fplugin=./diagnostic_plugin_test_show_locus.so  expected multiline pattern lines 356-358 not found: "   original;.*\\n   \\^~~~~~~~\\n   replacement_2.*\\n"
FAIL: gcc.dg/plugin/diagnostic-test-show-locus-bw.c -fplugin=./diagnostic_plugin_test_show_locus.so (test for excess errors)
FAIL: gcc.dg/plugin/diagnostic-test-show-locus-color-line-numbers.c -fplugin=./diagnostic_plugin_test_show_locus.so  (test for warnings, line 15)
FAIL: gcc.dg/plugin/diagnostic-test-show-locus-color-line-numbers.c -fplugin=./diagnostic_plugin_test_show_locus.so  expected multiline pattern lines 18-23 not found: "\\s*14 \\|   x = \\(\\[32m\\[Kfirst_function \\(\\)\\[m\\[K.*\\n   \\|        \\[32m\\[K~~~~~~~~~~~~~~~~~\\[m\\[K.*\\n15 \\|        \\[01;35m\\[K\\+\\[m\\[K \\[34m\\[Ksecond_function \\(\\)\\[m\\[K\\);.*\\n   \\|        \\[01;35m\\[K\\^\\[m\\[K \\[34m\\[K~~~~~~~~~~~~~~~~~~\\[m\\[K.*\\n   \\|        \\[01;35m\\[K\\|\\[m\\[K.*\\n   \\|        \\[01;35m\\[Klabel\\[m\\[K.*\\n"
FAIL: gcc.dg/plugin/diagnostic-test-show-locus-color-line-numbers.c -fplugin=./diagnostic_plugin_test_show_locus.so (test for excess errors)
FAIL: gcc.dg/plugin/diagnostic-test-show-locus-color.c -fplugin=./diagnostic_plugin_test_show_locus.so  (test for warnings, line 14)
FAIL: gcc.dg/plugin/diagnostic-test-show-locus-color.c -fplugin=./diagnostic_plugin_test_show_locus.so  (test for warnings, line 26)
FAIL: gcc.dg/plugin/diagnostic-test-show-locus-color.c -fplugin=./diagnostic_plugin_test_show_locus.so  (test for warnings, line 40)
FAIL: gcc.dg/plugin/diagnostic-test-show-locus-color.c -fplugin=./diagnostic_plugin_test_show_locus.so  (test for warnings, line 61)
FAIL: gcc.dg/plugin/diagnostic-test-show-locus-color.c -fplugin=./diagnostic_plugin_test_show_locus.so  (test for warnings, line 103)
FAIL: gcc.dg/plugin/diagnostic-test-show-locus-color.c -fplugin=./diagnostic_plugin_test_show_locus.so  (test for warnings, line 114)
FAIL: gcc.dg/plugin/diagnostic-test-show-locus-color.c -fplugin=./diagnostic_plugin_test_show_locus.so  (test for warnings, line 125)
FAIL: gcc.dg/plugin/diagnostic-test-show-locus-color.c -fplugin=./diagnostic_plugin_test_show_locus.so  (test for warnings, line 142)
FAIL: gcc.dg/plugin/diagnostic-test-show-locus-color.c -fplugin=./diagnostic_plugin_test_show_locus.so  (test for warnings, line 154)
FAIL: gcc.dg/plugin/diagnostic-test-show-locus-color.c -fplugin=./diagnostic_plugin_test_show_locus.so  (test for warnings, line 170)
FAIL: gcc.dg/plugin/diagnostic-test-show-locus-color.c -fplugin=./diagnostic_plugin_test_show_locus.so  (test for warnings, line 184)
FAIL: gcc.dg/plugin/diagnostic-test-show-locus-color.c -fplugin=./diagnostic_plugin_test_show_locus.so  (test for warnings, line 198)
FAIL: gcc.dg/plugin/diagnostic-test-show-locus-color.c -fplugin=./diagnostic_plugin_test_show_locus.so  (test for warnings, line 216)
FAIL: gcc.dg/plugin/diagnostic-test-show-locus-color.c -fplugin=./diagnostic_plugin_test_show_locus.so  expected multiline pattern lines 17-18 not found: "\\s*myvar = \\[32m\\[Kmyvar\\[m\\[K\\[01;35m\\[K\\.\\[m\\[K\\[34m\\[Kx\\[m\\[K;.*\\n           \\[32m\\[K~~~~~\\[m\\[K\\[01;35m\\[K\\^\\[m\\[K\\[34m\\[K~\\[m\\[K.*\\n"
FAIL: gcc.dg/plugin/diagnostic-test-show-locus-color.c -fplugin=./diagnostic_plugin_test_show_locus.so  expected multiline pattern lines 29-30 not found: "   x = \\[32m\\[Kfirst_function \\(\\)\\[m\\[K \\[01;35m\\[K\\+\\[m\\[K \\[34m\\[Ksecond_function \\(\\)\\[m\\[K;.*\\n       \\[32m\\[K~~~~~~~~~~~~~~~~~\\[m\\[K \\[01;35m\\[K\\^\\[m\\[K \\[34m\\[K~~~~~~~~~~~~~~~~~~\\[m\\[K.*\\n"
FAIL: gcc.dg/plugin/diagnostic-test-show-locus-color.c -fplugin=./diagnostic_plugin_test_show_locus.so  expected multiline pattern lines 43-48 not found: "   x = \\(\\[32m\\[Kfirst_function \\(\\)\\[m\\[K.*\\n        \\[32m\\[K~~~~~~~~~~~~~~~~~\\[m\\[K.*\\n        \\[01;35m\\[K\\+\\[m\\[K \\[34m\\[Ksecond_function \\(\\)\\[m\\[K\\);.*\\n        \\[01;35m\\[K\\^\\[m\\[K \\[34m\\[K~~~~~~~~~~~~~~~~~~\\[m\\[K.*\\n        \\[01;35m\\[K\\|\\[m\\[K.*\\n        \\[01;35m\\[Klabel\\[m\\[K.*\\n"
FAIL: gcc.dg/plugin/diagnostic-test-show-locus-color.c -fplugin=./diagnostic_plugin_test_show_locus.so  expected multiline pattern lines 69-95 not found: "   x = \\(\\[32m\\[Kfirst_function_with_a_very_long_name \\(lorem, ipsum, dolor, sit, amet,\\[m\\[K.*\\n        \\[32m\\[K~~~~~~~~~~~~~~~~~~~~~~~~~~~~~~~~~~~~~~~~~~~~~~~~~~~~~~~~~~~~~~~~~~~~~\\[m\\[K.*\\n        \\[32m\\[K\\|\\[m\\[K.*\\n        \\[32m\\[Klabel 1\\[m\\[K.*\\n \\[32m\\[K                                            consectetur, adipiscing, elit,\\[m\\[K.*\\n                                             \\[32m\\[K~~~~~~~~~~~~~~~~~~~~~~~~~~~~~~\\[m\\[K.*\\n \\[32m\\[K                                            sed, eiusmod, tempor,\\[m\\[K.*\\n                                             \\[32m\\[K~~~~~~~~~~~~~~~~~~~~~\\[m\\[K.*\\n \\[32m\\[K                                            incididunt, ut, labore, et,\\[m\\[K.*\\n                                             \\[32m\\[K~~~~~~~~~~~~~~~~~~~~~~~~~~~\\[m\\[K.*\\n \\[32m\\[K                                            dolore, magna, aliqua\\)\\[m\\[K.*\\n                                             \\[32m\\[K~~~~~~~~~~~~~~~~~~~~~~\\[m\\[K.*\\n        \\[01;35m\\[K\\+\\[m\\[K \\[34m\\[Ksecond_function_with_a_very_long_name \\(lorem, ipsum, dolor, sit,.*\\n        \\[01;35m\\[K\\^\\[m\\[K \\[34m\\[K~~~~~~~~~~~~~~~~~~~~~~~~~~~~~~~~~~~~~~~~~~~~~~~~~~~~~~~~~~~~~~~~~~~~~~~~~~~~~~~~~~~~~~~~~~~~\\[m\\[K.*\\n        \\[01;35m\\[K\\|\\[m\\[K \\[34m\\[K\\|\\[m\\[K.*\\n        \\[01;35m\\[K\\|\\[m\\[K \\[34m\\[Klabel 2\\[m\\[K.*\\n        \\[01;35m\\[Klabel 0\\[m\\[K.*\\n \\[34m\\[K                                                amet, consectetur,\\[m\\[K.*\\n                                                 \\[34m\\[K~~~~~~~~~~~~~~~~~~\\[m\\[K.*\\n \\[34m\\[K                                                adipiscing, elit, sed,\\[m\\[K.*\\n                                                 \\[34m\\[K~~~~~~~~~~~~~~~~~ ~~~~~\\[m\\[K.*\\n \\[34m\\[K                                                eiusmod, tempor, incididunt,\\[m\\[K.*\\n                                                 \\[34m\\[K~~~~~~~~~~~~~~~~~~~~~~~~~~~~\\[m\\[K.*\\n \\[34m\\[K                                                ut, labore, et, dolore,\\[m\\[K.*\\n                                                 \\[34m\\[K~~~~~~~~~~~~~~~~~~~~~~~\\[m\\[K.*\\n \\[34m\\[K                                                magna, aliqua\\)\\[m\\[K\\);.*\\n                                                 \\[34m\\[K~~~~~~~~~~~~~~\\[m\\[K.*\\n"
FAIL: gcc.dg/plugin/diagnostic-test-show-locus-color.c -fplugin=./diagnostic_plugin_test_show_locus.so  expected multiline pattern lines 105-106 not found: "   float f = \\[01;35m\\[K98\\.6f\\[m\\[K;.*\\n             \\[01;35m\\[K\\^~~~~\\[m\\[K.*\\n"
FAIL: gcc.dg/plugin/diagnostic-test-show-locus-color.c -fplugin=./diagnostic_plugin_test_show_locus.so  expected multiline pattern lines 116-117 not found: "   float f = \\[01;35m\\[Kfoo \\* bar\\[m\\[K;.*\\n             \\[01;35m\\[K~~~~\\^~~~~\\[m\\[K.*\\n"
FAIL: gcc.dg/plugin/diagnostic-test-show-locus-color.c -fplugin=./diagnostic_plugin_test_show_locus.so  expected multiline pattern lines 127-134 not found: "     0         0         0         0         0         0         1     .*\\n     4         5         6         7         8         9         0     .*\\n 6789012345678901234567890123456789012345678901234567890123456789012345.*\\n \\[32m\\[Kx\\[m\\[K                                                    = \\[01;35m\\[Kfoo \\* bar\\[m\\[K;.*\\n \\[32m\\[K~\\[m\\[K                                                      \\[01;35m\\[K~~~~\\^~~~~\\[m\\[K.*\\n \\[32m\\[K\\|\\[m\\[K                                                          \\[01;35m\\[K\\|\\[m\\[K.*\\n \\[32m\\[Klabel 1\\[m\\[K                                                    \\[01;35m\\[Klabel 0\\[m\\[K.*\\n                                                        \\[32m\\[Kbar \\* foo\\[m\\[K.*\\n"
FAIL: gcc.dg/plugin/diagnostic-test-show-locus-color.c -fplugin=./diagnostic_plugin_test_show_locus.so  expected multiline pattern lines 144-145 not found: "    x = \\[01;35m\\[Kx\\[m\\[K \\+ \\[32m\\[Ky\\[m\\[K.*\\n        \\[01;35m\\[KA\\[m\\[K   \\[32m\\[KB\\[m\\[K.*\\n"
FAIL: gcc.dg/plugin/diagnostic-test-show-locus-color.c -fplugin=./diagnostic_plugin_test_show_locus.so  expected multiline pattern lines 156-159 not found: "     ASSOCIATE \\(y =>\\[32m\\[K \\[m\\[Kx\\).*\\n                    \\[32m\\[K2\\[m\\[K.*\\n      \\[01;35m\\[K \\[m\\[Ky = 5.*\\n      \\[01;35m\\[K1\\[m\\[K.*\\n"
FAIL: gcc.dg/plugin/diagnostic-test-show-locus-color.c -fplugin=./diagnostic_plugin_test_show_locus.so  expected multiline pattern lines 172-174 not found: "    int a\\[2\\]\\[2\\] = \\{ \\[01;35m\\[K0, 1\\[m\\[K , 2, 3 \\};.*\\n                    \\[01;35m\\[K\\^~~~\\[m\\[K.*\\n                    \\[32m\\[K\\{\\[m\\[K   \\[32m\\[K\\}\\[m\\[K.*\\n"
FAIL: gcc.dg/plugin/diagnostic-test-show-locus-color.c -fplugin=./diagnostic_plugin_test_show_locus.so  expected multiline pattern lines 186-188 not found: "   int a;\\[01;35m\\[K;\\[m\\[K.*\\n         \\[01;35m\\[K\\^\\[m\\[K.*\\n         \\[31m\\[K-\\[m\\[K.*\\n"
FAIL: gcc.dg/plugin/diagnostic-test-show-locus-color.c -fplugin=./diagnostic_plugin_test_show_locus.so  expected multiline pattern lines 200-202 not found: "   \\[01;35m\\[Kgtk_widget_showall\\[m\\[K \\(dlg\\);.*\\n   \\[01;35m\\[K\\^~~~~~~~~~~~~~~~~~\\[m\\[K.*\\n   \\[32m\\[Kgtk_widget_show_all\\[m\\[K.*\\n"
FAIL: gcc.dg/plugin/diagnostic-test-show-locus-color.c -fplugin=./diagnostic_plugin_test_show_locus.so  expected multiline pattern lines 220-223 not found: "       x = a;.*\\n\\+\\[32m\\[K      break;\\[m\\[K.*\\n     \\[01;35m\\[Kcase 'b'\\[m\\[K:.*\\n     \\[01;35m\\[K\\^~~~~~~~\\[m\\[K.*\\n"
FAIL: gcc.dg/plugin/diagnostic-test-show-locus-color.c -fplugin=./diagnostic_plugin_test_show_locus.so (test for excess errors)
FAIL: gcc.dg/plugin/diagnostic-test-show-locus-generate-patch.c -fplugin=./diagnostic_plugin_test_show_locus.so  (test for warnings, line 17)
FAIL: gcc.dg/plugin/diagnostic-test-show-locus-generate-patch.c -fplugin=./diagnostic_plugin_test_show_locus.so  (test for warnings, line 26)
FAIL: gcc.dg/plugin/diagnostic-test-show-locus-generate-patch.c -fplugin=./diagnostic_plugin_test_show_locus.so  (test for warnings, line 35)
FAIL: gcc.dg/plugin/diagnostic-test-show-locus-generate-patch.c -fplugin=./diagnostic_plugin_test_show_locus.so  (test for warnings, line 48)
FAIL: gcc.dg/plugin/diagnostic-test-show-locus-generate-patch.c -fplugin=./diagnostic_plugin_test_show_locus.so  (test for warnings, line 59)
FAIL: gcc.dg/plugin/diagnostic-test-show-locus-generate-patch.c -fplugin=./diagnostic_plugin_test_show_locus.so  (test for warnings, line 59)
FAIL: gcc.dg/plugin/diagnostic-test-show-locus-generate-patch.c -fplugin=./diagnostic_plugin_test_show_locus.so  dg-regexp 86 not found: "\\-\\-\\- .*"
FAIL: gcc.dg/plugin/diagnostic-test-show-locus-generate-patch.c -fplugin=./diagnostic_plugin_test_show_locus.so  dg-regexp 87 not found: "\\+\\+\\+ .*"
FAIL: gcc.dg/plugin/diagnostic-test-show-locus-generate-patch.c -fplugin=./diagnostic_plugin_test_show_locus.so  expected multiline pattern lines 91-142 not found: "\\s*@@ -14,7 \\+14,7 @@.*\\n void test_fixit_insert \\(void\\).*\\n \\{.*\\n #if 0.*\\n-   int a\\[2\\]\\[2\\] = \\{ 0, 1 , 2, 3 \\};.*\\n\\+   int a\\[2\\]\\[2\\] = \\{ \\{0, 1\\} , 2, 3 \\};.*\\n #endif.*\\n \\}.*\\n .*\\n@@ -23,7 \\+23,7 @@.*\\n void test_fixit_remove \\(void\\).*\\n \\{.*\\n #if 0.*\\n-  int a;;.*\\n\\+  int a;.*\\n #endif.*\\n \\}.*\\n .*\\n@@ -32,7 \\+32,7 @@.*\\n void test_fixit_replace \\(void\\).*\\n \\{.*\\n #if 0.*\\n-  gtk_widget_showall \\(dlg\\);.*\\n\\+  gtk_widget_show_all \\(dlg\\);.*\\n #endif.*\\n \\}.*\\n .*\\n@@ -45,6 \\+45,7 @@.*\\n     \\{.*\\n     case 'a':.*\\n       x = a;.*\\n\\+      break;.*\\n     case 'b':.*\\n       x = b;.*\\n     \\}.*\\n@@ -68,7 \\+69,7 @@.*\\n .*\\n void test_add_fixit_insert_formatted_single_line \\(void\\).*\\n \\{.*\\n-  \\{\\}.*\\n\\+  \\{INSERTED-CONTENT\\}.*\\n \\}.*\\n .*\\n void test_add_fixit_insert_formatted_multiline \\(void\\).*\\n@@ -76,6 \\+77,7 @@.*\\n   if \\(1\\).*\\n     \\{.*\\n     \\}.*\\n\\+  INSERTED-CONTENT.*\\n \\}.*\\n .*\\n .*\\n"
FAIL: gcc.dg/plugin/diagnostic-test-show-locus-generate-patch.c -fplugin=./diagnostic_plugin_test_show_locus.so (test for excess errors)
FAIL: gcc.dg/plugin/diagnostic-test-show-locus-no-labels.c -fplugin=./diagnostic_plugin_test_show_locus.so  (test for warnings, line 17)
FAIL: gcc.dg/plugin/diagnostic-test-show-locus-no-labels.c -fplugin=./diagnostic_plugin_test_show_locus.so  expected multiline pattern lines 21-24 not found: "\\s*x = \\(first_function \\(\\).*\\n        ~~~~~~~~~~~~~~~~~\\n        \\+ second_function \\(\\)\\);.*\\n        \\^ ~~~~~~~~~~~~~~~~~~\\n"
FAIL: gcc.dg/plugin/diagnostic-test-show-locus-no-labels.c -fplugin=./diagnostic_plugin_test_show_locus.so (test for excess errors)
FAIL: gcc.dg/plugin/diagnostic-test-show-locus-parseable-fixits.c -fplugin=./diagnostic_plugin_test_show_locus.so  (test for warnings, line 17)
FAIL: gcc.dg/plugin/diagnostic-test-show-locus-parseable-fixits.c -fplugin=./diagnostic_plugin_test_show_locus.so  (test for warnings, line 28)
FAIL: gcc.dg/plugin/diagnostic-test-show-locus-parseable-fixits.c -fplugin=./diagnostic_plugin_test_show_locus.so  (test for warnings, line 38)
FAIL: gcc.dg/plugin/diagnostic-test-show-locus-parseable-fixits.c -fplugin=./diagnostic_plugin_test_show_locus.so  (test for warnings, line 52)
FAIL: gcc.dg/plugin/diagnostic-test-show-locus-parseable-fixits.c -fplugin=./diagnostic_plugin_test_show_locus.so  (test for warnings, line 64)
FAIL: gcc.dg/plugin/diagnostic-test-show-locus-parseable-fixits.c -fplugin=./diagnostic_plugin_test_show_locus.so  (test for warnings, line 64)
FAIL: gcc.dg/plugin/diagnostic-test-show-locus-parseable-fixits.c -fplugin=./diagnostic_plugin_test_show_locus.so  dg-regexp 18 not found: "fix-it:.*\\{17:20-17:20\\}:.*"
FAIL: gcc.dg/plugin/diagnostic-test-show-locus-parseable-fixits.c -fplugin=./diagnostic_plugin_test_show_locus.so  dg-regexp 19 not found: "fix-it:.*\\{17:24-17:24\\}:.*"
FAIL: gcc.dg/plugin/diagnostic-test-show-locus-parseable-fixits.c -fplugin=./diagnostic_plugin_test_show_locus.so  dg-regexp 29 not found: "fix-it:.*\\{28:9-28:10\\}:.*"
FAIL: gcc.dg/plugin/diagnostic-test-show-locus-parseable-fixits.c -fplugin=./diagnostic_plugin_test_show_locus.so  dg-regexp 39 not found: "fix-it:.*\\{38:3-38:21\\}:.*"
FAIL: gcc.dg/plugin/diagnostic-test-show-locus-parseable-fixits.c -fplugin=./diagnostic_plugin_test_show_locus.so  dg-regexp 55 not found: "fix-it:.*\\{52:1-52:1\\}:.*\\n"
FAIL: gcc.dg/plugin/diagnostic-test-show-locus-parseable-fixits.c -fplugin=./diagnostic_plugin_test_show_locus.so  dg-regexp 68 not found: "fix-it:.*\\{64:3-64:11}:.*\\n"
FAIL: gcc.dg/plugin/diagnostic-test-show-locus-parseable-fixits.c -fplugin=./diagnostic_plugin_test_show_locus.so  dg-regexp 69 not found: "fix-it:.*\\{64:3-64:11}:.*\\n"
FAIL: gcc.dg/plugin/diagnostic-test-show-locus-parseable-fixits.c -fplugin=./diagnostic_plugin_test_show_locus.so (test for excess errors)
FAIL: gcc.dg/plugin/diagnostic-test-string-literals-1.c -fplugin=./diagnostic_plugin_test_string_literals.so  (test for warnings, line 22)
FAIL: gcc.dg/plugin/diagnostic-test-string-literals-1.c -fplugin=./diagnostic_plugin_test_string_literals.so  (test for warnings, line 33)
FAIL: gcc.dg/plugin/diagnostic-test-string-literals-1.c -fplugin=./diagnostic_plugin_test_string_literals.so  (test for warnings, line 44)
FAIL: gcc.dg/plugin/diagnostic-test-string-literals-1.c -fplugin=./diagnostic_plugin_test_string_literals.so  (test for warnings, line 81)
FAIL: gcc.dg/plugin/diagnostic-test-string-literals-1.c -fplugin=./diagnostic_plugin_test_string_literals.so  (test for warnings, line 95)
FAIL: gcc.dg/plugin/diagnostic-test-string-literals-1.c -fplugin=./diagnostic_plugin_test_string_literals.so  (test for warnings, line 108)
FAIL: gcc.dg/plugin/diagnostic-test-string-literals-1.c -fplugin=./diagnostic_plugin_test_string_literals.so  (test for warnings, line 125)
FAIL: gcc.dg/plugin/diagnostic-test-string-literals-1.c -fplugin=./diagnostic_plugin_test_string_literals.so  (test for warnings, line 140)
FAIL: gcc.dg/plugin/diagnostic-test-string-literals-1.c -fplugin=./diagnostic_plugin_test_string_literals.so  (test for warnings, line 152)
FAIL: gcc.dg/plugin/diagnostic-test-string-literals-1.c -fplugin=./diagnostic_plugin_test_string_literals.so  (test for errors, line 164)
FAIL: gcc.dg/plugin/diagnostic-test-string-literals-1.c -fplugin=./diagnostic_plugin_test_string_literals.so  (test for errors, line 176)
FAIL: gcc.dg/plugin/diagnostic-test-string-literals-1.c -fplugin=./diagnostic_plugin_test_string_literals.so  (test for errors, line 188)
FAIL: gcc.dg/plugin/diagnostic-test-string-literals-1.c -fplugin=./diagnostic_plugin_test_string_literals.so  (test for warnings, line 200)
FAIL: gcc.dg/plugin/diagnostic-test-string-literals-1.c -fplugin=./diagnostic_plugin_test_string_literals.so  (test for errors, line 211)
FAIL: gcc.dg/plugin/diagnostic-test-string-literals-1.c -fplugin=./diagnostic_plugin_test_string_literals.so  (test for warnings, line 232)
FAIL: gcc.dg/plugin/diagnostic-test-string-literals-1.c -fplugin=./diagnostic_plugin_test_string_literals.so  (test for errors, line 249)
FAIL: gcc.dg/plugin/diagnostic-test-string-literals-1.c -fplugin=./diagnostic_plugin_test_string_literals.so  (test for warnings, line 268)
FAIL: gcc.dg/plugin/diagnostic-test-string-literals-1.c -fplugin=./diagnostic_plugin_test_string_literals.so  (test for errors, line 282)
FAIL: gcc.dg/plugin/diagnostic-test-string-literals-1.c -fplugin=./diagnostic_plugin_test_string_literals.so  expected multiline pattern lines 25-26 not found: "\\s*__emit_string_literal_range \\("0123456789",.*\\n                                       \\^~\\n"
FAIL: gcc.dg/plugin/diagnostic-test-string-literals-1.c -fplugin=./diagnostic_plugin_test_string_literals.so  expected multiline pattern lines 36-37 not found: "   __emit_string_literal_range \\("01234" "56789",.*\\n                                    ~\\^~~~~~\\n"
FAIL: gcc.dg/plugin/diagnostic-test-string-literals-1.c -fplugin=./diagnostic_plugin_test_string_literals.so  expected multiline pattern lines 48-51 not found: "   __emit_string_literal_range \\("01234".*\\n                                    ~\\^~~~~~~~~~~~~~~~~~~~~~~~~~~~~~~\\n                                "56789",.*\\n                                ~~~   .*\\n"
FAIL: gcc.dg/plugin/diagnostic-test-string-literals-1.c -fplugin=./diagnostic_plugin_test_string_literals.so  expected multiline pattern lines 84-85 not found: "   __emit_string_literal_range \\("01234\\\\x35 789".*\\n                                    ~\\^~~~~~~\\n"
FAIL: gcc.dg/plugin/diagnostic-test-string-literals-1.c -fplugin=./diagnostic_plugin_test_string_literals.so  expected multiline pattern lines 98-99 not found: "   __emit_string_literal_range \\("01234\\\\065 789".*\\n                                    ~\\^~~~~~~\\n"
FAIL: gcc.dg/plugin/diagnostic-test-string-literals-1.c -fplugin=./diagnostic_plugin_test_string_literals.so  expected multiline pattern lines 111-112 not found: "   __emit_string_literal_range \\("01234"  "\\\\x35"  "\\\\066"  "789",.*\\n                                    ~~~~~~\\^~~~~~~~~~~~~~~~~~\\n"
FAIL: gcc.dg/plugin/diagnostic-test-string-literals-1.c -fplugin=./diagnostic_plugin_test_string_literals.so  expected multiline pattern lines 128-129 not found: "   __emit_string_literal_range \\("01234\\\\u2174\\\\u2175789",.*\\n                                     ~\\^~~~~~~~~~~~~\\n"
FAIL: gcc.dg/plugin/diagnostic-test-string-literals-1.c -fplugin=./diagnostic_plugin_test_string_literals.so  expected multiline pattern lines 143-144 not found: "   __emit_string_literal_range \\("01234\\\\U00002174\\\\U00002175789",.*\\n                                     ~\\^~~~~~~~~~~~~~~~~~~~~\\n"
FAIL: gcc.dg/plugin/diagnostic-test-string-literals-1.c -fplugin=./diagnostic_plugin_test_string_literals.so  expected multiline pattern lines 155-156 not found: "   __emit_string_literal_range \\(u8"0123456789",.*\\n                                       ~~\\^~\\n"
FAIL: gcc.dg/plugin/diagnostic-test-string-literals-1.c -fplugin=./diagnostic_plugin_test_string_literals.so  expected multiline pattern lines 167-168 not found: "   __emit_string_literal_range \\(u"0123456789",.*\\n                                \\^~~~~~~~~~~~~\\n"
FAIL: gcc.dg/plugin/diagnostic-test-string-literals-1.c -fplugin=./diagnostic_plugin_test_string_literals.so  expected multiline pattern lines 179-180 not found: "   __emit_string_literal_range \\(U"0123456789",.*\\n                                \\^~~~~~~~~~~~~\\n"
FAIL: gcc.dg/plugin/diagnostic-test-string-literals-1.c -fplugin=./diagnostic_plugin_test_string_literals.so  expected multiline pattern lines 191-192 not found: "   __emit_string_literal_range \\(L"0123456789",.*\\n                                \\^~~~~~~~~~~~~\\n"
FAIL: gcc.dg/plugin/diagnostic-test-string-literals-1.c -fplugin=./diagnostic_plugin_test_string_literals.so  expected multiline pattern lines 203-204 not found: "   __emit_string_literal_range \\(R"foo\\(0123456789\\)foo",.*\\n                                          ~~\\^~\\n"
FAIL: gcc.dg/plugin/diagnostic-test-string-literals-1.c -fplugin=./diagnostic_plugin_test_string_literals.so  expected multiline pattern lines 218-225 not found: "   __emit_string_literal_range \\(R"foo\\(.*\\n                                \\^~~~~~\\n hello.*\\n ~~~~~                           .*\\n world.*\\n ~~~~~                           .*\\n \\)foo",.*\\n ~~~~~                           .*\\n"
FAIL: gcc.dg/plugin/diagnostic-test-string-literals-1.c -fplugin=./diagnostic_plugin_test_string_literals.so  expected multiline pattern lines 237-242 not found: " #define START "01234".*\\n                   ~\\^~~~~~~~~~~~~~~~~~~~~~~~~~~~~~~~\\n   __emit_string_literal_range \\(START.*\\n   ~~~~~~~~~~~~~~~~~~~~~~~~~~~~~~~~~~\\n                                "56789",.*\\n                                ~~~\\n"
FAIL: gcc.dg/plugin/diagnostic-test-string-literals-1.c -fplugin=./diagnostic_plugin_test_string_literals.so  expected multiline pattern lines 252-253 not found: " #define RANGE \\("0123456789"\\).*\\n               \\^~~~~~~~~~~~~~\\n"
FAIL: gcc.dg/plugin/diagnostic-test-string-literals-1.c -fplugin=./diagnostic_plugin_test_string_literals.so  expected multiline pattern lines 256-257 not found: "   __emit_string_literal_range \\(RANGE, 4, 3, 6\\);.*\\n                                \\^~~~~\\n"
FAIL: gcc.dg/plugin/diagnostic-test-string-literals-1.c -fplugin=./diagnostic_plugin_test_string_literals.so  expected multiline pattern lines 271-272 not found: "   __emit_string_literal_range \\("0123456789",.*\\n                                           \\^\\n"
FAIL: gcc.dg/plugin/diagnostic-test-string-literals-1.c -fplugin=./diagnostic_plugin_test_string_literals.so  expected multiline pattern lines 287-292 not found: "   __emit_string_literal_range \\("\\\\.*\\n                                \\^~\\n 01234\\\\.*\\n ~~~~~~                          .*\\n 56789", 6, 6, 7\\);.*\\n ~~~~~~                          .*\\n"
FAIL: gcc.dg/plugin/diagnostic-test-string-literals-1.c -fplugin=./diagnostic_plugin_test_string_literals.so (test for excess errors)
FAIL: gcc.dg/plugin/diagnostic-test-string-literals-2.c -fplugin=./diagnostic_plugin_test_string_literals.so  (test for errors, line 15)
FAIL: gcc.dg/plugin/diagnostic-test-string-literals-2.c -fplugin=./diagnostic_plugin_test_string_literals.so  (test for errors, line 28)
FAIL: gcc.dg/plugin/diagnostic-test-string-literals-2.c -fplugin=./diagnostic_plugin_test_string_literals.so  (test for errors, line 46)
FAIL: gcc.dg/plugin/diagnostic-test-string-literals-2.c -fplugin=./diagnostic_plugin_test_string_literals.so  (test for errors, line 61)
FAIL: gcc.dg/plugin/diagnostic-test-string-literals-2.c -fplugin=./diagnostic_plugin_test_string_literals.so (test for excess errors)
FAIL: gcc.dg/plugin/diagnostic-test-string-literals-3.c -fplugin=./diagnostic_plugin_test_string_literals.so  (test for errors, line 13)
FAIL: gcc.dg/plugin/diagnostic-test-string-literals-3.c -fplugin=./diagnostic_plugin_test_string_literals.so  (test for errors, line 20)
FAIL: gcc.dg/plugin/diagnostic-test-string-literals-3.c -fplugin=./diagnostic_plugin_test_string_literals.so  (test for errors, line 31)
FAIL: gcc.dg/plugin/diagnostic-test-string-literals-3.c -fplugin=./diagnostic_plugin_test_string_literals.so  (test for errors, line 41)
FAIL: gcc.dg/plugin/diagnostic-test-string-literals-3.c -fplugin=./diagnostic_plugin_test_string_literals.so (test for excess errors)
FAIL: gcc.dg/plugin/diagnostic-test-string-literals-4.c -fplugin=./diagnostic_plugin_test_string_literals.so  (test for errors, line 13)
FAIL: gcc.dg/plugin/diagnostic-test-string-literals-4.c -fplugin=./diagnostic_plugin_test_string_literals.so  (test for errors, line 20)
FAIL: gcc.dg/plugin/diagnostic-test-string-literals-4.c -fplugin=./diagnostic_plugin_test_string_literals.so  (test for errors, line 30)
FAIL: gcc.dg/plugin/diagnostic-test-string-literals-4.c -fplugin=./diagnostic_plugin_test_string_literals.so  (test for errors, line 40)
FAIL: gcc.dg/plugin/diagnostic-test-string-literals-4.c -fplugin=./diagnostic_plugin_test_string_literals.so (test for excess errors)
FAIL: gcc.dg/plugin/expensive-selftests-1.c -fplugin=./expensive_selftests_plugin.so  dg-regexp 3 not found: "expensive_selftests_plugin: .* pass\\(es\\) in .* seconds|not enabled in this build"
FAIL: gcc.dg/plugin/expensive-selftests-1.c -fplugin=./expensive_selftests_plugin.so (test for excess errors)
FAIL: gcc.dg/plugin/one_time-test-1.c -fplugin=./one_time_plugin.so (test for excess errors)
FAIL: gcc.dg/plugin/self-assign-test-1.c -fplugin=./selfassign.so  (test for warnings, line 15)
FAIL: gcc.dg/plugin/self-assign-test-1.c -fplugin=./selfassign.so  (test for warnings, line 20)
FAIL: gcc.dg/plugin/self-assign-test-1.c -fplugin=./selfassign.so  (test for warnings, line 21)
FAIL: gcc.dg/plugin/self-assign-test-1.c -fplugin=./selfassign.so  (test for warnings, line 22)
FAIL: gcc.dg/plugin/self-assign-test-1.c -fplugin=./selfassign.so (test for excess errors)
FAIL: gcc.dg/plugin/self-assign-test-2.c -fplugin=./selfassign.so (test for excess errors)
FAIL: gcc.dg/torture/builtin-convert-1.c   -O1  (test for excess errors)
FAIL: gcc.dg/torture/builtin-convert-1.c   -O2  (test for excess errors)
FAIL: gcc.dg/torture/builtin-convert-1.c   -O3 -g  (test for excess errors)
FAIL: gcc.dg/torture/builtin-convert-1.c   -Os  (test for excess errors)
FAIL: gcc.dg/torture/builtin-convert-1.c   -O2 -flto -fno-use-linker-plugin -flto-partition=none  (test for excess errors)
FAIL: gcc.dg/torture/builtin-convert-2.c   -O1  (test for excess errors)
FAIL: gcc.dg/torture/builtin-convert-2.c   -O2  (test for excess errors)
FAIL: gcc.dg/torture/builtin-convert-2.c   -O3 -g  (test for excess errors)
FAIL: gcc.dg/torture/builtin-convert-2.c   -Os  (test for excess errors)
FAIL: gcc.dg/torture/builtin-convert-2.c   -O2 -flto -fno-use-linker-plugin -flto-partition=none  (test for excess errors)
FAIL: gcc.dg/torture/builtin-fp-int-inexact.c   -O0  execution test
FAIL: gcc.dg/torture/builtin-fp-int-inexact.c   -O1  execution test
FAIL: gcc.dg/torture/builtin-fp-int-inexact.c   -O2  execution test
FAIL: gcc.dg/torture/builtin-fp-int-inexact.c   -O3 -fomit-frame-pointer -funroll-loops -fpeel-loops -ftracer -finline-functions  execution test
FAIL: gcc.dg/torture/builtin-fp-int-inexact.c   -O3 -g  execution test
FAIL: gcc.dg/torture/builtin-fp-int-inexact.c   -Os  execution test
FAIL: gcc.dg/torture/builtin-fp-int-inexact.c   -O2 -flto -fno-use-linker-plugin -flto-partition=none  execution test
FAIL: gcc.dg/torture/builtin-fp-int-inexact.c   -O2 -flto -fuse-linker-plugin -fno-fat-lto-objects  execution test
FAIL: gcc.dg/torture/float32-nan.c   -O0  execution test
FAIL: gcc.dg/torture/float32-nan.c   -O1  execution test
FAIL: gcc.dg/torture/float32-nan.c   -O2  execution test
FAIL: gcc.dg/torture/float32-nan.c   -O3 -g  execution test
FAIL: gcc.dg/torture/float32-nan.c   -Os  execution test
FAIL: gcc.dg/torture/float32-nan.c   -O2 -flto -fno-use-linker-plugin -flto-partition=none  execution test
FAIL: gcc.dg/torture/float32-nan.c   -O2 -flto -fuse-linker-plugin -fno-fat-lto-objects  execution test
FAIL: gcc.dg/torture/float32x-nan.c   -O0  execution test
FAIL: gcc.dg/torture/float32x-nan.c   -O1  execution test
FAIL: gcc.dg/torture/float32x-nan.c   -O2  execution test
FAIL: gcc.dg/torture/float32x-nan.c   -O3 -g  execution test
FAIL: gcc.dg/torture/float32x-nan.c   -Os  execution test
FAIL: gcc.dg/torture/float32x-nan.c   -O2 -flto -fno-use-linker-plugin -flto-partition=none  execution test
FAIL: gcc.dg/torture/float32x-nan.c   -O2 -flto -fuse-linker-plugin -fno-fat-lto-objects  execution test
FAIL: gcc.dg/torture/float64-nan.c   -O0  execution test
FAIL: gcc.dg/torture/float64-nan.c   -O1  execution test
FAIL: gcc.dg/torture/float64-nan.c   -O2  execution test
FAIL: gcc.dg/torture/float64-nan.c   -O3 -g  execution test
FAIL: gcc.dg/torture/float64-nan.c   -Os  execution test
FAIL: gcc.dg/torture/float64-nan.c   -O2 -flto -fno-use-linker-plugin -flto-partition=none  execution test
FAIL: gcc.dg/torture/float64-nan.c   -O2 -flto -fuse-linker-plugin -fno-fat-lto-objects  execution test
FAIL: gcc.dg/torture/fp-int-convert-double.c   -O2 -flto -fuse-linker-plugin -fno-fat-lto-objects  execution test
FAIL: gcc.dg/torture/fp-int-convert-float.c   -O2 -flto -fuse-linker-plugin -fno-fat-lto-objects  execution test
FAIL: gcc.dg/torture/fp-int-convert-float32.c   -O2 -flto -fuse-linker-plugin -fno-fat-lto-objects  execution test
FAIL: gcc.dg/torture/fp-int-convert-float32x.c   -O2 -flto -fuse-linker-plugin -fno-fat-lto-objects  execution test
FAIL: gcc.dg/torture/fp-int-convert-float64.c   -O2 -flto -fuse-linker-plugin -fno-fat-lto-objects  execution test
FAIL: gcc.dg/torture/fp-int-convert-long-double.c   -O2 -flto -fuse-linker-plugin -fno-fat-lto-objects  execution test
XPASS: gcc.dg/torture/inf-compare-1.c   -O0  execution test
XPASS: gcc.dg/torture/inf-compare-1.c   -O1  execution test
XPASS: gcc.dg/torture/inf-compare-1.c   -O2  execution test
XPASS: gcc.dg/torture/inf-compare-1.c   -O3 -g  execution test
XPASS: gcc.dg/torture/inf-compare-1.c   -Os  execution test
XPASS: gcc.dg/torture/inf-compare-1.c   -O2 -flto -fno-use-linker-plugin -flto-partition=none  execution test
XPASS: gcc.dg/torture/inf-compare-1.c   -O2 -flto -fuse-linker-plugin -fno-fat-lto-objects  execution test
XPASS: gcc.dg/torture/inf-compare-2.c   -O0  execution test
XPASS: gcc.dg/torture/inf-compare-2.c   -O1  execution test
XPASS: gcc.dg/torture/inf-compare-2.c   -O2  execution test
XPASS: gcc.dg/torture/inf-compare-2.c   -O3 -g  execution test
XPASS: gcc.dg/torture/inf-compare-2.c   -Os  execution test
XPASS: gcc.dg/torture/inf-compare-2.c   -O2 -flto -fno-use-linker-plugin -flto-partition=none  execution test
XPASS: gcc.dg/torture/inf-compare-2.c   -O2 -flto -fuse-linker-plugin -fno-fat-lto-objects  execution test
XPASS: gcc.dg/torture/inf-compare-3.c   -O0  execution test
XPASS: gcc.dg/torture/inf-compare-3.c   -O1  execution test
XPASS: gcc.dg/torture/inf-compare-3.c   -O2  execution test
XPASS: gcc.dg/torture/inf-compare-3.c   -O3 -g  execution test
XPASS: gcc.dg/torture/inf-compare-3.c   -Os  execution test
XPASS: gcc.dg/torture/inf-compare-3.c   -O2 -flto -fno-use-linker-plugin -flto-partition=none  execution test
XPASS: gcc.dg/torture/inf-compare-3.c   -O2 -flto -fuse-linker-plugin -fno-fat-lto-objects  execution test
XPASS: gcc.dg/torture/inf-compare-4.c   -O0  execution test
XPASS: gcc.dg/torture/inf-compare-4.c   -O1  execution test
XPASS: gcc.dg/torture/inf-compare-4.c   -O2  execution test
XPASS: gcc.dg/torture/inf-compare-4.c   -O3 -g  execution test
XPASS: gcc.dg/torture/inf-compare-4.c   -Os  execution test
XPASS: gcc.dg/torture/inf-compare-4.c   -O2 -flto -fno-use-linker-plugin -flto-partition=none  execution test
XPASS: gcc.dg/torture/inf-compare-4.c   -O2 -flto -fuse-linker-plugin -fno-fat-lto-objects  execution test
FAIL: gcc.dg/torture/inf-compare-5.c   -O0  execution test
FAIL: gcc.dg/torture/inf-compare-5.c   -O1  execution test
FAIL: gcc.dg/torture/inf-compare-5.c   -O2  execution test
FAIL: gcc.dg/torture/inf-compare-5.c   -O3 -g  execution test
FAIL: gcc.dg/torture/inf-compare-5.c   -Os  execution test
FAIL: gcc.dg/torture/inf-compare-5.c   -O2 -flto -fno-use-linker-plugin -flto-partition=none  execution test
FAIL: gcc.dg/torture/inf-compare-5.c   -O2 -flto -fuse-linker-plugin -fno-fat-lto-objects  execution test
FAIL: gcc.dg/torture/inf-compare-6.c   -O0  execution test
FAIL: gcc.dg/torture/inf-compare-6.c   -O1  execution test
FAIL: gcc.dg/torture/inf-compare-6.c   -O2  execution test
FAIL: gcc.dg/torture/inf-compare-6.c   -O3 -g  execution test
FAIL: gcc.dg/torture/inf-compare-6.c   -Os  execution test
FAIL: gcc.dg/torture/inf-compare-6.c   -O2 -flto -fno-use-linker-plugin -flto-partition=none  execution test
FAIL: gcc.dg/torture/inf-compare-6.c   -O2 -flto -fuse-linker-plugin -fno-fat-lto-objects  execution test
FAIL: gcc.dg/torture/inf-compare-7.c   -O0  execution test
FAIL: gcc.dg/torture/inf-compare-7.c   -O1  execution test
FAIL: gcc.dg/torture/inf-compare-7.c   -O2  execution test
FAIL: gcc.dg/torture/inf-compare-7.c   -O3 -g  execution test
FAIL: gcc.dg/torture/inf-compare-7.c   -Os  execution test
FAIL: gcc.dg/torture/inf-compare-7.c   -O2 -flto -fno-use-linker-plugin -flto-partition=none  execution test
FAIL: gcc.dg/torture/inf-compare-7.c   -O2 -flto -fuse-linker-plugin -fno-fat-lto-objects  execution test
FAIL: gcc.dg/torture/inf-compare-8.c   -O0  execution test
FAIL: gcc.dg/torture/inf-compare-8.c   -O1  execution test
FAIL: gcc.dg/torture/inf-compare-8.c   -O2  execution test
FAIL: gcc.dg/torture/inf-compare-8.c   -O3 -g  execution test
FAIL: gcc.dg/torture/inf-compare-8.c   -Os  execution test
FAIL: gcc.dg/torture/inf-compare-8.c   -O2 -flto -fno-use-linker-plugin -flto-partition=none  execution test
FAIL: gcc.dg/torture/inf-compare-8.c   -O2 -flto -fuse-linker-plugin -fno-fat-lto-objects  execution test
FAIL: gcc.dg/torture/pr52451.c   -O0  execution test
FAIL: gcc.dg/torture/pr52451.c   -O1  execution test
FAIL: gcc.dg/torture/pr52451.c   -O2  execution test
FAIL: gcc.dg/torture/pr52451.c   -O3 -g  execution test
FAIL: gcc.dg/torture/pr52451.c   -Os  execution test
FAIL: gcc.dg/torture/pr52451.c   -O2 -flto -fno-use-linker-plugin -flto-partition=none  execution test
FAIL: gcc.dg/torture/pr52451.c   -O2 -flto -fuse-linker-plugin -fno-fat-lto-objects  execution test
FAIL: gcc.dg/torture/pr68264.c   -O0  execution test
FAIL: gcc.dg/torture/pr68264.c   -O1  execution test
FAIL: gcc.dg/torture/pr68264.c   -O2  execution test
FAIL: gcc.dg/torture/pr68264.c   -O3 -g  execution test
FAIL: gcc.dg/torture/pr68264.c   -Os  execution test
FAIL: gcc.dg/torture/pr68264.c   -O2 -flto -fno-use-linker-plugin -flto-partition=none  execution test
FAIL: gcc.dg/torture/pr68264.c   -O2 -flto -fuse-linker-plugin -fno-fat-lto-objects  execution test
FAIL: gcc.dg/torture/pr82692.c   -O0  execution test
FAIL: gcc.dg/torture/pr82692.c   -O1  execution test
FAIL: gcc.dg/torture/pr82692.c   -O2  execution test
FAIL: gcc.dg/torture/pr82692.c   -O3 -g  execution test
FAIL: gcc.dg/torture/pr82692.c   -Os  execution test
FAIL: gcc.dg/torture/pr82692.c   -O2 -flto -fno-use-linker-plugin -flto-partition=none  execution test
FAIL: gcc.dg/torture/pr82692.c   -O2 -flto -fuse-linker-plugin -fno-fat-lto-objects  execution test
FAIL: gcc.dg/torture/pr86389.c   -O0  execution test
FAIL: gcc.dg/torture/pr86389.c   -O1  execution test
FAIL: gcc.dg/torture/pr86389.c   -O2  execution test
FAIL: gcc.dg/torture/pr86389.c   -O3 -g  execution test
FAIL: gcc.dg/torture/pr86389.c   -Os  execution test
FAIL: gcc.dg/torture/pr86389.c   -O2 -flto -fno-use-linker-plugin -flto-partition=none  execution test
FAIL: gcc.dg/torture/pr86389.c   -O2 -flto -fuse-linker-plugin -fno-fat-lto-objects  execution test
FAIL: gcc.dg/torture/stackalign/nested-5.c   -O0  execution test
FAIL: gcc.dg/torture/stackalign/nested-5.c   -O1  execution test
FAIL: gcc.dg/torture/stackalign/nested-5.c   -O2  execution test
FAIL: gcc.dg/torture/stackalign/nested-5.c   -O3 -g  execution test
FAIL: gcc.dg/torture/stackalign/nested-5.c   -Os  execution test
FAIL: gcc.dg/torture/stackalign/nested-5.c   -O2 -flto -fno-use-linker-plugin -flto-partition=none  execution test
FAIL: gcc.dg/torture/stackalign/nested-5.c   -O2 -flto -fuse-linker-plugin -fno-fat-lto-objects  execution test
FAIL: gcc.dg/torture/stackalign/nested-6.c   -O0  execution test
FAIL: gcc.dg/torture/stackalign/nested-6.c   -O1  execution test
FAIL: gcc.dg/torture/stackalign/nested-6.c   -O2  execution test
FAIL: gcc.dg/torture/stackalign/nested-6.c   -O3 -g  execution test
FAIL: gcc.dg/torture/stackalign/nested-6.c   -Os  execution test
FAIL: gcc.dg/torture/stackalign/nested-6.c   -O2 -flto -fno-use-linker-plugin -flto-partition=none  execution test
FAIL: gcc.dg/torture/stackalign/nested-6.c   -O2 -flto -fuse-linker-plugin -fno-fat-lto-objects  execution test
FAIL: gcc.dg/tree-ssa/copy-sign-1.c scan-tree-dump-times gimple "copysign" 8
FAIL: gcc.dg/tree-ssa/cunroll-15.c scan-tree-dump optimized "return 1;"
FAIL: gcc.dg/tree-ssa/minmax-2.c scan-tree-dump optimized "__builtin_fmin"
FAIL: gcc.dg/tree-ssa/mult-abs-2.c scan-tree-dump-times gimple "ABS" 8
FAIL: gcc.dg/tree-ssa/pr71078-1-double.c scan-tree-dump forwprop1 "__builtin_copysign"
FAIL: gcc.dg/tree-ssa/pr71078-1.c scan-tree-dump forwprop1 "__builtin_copysignf"
FAIL: gcc.dg/tree-ssa/pr71078-2-double.c scan-tree-dump forwprop1 "__builtin_copysign"
FAIL: gcc.dg/tree-ssa/pr71078-2.c scan-tree-dump forwprop1 "__builtin_copysignf"
FAIL: gcc.dg/tree-ssa/pr71078-3.c scan-tree-dump forwprop1 "__builtin_copysign"
FAIL: gcc.dg/tree-ssa/tailcall-7-run.c execution test
FAIL: gcc.dg/vect/costmodel/ppc/costmodel-vect-33.c scan-tree-dump-times vect "vectorized 1 loops" 1
FAIL: gcc.dg/vect/costmodel/ppc/costmodel-vect-33.c scan-tree-dump-times vect "loop versioned for vectorization to enhance alignment" 1
FAIL: gcc.dg/vect/bb-slp-over-widen-1.c scan-tree-dump-times slp2 "basic block vectorized" 2
FAIL: gcc.dg/vect/bb-slp-over-widen-1.c -flto -ffat-lto-objects  scan-tree-dump-times slp2 "basic block vectorized" 2
FAIL: gcc.dg/vect/bb-slp-over-widen-2.c scan-tree-dump-times slp2 "basic block vectorized" 2
FAIL: gcc.dg/vect/bb-slp-over-widen-2.c -flto -ffat-lto-objects  scan-tree-dump-times slp2 "basic block vectorized" 2
FAIL: gcc.dg/vect/bb-slp-pow-1.c scan-tree-dump-times slp2 "basic block vectorized" 1
FAIL: gcc.dg/vect/bb-slp-pow-1.c -flto -ffat-lto-objects  scan-tree-dump-times slp2 "basic block vectorized" 1
FAIL: gcc.dg/vect/no-tree-sra-bb-slp-pr50730.c scan-tree-dump-times slp2 "basic block vectorized" 1
FAIL: gcc.dg/vect/no-vfa-vect-depend-2.c scan-tree-dump-times vect "vectorized 1 loops" 1
FAIL: gcc.dg/vect/no-vfa-vect-depend-3.c scan-tree-dump-times vect "vectorized 1 loops" 4
FAIL: gcc.dg/vect/pr46032.c -flto -ffat-lto-objects  scan-tree-dump-times vect "vectorized 1 loop" 1
FAIL: gcc.dg/vect/pr46032.c scan-tree-dump-times vect "vectorized 1 loop" 1
FAIL: gcc.dg/vect/pr84711.c (test for excess errors)
FAIL: gcc.dg/vect/pr84711.c -flto -ffat-lto-objects (test for excess errors)
FAIL: gcc.dg/vect/pr85586.c -flto -ffat-lto-objects  scan-tree-dump-times vect "LOOP VECTORIZED" 1
FAIL: gcc.dg/vect/pr85586.c scan-tree-dump-times vect "LOOP VECTORIZED" 1
FAIL: gcc.dg/vect/section-anchors-vect-69.c scan-tree-dump-times vect "vectorized 4 loops" 1
FAIL: gcc.dg/vect/slp-43.c scan-tree-dump-times vect "vectorized 1 loops" 2
FAIL: gcc.dg/vect/slp-43.c -flto -ffat-lto-objects  scan-tree-dump-times vect "vectorized 1 loops" 2
XPASS: gcc.dg/vect/vect-24.c scan-tree-dump-times vect "vectorized 3 loops" 1
XPASS: gcc.dg/vect/vect-24.c -flto -ffat-lto-objects  scan-tree-dump-times vect "vectorized 3 loops" 1
FAIL: gcc.dg/vect/vect-31.c scan-tree-dump-times vect "vectorized 4 loops" 1
FAIL: gcc.dg/vect/vect-31.c -flto -ffat-lto-objects  scan-tree-dump-times vect "vectorized 4 loops" 1
FAIL: gcc.dg/vect/vect-44.c -flto -ffat-lto-objects  scan-tree-dump-times vect "Vectorizing an unaligned access" 3
FAIL: gcc.dg/vect/vect-44.c scan-tree-dump-times vect "Vectorizing an unaligned access" 3
FAIL: gcc.dg/vect/vect-50.c -flto -ffat-lto-objects  scan-tree-dump-times vect "Vectorizing an unaligned access" 3
FAIL: gcc.dg/vect/vect-50.c scan-tree-dump-times vect "Vectorizing an unaligned access" 3
FAIL: gcc.dg/vect/vect-93.c scan-tree-dump-times vect "vectorized 2 loops" 2
FAIL: gcc.dg/vect/vect-93.c -flto -ffat-lto-objects  scan-tree-dump-times vect "vectorized 2 loops" 2
FAIL: gcc.dg/vect/vect-over-widen-17.c scan-tree-dump-not vect "vector[^\\\\n]*char"
FAIL: gcc.dg/vect/vect-over-widen-17.c -flto -ffat-lto-objects  scan-tree-dump-not vect "vector[^\\\\n]*char"
FAIL: gcc.dg/vect/vect-strided-a-u8-i2-gap.c -flto -ffat-lto-objects  scan-tree-dump-times vect "vectorized 1 loops" 1
FAIL: gcc.dg/vect/vect-strided-a-u8-i2-gap.c scan-tree-dump-times vect "vectorized 1 loops" 1
FAIL: gcc.dg/vmx/extract-vsx.c   -O0  execution test
FAIL: gcc.dg/vmx/insert-vsx.c   -O0  execution test
FAIL: gcc.dg/vmx/ld-vsx.c   -O0  execution test
FAIL: gcc.dg/vmx/ld-vsx.c   -O1  execution test
FAIL: gcc.dg/vmx/ld-vsx.c   -O2  execution test
FAIL: gcc.dg/vmx/ld-vsx.c   -O3 -fomit-frame-pointer -funroll-loops -fpeel-loops -ftracer -finline-functions  execution test
FAIL: gcc.dg/vmx/ld-vsx.c   -O3 -g  execution test
FAIL: gcc.dg/vmx/ld-vsx.c   -Os  execution test
FAIL: gcc.dg/vmx/ld-vsx.c   -O2 -flto -fno-use-linker-plugin -flto-partition=none  execution test
FAIL: gcc.dg/vmx/ld-vsx.c   -O2 -flto -fuse-linker-plugin -fno-fat-lto-objects  execution test
FAIL: gcc.dg/vmx/ldl-vsx.c   -O0  execution test
FAIL: gcc.dg/vmx/ldl-vsx.c   -O1  execution test
FAIL: gcc.dg/vmx/ldl-vsx.c   -O2  execution test
FAIL: gcc.dg/vmx/ldl-vsx.c   -O3 -fomit-frame-pointer -funroll-loops -fpeel-loops -ftracer -finline-functions  execution test
FAIL: gcc.dg/vmx/ldl-vsx.c   -O3 -g  execution test
FAIL: gcc.dg/vmx/ldl-vsx.c   -Os  execution test
FAIL: gcc.dg/vmx/ldl-vsx.c   -O2 -flto -fno-use-linker-plugin -flto-partition=none  execution test
FAIL: gcc.dg/vmx/ldl-vsx.c   -O2 -flto -fuse-linker-plugin -fno-fat-lto-objects  execution test
FAIL: gcc.dg/vmx/merge-vsx.c   -O0  execution test
FAIL: gcc.dg/vmx/merge-vsx.c   -O1  execution test
FAIL: gcc.dg/vmx/merge-vsx.c   -O2  execution test
FAIL: gcc.dg/vmx/merge-vsx.c   -O3 -g  execution test
FAIL: gcc.dg/vmx/merge-vsx.c   -Os  execution test
FAIL: gcc.dg/vmx/merge-vsx.c   -O2 -flto -fno-use-linker-plugin -flto-partition=none  execution test
FAIL: gcc.dg/vmx/merge-vsx.c   -O2 -flto -fuse-linker-plugin -fno-fat-lto-objects  execution test
FAIL: gcc.dg/vmx/splat-vsx.c   -O0  execution test
FAIL: gcc.dg/vmx/splat-vsx.c   -O1  execution test
FAIL: gcc.dg/vmx/splat-vsx.c   -O2  execution test
FAIL: gcc.dg/vmx/splat-vsx.c   -O3 -g  execution test
FAIL: gcc.dg/vmx/splat-vsx.c   -Os  execution test
FAIL: gcc.dg/vmx/splat-vsx.c   -O2 -flto -fno-use-linker-plugin -flto-partition=none  execution test
FAIL: gcc.dg/vmx/splat-vsx.c   -O2 -flto -fuse-linker-plugin -fno-fat-lto-objects  execution test
FAIL: gcc.dg/vmx/st-vsx.c   -O0  execution test
FAIL: gcc.dg/vmx/st-vsx.c   -O1  execution test
FAIL: gcc.dg/vmx/st-vsx.c   -O2  execution test
FAIL: gcc.dg/vmx/st-vsx.c   -O3 -fomit-frame-pointer -funroll-loops -fpeel-loops -ftracer -finline-functions  execution test
FAIL: gcc.dg/vmx/st-vsx.c   -O3 -g  execution test
FAIL: gcc.dg/vmx/st-vsx.c   -Os  execution test
FAIL: gcc.dg/vmx/st-vsx.c   -O2 -flto -fno-use-linker-plugin -flto-partition=none  execution test
FAIL: gcc.dg/vmx/st-vsx.c   -O2 -flto -fuse-linker-plugin -fno-fat-lto-objects  execution test
FAIL: gcc.dg/vmx/stl-vsx.c   -O0  execution test
FAIL: gcc.dg/vmx/stl-vsx.c   -O1  execution test
FAIL: gcc.dg/vmx/stl-vsx.c   -O2  execution test
FAIL: gcc.dg/vmx/stl-vsx.c   -O3 -fomit-frame-pointer -funroll-loops -fpeel-loops -ftracer -finline-functions  execution test
FAIL: gcc.dg/vmx/stl-vsx.c   -O3 -g  execution test
FAIL: gcc.dg/vmx/stl-vsx.c   -Os  execution test
FAIL: gcc.dg/vmx/stl-vsx.c   -O2 -flto -fno-use-linker-plugin -flto-partition=none  execution test
FAIL: gcc.dg/vmx/stl-vsx.c   -O2 -flto -fuse-linker-plugin -fno-fat-lto-objects  execution test
FAIL: gcc.target/powerpc/bfp/scalar-extract-exp-5.c  (test for errors, line 18)
FAIL: gcc.target/powerpc/bfp/scalar-extract-exp-5.c (test for excess errors)
FAIL: gcc.target/powerpc/bfp/scalar-extract-sig-5.c  (test for errors, line 16)
FAIL: gcc.target/powerpc/bfp/scalar-extract-sig-5.c (test for excess errors)
FAIL: gcc.target/powerpc/bfp/scalar-insert-exp-11.c  (test for errors, line 20)
FAIL: gcc.target/powerpc/bfp/scalar-insert-exp-11.c (test for excess errors)
FAIL: gcc.target/powerpc/bfp/scalar-insert-exp-8.c (test for excess errors)
FAIL: gcc.target/powerpc/bfp/scalar-test-data-class-11.c  (test for errors, line 14)
FAIL: gcc.target/powerpc/bfp/scalar-test-data-class-11.c (test for excess errors)
FAIL: gcc.target/powerpc/bfp/scalar-test-neg-5.c  (test for errors, line 14)
FAIL: gcc.target/powerpc/bfp/scalar-test-neg-5.c (test for excess errors)
FAIL: gcc.target/powerpc/dfp/dtstsfi-0.c (test for excess errors)
UNRESOLVED: gcc.target/powerpc/dfp/dtstsfi-0.c scan-assembler dtstsfi
FAIL: gcc.target/powerpc/dfp/dtstsfi-1.c  (test for errors, line 13)
FAIL: gcc.target/powerpc/dfp/dtstsfi-1.c (test for excess errors)
FAIL: gcc.target/powerpc/dfp/dtstsfi-10.c (test for excess errors)
UNRESOLVED: gcc.target/powerpc/dfp/dtstsfi-10.c scan-assembler dtstsfi
FAIL: gcc.target/powerpc/dfp/dtstsfi-11.c  (test for errors, line 13)
FAIL: gcc.target/powerpc/dfp/dtstsfi-11.c (test for excess errors)
FAIL: gcc.target/powerpc/dfp/dtstsfi-12.c  (test for errors, line 13)
FAIL: gcc.target/powerpc/dfp/dtstsfi-12.c (test for excess errors)
FAIL: gcc.target/powerpc/dfp/dtstsfi-13.c (test for excess errors)
UNRESOLVED: gcc.target/powerpc/dfp/dtstsfi-13.c scan-assembler dtstsfi
FAIL: gcc.target/powerpc/dfp/dtstsfi-14.c  (test for errors, line 13)
FAIL: gcc.target/powerpc/dfp/dtstsfi-14.c (test for excess errors)
FAIL: gcc.target/powerpc/dfp/dtstsfi-15.c (test for excess errors)
UNRESOLVED: gcc.target/powerpc/dfp/dtstsfi-15.c scan-assembler dtstsfiq
FAIL: gcc.target/powerpc/dfp/dtstsfi-16.c  (test for errors, line 13)
FAIL: gcc.target/powerpc/dfp/dtstsfi-16.c (test for excess errors)
FAIL: gcc.target/powerpc/dfp/dtstsfi-17.c  (test for errors, line 13)
FAIL: gcc.target/powerpc/dfp/dtstsfi-17.c (test for excess errors)
FAIL: gcc.target/powerpc/dfp/dtstsfi-18.c (test for excess errors)
UNRESOLVED: gcc.target/powerpc/dfp/dtstsfi-18.c scan-assembler dtstsfiq
FAIL: gcc.target/powerpc/dfp/dtstsfi-19.c  (test for errors, line 13)
FAIL: gcc.target/powerpc/dfp/dtstsfi-19.c (test for excess errors)
FAIL: gcc.target/powerpc/dfp/dtstsfi-2.c  (test for errors, line 13)
FAIL: gcc.target/powerpc/dfp/dtstsfi-2.c (test for excess errors)
FAIL: gcc.target/powerpc/dfp/dtstsfi-20.c (test for excess errors)
UNRESOLVED: gcc.target/powerpc/dfp/dtstsfi-20.c scan-assembler dtstsfi
FAIL: gcc.target/powerpc/dfp/dtstsfi-21.c  (test for errors, line 13)
FAIL: gcc.target/powerpc/dfp/dtstsfi-21.c (test for excess errors)
FAIL: gcc.target/powerpc/dfp/dtstsfi-22.c  (test for errors, line 13)
FAIL: gcc.target/powerpc/dfp/dtstsfi-22.c (test for excess errors)
FAIL: gcc.target/powerpc/dfp/dtstsfi-23.c (test for excess errors)
UNRESOLVED: gcc.target/powerpc/dfp/dtstsfi-23.c scan-assembler dtstsfi
FAIL: gcc.target/powerpc/dfp/dtstsfi-24.c  (test for errors, line 13)
FAIL: gcc.target/powerpc/dfp/dtstsfi-24.c (test for excess errors)
FAIL: gcc.target/powerpc/dfp/dtstsfi-25.c (test for excess errors)
UNRESOLVED: gcc.target/powerpc/dfp/dtstsfi-25.c scan-assembler dtstsfiq
FAIL: gcc.target/powerpc/dfp/dtstsfi-26.c  (test for errors, line 13)
FAIL: gcc.target/powerpc/dfp/dtstsfi-26.c (test for excess errors)
FAIL: gcc.target/powerpc/dfp/dtstsfi-27.c  (test for errors, line 13)
FAIL: gcc.target/powerpc/dfp/dtstsfi-27.c (test for excess errors)
FAIL: gcc.target/powerpc/dfp/dtstsfi-28.c (test for excess errors)
UNRESOLVED: gcc.target/powerpc/dfp/dtstsfi-28.c scan-assembler dtstsfiq
FAIL: gcc.target/powerpc/dfp/dtstsfi-29.c  (test for errors, line 13)
FAIL: gcc.target/powerpc/dfp/dtstsfi-29.c (test for excess errors)
FAIL: gcc.target/powerpc/dfp/dtstsfi-3.c (test for excess errors)
UNRESOLVED: gcc.target/powerpc/dfp/dtstsfi-3.c scan-assembler dtstsfi
FAIL: gcc.target/powerpc/dfp/dtstsfi-30.c (test for excess errors)
UNRESOLVED: gcc.target/powerpc/dfp/dtstsfi-30.c scan-assembler dtstsfi
FAIL: gcc.target/powerpc/dfp/dtstsfi-31.c  (test for errors, line 13)
FAIL: gcc.target/powerpc/dfp/dtstsfi-31.c (test for excess errors)
FAIL: gcc.target/powerpc/dfp/dtstsfi-32.c  (test for errors, line 13)
FAIL: gcc.target/powerpc/dfp/dtstsfi-32.c (test for excess errors)
FAIL: gcc.target/powerpc/dfp/dtstsfi-33.c (test for excess errors)
UNRESOLVED: gcc.target/powerpc/dfp/dtstsfi-33.c scan-assembler dtstsfi
FAIL: gcc.target/powerpc/dfp/dtstsfi-34.c  (test for errors, line 13)
FAIL: gcc.target/powerpc/dfp/dtstsfi-34.c (test for excess errors)
FAIL: gcc.target/powerpc/dfp/dtstsfi-35.c (test for excess errors)
UNRESOLVED: gcc.target/powerpc/dfp/dtstsfi-35.c scan-assembler dtstsfiq
FAIL: gcc.target/powerpc/dfp/dtstsfi-36.c  (test for errors, line 13)
FAIL: gcc.target/powerpc/dfp/dtstsfi-36.c (test for excess errors)
FAIL: gcc.target/powerpc/dfp/dtstsfi-37.c  (test for errors, line 13)
FAIL: gcc.target/powerpc/dfp/dtstsfi-37.c (test for excess errors)
FAIL: gcc.target/powerpc/dfp/dtstsfi-38.c (test for excess errors)
UNRESOLVED: gcc.target/powerpc/dfp/dtstsfi-38.c scan-assembler dtstsfiq
FAIL: gcc.target/powerpc/dfp/dtstsfi-39.c  (test for errors, line 13)
FAIL: gcc.target/powerpc/dfp/dtstsfi-39.c (test for excess errors)
FAIL: gcc.target/powerpc/dfp/dtstsfi-4.c  (test for errors, line 13)
FAIL: gcc.target/powerpc/dfp/dtstsfi-4.c (test for excess errors)
FAIL: gcc.target/powerpc/dfp/dtstsfi-40.c (test for excess errors)
UNRESOLVED: gcc.target/powerpc/dfp/dtstsfi-40.c scan-assembler dtstsfi
FAIL: gcc.target/powerpc/dfp/dtstsfi-41.c  (test for errors, line 13)
FAIL: gcc.target/powerpc/dfp/dtstsfi-41.c (test for excess errors)
FAIL: gcc.target/powerpc/dfp/dtstsfi-42.c  (test for errors, line 13)
FAIL: gcc.target/powerpc/dfp/dtstsfi-42.c (test for excess errors)
FAIL: gcc.target/powerpc/dfp/dtstsfi-43.c (test for excess errors)
UNRESOLVED: gcc.target/powerpc/dfp/dtstsfi-43.c scan-assembler dtstsfi
FAIL: gcc.target/powerpc/dfp/dtstsfi-44.c  (test for errors, line 13)
FAIL: gcc.target/powerpc/dfp/dtstsfi-44.c (test for excess errors)
FAIL: gcc.target/powerpc/dfp/dtstsfi-45.c (test for excess errors)
UNRESOLVED: gcc.target/powerpc/dfp/dtstsfi-45.c scan-assembler dtstsfiq
FAIL: gcc.target/powerpc/dfp/dtstsfi-46.c  (test for errors, line 13)
FAIL: gcc.target/powerpc/dfp/dtstsfi-46.c (test for excess errors)
FAIL: gcc.target/powerpc/dfp/dtstsfi-47.c  (test for errors, line 13)
FAIL: gcc.target/powerpc/dfp/dtstsfi-47.c (test for excess errors)
FAIL: gcc.target/powerpc/dfp/dtstsfi-48.c (test for excess errors)
UNRESOLVED: gcc.target/powerpc/dfp/dtstsfi-48.c scan-assembler dtstsfiq
FAIL: gcc.target/powerpc/dfp/dtstsfi-49.c  (test for errors, line 13)
FAIL: gcc.target/powerpc/dfp/dtstsfi-49.c (test for excess errors)
FAIL: gcc.target/powerpc/dfp/dtstsfi-5.c (test for excess errors)
UNRESOLVED: gcc.target/powerpc/dfp/dtstsfi-5.c scan-assembler dtstsfiq
FAIL: gcc.target/powerpc/dfp/dtstsfi-50.c (test for excess errors)
UNRESOLVED: gcc.target/powerpc/dfp/dtstsfi-50.c scan-assembler dtstsfi
FAIL: gcc.target/powerpc/dfp/dtstsfi-51.c  (test for errors, line 13)
FAIL: gcc.target/powerpc/dfp/dtstsfi-51.c (test for excess errors)
FAIL: gcc.target/powerpc/dfp/dtstsfi-52.c  (test for errors, line 13)
FAIL: gcc.target/powerpc/dfp/dtstsfi-52.c (test for excess errors)
FAIL: gcc.target/powerpc/dfp/dtstsfi-53.c (test for excess errors)
UNRESOLVED: gcc.target/powerpc/dfp/dtstsfi-53.c scan-assembler dtstsfi
FAIL: gcc.target/powerpc/dfp/dtstsfi-54.c  (test for errors, line 13)
FAIL: gcc.target/powerpc/dfp/dtstsfi-54.c (test for excess errors)
FAIL: gcc.target/powerpc/dfp/dtstsfi-55.c (test for excess errors)
UNRESOLVED: gcc.target/powerpc/dfp/dtstsfi-55.c scan-assembler dtstsfiq
FAIL: gcc.target/powerpc/dfp/dtstsfi-56.c  (test for errors, line 13)
FAIL: gcc.target/powerpc/dfp/dtstsfi-56.c (test for excess errors)
FAIL: gcc.target/powerpc/dfp/dtstsfi-57.c  (test for errors, line 13)
FAIL: gcc.target/powerpc/dfp/dtstsfi-57.c (test for excess errors)
FAIL: gcc.target/powerpc/dfp/dtstsfi-58.c (test for excess errors)
UNRESOLVED: gcc.target/powerpc/dfp/dtstsfi-58.c scan-assembler dtstsfiq
FAIL: gcc.target/powerpc/dfp/dtstsfi-59.c  (test for errors, line 13)
FAIL: gcc.target/powerpc/dfp/dtstsfi-59.c (test for excess errors)
FAIL: gcc.target/powerpc/dfp/dtstsfi-6.c  (test for errors, line 13)
FAIL: gcc.target/powerpc/dfp/dtstsfi-6.c (test for excess errors)
FAIL: gcc.target/powerpc/dfp/dtstsfi-60.c (test for excess errors)
UNRESOLVED: gcc.target/powerpc/dfp/dtstsfi-60.c scan-assembler dtstsfi
FAIL: gcc.target/powerpc/dfp/dtstsfi-61.c  (test for errors, line 13)
FAIL: gcc.target/powerpc/dfp/dtstsfi-61.c (test for excess errors)
FAIL: gcc.target/powerpc/dfp/dtstsfi-62.c  (test for errors, line 13)
FAIL: gcc.target/powerpc/dfp/dtstsfi-62.c (test for excess errors)
FAIL: gcc.target/powerpc/dfp/dtstsfi-63.c (test for excess errors)
UNRESOLVED: gcc.target/powerpc/dfp/dtstsfi-63.c scan-assembler dtstsfi
FAIL: gcc.target/powerpc/dfp/dtstsfi-64.c  (test for errors, line 13)
FAIL: gcc.target/powerpc/dfp/dtstsfi-64.c (test for excess errors)
FAIL: gcc.target/powerpc/dfp/dtstsfi-65.c (test for excess errors)
UNRESOLVED: gcc.target/powerpc/dfp/dtstsfi-65.c scan-assembler dtstsfiq
FAIL: gcc.target/powerpc/dfp/dtstsfi-66.c  (test for errors, line 13)
FAIL: gcc.target/powerpc/dfp/dtstsfi-66.c (test for excess errors)
FAIL: gcc.target/powerpc/dfp/dtstsfi-67.c  (test for errors, line 13)
FAIL: gcc.target/powerpc/dfp/dtstsfi-67.c (test for excess errors)
FAIL: gcc.target/powerpc/dfp/dtstsfi-68.c (test for excess errors)
UNRESOLVED: gcc.target/powerpc/dfp/dtstsfi-68.c scan-assembler dtstsfiq
FAIL: gcc.target/powerpc/dfp/dtstsfi-69.c  (test for errors, line 13)
FAIL: gcc.target/powerpc/dfp/dtstsfi-69.c (test for excess errors)
FAIL: gcc.target/powerpc/dfp/dtstsfi-7.c  (test for errors, line 13)
FAIL: gcc.target/powerpc/dfp/dtstsfi-7.c (test for excess errors)
FAIL: gcc.target/powerpc/dfp/dtstsfi-70.c (test for excess errors)
UNRESOLVED: gcc.target/powerpc/dfp/dtstsfi-70.c scan-assembler dtstsfi
FAIL: gcc.target/powerpc/dfp/dtstsfi-71.c  (test for errors, line 13)
FAIL: gcc.target/powerpc/dfp/dtstsfi-71.c (test for excess errors)
FAIL: gcc.target/powerpc/dfp/dtstsfi-72.c  (test for errors, line 13)
FAIL: gcc.target/powerpc/dfp/dtstsfi-72.c (test for excess errors)
FAIL: gcc.target/powerpc/dfp/dtstsfi-73.c (test for excess errors)
UNRESOLVED: gcc.target/powerpc/dfp/dtstsfi-73.c scan-assembler dtstsfi
FAIL: gcc.target/powerpc/dfp/dtstsfi-74.c  (test for errors, line 13)
FAIL: gcc.target/powerpc/dfp/dtstsfi-74.c (test for excess errors)
FAIL: gcc.target/powerpc/dfp/dtstsfi-75.c (test for excess errors)
UNRESOLVED: gcc.target/powerpc/dfp/dtstsfi-75.c scan-assembler dtstsfiq
FAIL: gcc.target/powerpc/dfp/dtstsfi-76.c  (test for errors, line 13)
FAIL: gcc.target/powerpc/dfp/dtstsfi-76.c (test for excess errors)
FAIL: gcc.target/powerpc/dfp/dtstsfi-77.c  (test for errors, line 13)
FAIL: gcc.target/powerpc/dfp/dtstsfi-77.c (test for excess errors)
FAIL: gcc.target/powerpc/dfp/dtstsfi-78.c (test for excess errors)
UNRESOLVED: gcc.target/powerpc/dfp/dtstsfi-78.c scan-assembler dtstsfiq
FAIL: gcc.target/powerpc/dfp/dtstsfi-79.c  (test for errors, line 13)
FAIL: gcc.target/powerpc/dfp/dtstsfi-79.c (test for excess errors)
FAIL: gcc.target/powerpc/dfp/dtstsfi-8.c (test for excess errors)
UNRESOLVED: gcc.target/powerpc/dfp/dtstsfi-8.c scan-assembler dtstsfiq
FAIL: gcc.target/powerpc/dfp/dtstsfi-9.c  (test for errors, line 13)
FAIL: gcc.target/powerpc/dfp/dtstsfi-9.c (test for excess errors)
FAIL: gcc.target/powerpc/builtins-1.c scan-assembler-times \\\\mbl \\\\.?__divdi3\\\\M 2
FAIL: gcc.target/powerpc/builtins-1.c scan-assembler-times \\\\mbl \\\\.?__udivdi3\\\\M 2
FAIL: gcc.target/powerpc/builtins-1.c scan-assembler-times mullw 12
FAIL: gcc.target/powerpc/builtins-1.c scan-assembler-times mulhwu 4
FAIL: gcc.target/powerpc/builtins-2.c execution test
UNRESOLVED: gcc.target/powerpc/dfmode_off.c object-size text == 320
UNRESOLVED: gcc.target/powerpc/dimode_off.c object-size text <= 640
FAIL: gcc.target/powerpc/pr17381.c scan-assembler-times fmr 1
FAIL: gcc.target/powerpc/pr18096-1.c stack frame too large (test for errors, line 7)
FAIL: gcc.target/powerpc/pr18096-1.c (test for excess errors)
FAIL: gcc.target/powerpc/pr64205.c (test for excess errors)
FAIL: gcc.target/powerpc/pr79909.c (test for excess errors)
FAIL: gcc.target/powerpc/test_fpscr_rn_builtin.c (test for excess errors)
UNRESOLVED: gcc.target/powerpc/test_fpscr_rn_builtin.c compilation failed to produce executable
FAIL: gcc.target/powerpc/test_fpscr_rn_builtin_error.c  (test for errors, line 13)
FAIL: gcc.target/powerpc/test_fpscr_rn_builtin_error.c  (test for errors, line 14)
FAIL: gcc.target/powerpc/test_fpscr_rn_builtin_error.c  (test for errors, line 16)
FAIL: gcc.target/powerpc/test_fpscr_rn_builtin_error.c  (test for errors, line 17)
FAIL: gcc.target/powerpc/test_fpscr_rn_builtin_error.c  (test for errors, line 19)
FAIL: gcc.target/powerpc/test_fpscr_rn_builtin_error.c  (test for errors, line 20)
FAIL: gcc.target/powerpc/test_fpscr_rn_builtin_error.c (test for excess errors)
FAIL: gcc.target/powerpc/test_mffsl.c (test for excess errors)
UNRESOLVED: gcc.target/powerpc/test_mffsl.c compilation failed to produce executable
FAIL: gcc.target/powerpc/vsx-builtin-7.c scan-assembler-times xxpermdi 4

		=== gcc Summary ===

# of expected passes		109740
# of unexpected failures	646
# of unexpected successes	30
# of expected failures		436
# of unresolved testcases	38
# of unsupported tests		3267
/export/devel/build/gcc/head/objdir/gcc/xgcc  version 9.0.0 20181002 (experimental) [trunk revision 264799] (GCC) 

		=== gfortran tests ===


Running target unix
FAIL: gfortran.dg/elemental_subroutine_3.f90   -O1  (test for excess errors)
FAIL: gfortran.dg/elemental_subroutine_3.f90   -O2  (test for excess errors)
FAIL: gfortran.dg/elemental_subroutine_3.f90   -O3 -fomit-frame-pointer -funroll-loops -fpeel-loops -ftracer -finline-functions  (test for excess errors)
FAIL: gfortran.dg/elemental_subroutine_3.f90   -O3 -g  (test for excess errors)
FAIL: gfortran.dg/elemental_subroutine_3.f90   -Os  (test for excess errors)
FAIL: gfortran.dg/vect/pr48329.f90   -O   scan-tree-dump-times vect "vectorized 1 loops" 1
FAIL: gfortran.dg/vect/pr62283-2.f   -O   scan-tree-dump slp2 "basic block vectorized"

		=== gfortran Summary ===

# of expected passes		46927
# of unexpected failures	7
# of expected failures		93
# of unsupported tests		361
/export/devel/build/gcc/head/objdir/gcc/gfortran  version 9.0.0 20181002 (experimental) [trunk revision 264799] (GCC) 

		=== objc tests ===


Running target unix

		=== objc Summary ===

# of expected passes		2803
# of unsupported tests		68
/export/devel/build/gcc/head/objdir/gcc/xgcc  version 9.0.0 20181002 (experimental) [trunk revision 264799] (GCC) 

		=== libstdc++ tests ===


Running target unix
FAIL: 17_intro/headers/c++2017/stdc++.cc (test for excess errors)
FAIL: 17_intro/headers/c++2017/stdc++_multiple_inclusion.cc (test for excess errors)
FAIL: 17_intro/headers/c++2020/stdc++.cc (test for excess errors)
FAIL: 17_intro/headers/c++2020/stdc++_multiple_inclusion.cc (test for excess errors)
FAIL: 22_locale/codecvt/in/wchar_t/3.cc execution test
FAIL: 22_locale/codecvt/max_length/wchar_t/4.cc execution test
FAIL: 22_locale/codecvt/out/wchar_t/3.cc execution test
FAIL: 22_locale/ctype/is/char/wrapped_env.cc execution test
FAIL: 22_locale/ctype/is/char/wrapped_locale.cc execution test
FAIL: 22_locale/ctype/is/wchar_t/wrapped_env.cc execution test
FAIL: 22_locale/ctype/is/wchar_t/wrapped_locale.cc execution test
FAIL: 22_locale/locale/cons/12658_thread-1.cc execution test
FAIL: 22_locale/locale/cons/12658_thread-2.cc execution test
FAIL: 22_locale/locale/cons/29217.cc execution test
FAIL: 22_locale/locale/cons/38368.cc execution test
FAIL: 22_locale/locale/cons/40184.cc execution test
FAIL: 22_locale/locale/global_locale_objects/14071.cc execution test
FAIL: 22_locale/messages/13631.cc execution test
FAIL: 22_locale/messages/members/char/1.cc execution test
FAIL: 22_locale/messages/members/char/2.cc execution test
FAIL: 22_locale/messages/members/char/wrapped_env.cc execution test
FAIL: 22_locale/messages/members/char/wrapped_locale.cc execution test
FAIL: 22_locale/messages_byname/named_equivalence.cc execution test
FAIL: 22_locale/money_get/get/char/16.cc execution test
FAIL: 22_locale/money_get/get/char/18.cc execution test
FAIL: 22_locale/money_get/get/char/2.cc execution test
FAIL: 22_locale/money_get/get/char/4.cc execution test
FAIL: 22_locale/money_get/get/char/wrapped_env.cc execution test
FAIL: 22_locale/money_get/get/char/wrapped_locale.cc execution test
FAIL: 22_locale/money_get/get/wchar_t/1.cc execution test
FAIL: 22_locale/money_get/get/wchar_t/16.cc execution test
FAIL: 22_locale/money_get/get/wchar_t/18.cc execution test
FAIL: 22_locale/money_get/get/wchar_t/2.cc execution test
FAIL: 22_locale/money_get/get/wchar_t/4.cc execution test
FAIL: 22_locale/money_get/get/wchar_t/wrapped_env.cc execution test
FAIL: 22_locale/money_get/get/wchar_t/wrapped_locale.cc execution test
FAIL: 22_locale/money_put/put/char/2.cc execution test
FAIL: 22_locale/money_put/put/char/9780-3.cc execution test
FAIL: 22_locale/money_put/put/char/wrapped_env.cc execution test
FAIL: 22_locale/money_put/put/char/wrapped_locale.cc execution test
FAIL: 22_locale/money_put/put/wchar_t/1.cc execution test
FAIL: 22_locale/money_put/put/wchar_t/2.cc execution test
FAIL: 22_locale/money_put/put/wchar_t/3.cc execution test
FAIL: 22_locale/money_put/put/wchar_t/wrapped_env.cc execution test
FAIL: 22_locale/money_put/put/wchar_t/wrapped_locale.cc execution test
FAIL: 22_locale/numpunct/members/char/3.cc execution test
FAIL: 22_locale/time_get/get_date/char/12750.cc execution test
FAIL: 22_locale/time_get/get_date/char/2.cc execution test
FAIL: 22_locale/time_get/get_date/char/wrapped_env.cc execution test
FAIL: 22_locale/time_get/get_date/char/wrapped_locale.cc execution test
FAIL: 22_locale/time_get/get_date/wchar_t/12750.cc execution test
FAIL: 22_locale/time_get/get_date/wchar_t/2.cc execution test
FAIL: 22_locale/time_get/get_date/wchar_t/4.cc execution test
FAIL: 22_locale/time_get/get_date/wchar_t/wrapped_env.cc execution test
FAIL: 22_locale/time_get/get_date/wchar_t/wrapped_locale.cc execution test
FAIL: 22_locale/time_get/get_time/char/2.cc execution test
FAIL: 22_locale/time_get/get_time/char/wrapped_env.cc execution test
FAIL: 22_locale/time_get/get_time/char/wrapped_locale.cc execution test
FAIL: 22_locale/time_get/get_time/wchar_t/2.cc execution test
FAIL: 22_locale/time_get/get_time/wchar_t/wrapped_env.cc execution test
FAIL: 22_locale/time_get/get_time/wchar_t/wrapped_locale.cc execution test
FAIL: 22_locale/time_get/get_weekday/char/38081-1.cc execution test
FAIL: 22_locale/time_get/get_weekday/char/38081-2.cc execution test
FAIL: 22_locale/time_put/put/char/2.cc execution test
FAIL: 22_locale/time_put/put/char/3.cc execution test
FAIL: 22_locale/time_put/put/char/4.cc execution test
FAIL: 22_locale/time_put/put/char/wrapped_env.cc execution test
FAIL: 22_locale/time_put/put/char/wrapped_locale.cc execution test
FAIL: 22_locale/time_put/put/wchar_t/2.cc execution test
FAIL: 22_locale/time_put/put/wchar_t/3.cc execution test
FAIL: 22_locale/time_put/put/wchar_t/4.cc execution test
FAIL: 22_locale/time_put/put/wchar_t/wrapped_env.cc execution test
FAIL: 22_locale/time_put/put/wchar_t/wrapped_locale.cc execution test
FAIL: 27_io/basic_filebuf/overflow/wchar_t/11305-1.cc execution test
FAIL: 27_io/basic_filebuf/overflow/wchar_t/11305-2.cc execution test
FAIL: 27_io/basic_filebuf/overflow/wchar_t/11305-3.cc execution test
FAIL: 27_io/basic_filebuf/overflow/wchar_t/11305-4.cc execution test
FAIL: 27_io/manipulators/extended/get_time/char/2.cc execution test
FAIL: 28_regex/algorithms/regex_match/extended/wstring_locale.cc execution test
FAIL: 28_regex/iterators/regex_token_iterator/wchar_t/wstring_02.cc execution test
FAIL: 30_threads/thread/native_handle/typesizes.cc (test for excess errors)
UNRESOLVED: 30_threads/thread/native_handle/typesizes.cc compilation failed to produce executable

		=== libstdc++ Summary ===

# of expected passes		12232
# of unexpected failures	81
# of expected failures		79
# of unresolved testcases	1
# of unsupported tests		322

Compiler version: 9.0.0 20181002 (experimental) [trunk revision 264799] (GCC) 
Platform: powerpc-unknown-freebsd12.0
configure flags: --prefix=/export/devel/build/gcc/head/testbin --with-as=/usr/local/bin/as --with-ld=/usr/local/bin/ld --disable-nls --disable-bootstrap



More information about the Gcc-testresults mailing list