Results for 9.0.0 20181126 (experimental) [master revision 266473] (GCC) testsuite on armv8l-unknown-linux-gnueabihf
LINARO TCWG
tcwg-buildslave@linaro.org
Mon Nov 26 23:28:00 GMT 2018
LAST_UPDATED: Mon Nov 26 20:24:16 UTC 2018 (revision 266473)
Native configuration is armv8l-unknown-linux-gnueabihf
=== libatomic tests ===
Running target tcwg-local
=== libatomic Summary ===
# of expected passes 44
# of unsupported tests 5
=== libgomp tests ===
Running target tcwg-local
FAIL: libgomp.c++/../libgomp.c-c++-common/for-11.c execution test
FAIL: libgomp.c++/../libgomp.c-c++-common/for-12.c (test for excess errors)
UNRESOLVED: libgomp.c++/../libgomp.c-c++-common/for-12.c compilation failed to produce executable
FAIL: libgomp.c++/../libgomp.c-c++-common/for-13.c (test for excess errors)
UNRESOLVED: libgomp.c++/../libgomp.c-c++-common/for-13.c compilation failed to produce executable
FAIL: libgomp.c++/../libgomp.c-c++-common/for-14.c (test for excess errors)
UNRESOLVED: libgomp.c++/../libgomp.c-c++-common/for-14.c compilation failed to produce executable
FAIL: libgomp.c++/../libgomp.c-c++-common/for-15.c (test for excess errors)
UNRESOLVED: libgomp.c++/../libgomp.c-c++-common/for-15.c compilation failed to produce executable
FAIL: libgomp.c++/../libgomp.c-c++-common/for-2.c (test for excess errors)
UNRESOLVED: libgomp.c++/../libgomp.c-c++-common/for-2.c compilation failed to produce executable
FAIL: libgomp.c++/../libgomp.c-c++-common/for-3.c (test for excess errors)
UNRESOLVED: libgomp.c++/../libgomp.c-c++-common/for-3.c compilation failed to produce executable
FAIL: libgomp.fortran/target7.f90 -O0 execution test
FAIL: libgomp.fortran/target7.f90 -O1 execution test
FAIL: libgomp.fortran/target7.f90 -O2 execution test
FAIL: libgomp.fortran/target7.f90 -O3 -fomit-frame-pointer -funroll-loops -fpeel-loops -ftracer -finline-functions execution test
FAIL: libgomp.fortran/target7.f90 -O3 -g execution test
FAIL: libgomp.fortran/target7.f90 -Os execution test
FAIL: libgomp.fortran/target8.f90 -O0 execution test
FAIL: libgomp.fortran/target8.f90 -O1 execution test
FAIL: libgomp.fortran/target8.f90 -O2 execution test
FAIL: libgomp.fortran/target8.f90 -O3 -fomit-frame-pointer -funroll-loops -fpeel-loops -ftracer -finline-functions execution test
FAIL: libgomp.fortran/target8.f90 -O3 -g execution test
FAIL: libgomp.fortran/target8.f90 -Os execution test
=== libgomp Summary ===
# of expected passes 6177
# of unexpected failures 19
# of unresolved testcases 6
# of unsupported tests 405
=== libitm tests ===
Running target tcwg-local
=== libitm Summary ===
# of expected passes 42
# of expected failures 3
# of unsupported tests 1
=== libstdc++ tests ===
Running target tcwg-local
FAIL: 17_intro/names.cc (test for excess errors)
FAIL: 20_util/enable_shared_from_this/cons/constexpr.cc scan-assembler-not _ZN7derivedC2Ev
FAIL: 20_util/enable_shared_from_this/cons/constexpr.cc scan-assembler-not _ZNSt23enable_shared_from_thisIiEC2Ev
FAIL: 20_util/shared_ptr/cons/constexpr.cc scan-assembler-not _ZNSt10shared_ptrIiEC2EDn
FAIL: 20_util/shared_ptr/cons/constexpr.cc scan-assembler-not _ZNSt10shared_ptrIiEC2Ev
FAIL: 20_util/tuple/cons/explicit_construct.cc (test for excess errors)
FAIL: 20_util/weak_ptr/cons/constexpr.cc scan-assembler-not _ZNSt8weak_ptrIiEC2Ev
FAIL: 23_containers/bitset/all/1.cc (test for excess errors)
UNRESOLVED: 23_containers/bitset/all/1.cc compilation failed to produce executable
FAIL: 23_containers/bitset/cons/3.cc (test for excess errors)
UNRESOLVED: 23_containers/bitset/cons/3.cc compilation failed to produce executable
FAIL: 23_containers/bitset/cons/6282.cc (test for excess errors)
UNRESOLVED: 23_containers/bitset/cons/6282.cc compilation failed to produce executable
FAIL: 23_containers/bitset/hash/1.cc (test for excess errors)
UNRESOLVED: 23_containers/bitset/hash/1.cc compilation failed to produce executable
FAIL: 23_containers/bitset/input/1.cc (test for excess errors)
UNRESOLVED: 23_containers/bitset/input/1.cc compilation failed to produce executable
FAIL: 23_containers/bitset/to_ullong/1.cc (test for excess errors)
UNRESOLVED: 23_containers/bitset/to_ullong/1.cc compilation failed to produce executable
FAIL: 30_threads/future/cons/constexpr.cc scan-assembler-not _ZNSt6futureIiEC2Ev
FAIL: 30_threads/future/cons/constexpr.cc scan-assembler-not _ZNSt6futureIvEC2Ev
FAIL: 30_threads/shared_future/cons/constexpr.cc scan-assembler-not _ZNSt13shared_futureIiEC2Ev
FAIL: 30_threads/shared_future/cons/constexpr.cc scan-assembler-not _ZNSt13shared_futureIvEC2Ev
FAIL: experimental/net/internet/resolver/ops/lookup.cc execution test
FAIL: libstdc++-prettyprinters/whatis.cc whatis filebuf_holder
FAIL: libstdc++-prettyprinters/whatis.cc whatis filebuf_holder
FAIL: libstdc++-prettyprinters/whatis.cc whatis fstream_holder
FAIL: libstdc++-prettyprinters/whatis.cc whatis fstream_holder
FAIL: libstdc++-prettyprinters/whatis.cc whatis ifstream_holder
FAIL: libstdc++-prettyprinters/whatis.cc whatis ifstream_holder
FAIL: libstdc++-prettyprinters/whatis.cc whatis ios_holder
FAIL: libstdc++-prettyprinters/whatis.cc whatis ios_holder
FAIL: libstdc++-prettyprinters/whatis.cc whatis iostream_holder
FAIL: libstdc++-prettyprinters/whatis.cc whatis iostream_holder
FAIL: libstdc++-prettyprinters/whatis.cc whatis istream_holder
FAIL: libstdc++-prettyprinters/whatis.cc whatis istream_holder
FAIL: libstdc++-prettyprinters/whatis.cc whatis istringstream_holder
FAIL: libstdc++-prettyprinters/whatis.cc whatis istringstream_holder
FAIL: libstdc++-prettyprinters/whatis.cc whatis ofstream_holder
FAIL: libstdc++-prettyprinters/whatis.cc whatis ofstream_holder
FAIL: libstdc++-prettyprinters/whatis.cc whatis ostream_holder
FAIL: libstdc++-prettyprinters/whatis.cc whatis ostream_holder
FAIL: libstdc++-prettyprinters/whatis.cc whatis ostringstream_holder
FAIL: libstdc++-prettyprinters/whatis.cc whatis ostringstream_holder
FAIL: libstdc++-prettyprinters/whatis.cc whatis streambuf_holder
FAIL: libstdc++-prettyprinters/whatis.cc whatis streambuf_holder
FAIL: libstdc++-prettyprinters/whatis.cc whatis stringbuf_holder
FAIL: libstdc++-prettyprinters/whatis.cc whatis stringbuf_holder
FAIL: libstdc++-prettyprinters/whatis.cc whatis stringstream_holder
FAIL: libstdc++-prettyprinters/whatis.cc whatis stringstream_holder
=== libstdc++ Summary ===
# of expected passes 11852
# of unexpected failures 44
# of expected failures 77
# of unresolved testcases 6
# of unsupported tests 674
=== g++ tests ===
Running target tcwg-local
FAIL: c-c++-common/asan/heap-overflow-1.c -O1 output pattern test
FAIL: c-c++-common/asan/pr70541.c -O0 output pattern test
FAIL: c-c++-common/asan/sanity-check-pure-c-1.c -O0 output pattern test
FAIL: c-c++-common/asan/sanity-check-pure-c-1.c -O1 output pattern test
FAIL: c-c++-common/asan/sanity-check-pure-c-1.c -O2 output pattern test
FAIL: c-c++-common/asan/sanity-check-pure-c-1.c -O2 -flto -fno-use-linker-plugin -flto-partition=none output pattern test
FAIL: c-c++-common/asan/sanity-check-pure-c-1.c -O2 -flto -fuse-linker-plugin -fno-fat-lto-objects output pattern test
FAIL: c-c++-common/asan/sanity-check-pure-c-1.c -O3 -g output pattern test
FAIL: c-c++-common/asan/sanity-check-pure-c-1.c -Os output pattern test
FAIL: c-c++-common/asan/use-after-free-1.c -O0 output pattern test
FAIL: c-c++-common/asan/use-after-free-1.c -O1 output pattern test
FAIL: c-c++-common/asan/use-after-free-1.c -O2 output pattern test
FAIL: c-c++-common/asan/use-after-free-1.c -O2 -flto -fno-use-linker-plugin -flto-partition=none output pattern test
FAIL: c-c++-common/asan/use-after-free-1.c -O2 -flto -fuse-linker-plugin -fno-fat-lto-objects output pattern test
FAIL: c-c++-common/asan/use-after-free-1.c -O3 -g output pattern test
FAIL: c-c++-common/asan/use-after-free-1.c -Os output pattern test
FAIL: g++.dg/asan/asan_test.C -O2 AddressSanitizer_OOBRightTest asan_write_sized_aligned(addr, access_size) output pattern test
FAIL: g++.dg/asan/asan_test.C -O2 AddressSanitizer_OOBRightTest asan_write_sized_aligned(addr, access_size) output pattern test
FAIL: g++.dg/asan/asan_test.C -O2 AddressSanitizer_OOBRightTest asan_write_sized_aligned(addr, access_size) output pattern test
FAIL: g++.dg/asan/asan_test.C -O2 AddressSanitizer_OOBRightTest asan_write_sized_aligned(addr, access_size) output pattern test
FAIL: g++.dg/asan/asan_test.C -O2 AddressSanitizer_OOBRightTest asan_write_sized_aligned(addr, access_size) output pattern test
FAIL: g++.dg/asan/asan_test.C -O2 AddressSanitizer_OOBRightTest asan_write_sized_aligned(addr, access_size) output pattern test
FAIL: g++.dg/asan/asan_test.C -O2 AddressSanitizer_OOBRightTest asan_write_sized_aligned(addr, access_size) output pattern test
FAIL: g++.dg/asan/asan_test.C -O2 AddressSanitizer_OOBRightTest asan_write_sized_aligned(addr, access_size) output pattern test
FAIL: g++.dg/asan/asan_test.C -O2 AddressSanitizer_OOBRightTest asan_write_sized_aligned(addr, access_size) output pattern test
FAIL: g++.dg/asan/asan_test.C -O2 AddressSanitizer_OOBRightTest asan_write_sized_aligned(addr, access_size) output pattern test
FAIL: g++.dg/asan/asan_test.C -O2 AddressSanitizer_OOBRightTest asan_write_sized_aligned(addr, access_size) output pattern test
FAIL: g++.dg/asan/asan_test.C -O2 AddressSanitizer_OOBRightTest asan_write_sized_aligned(addr, access_size) output pattern test
FAIL: g++.dg/asan/asan_test.C -O2 AddressSanitizer_OOBRightTest asan_write_sized_aligned(addr, access_size) output pattern test
FAIL: g++.dg/asan/asan_test.C -O2 AddressSanitizer_OOBRightTest asan_write_sized_aligned(addr, access_size) output pattern test
FAIL: g++.dg/asan/asan_test.C -O2 AddressSanitizer_OOBRightTest asan_write_sized_aligned(addr, access_size) output pattern test
FAIL: g++.dg/asan/asan_test.C -O2 AddressSanitizer_OOBRightTest asan_write_sized_aligned(addr, access_size) output pattern test
FAIL: g++.dg/asan/asan_test.C -O2 AddressSanitizer_OOBRightTest asan_write_sized_aligned(addr, access_size) output pattern test
FAIL: g++.dg/asan/asan_test.C -O2 AddressSanitizer_OOBRightTest asan_write_sized_aligned(addr, access_size) output pattern test
FAIL: g++.dg/asan/asan_test.C -O2 AddressSanitizer_OOBRightTest asan_write_sized_aligned(addr, access_size) output pattern test
FAIL: g++.dg/asan/asan_test.C -O2 AddressSanitizer_OOBRightTest asan_write_sized_aligned(addr, access_size) output pattern test
FAIL: g++.dg/asan/asan_test.C -O2 AddressSanitizer_OOBRightTest asan_write_sized_aligned(addr, access_size) output pattern test
FAIL: g++.dg/asan/asan_test.C -O2 AddressSanitizer_OOBRightTest asan_write_sized_aligned(addr, access_size) output pattern test
FAIL: g++.dg/asan/asan_test.C -O2 AddressSanitizer_OOBRightTest asan_write_sized_aligned(addr, access_size) output pattern test
FAIL: g++.dg/asan/asan_test.C -O2 AddressSanitizer_OOBRightTest asan_write_sized_aligned(addr, access_size) output pattern test
FAIL: g++.dg/asan/asan_test.C -O2 AddressSanitizer_OOBRightTest asan_write_sized_aligned(addr, access_size) output pattern test
FAIL: g++.dg/asan/asan_test.C -O2 AddressSanitizer_OOBRightTest asan_write_sized_aligned(addr, access_size) output pattern test
FAIL: g++.dg/asan/asan_test.C -O2 AddressSanitizer_OOBRightTest asan_write_sized_aligned(addr, access_size) output pattern test
FAIL: g++.dg/asan/asan_test.C -O2 AddressSanitizer_OOBRightTest asan_write_sized_aligned(addr, access_size) output pattern test
FAIL: g++.dg/asan/asan_test.C -O2 AddressSanitizer_OOBRightTest asan_write_sized_aligned(addr, access_size) output pattern test
FAIL: g++.dg/asan/asan_test.C -O2 AddressSanitizer_OOBRightTest asan_write_sized_aligned(addr, access_size) output pattern test
FAIL: g++.dg/asan/asan_test.C -O2 AddressSanitizer_OOBRightTest asan_write_sized_aligned(addr, access_size) output pattern test
FAIL: g++.dg/asan/asan_test.C -O2 AddressSanitizer_OOBRightTest asan_write_sized_aligned(addr, access_size) output pattern test
FAIL: g++.dg/asan/asan_test.C -O2 AddressSanitizer_OOBRightTest asan_write_sized_aligned(addr, access_size) output pattern test
FAIL: g++.dg/asan/asan_test.C -O2 AddressSanitizer_OOBRightTest asan_write_sized_aligned(addr, access_size) output pattern test
FAIL: g++.dg/asan/asan_test.C -O2 AddressSanitizer_OOBRightTest asan_write_sized_aligned(addr, access_size) output pattern test
FAIL: g++.dg/asan/asan_test.C -O2 AddressSanitizer_OOBRightTest asan_write_sized_aligned(addr, access_size) output pattern test
FAIL: g++.dg/asan/asan_test.C -O2 AddressSanitizer_OOBRightTest asan_write_sized_aligned(addr, access_size) output pattern test
FAIL: g++.dg/asan/asan_test.C -O2 AddressSanitizer_OOBRightTest asan_write_sized_aligned(addr, access_size) output pattern test
FAIL: g++.dg/asan/asan_test.C -O2 AddressSanitizer_OOBRightTest asan_write_sized_aligned(addr, access_size) output pattern test
FAIL: g++.dg/asan/asan_test.C -O2 AddressSanitizer_OOBRightTest asan_write_sized_aligned(addr, access_size) output pattern test
FAIL: g++.dg/asan/asan_test.C -O2 AddressSanitizer_OOBRightTest asan_write_sized_aligned(addr, access_size) output pattern test
FAIL: g++.dg/asan/asan_test.C -O2 AddressSanitizer_OOBRightTest asan_write_sized_aligned(addr, access_size) output pattern test
FAIL: g++.dg/asan/asan_test.C -O2 AddressSanitizer_OOBRightTest asan_write_sized_aligned(addr, access_size) output pattern test
FAIL: g++.dg/asan/asan_test.C -O2 AddressSanitizer_OOBRightTest asan_write_sized_aligned(addr, access_size) output pattern test
FAIL: g++.dg/asan/asan_test.C -O2 AddressSanitizer_OOBRightTest asan_write_sized_aligned(addr, access_size) output pattern test
FAIL: g++.dg/asan/asan_test.C -O2 AddressSanitizer_OOBRightTest asan_write_sized_aligned(addr, access_size) output pattern test
FAIL: g++.dg/asan/asan_test.C -O2 AddressSanitizer_OOBRightTest asan_write_sized_aligned(addr, access_size) output pattern test
FAIL: g++.dg/asan/asan_test.C -O2 AddressSanitizer_OOBRightTest asan_write_sized_aligned(addr, access_size) output pattern test
FAIL: g++.dg/asan/asan_test.C -O2 AddressSanitizer_OOBRightTest asan_write_sized_aligned(addr, access_size) output pattern test
FAIL: g++.dg/asan/asan_test.C -O2 AddressSanitizer_OOBRightTest asan_write_sized_aligned(addr, access_size) output pattern test
FAIL: g++.dg/asan/asan_test.C -O2 AddressSanitizer_OOBRightTest asan_write_sized_aligned(addr, access_size) output pattern test
FAIL: g++.dg/asan/asan_test.C -O2 AddressSanitizer_OOBRightTest asan_write_sized_aligned(addr, access_size) output pattern test
FAIL: g++.dg/asan/deep-stack-uaf-1.C -O0 output pattern test
FAIL: g++.dg/asan/deep-stack-uaf-1.C -O1 output pattern test
FAIL: g++.dg/asan/deep-stack-uaf-1.C -O2 output pattern test
FAIL: g++.dg/asan/deep-stack-uaf-1.C -O3 -g output pattern test
FAIL: g++.dg/asan/deep-stack-uaf-1.C -Os output pattern test
FAIL: c-c++-common/builtin-has-attribute-3.c -std=gnu++14 (test for excess errors)
FAIL: c-c++-common/builtin-has-attribute-3.c -std=gnu++17 (test for excess errors)
FAIL: c-c++-common/builtin-has-attribute-3.c -std=gnu++98 (test for excess errors)
FAIL: g++.dg/cpp0x/constexpr-static.C -std=gnu++14 scan-assembler-not static_initialization
FAIL: g++.dg/cpp0x/constexpr-static.C -std=gnu++17 scan-assembler-not static_initialization
FAIL: g++.dg/cpp0x/constexpr-static12.C -std=c++14 scan-assembler-not _ZNSt10unique_ptrC1Ei
FAIL: g++.dg/cpp0x/constexpr-static12.C -std=c++17 scan-assembler-not _ZNSt10unique_ptrC1Ei
FAIL: g++.dg/cpp0x/constexpr-static3.C -std=gnu++14 scan-assembler-not static_initialization
FAIL: g++.dg/cpp0x/constexpr-static3.C -std=gnu++17 scan-assembler-not static_initialization
FAIL: g++.dg/cpp0x/implicit13.C -std=c++14 scan-assembler-not _ZN1BC1Ev
FAIL: g++.dg/cpp0x/implicit13.C -std=c++17 scan-assembler-not _ZN1BC1Ev
FAIL: g++.dg/cpp0x/pr83734.C -std=gnu++14 (internal compiler error)
FAIL: g++.dg/cpp0x/pr83734.C -std=gnu++14 (test for excess errors)
FAIL: g++.dg/cpp0x/pr83734.C -std=gnu++17 (internal compiler error)
FAIL: g++.dg/cpp0x/pr83734.C -std=gnu++17 (test for excess errors)
FAIL: g++.dg/cpp1y/constexpr-empty3.C -std=c++14 scan-assembler-not static_init
FAIL: g++.dg/cpp1y/constexpr-empty3.C -std=c++17 scan-assembler-not static_init
FAIL: g++.dg/ext/attr-ifunc-5.C -std=gnu++14 (test for errors, line 61)
FAIL: g++.dg/ext/attr-ifunc-5.C -std=gnu++14 (test for warnings, line 43)
FAIL: g++.dg/ext/attr-ifunc-5.C -std=gnu++14 (test for warnings, line 46)
FAIL: g++.dg/ext/attr-ifunc-5.C -std=gnu++14 (test for warnings, line 57)
FAIL: g++.dg/ext/attr-ifunc-5.C -std=gnu++14 (test for excess errors)
FAIL: g++.dg/ext/attr-ifunc-5.C -std=gnu++17 (test for errors, line 61)
FAIL: g++.dg/ext/attr-ifunc-5.C -std=gnu++17 (test for warnings, line 43)
FAIL: g++.dg/ext/attr-ifunc-5.C -std=gnu++17 (test for warnings, line 46)
FAIL: g++.dg/ext/attr-ifunc-5.C -std=gnu++17 (test for warnings, line 57)
FAIL: g++.dg/ext/attr-ifunc-5.C -std=gnu++17 (test for excess errors)
UNRESOLVED: g++.dg/ext/attr-malloc-2.C -std=gnu++98 scan-tree-dump-not optimized "fmalloc_none_failed"
UNRESOLVED: g++.dg/ext/attr-malloc-2.C -std=gnu++98 scan-tree-dump-not optimized "fnone_malloc_failed"
FAIL: g++.dg/ext/attr-malloc-2.C -std=gnu++98 (test for excess errors)
FAIL: g++.dg/ext/bitfield2.C -std=gnu++14 (test for warnings, line 6)
FAIL: g++.dg/ext/bitfield2.C -std=gnu++14 (test for excess errors)
FAIL: g++.dg/ext/bitfield2.C -std=gnu++17 (test for warnings, line 6)
FAIL: g++.dg/ext/bitfield2.C -std=gnu++17 (test for excess errors)
FAIL: g++.dg/ext/bitfield2.C -std=gnu++98 (test for warnings, line 6)
FAIL: g++.dg/ext/bitfield2.C -std=gnu++98 (test for excess errors)
FAIL: g++.dg/ext/bitfield3.C -std=gnu++14 (test for excess errors)
FAIL: g++.dg/ext/bitfield3.C -std=gnu++17 (test for excess errors)
FAIL: g++.dg/ext/bitfield3.C -std=gnu++98 (test for excess errors)
FAIL: g++.dg/ext/complit12.C -std=gnu++17 (test for excess errors)
UNRESOLVED: g++.dg/ext/complit12.C -std=gnu++17 compilation failed to produce executable
FAIL: g++.dg/ext/complit13.C -std=gnu++14 (test for excess errors)
FAIL: g++.dg/ext/complit13.C -std=gnu++98 (test for excess errors)
FAIL: g++.dg/ext/complit9.C -std=gnu++17 (test for excess errors)
FAIL: g++.dg/ext/deprecate-1.C -std=gnu++14 (test for warnings, line 10)
FAIL: g++.dg/ext/deprecate-1.C -std=gnu++14 (test for warnings, line 12)
FAIL: g++.dg/ext/deprecate-1.C -std=gnu++14 (test for warnings, line 17)
FAIL: g++.dg/ext/deprecate-1.C -std=gnu++14 (test for warnings, line 18)
FAIL: g++.dg/ext/deprecate-1.C -std=gnu++14 (test for warnings, line 20)
FAIL: g++.dg/ext/deprecate-1.C -std=gnu++14 (test for warnings, line 8)
FAIL: g++.dg/ext/deprecate-1.C -std=gnu++14 (test for warnings, line 8)
FAIL: g++.dg/ext/deprecate-1.C -std=gnu++14 (test for excess errors)
FAIL: g++.dg/ext/deprecate-1.C -std=gnu++17 (test for warnings, line 10)
FAIL: g++.dg/ext/deprecate-1.C -std=gnu++17 (test for warnings, line 12)
FAIL: g++.dg/ext/deprecate-1.C -std=gnu++17 (test for warnings, line 17)
FAIL: g++.dg/ext/deprecate-1.C -std=gnu++17 (test for warnings, line 18)
FAIL: g++.dg/ext/deprecate-1.C -std=gnu++17 (test for warnings, line 20)
FAIL: g++.dg/ext/deprecate-1.C -std=gnu++17 (test for warnings, line 8)
FAIL: g++.dg/ext/deprecate-1.C -std=gnu++17 (test for warnings, line 8)
FAIL: g++.dg/ext/deprecate-1.C -std=gnu++17 (test for excess errors)
FAIL: g++.dg/ext/flexary2.C -std=gnu++14 (test for errors, line 16)
FAIL: g++.dg/ext/flexary2.C -std=gnu++14 (test for excess errors)
FAIL: g++.dg/ext/flexary2.C -std=gnu++17 (test for errors, line 16)
FAIL: g++.dg/ext/flexary2.C -std=gnu++17 (test for excess errors)
FAIL: g++.dg/ext/flexary20.C -std=gnu++14 (test for errors, line 13)
FAIL: g++.dg/ext/flexary20.C -std=gnu++14 (test for errors, line 18)
FAIL: g++.dg/ext/flexary20.C -std=gnu++14 (test for errors, line 34)
FAIL: g++.dg/ext/flexary20.C -std=gnu++14 (test for errors, line 42)
FAIL: g++.dg/ext/flexary20.C -std=gnu++14 (test for errors, line 7)
FAIL: g++.dg/ext/flexary20.C -std=gnu++14 (test for excess errors)
FAIL: g++.dg/ext/flexary20.C -std=gnu++17 (test for errors, line 13)
FAIL: g++.dg/ext/flexary20.C -std=gnu++17 (test for errors, line 18)
FAIL: g++.dg/ext/flexary20.C -std=gnu++17 (test for errors, line 34)
FAIL: g++.dg/ext/flexary20.C -std=gnu++17 (test for errors, line 42)
FAIL: g++.dg/ext/flexary20.C -std=gnu++17 (test for errors, line 7)
FAIL: g++.dg/ext/flexary20.C -std=gnu++17 (test for excess errors)
FAIL: g++.dg/ext/flexary30.C -std=c++98 (test for errors, line 5)
FAIL: g++.dg/ext/flexary30.C -std=c++98 (test for excess errors)
UNRESOLVED: g++.dg/ext/gnu-inline-global.C -std=gnu++17 scan-assembler func1
UNRESOLVED: g++.dg/ext/gnu-inline-global.C -std=gnu++17 scan-assembler func2
UNRESOLVED: g++.dg/ext/gnu-inline-global.C -std=gnu++17 scan-assembler func4
UNRESOLVED: g++.dg/ext/gnu-inline-global.C -std=gnu++17 scan-assembler-not func3
UNRESOLVED: g++.dg/ext/gnu-inline-global.C -std=gnu++17 scan-assembler-not func5
FAIL: g++.dg/ext/gnu-inline-global.C -std=gnu++17 (test for excess errors)
UNRESOLVED: g++.dg/ext/gnu-inline-namespace.C -std=gnu++14 scan-assembler func1
UNRESOLVED: g++.dg/ext/gnu-inline-namespace.C -std=gnu++14 scan-assembler func2
UNRESOLVED: g++.dg/ext/gnu-inline-namespace.C -std=gnu++14 scan-assembler func4
UNRESOLVED: g++.dg/ext/gnu-inline-namespace.C -std=gnu++14 scan-assembler-not func3
UNRESOLVED: g++.dg/ext/gnu-inline-namespace.C -std=gnu++14 scan-assembler-not func5
FAIL: g++.dg/ext/gnu-inline-namespace.C -std=gnu++14 (test for excess errors)
UNRESOLVED: g++.dg/ext/gnu-inline-namespace.C -std=gnu++17 scan-assembler func1
UNRESOLVED: g++.dg/ext/gnu-inline-namespace.C -std=gnu++17 scan-assembler func2
UNRESOLVED: g++.dg/ext/gnu-inline-namespace.C -std=gnu++17 scan-assembler func4
UNRESOLVED: g++.dg/ext/gnu-inline-namespace.C -std=gnu++17 scan-assembler-not func3
UNRESOLVED: g++.dg/ext/gnu-inline-namespace.C -std=gnu++17 scan-assembler-not func5
FAIL: g++.dg/ext/gnu-inline-namespace.C -std=gnu++17 (test for excess errors)
UNRESOLVED: g++.dg/ext/gnu-inline-namespace.C -std=gnu++98 scan-assembler func1
UNRESOLVED: g++.dg/ext/gnu-inline-namespace.C -std=gnu++98 scan-assembler func2
UNRESOLVED: g++.dg/ext/gnu-inline-namespace.C -std=gnu++98 scan-assembler func4
UNRESOLVED: g++.dg/ext/gnu-inline-namespace.C -std=gnu++98 scan-assembler-not func3
UNRESOLVED: g++.dg/ext/gnu-inline-namespace.C -std=gnu++98 scan-assembler-not func5
FAIL: g++.dg/ext/gnu-inline-namespace.C -std=gnu++98 (test for excess errors)
UNRESOLVED: g++.dg/ext/gnu-inline-template-class.C -std=gnu++98 scan-assembler func1
UNRESOLVED: g++.dg/ext/gnu-inline-template-class.C -std=gnu++98 scan-assembler func2
UNRESOLVED: g++.dg/ext/gnu-inline-template-class.C -std=gnu++98 scan-assembler func4
UNRESOLVED: g++.dg/ext/gnu-inline-template-class.C -std=gnu++98 scan-assembler func5
UNRESOLVED: g++.dg/ext/gnu-inline-template-class.C -std=gnu++98 scan-assembler-not func3
FAIL: g++.dg/ext/gnu-inline-template-class.C -std=gnu++98 (test for excess errors)
FAIL: g++.dg/ext/has_nothrow_constructor-2.C -std=c++17 (test for excess errors)
FAIL: g++.dg/ext/is_literal_type2.C -std=c++14 (test for excess errors)
FAIL: g++.dg/ext/is_literal_type2.C -std=c++17 (test for excess errors)
FAIL: g++.dg/ext/is_pod.C -std=c++14 (test for excess errors)
UNRESOLVED: g++.dg/ext/is_pod.C -std=c++14 compilation failed to produce executable
FAIL: g++.dg/ext/label13.C -std=gnu++17 (test for excess errors)
FAIL: g++.dg/ext/pr84843-2.C -std=gnu++98 (test for excess errors)
FAIL: g++.dg/ext/stmtexpr14.C -std=c++14 (test for excess errors)
FAIL: g++.dg/ext/stmtexpr14.C -std=c++17 (test for excess errors)
FAIL: g++.dg/ext/stmtexpr15.C -std=gnu++14 (test for errors, line 6)
FAIL: g++.dg/ext/stmtexpr15.C -std=gnu++14 (test for excess errors)
FAIL: g++.dg/ext/stmtexpr15.C -std=gnu++17 (test for errors, line 6)
FAIL: g++.dg/ext/stmtexpr15.C -std=gnu++17 (test for excess errors)
FAIL: g++.dg/ext/stmtexpr15.C -std=gnu++98 (test for errors, line 6)
FAIL: g++.dg/ext/stmtexpr15.C -std=gnu++98 (test for excess errors)
FAIL: g++.dg/ext/stmtexpr3.C -std=gnu++14 (test for excess errors)
FAIL: g++.dg/ext/stmtexpr3.C -std=gnu++17 (test for excess errors)
FAIL: g++.dg/ext/stmtexpr4.C -std=gnu++98 (test for errors, line 7)
FAIL: g++.dg/ext/stmtexpr4.C -std=gnu++98 (test for excess errors)
FAIL: g++.dg/pr83239.C -std=gnu++98 (test for excess errors)
FAIL: g++.dg/guality/pr67192.C -O0 line 27 cnt == 5
FAIL: g++.dg/guality/pr67192.C -O0 line 39 cnt == 10
FAIL: g++.dg/guality/pr67192.C -O0 line 48 cnt == 15
FAIL: g++.dg/guality/pr67192.C -O0 line 54 cnt == 15
FAIL: g++.dg/guality/pr67192.C -O0 line 59 cnt == 20
FAIL: g++.dg/guality/pr67192.C -O1 line 27 cnt == 5
FAIL: g++.dg/guality/pr67192.C -O1 line 39 cnt == 10
FAIL: g++.dg/guality/pr67192.C -O1 line 48 cnt == 15
FAIL: g++.dg/guality/pr67192.C -O1 line 54 cnt == 15
FAIL: g++.dg/guality/pr67192.C -O1 line 59 cnt == 20
FAIL: g++.dg/guality/pr67192.C -O2 line 27 cnt == 5
FAIL: g++.dg/guality/pr67192.C -O2 line 39 cnt == 10
FAIL: g++.dg/guality/pr67192.C -O2 line 48 cnt == 15
FAIL: g++.dg/guality/pr67192.C -O2 line 54 cnt == 15
FAIL: g++.dg/guality/pr67192.C -O2 line 59 cnt == 20
FAIL: g++.dg/guality/pr67192.C -O2 -flto -fno-use-linker-plugin -flto-partition=none line 27 cnt == 5
FAIL: g++.dg/guality/pr67192.C -O2 -flto -fno-use-linker-plugin -flto-partition=none line 39 cnt == 10
FAIL: g++.dg/guality/pr67192.C -O2 -flto -fno-use-linker-plugin -flto-partition=none line 48 cnt == 15
FAIL: g++.dg/guality/pr67192.C -O2 -flto -fno-use-linker-plugin -flto-partition=none line 54 cnt == 15
FAIL: g++.dg/guality/pr67192.C -O2 -flto -fno-use-linker-plugin -flto-partition=none line 59 cnt == 20
FAIL: g++.dg/guality/pr67192.C -O2 -flto -fuse-linker-plugin -fno-fat-lto-objects line 27 cnt == 5
FAIL: g++.dg/guality/pr67192.C -O2 -flto -fuse-linker-plugin -fno-fat-lto-objects line 39 cnt == 10
FAIL: g++.dg/guality/pr67192.C -O2 -flto -fuse-linker-plugin -fno-fat-lto-objects line 48 cnt == 15
FAIL: g++.dg/guality/pr67192.C -O2 -flto -fuse-linker-plugin -fno-fat-lto-objects line 54 cnt == 15
FAIL: g++.dg/guality/pr67192.C -O2 -flto -fuse-linker-plugin -fno-fat-lto-objects line 59 cnt == 20
FAIL: g++.dg/guality/pr67192.C -O3 -fomit-frame-pointer -funroll-loops -fpeel-loops -ftracer -finline-functions line 27 cnt == 5
FAIL: g++.dg/guality/pr67192.C -O3 -fomit-frame-pointer -funroll-loops -fpeel-loops -ftracer -finline-functions line 39 cnt == 10
FAIL: g++.dg/guality/pr67192.C -O3 -fomit-frame-pointer -funroll-loops -fpeel-loops -ftracer -finline-functions line 48 cnt == 15
FAIL: g++.dg/guality/pr67192.C -O3 -fomit-frame-pointer -funroll-loops -fpeel-loops -ftracer -finline-functions line 54 cnt == 15
FAIL: g++.dg/guality/pr67192.C -O3 -fomit-frame-pointer -funroll-loops -fpeel-loops -ftracer -finline-functions line 59 cnt == 20
FAIL: g++.dg/guality/pr67192.C -O3 -g line 27 cnt == 5
FAIL: g++.dg/guality/pr67192.C -O3 -g line 39 cnt == 10
FAIL: g++.dg/guality/pr67192.C -O3 -g line 48 cnt == 15
FAIL: g++.dg/guality/pr67192.C -O3 -g line 54 cnt == 15
FAIL: g++.dg/guality/pr67192.C -O3 -g line 59 cnt == 20
FAIL: g++.dg/guality/pr67192.C -Os line 27 cnt == 5
FAIL: g++.dg/guality/pr67192.C -Os line 39 cnt == 10
FAIL: g++.dg/guality/pr67192.C -Os line 48 cnt == 15
FAIL: g++.dg/guality/pr67192.C -Os line 54 cnt == 15
FAIL: g++.dg/guality/pr67192.C -Os line 59 cnt == 20
FAIL: g++.dg/guality/pr67192.C -Og line 27 cnt == 5
FAIL: g++.dg/guality/pr67192.C -Og line 39 cnt == 10
FAIL: g++.dg/guality/pr67192.C -Og line 48 cnt == 15
FAIL: g++.dg/guality/pr67192.C -Og line 54 cnt == 15
FAIL: g++.dg/guality/pr67192.C -Og line 59 cnt == 20
FAIL: g++.dg/lto/pr65276 cp_lto_pr65276_0.o-cp_lto_pr65276_1.o link, -flto -O0 -std=c++11
=== g++ Summary ===
# of expected passes 125959
# of unexpected failures 218
# of expected failures 536
# of unresolved testcases 29
# of unsupported tests 6020
/home/tcwg-buildslave/workspace/tcwg-buildfarm/tcwg-d05_32-build/_build/builds/armv8l-unknown-linux-gnueabihf/armv8l-unknown-linux-gnueabihf/gcc.git~master_rev_5ac4e2dc219099f8c4d7aac678a4110912af0097-stage2/gcc/xg++ version 9.0.0 20181126 (experimental) [master revision 266473] (GCC)
=== gcc tests ===
Running target tcwg-local
FAIL: gcc.c-torture/compile/pr26840.c -O0 (test for excess errors)
FAIL: gcc.c-torture/compile/pr26840.c -O1 (test for excess errors)
FAIL: gcc.c-torture/compile/pr26840.c -O2 (test for excess errors)
FAIL: gcc.c-torture/compile/pr26840.c -O2 -flto -fno-use-linker-plugin -flto-partition=none (test for excess errors)
FAIL: gcc.c-torture/compile/pr26840.c -O2 -flto -fuse-linker-plugin -fno-fat-lto-objects (test for excess errors)
FAIL: gcc.c-torture/compile/pr26840.c -O3 -g (test for excess errors)
FAIL: gcc.c-torture/compile/pr26840.c -Os (test for excess errors)
FAIL: gcc.c-torture/compile/pr27907.c -O3 -fomit-frame-pointer -funroll-loops -fpeel-loops -ftracer -finline-functions (test for excess errors)
FAIL: gcc.c-torture/compile/pr32355.c -Os (test for excess errors)
FAIL: gcc.c-torture/compile/pr32796.c -O3 -g (test for excess errors)
FAIL: gcc.c-torture/compile/pr34127.c -O3 -g (test for excess errors)
FAIL: gcc.c-torture/compile/pr34127.c -Os (test for excess errors)
FAIL: gcc.c-torture/compile/pr34966.c -O1 (test for excess errors)
FAIL: gcc.c-torture/compile/pr36238.c -O2 -flto -fno-use-linker-plugin -flto-partition=none (test for excess errors)
FAIL: gcc.c-torture/compile/pr36238.c -O2 -flto -fuse-linker-plugin -fno-fat-lto-objects (test for excess errors)
FAIL: gcc.c-torture/compile/pr36238.c -O3 -fomit-frame-pointer -funroll-loops -fpeel-loops -ftracer -finline-functions (test for excess errors)
FAIL: gcc.c-torture/compile/pr36238.c -O3 -g (test for excess errors)
FAIL: gcc.c-torture/compile/pr36238.c -Os (test for excess errors)
FAIL: gcc.c-torture/compile/pr36245.c -O0 (test for excess errors)
FAIL: gcc.c-torture/compile/pr36245.c -O1 (test for excess errors)
FAIL: gcc.c-torture/compile/pr37207.c -O2 -flto -fno-use-linker-plugin -flto-partition=none (test for excess errors)
FAIL: gcc.c-torture/compile/pr37207.c -O2 -flto -fuse-linker-plugin -fno-fat-lto-objects (test for excess errors)
FAIL: gcc.c-torture/compile/pr37207.c -O3 -g (test for excess errors)
FAIL: gcc.c-torture/compile/pr37207.c -Os (test for excess errors)
FAIL: gcc.c-torture/compile/pr37258.c -O0 (test for excess errors)
FAIL: gcc.c-torture/compile/pr37387.c -O2 -flto -fno-use-linker-plugin -flto-partition=none (test for excess errors)
FAIL: gcc.c-torture/compile/pr37387.c -O2 -flto -fuse-linker-plugin -fno-fat-lto-objects (test for excess errors)
FAIL: gcc.c-torture/compile/pr37387.c -O3 -g (test for excess errors)
FAIL: gcc.c-torture/compile/pr37387.c -Os (test for excess errors)
FAIL: gcc.c-torture/compile/pr37395.c -O0 (test for excess errors)
FAIL: gcc.c-torture/compile/pr37395.c -O1 (test for excess errors)
FAIL: gcc.c-torture/compile/pr38428.c -O0 (test for excess errors)
FAIL: gcc.c-torture/compile/pr38428.c -O1 (test for excess errors)
FAIL: gcc.c-torture/compile/pr38428.c -O2 (test for excess errors)
FAIL: gcc.c-torture/compile/pr38428.c -O3 -g (test for excess errors)
FAIL: gcc.c-torture/compile/pr38428.c -Os (test for excess errors)
FAIL: c-c++-common/asan/pr70541.c -O0 output pattern test
FAIL: c-c++-common/asan/sanity-check-pure-c-1.c -O0 output pattern test
FAIL: c-c++-common/asan/sanity-check-pure-c-1.c -O1 output pattern test
FAIL: c-c++-common/asan/sanity-check-pure-c-1.c -O2 output pattern test
FAIL: c-c++-common/asan/sanity-check-pure-c-1.c -O2 -flto -fno-use-linker-plugin -flto-partition=none output pattern test
FAIL: c-c++-common/asan/sanity-check-pure-c-1.c -O2 -flto -fuse-linker-plugin -fno-fat-lto-objects output pattern test
FAIL: c-c++-common/asan/sanity-check-pure-c-1.c -O3 -g output pattern test
FAIL: c-c++-common/asan/sanity-check-pure-c-1.c -Os output pattern test
FAIL: c-c++-common/asan/use-after-free-1.c -O0 output pattern test
FAIL: c-c++-common/asan/use-after-free-1.c -O1 output pattern test
FAIL: c-c++-common/asan/use-after-free-1.c -O2 output pattern test
FAIL: c-c++-common/asan/use-after-free-1.c -O2 -flto -fno-use-linker-plugin -flto-partition=none output pattern test
FAIL: c-c++-common/asan/use-after-free-1.c -O2 -flto -fuse-linker-plugin -fno-fat-lto-objects output pattern test
FAIL: c-c++-common/asan/use-after-free-1.c -O3 -g output pattern test
FAIL: c-c++-common/asan/use-after-free-1.c -Os output pattern test
FAIL: gcc.dg/debug/dwarf2/inline5.c scan-assembler-times DW_TAG_lexical_block\\\\)[^#/!]*[#/!] DW_AT_abstract_origin 2
FAIL: gcc.dg/debug/dwarf2/inline5.c scan-assembler-times DW_TAG_lexical_block\\\\)[^#/!]*[#/!] \\\\(DIE \\\\(0x[0-9a-f]*\\\\) DW_TAG_variable 1
FAIL: c-c++-common/builtin-has-attribute-3.c -Wc++-compat (test for excess errors)
FAIL: gcc.dg/builtin-has-attribute.c (test for excess errors)
UNRESOLVED: gcc.dg/builtin-has-attribute.c compilation failed to produce executable
XPASS: gcc.dg/guality/example.c -O0 execution test
XPASS: gcc.dg/guality/example.c -O1 -DPREVENT_OPTIMIZATION execution test
XPASS: gcc.dg/guality/example.c -O2 -DPREVENT_OPTIMIZATION execution test
XPASS: gcc.dg/guality/example.c -O2 -flto -fno-use-linker-plugin -flto-partition=none -DPREVENT_OPTIMIZATION execution test
XPASS: gcc.dg/guality/example.c -Og -DPREVENT_OPTIMIZATION execution test
XPASS: gcc.dg/guality/guality.c -O0 execution test
XPASS: gcc.dg/guality/guality.c -O1 -DPREVENT_OPTIMIZATION execution test
XPASS: gcc.dg/guality/guality.c -O2 -DPREVENT_OPTIMIZATION execution test
XPASS: gcc.dg/guality/guality.c -O2 -flto -fno-use-linker-plugin -flto-partition=none -DPREVENT_OPTIMIZATION execution test
XPASS: gcc.dg/guality/guality.c -O2 -flto -fuse-linker-plugin -fno-fat-lto-objects -DPREVENT_OPTIMIZATION execution test
XPASS: gcc.dg/guality/guality.c -O3 -g -DPREVENT_OPTIMIZATION execution test
XPASS: gcc.dg/guality/guality.c -Os -DPREVENT_OPTIMIZATION execution test
XPASS: gcc.dg/guality/guality.c -Og -DPREVENT_OPTIMIZATION execution test
XPASS: gcc.dg/guality/inline-params.c -O2 -DPREVENT_OPTIMIZATION execution test
XPASS: gcc.dg/guality/inline-params.c -O2 -flto -fno-use-linker-plugin -flto-partition=none -DPREVENT_OPTIMIZATION execution test
XPASS: gcc.dg/guality/inline-params.c -O2 -flto -fuse-linker-plugin -fno-fat-lto-objects -DPREVENT_OPTIMIZATION execution test
XPASS: gcc.dg/guality/inline-params.c -O3 -g -DPREVENT_OPTIMIZATION execution test
XPASS: gcc.dg/guality/inline-params.c -Os -DPREVENT_OPTIMIZATION execution test
FAIL: gcc.dg/guality/pr43077-1.c -O0 line 11 varb == 2
FAIL: gcc.dg/guality/pr43077-1.c -O0 line 19 varb == 3
FAIL: gcc.dg/guality/pr43077-1.c -O0 line 42 varb == 2
FAIL: gcc.dg/guality/pr43077-1.c -O1 -DPREVENT_OPTIMIZATION line 11 varb == 2
FAIL: gcc.dg/guality/pr43077-1.c -O1 -DPREVENT_OPTIMIZATION line 19 varb == 3
FAIL: gcc.dg/guality/pr43077-1.c -O1 -DPREVENT_OPTIMIZATION line 42 varb == 2
FAIL: gcc.dg/guality/pr43077-1.c -O2 -DPREVENT_OPTIMIZATION line 11 varb == 2
FAIL: gcc.dg/guality/pr43077-1.c -O2 -DPREVENT_OPTIMIZATION line 19 varb == 3
FAIL: gcc.dg/guality/pr43077-1.c -O2 -DPREVENT_OPTIMIZATION line 42 varb == 2
FAIL: gcc.dg/guality/pr43077-1.c -O2 -flto -fno-use-linker-plugin -flto-partition=none -DPREVENT_OPTIMIZATION line 11 varb == 2
FAIL: gcc.dg/guality/pr43077-1.c -O2 -flto -fno-use-linker-plugin -flto-partition=none -DPREVENT_OPTIMIZATION line 19 varb == 3
FAIL: gcc.dg/guality/pr43077-1.c -O2 -flto -fno-use-linker-plugin -flto-partition=none -DPREVENT_OPTIMIZATION line 42 varb == 2
FAIL: gcc.dg/guality/pr43077-1.c -O2 -flto -fuse-linker-plugin -fno-fat-lto-objects -DPREVENT_OPTIMIZATION line 11 varb == 2
FAIL: gcc.dg/guality/pr43077-1.c -O2 -flto -fuse-linker-plugin -fno-fat-lto-objects -DPREVENT_OPTIMIZATION line 19 varb == 3
FAIL: gcc.dg/guality/pr43077-1.c -O2 -flto -fuse-linker-plugin -fno-fat-lto-objects -DPREVENT_OPTIMIZATION line 42 varb == 2
FAIL: gcc.dg/guality/pr43077-1.c -O3 -g -DPREVENT_OPTIMIZATION line 11 varb == 2
FAIL: gcc.dg/guality/pr43077-1.c -O3 -g -DPREVENT_OPTIMIZATION line 19 varb == 3
FAIL: gcc.dg/guality/pr43077-1.c -O3 -g -DPREVENT_OPTIMIZATION line 42 varb == 2
FAIL: gcc.dg/guality/pr43077-1.c -Os -DPREVENT_OPTIMIZATION line 11 varb == 2
FAIL: gcc.dg/guality/pr43077-1.c -Os -DPREVENT_OPTIMIZATION line 19 varb == 3
FAIL: gcc.dg/guality/pr43077-1.c -Os -DPREVENT_OPTIMIZATION line 42 varb == 2
FAIL: gcc.dg/guality/pr43077-1.c -Og -DPREVENT_OPTIMIZATION line 11 varb == 2
FAIL: gcc.dg/guality/pr43077-1.c -Og -DPREVENT_OPTIMIZATION line 19 varb == 3
FAIL: gcc.dg/guality/pr43077-1.c -Og -DPREVENT_OPTIMIZATION line 42 varb == 2
FAIL: gcc.dg/guality/pr67192.c -O0 line 27 cnt == 5
FAIL: gcc.dg/guality/pr67192.c -O0 line 39 cnt == 10
FAIL: gcc.dg/guality/pr67192.c -O0 line 48 cnt == 15
FAIL: gcc.dg/guality/pr67192.c -O0 line 54 cnt == 15
FAIL: gcc.dg/guality/pr67192.c -O0 line 59 cnt == 20
FAIL: gcc.dg/guality/pr67192.c -O1 -DPREVENT_OPTIMIZATION line 27 cnt == 5
FAIL: gcc.dg/guality/pr67192.c -O1 -DPREVENT_OPTIMIZATION line 39 cnt == 10
FAIL: gcc.dg/guality/pr67192.c -O1 -DPREVENT_OPTIMIZATION line 48 cnt == 15
FAIL: gcc.dg/guality/pr67192.c -O1 -DPREVENT_OPTIMIZATION line 54 cnt == 15
FAIL: gcc.dg/guality/pr67192.c -O1 -DPREVENT_OPTIMIZATION line 59 cnt == 20
FAIL: gcc.dg/guality/pr67192.c -O2 -DPREVENT_OPTIMIZATION line 27 cnt == 5
FAIL: gcc.dg/guality/pr67192.c -O2 -DPREVENT_OPTIMIZATION line 39 cnt == 10
FAIL: gcc.dg/guality/pr67192.c -O2 -DPREVENT_OPTIMIZATION line 48 cnt == 15
FAIL: gcc.dg/guality/pr67192.c -O2 -DPREVENT_OPTIMIZATION line 54 cnt == 15
FAIL: gcc.dg/guality/pr67192.c -O2 -DPREVENT_OPTIMIZATION line 59 cnt == 20
FAIL: gcc.dg/guality/pr67192.c -O2 -flto -fno-use-linker-plugin -flto-partition=none -DPREVENT_OPTIMIZATION line 27 cnt == 5
FAIL: gcc.dg/guality/pr67192.c -O2 -flto -fno-use-linker-plugin -flto-partition=none -DPREVENT_OPTIMIZATION line 39 cnt == 10
FAIL: gcc.dg/guality/pr67192.c -O2 -flto -fno-use-linker-plugin -flto-partition=none -DPREVENT_OPTIMIZATION line 48 cnt == 15
FAIL: gcc.dg/guality/pr67192.c -O2 -flto -fno-use-linker-plugin -flto-partition=none -DPREVENT_OPTIMIZATION line 54 cnt == 15
FAIL: gcc.dg/guality/pr67192.c -O2 -flto -fno-use-linker-plugin -flto-partition=none -DPREVENT_OPTIMIZATION line 59 cnt == 20
FAIL: gcc.dg/guality/pr67192.c -O2 -flto -fuse-linker-plugin -fno-fat-lto-objects -DPREVENT_OPTIMIZATION line 27 cnt == 5
FAIL: gcc.dg/guality/pr67192.c -O2 -flto -fuse-linker-plugin -fno-fat-lto-objects -DPREVENT_OPTIMIZATION line 39 cnt == 10
FAIL: gcc.dg/guality/pr67192.c -O2 -flto -fuse-linker-plugin -fno-fat-lto-objects -DPREVENT_OPTIMIZATION line 48 cnt == 15
FAIL: gcc.dg/guality/pr67192.c -O2 -flto -fuse-linker-plugin -fno-fat-lto-objects -DPREVENT_OPTIMIZATION line 54 cnt == 15
FAIL: gcc.dg/guality/pr67192.c -O2 -flto -fuse-linker-plugin -fno-fat-lto-objects -DPREVENT_OPTIMIZATION line 59 cnt == 20
FAIL: gcc.dg/guality/pr67192.c -O3 -fomit-frame-pointer -funroll-loops -fpeel-loops -ftracer -finline-functions -DPREVENT_OPTIMIZATION line 27 cnt == 5
FAIL: gcc.dg/guality/pr67192.c -O3 -fomit-frame-pointer -funroll-loops -fpeel-loops -ftracer -finline-functions -DPREVENT_OPTIMIZATION line 39 cnt == 10
FAIL: gcc.dg/guality/pr67192.c -O3 -fomit-frame-pointer -funroll-loops -fpeel-loops -ftracer -finline-functions -DPREVENT_OPTIMIZATION line 48 cnt == 15
FAIL: gcc.dg/guality/pr67192.c -O3 -fomit-frame-pointer -funroll-loops -fpeel-loops -ftracer -finline-functions -DPREVENT_OPTIMIZATION line 54 cnt == 15
FAIL: gcc.dg/guality/pr67192.c -O3 -fomit-frame-pointer -funroll-loops -fpeel-loops -ftracer -finline-functions -DPREVENT_OPTIMIZATION line 59 cnt == 20
FAIL: gcc.dg/guality/pr67192.c -O3 -g -DPREVENT_OPTIMIZATION line 27 cnt == 5
FAIL: gcc.dg/guality/pr67192.c -O3 -g -DPREVENT_OPTIMIZATION line 39 cnt == 10
FAIL: gcc.dg/guality/pr67192.c -O3 -g -DPREVENT_OPTIMIZATION line 48 cnt == 15
FAIL: gcc.dg/guality/pr67192.c -O3 -g -DPREVENT_OPTIMIZATION line 54 cnt == 15
FAIL: gcc.dg/guality/pr67192.c -O3 -g -DPREVENT_OPTIMIZATION line 59 cnt == 20
FAIL: gcc.dg/guality/pr67192.c -Os -DPREVENT_OPTIMIZATION line 27 cnt == 5
FAIL: gcc.dg/guality/pr67192.c -Os -DPREVENT_OPTIMIZATION line 39 cnt == 10
FAIL: gcc.dg/guality/pr67192.c -Os -DPREVENT_OPTIMIZATION line 48 cnt == 15
FAIL: gcc.dg/guality/pr67192.c -Os -DPREVENT_OPTIMIZATION line 54 cnt == 15
FAIL: gcc.dg/guality/pr67192.c -Os -DPREVENT_OPTIMIZATION line 59 cnt == 20
FAIL: gcc.dg/guality/pr67192.c -Og -DPREVENT_OPTIMIZATION line 27 cnt == 5
FAIL: gcc.dg/guality/pr67192.c -Og -DPREVENT_OPTIMIZATION line 39 cnt == 10
FAIL: gcc.dg/guality/pr67192.c -Og -DPREVENT_OPTIMIZATION line 48 cnt == 15
FAIL: gcc.dg/guality/pr67192.c -Og -DPREVENT_OPTIMIZATION line 54 cnt == 15
FAIL: gcc.dg/guality/pr67192.c -Og -DPREVENT_OPTIMIZATION line 59 cnt == 20
XPASS: gcc.dg/tree-ssa/builtin-fprintf-warn-1.c pr87756 (test for warnings, line 119)
XPASS: gcc.dg/tree-ssa/builtin-fprintf-warn-1.c pr87756 (test for warnings, line 120)
XPASS: gcc.dg/tree-ssa/builtin-printf-warn-1.c pr87756 (test for warnings, line 116)
XPASS: gcc.dg/tree-ssa/builtin-printf-warn-1.c pr87756 (test for warnings, line 117)
XPASS: gcc.dg/tree-ssa/builtin-printf-warn-1.c pr87756 (test for warnings, line 84)
FAIL: gcc.dg/tree-ssa/builtin-sprintf-warn-18.c (test for warnings, line 120)
FAIL: gcc.dg/tree-ssa/builtin-sprintf-warn-18.c (test for warnings, line 122)
XPASS: gcc.dg/tree-ssa/user-printf-warn-1.c pr87756 (test for warnings, line 110)
XPASS: gcc.dg/tree-ssa/user-printf-warn-1.c pr87756 (test for warnings, line 142)
XPASS: gcc.dg/tree-ssa/user-printf-warn-1.c pr87756 (test for warnings, line 143)
XPASS: gcc.dg/vect/vect-24.c -flto -ffat-lto-objects scan-tree-dump-times vect "vectorized 3 loops" 1
XPASS: gcc.dg/vect/vect-24.c scan-tree-dump-times vect "vectorized 3 loops" 1
UNRESOLVED: gcc.target/aarch64/advsimd-intrinsics/vld1x2.c -O0 compilation failed to produce executable
UNRESOLVED: gcc.target/aarch64/advsimd-intrinsics/vld1x2.c -O1 compilation failed to produce executable
UNRESOLVED: gcc.target/aarch64/advsimd-intrinsics/vld1x2.c -O2 compilation failed to produce executable
UNRESOLVED: gcc.target/aarch64/advsimd-intrinsics/vld1x2.c -O2 -flto -fno-use-linker-plugin -flto-partition=none compilation failed to produce executable
UNRESOLVED: gcc.target/aarch64/advsimd-intrinsics/vld1x2.c -O2 -flto -fuse-linker-plugin -fno-fat-lto-objects compilation failed to produce executable
UNRESOLVED: gcc.target/aarch64/advsimd-intrinsics/vld1x2.c -O3 -fomit-frame-pointer -funroll-loops -fpeel-loops -ftracer -finline-functions compilation failed to produce executable
UNRESOLVED: gcc.target/aarch64/advsimd-intrinsics/vld1x2.c -O3 -g compilation failed to produce executable
UNRESOLVED: gcc.target/aarch64/advsimd-intrinsics/vld1x2.c -Og -g compilation failed to produce executable
UNRESOLVED: gcc.target/aarch64/advsimd-intrinsics/vld1x2.c -Os compilation failed to produce executable
UNRESOLVED: gcc.target/aarch64/advsimd-intrinsics/vld1x3.c -O0 compilation failed to produce executable
UNRESOLVED: gcc.target/aarch64/advsimd-intrinsics/vld1x3.c -O1 compilation failed to produce executable
UNRESOLVED: gcc.target/aarch64/advsimd-intrinsics/vld1x3.c -O2 compilation failed to produce executable
UNRESOLVED: gcc.target/aarch64/advsimd-intrinsics/vld1x3.c -O2 -flto -fno-use-linker-plugin -flto-partition=none compilation failed to produce executable
UNRESOLVED: gcc.target/aarch64/advsimd-intrinsics/vld1x3.c -O2 -flto -fuse-linker-plugin -fno-fat-lto-objects compilation failed to produce executable
UNRESOLVED: gcc.target/aarch64/advsimd-intrinsics/vld1x3.c -O3 -fomit-frame-pointer -funroll-loops -fpeel-loops -ftracer -finline-functions compilation failed to produce executable
UNRESOLVED: gcc.target/aarch64/advsimd-intrinsics/vld1x3.c -O3 -g compilation failed to produce executable
UNRESOLVED: gcc.target/aarch64/advsimd-intrinsics/vld1x3.c -Og -g compilation failed to produce executable
UNRESOLVED: gcc.target/aarch64/advsimd-intrinsics/vld1x3.c -Os compilation failed to produce executable
UNRESOLVED: gcc.target/aarch64/advsimd-intrinsics/vst1x2.c -O0 compilation failed to produce executable
UNRESOLVED: gcc.target/aarch64/advsimd-intrinsics/vst1x2.c -O1 compilation failed to produce executable
UNRESOLVED: gcc.target/aarch64/advsimd-intrinsics/vst1x2.c -O2 compilation failed to produce executable
UNRESOLVED: gcc.target/aarch64/advsimd-intrinsics/vst1x2.c -O2 -flto -fno-use-linker-plugin -flto-partition=none compilation failed to produce executable
UNRESOLVED: gcc.target/aarch64/advsimd-intrinsics/vst1x2.c -O2 -flto -fuse-linker-plugin -fno-fat-lto-objects compilation failed to produce executable
UNRESOLVED: gcc.target/aarch64/advsimd-intrinsics/vst1x2.c -O3 -fomit-frame-pointer -funroll-loops -fpeel-loops -ftracer -finline-functions compilation failed to produce executable
UNRESOLVED: gcc.target/aarch64/advsimd-intrinsics/vst1x2.c -O3 -g compilation failed to produce executable
UNRESOLVED: gcc.target/aarch64/advsimd-intrinsics/vst1x2.c -Og -g compilation failed to produce executable
UNRESOLVED: gcc.target/aarch64/advsimd-intrinsics/vst1x2.c -Os compilation failed to produce executable
UNRESOLVED: gcc.target/aarch64/advsimd-intrinsics/vst1x3.c -O0 compilation failed to produce executable
UNRESOLVED: gcc.target/aarch64/advsimd-intrinsics/vst1x3.c -O1 compilation failed to produce executable
UNRESOLVED: gcc.target/aarch64/advsimd-intrinsics/vst1x3.c -O2 compilation failed to produce executable
UNRESOLVED: gcc.target/aarch64/advsimd-intrinsics/vst1x3.c -O2 -flto -fno-use-linker-plugin -flto-partition=none compilation failed to produce executable
UNRESOLVED: gcc.target/aarch64/advsimd-intrinsics/vst1x3.c -O2 -flto -fuse-linker-plugin -fno-fat-lto-objects compilation failed to produce executable
UNRESOLVED: gcc.target/aarch64/advsimd-intrinsics/vst1x3.c -O3 -fomit-frame-pointer -funroll-loops -fpeel-loops -ftracer -finline-functions compilation failed to produce executable
UNRESOLVED: gcc.target/aarch64/advsimd-intrinsics/vst1x3.c -O3 -g compilation failed to produce executable
UNRESOLVED: gcc.target/aarch64/advsimd-intrinsics/vst1x3.c -Og -g compilation failed to produce executable
UNRESOLVED: gcc.target/aarch64/advsimd-intrinsics/vst1x3.c -Os compilation failed to produce executable
FAIL: gcc.target/arm/addr-modes-float.c scan-assembler vst3.8\\t{d[02468], d[02468], d[02468]}, \\\\[r[0-9]+\\\\]!
FAIL: gcc.target/arm/armv8_2-fp16-move-1.c scan-assembler-times ldrh\\\\tr[0-9]+ 2
FAIL: gcc.target/arm/armv8_2-fp16-move-1.c scan-assembler-times strh\\\\tr[0-9]+ 2
FAIL: gcc.target/arm/armv8_2-fp16-move-1.c scan-assembler-times vld1\\\\.16\\\\t{d[0-9]+\\\\[[0-9]+\\\\]}, \\\\[r[0-9]+\\\\] 2
FAIL: gcc.target/arm/armv8_2-fp16-move-1.c scan-assembler-times vmov\\\\.f16\\\\ts[0-9]+, r[0-9]+ 2
FAIL: gcc.target/arm/armv8_2-fp16-move-1.c scan-assembler-times vst1\\\\.16\\\\t{d[0-9]+\\\\[[0-9]+\\\\]}, \\\\[r[0-9]+\\\\] 2
FAIL: gcc.target/arm/fp16-aapcs-1.c scan-assembler vmov(\\\\.f16)?\\\\tr[0-9]+, s[0-9]+
FAIL: gcc.target/arm/fp16-aapcs-1.c scan-assembler vmov(\\\\.f16)?\\\\ts0, r[0-9]+
FAIL: gcc.target/arm/fp16-aapcs-3.c scan-assembler-times vmov\\\\tr[0-9]+, s[0-2] 2
FAIL: gcc.target/arm/fp16-aapcs-3.c scan-assembler-times vmov\\\\ts0, r[0-9]+ 2
FAIL: gcc.target/arm/pr43920-2.c scan-assembler-times pop 2
FAIL: gcc.target/arm/pr51968.c (internal compiler error)
FAIL: gcc.target/arm/pr51968.c (test for excess errors)
=== gcc Summary ===
# of expected passes 123495
# of unexpected failures 139
# of unexpected successes 28
# of expected failures 510
# of unresolved testcases 37
# of unsupported tests 6936
/home/tcwg-buildslave/workspace/tcwg-buildfarm/tcwg-d05_32-build/_build/builds/armv8l-unknown-linux-gnueabihf/armv8l-unknown-linux-gnueabihf/gcc.git~master_rev_5ac4e2dc219099f8c4d7aac678a4110912af0097-stage2/gcc/xgcc version 9.0.0 20181126 (experimental) [master revision 266473] (GCC)
=== gfortran tests ===
Running target tcwg-local
FAIL: gfortran.dg/arrayio_16.f90 -O2 execution test
FAIL: gfortran.dg/arrayio_16.f90 -O3 -fomit-frame-pointer -funroll-loops -fpeel-loops -ftracer -finline-functions (test for excess errors)
UNRESOLVED: gfortran.dg/arrayio_16.f90 -O3 -fomit-frame-pointer -funroll-loops -fpeel-loops -ftracer -finline-functions compilation failed to produce executable
FAIL: gfortran.dg/arrayio_16.f90 -O3 -g (test for excess errors)
UNRESOLVED: gfortran.dg/arrayio_16.f90 -O3 -g compilation failed to produce executable
FAIL: gfortran.dg/arrayio_16.f90 -Os (test for excess errors)
UNRESOLVED: gfortran.dg/arrayio_16.f90 -Os compilation failed to produce executable
FAIL: gfortran.dg/arrayio_2.f90 -O0 (test for excess errors)
UNRESOLVED: gfortran.dg/arrayio_2.f90 -O0 compilation failed to produce executable
FAIL: gfortran.dg/arrayio_8.f90 -O3 -g (test for excess errors)
FAIL: gfortran.dg/associate_19.f03 -O3 -g execution test
FAIL: gfortran.dg/associate_19.f03 -Os (test for excess errors)
UNRESOLVED: gfortran.dg/associate_19.f03 -Os compilation failed to produce executable
FAIL: gfortran.dg/associate_2.f95 -O (test for errors, line 10)
FAIL: gfortran.dg/associate_2.f95 -O (test for excess errors)
FAIL: gfortran.dg/associate_20.f03 -O0 (test for excess errors)
UNRESOLVED: gfortran.dg/associate_20.f03 -O0 compilation failed to produce executable
FAIL: gfortran.dg/associate_20.f03 -O1 (test for excess errors)
UNRESOLVED: gfortran.dg/associate_20.f03 -O1 compilation failed to produce executable
FAIL: gfortran.dg/associate_20.f03 -O2 (test for excess errors)
UNRESOLVED: gfortran.dg/associate_20.f03 -O2 compilation failed to produce executable
FAIL: gfortran.dg/associate_20.f03 -O3 -fomit-frame-pointer -funroll-loops -fpeel-loops -ftracer -finline-functions (test for excess errors)
UNRESOLVED: gfortran.dg/associate_20.f03 -O3 -fomit-frame-pointer -funroll-loops -fpeel-loops -ftracer -finline-functions compilation failed to produce executable
FAIL: gfortran.dg/associate_27.f90 -O3 -fomit-frame-pointer -funroll-loops -fpeel-loops -ftracer -finline-functions (test for excess errors)
UNRESOLVED: gfortran.dg/associate_27.f90 -O3 -fomit-frame-pointer -funroll-loops -fpeel-loops -ftracer -finline-functions compilation failed to produce executable
FAIL: gfortran.dg/associate_27.f90 -O3 -g (test for excess errors)
UNRESOLVED: gfortran.dg/associate_27.f90 -O3 -g compilation failed to produce executable
FAIL: gfortran.dg/associate_27.f90 -Os (test for excess errors)
UNRESOLVED: gfortran.dg/associate_27.f90 -Os compilation failed to produce executable
FAIL: gfortran.dg/assumed_charlen_function_3.f90 -O (test for excess errors)
FAIL: gfortran.dg/elemental_subroutine_3.f90 -O1 (test for excess errors)
FAIL: gfortran.dg/elemental_subroutine_3.f90 -O2 (test for excess errors)
FAIL: gfortran.dg/elemental_subroutine_3.f90 -O3 -fomit-frame-pointer -funroll-loops -fpeel-loops -ftracer -finline-functions (test for excess errors)
FAIL: gfortran.dg/elemental_subroutine_3.f90 -O3 -g (test for excess errors)
FAIL: gfortran.dg/elemental_subroutine_3.f90 -Os (test for excess errors)
FAIL: gfortran.dg/inquiry_type_ref_1.f08 -O0 (internal compiler error)
FAIL: gfortran.dg/inquiry_type_ref_1.f08 -O0 (test for excess errors)
UNRESOLVED: gfortran.dg/inquiry_type_ref_1.f08 -O0 compilation failed to produce executable
FAIL: gfortran.dg/inquiry_type_ref_1.f08 -O1 (internal compiler error)
FAIL: gfortran.dg/inquiry_type_ref_1.f08 -O1 (test for excess errors)
UNRESOLVED: gfortran.dg/inquiry_type_ref_1.f08 -O1 compilation failed to produce executable
FAIL: gfortran.dg/inquiry_type_ref_1.f08 -O2 (internal compiler error)
FAIL: gfortran.dg/inquiry_type_ref_1.f08 -O2 (test for excess errors)
UNRESOLVED: gfortran.dg/inquiry_type_ref_1.f08 -O2 compilation failed to produce executable
FAIL: gfortran.dg/inquiry_type_ref_1.f08 -O3 -fomit-frame-pointer -funroll-loops -fpeel-loops -ftracer -finline-functions (internal compiler error)
FAIL: gfortran.dg/inquiry_type_ref_1.f08 -O3 -fomit-frame-pointer -funroll-loops -fpeel-loops -ftracer -finline-functions (test for excess errors)
UNRESOLVED: gfortran.dg/inquiry_type_ref_1.f08 -O3 -fomit-frame-pointer -funroll-loops -fpeel-loops -ftracer -finline-functions compilation failed to produce executable
FAIL: gfortran.dg/inquiry_type_ref_1.f08 -O3 -g (internal compiler error)
FAIL: gfortran.dg/inquiry_type_ref_1.f08 -O3 -g (test for excess errors)
UNRESOLVED: gfortran.dg/inquiry_type_ref_1.f08 -O3 -g compilation failed to produce executable
FAIL: gfortran.dg/inquiry_type_ref_1.f08 -Os (internal compiler error)
FAIL: gfortran.dg/inquiry_type_ref_1.f08 -Os (test for excess errors)
UNRESOLVED: gfortran.dg/inquiry_type_ref_1.f08 -Os compilation failed to produce executable
FAIL: gfortran.dg/inquiry_type_ref_3.f90 -O (test for errors, line 19)
FAIL: gfortran.dg/inquiry_type_ref_3.f90 -O (test for errors, line 20)
FAIL: gfortran.dg/inquiry_type_ref_3.f90 -O (test for errors, line 23)
FAIL: gfortran.dg/inquiry_type_ref_3.f90 -O (test for errors, line 24)
FAIL: gfortran.dg/inquiry_type_ref_3.f90 -O (test for errors, line 25)
FAIL: gfortran.dg/inquiry_type_ref_3.f90 -O (test for errors, line 26)
FAIL: gfortran.dg/inquiry_type_ref_3.f90 -O (test for errors, line 27)
FAIL: gfortran.dg/inquiry_type_ref_3.f90 -O (internal compiler error)
FAIL: gfortran.dg/inquiry_type_ref_3.f90 -O (test for excess errors)
=== gfortran Summary ===
# of expected passes 46899
# of unexpected failures 44
# of expected failures 99
# of unresolved testcases 18
# of unsupported tests 386
/home/tcwg-buildslave/workspace/tcwg-buildfarm/tcwg-d05_32-build/_build/builds/armv8l-unknown-linux-gnueabihf/armv8l-unknown-linux-gnueabihf/gcc.git~master_rev_5ac4e2dc219099f8c4d7aac678a4110912af0097-stage2/gcc/gfortran version 9.0.0 20181126 (experimental) [master revision 266473] (GCC)
=== obj-c++ tests ===
Running target tcwg-local
FAIL: obj-c++.dg/property/dotsyntax-3.mm -fgnu-runtime (test for excess errors)
UNRESOLVED: obj-c++.dg/property/dotsyntax-3.mm -fgnu-runtime compilation failed to produce executable
FAIL: obj-c++.dg/property/dotsyntax-4.mm -fgnu-runtime (test for errors, line 29)
FAIL: obj-c++.dg/property/dotsyntax-4.mm -fgnu-runtime (test for errors, line 30)
FAIL: obj-c++.dg/property/dotsyntax-4.mm -fgnu-runtime (test for errors, line 33)
FAIL: obj-c++.dg/property/dotsyntax-4.mm -fgnu-runtime (test for errors, line 34)
FAIL: obj-c++.dg/property/dotsyntax-4.mm -fgnu-runtime (test for errors, line 37)
FAIL: obj-c++.dg/property/dotsyntax-4.mm -fgnu-runtime (test for errors, line 39)
FAIL: obj-c++.dg/property/dotsyntax-4.mm -fgnu-runtime (test for errors, line 39)
FAIL: obj-c++.dg/property/dotsyntax-4.mm -fgnu-runtime (test for excess errors)
FAIL: obj-c++.dg/property/dotsyntax-5.mm -fgnu-runtime (test for excess errors)
UNRESOLVED: obj-c++.dg/property/dotsyntax-5.mm -fgnu-runtime compilation failed to produce executable
FAIL: obj-c++.dg/property/dotsyntax-6.mm -fgnu-runtime (test for excess errors)
UNRESOLVED: obj-c++.dg/property/dotsyntax-6.mm -fgnu-runtime compilation failed to produce executable
FAIL: obj-c++.dg/property/dotsyntax-7.mm -fgnu-runtime (test for excess errors)
UNRESOLVED: obj-c++.dg/property/dotsyntax-7.mm -fgnu-runtime compilation failed to produce executable
=== obj-c++ Summary ===
# of expected passes 1450
# of unexpected failures 12
# of expected failures 2
# of unresolved testcases 4
# of unsupported tests 77
/home/tcwg-buildslave/workspace/tcwg-buildfarm/tcwg-d05_32-build/_build/builds/armv8l-unknown-linux-gnueabihf/armv8l-unknown-linux-gnueabihf/gcc.git~master_rev_5ac4e2dc219099f8c4d7aac678a4110912af0097-stage2/gcc/xg++ version 9.0.0 20181126 (experimental) [master revision 266473] (GCC)
=== objc tests ===
Running target tcwg-local
FAIL: objc/execute/enumeration-1.m compilation, -O3 -g -fgnu-runtime
FAIL: objc/execute/enumeration-1.m compilation, -Os -fgnu-runtime
UNRESOLVED: objc/execute/enumeration-1.m execution, -O3 -g -fgnu-runtime
UNRESOLVED: objc/execute/enumeration-1.m execution, -Os -fgnu-runtime
FAIL: objc/execute/enumeration-2.m compilation, -O0 -fgnu-runtime
FAIL: objc/execute/enumeration-2.m compilation, -O1 -fgnu-runtime
FAIL: objc/execute/enumeration-2.m compilation, -O2 -fgnu-runtime
FAIL: objc/execute/enumeration-2.m compilation, -O3 -g -fgnu-runtime
FAIL: objc/execute/enumeration-2.m compilation, -Os -fgnu-runtime
UNRESOLVED: objc/execute/enumeration-2.m execution, -O0 -fgnu-runtime
UNRESOLVED: objc/execute/enumeration-2.m execution, -O1 -fgnu-runtime
UNRESOLVED: objc/execute/enumeration-2.m execution, -O2 -fgnu-runtime
UNRESOLVED: objc/execute/enumeration-2.m execution, -O3 -g -fgnu-runtime
UNRESOLVED: objc/execute/enumeration-2.m execution, -Os -fgnu-runtime
=== objc Summary ===
# of expected passes 2789
# of unexpected failures 7
# of unresolved testcases 7
# of unsupported tests 68
/home/tcwg-buildslave/workspace/tcwg-buildfarm/tcwg-d05_32-build/_build/builds/armv8l-unknown-linux-gnueabihf/armv8l-unknown-linux-gnueabihf/gcc.git~master_rev_5ac4e2dc219099f8c4d7aac678a4110912af0097-stage2/gcc/xgcc version 9.0.0 20181126 (experimental) [master revision 266473] (GCC)
Compiler version: 9.0.0 20181126 (experimental) [master revision 266473] (GCC)
Platform: armv8l-unknown-linux-gnueabihf
configure flags: SHELL=/bin/bash --with-mpc=/home/tcwg-buildslave/workspace/tcwg-buildfarm/tcwg-d05_32-build/_build/builds/destdir/armv8l-unknown-linux-gnueabihf --with-mpfr=/home/tcwg-buildslave/workspace/tcwg-buildfarm/tcwg-d05_32-build/_build/builds/destdir/armv8l-unknown-linux-gnueabihf --with-gmp=/home/tcwg-buildslave/workspace/tcwg-buildfarm/tcwg-d05_32-build/_build/builds/destdir/armv8l-unknown-linux-gnueabihf --with-gnu-as --with-gnu-ld --disable-libmudflap --enable-lto --enable-shared --without-included-gettext --enable-nls --with-system-zlib --disable-sjlj-exceptions --enable-gnu-unique-object --enable-linker-build-id --disable-libstdcxx-pch --enable-c99 --enable-clocale=gnu --enable-libstdcxx-debug --enable-long-long --with-cloog=no --with-ppl=no --with-isl=no --disable-multilib --with-float=hard --with-fpu=neon-fp-armv8 --with-mode=thumb --with-arch=armv8-a --enable-threads=posix --enable-multiarch --enable-libstdcxx-time=yes --enable-gnu-indirect-function --enable-checki
ng=yes --enable-bootstrap --enable-languages=c,c++,fortran,lto,objc,obj-c++ --build=armv8l-unknown-linux-gnueabihf --host=armv8l-unknown-linux-gnueabihf --target=armv8l-unknown-linux-gnueabihf --prefix=/home/tcwg-buildslave/workspace/tcwg-buildfarm/tcwg-d05_32-build/_build/builds/destdir/armv8l-unknown-linux-gnueabihf
More information about the Gcc-testresults
mailing list