Results for 9.0.0 20181123 (experimental) [trunk revision 266403] (GCC) testsuite on sparc-sun-solaris2.11
Rainer Orth
ro@CeBiTec.Uni-Bielefeld.DE
Fri Nov 23 14:50:00 GMT 2018
LAST_UPDATED: Fri Nov 23 10:01:15 UTC 2018 (revision 266403)
=== acats tests ===
=== acats Summary ===
# of expected passes 2320
# of unexpected failures 0
Native configuration is sparc-sun-solaris2.11
=== g++ tests ===
Running target unix
FAIL: c-c++-common/asan/alloca_big_alignment.c -O1 output pattern test
FAIL: c-c++-common/asan/alloca_big_alignment.c -O2 output pattern test
FAIL: c-c++-common/asan/alloca_big_alignment.c -O3 -g output pattern test
FAIL: c-c++-common/asan/alloca_detect_custom_size.c -O1 output pattern test
FAIL: c-c++-common/asan/alloca_detect_custom_size.c -O2 output pattern test
FAIL: c-c++-common/asan/alloca_detect_custom_size.c -O3 -g output pattern test
FAIL: c-c++-common/asan/alloca_overflow_partial.c -O1 output pattern test
FAIL: c-c++-common/asan/alloca_overflow_partial.c -O2 output pattern test
FAIL: c-c++-common/asan/alloca_overflow_partial.c -O3 -g output pattern test
FAIL: c-c++-common/asan/alloca_overflow_right.c -O1 output pattern test
FAIL: c-c++-common/asan/alloca_overflow_right.c -O2 output pattern test
FAIL: c-c++-common/asan/alloca_overflow_right.c -O3 -g output pattern test
FAIL: c-c++-common/asan/alloca_underflow_left.c -O1 output pattern test
FAIL: c-c++-common/asan/alloca_underflow_left.c -O2 output pattern test
FAIL: c-c++-common/asan/alloca_underflow_left.c -O3 -g output pattern test
FAIL: c-c++-common/asan/global-overflow-1.c -O0 output pattern test
FAIL: c-c++-common/asan/global-overflow-1.c -O1 output pattern test
FAIL: c-c++-common/asan/global-overflow-1.c -O2 output pattern test
FAIL: c-c++-common/asan/global-overflow-1.c -O2 -flto output pattern test
FAIL: c-c++-common/asan/global-overflow-1.c -O2 -flto -flto-partition=none output pattern test
FAIL: c-c++-common/asan/global-overflow-1.c -O3 -g output pattern test
FAIL: c-c++-common/asan/global-overflow-1.c -Os output pattern test
FAIL: c-c++-common/asan/heap-overflow-1.c -O1 output pattern test
FAIL: c-c++-common/asan/heap-overflow-1.c -O2 output pattern test
FAIL: c-c++-common/asan/heap-overflow-1.c -O3 -g output pattern test
FAIL: c-c++-common/asan/misalign-1.c -O2 output pattern test
FAIL: c-c++-common/asan/misalign-2.c -O2 output pattern test
FAIL: c-c++-common/asan/pointer-compare-1.c -O0 execution test
FAIL: c-c++-common/asan/pointer-compare-1.c -O1 execution test
FAIL: c-c++-common/asan/pointer-compare-1.c -O2 execution test
FAIL: c-c++-common/asan/pointer-compare-1.c -O2 -flto execution test
FAIL: c-c++-common/asan/pointer-compare-1.c -O2 -flto -flto-partition=none execution test
FAIL: c-c++-common/asan/pointer-compare-1.c -O3 -g execution test
FAIL: c-c++-common/asan/pointer-compare-1.c -Os execution test
FAIL: c-c++-common/asan/pointer-compare-2.c -O0 execution test
FAIL: c-c++-common/asan/pointer-compare-2.c -O1 execution test
FAIL: c-c++-common/asan/pointer-compare-2.c -O2 execution test
FAIL: c-c++-common/asan/pointer-compare-2.c -O2 -flto execution test
FAIL: c-c++-common/asan/pointer-compare-2.c -O2 -flto -flto-partition=none execution test
FAIL: c-c++-common/asan/pointer-compare-2.c -O3 -g execution test
FAIL: c-c++-common/asan/pointer-compare-2.c -Os execution test
FAIL: c-c++-common/asan/pointer-subtract-1.c -O0 execution test
FAIL: c-c++-common/asan/pointer-subtract-1.c -O1 execution test
FAIL: c-c++-common/asan/pointer-subtract-1.c -O2 execution test
FAIL: c-c++-common/asan/pointer-subtract-1.c -O2 -flto execution test
FAIL: c-c++-common/asan/pointer-subtract-1.c -O2 -flto -flto-partition=none execution test
FAIL: c-c++-common/asan/pointer-subtract-1.c -O3 -g execution test
FAIL: c-c++-common/asan/pointer-subtract-1.c -Os execution test
FAIL: c-c++-common/asan/pointer-subtract-2.c -O0 execution test
FAIL: c-c++-common/asan/pointer-subtract-2.c -O1 execution test
FAIL: c-c++-common/asan/pointer-subtract-2.c -O2 execution test
FAIL: c-c++-common/asan/pointer-subtract-2.c -O2 -flto execution test
FAIL: c-c++-common/asan/pointer-subtract-2.c -O2 -flto -flto-partition=none execution test
FAIL: c-c++-common/asan/pointer-subtract-2.c -O3 -g execution test
FAIL: c-c++-common/asan/pointer-subtract-2.c -Os execution test
FAIL: c-c++-common/asan/pr62089.c -O0 output pattern test
FAIL: c-c++-common/asan/pr62089.c -O1 output pattern test
FAIL: c-c++-common/asan/pr62089.c -O2 output pattern test
FAIL: c-c++-common/asan/pr62089.c -O2 -flto output pattern test
FAIL: c-c++-common/asan/pr62089.c -O2 -flto -flto-partition=none output pattern test
FAIL: c-c++-common/asan/pr62089.c -O3 -g output pattern test
FAIL: c-c++-common/asan/pr62089.c -Os output pattern test
FAIL: c-c++-common/asan/stack-overflow-1.c -O1 output pattern test
FAIL: c-c++-common/asan/stack-overflow-1.c -O2 output pattern test
FAIL: c-c++-common/asan/stack-overflow-1.c -O3 -g output pattern test
FAIL: c-c++-common/asan/strlen-overflow-1.c -O0 output pattern test
FAIL: c-c++-common/asan/strlen-overflow-1.c -O1 output pattern test
FAIL: c-c++-common/asan/strlen-overflow-1.c -O2 output pattern test
FAIL: c-c++-common/asan/strlen-overflow-1.c -O3 -g output pattern test
FAIL: c-c++-common/asan/strlen-overflow-1.c -Os output pattern test
FAIL: c-c++-common/asan/use-after-free-1.c -O1 output pattern test
FAIL: c-c++-common/asan/use-after-free-1.c -O2 output pattern test
FAIL: c-c++-common/asan/use-after-free-1.c -O3 -g output pattern test
FAIL: g++.dg/asan/deep-tail-call-1.C -O0 output pattern test
FAIL: g++.dg/asan/deep-tail-call-1.C -O1 output pattern test
FAIL: g++.dg/asan/deep-tail-call-1.C -O2 output pattern test
FAIL: g++.dg/asan/deep-tail-call-1.C -O2 -flto output pattern test
FAIL: g++.dg/asan/deep-tail-call-1.C -O2 -flto -flto-partition=none output pattern test
FAIL: g++.dg/asan/deep-tail-call-1.C -O3 -g output pattern test
FAIL: g++.dg/asan/deep-tail-call-1.C -Os output pattern test
FAIL: g++.dg/asan/function-argument-3.C -O0 output pattern test
FAIL: g++.dg/asan/function-argument-3.C -O1 execution test
FAIL: g++.dg/asan/function-argument-3.C -O2 execution test
FAIL: g++.dg/asan/function-argument-3.C -O2 -flto execution test
FAIL: g++.dg/asan/function-argument-3.C -O2 -flto -flto-partition=none execution test
FAIL: g++.dg/asan/function-argument-3.C -O3 -g execution test
FAIL: g++.dg/asan/function-argument-3.C -Os execution test
FAIL: g++.dg/asan/large-func-test-1.C -O1 output pattern test
FAIL: g++.dg/asan/large-func-test-1.C -O2 output pattern test
FAIL: g++.dg/asan/large-func-test-1.C -O3 -g output pattern test
FAIL: c-c++-common/builtin-has-attribute-3.c -std=gnu++14 (test for excess errors)
FAIL: c-c++-common/builtin-has-attribute-3.c -std=gnu++17 (test for excess errors)
FAIL: c-c++-common/builtin-has-attribute-3.c -std=gnu++98 (test for excess errors)
FAIL: c-c++-common/spec-barrier-1.c -std=gnu++14 (test for excess errors)
FAIL: c-c++-common/spec-barrier-1.c -std=gnu++17 (test for excess errors)
FAIL: c-c++-common/spec-barrier-1.c -std=gnu++98 (test for excess errors)
FAIL: g++.dg/pr83239.C -std=gnu++98 (test for excess errors)
FAIL: g++.dg/vect/pr33426-ivdep-2.cc -std=c++14 (test for excess errors)
FAIL: g++.dg/vect/pr33426-ivdep-2.cc -std=c++17 (test for excess errors)
FAIL: g++.dg/vect/pr33426-ivdep-2.cc -std=c++98 (test for excess errors)
FAIL: g++.dg/vect/pr33426-ivdep.cc -std=c++14 (test for excess errors)
FAIL: g++.dg/vect/pr33426-ivdep.cc -std=c++17 (test for excess errors)
FAIL: g++.dg/vect/pr33426-ivdep.cc -std=c++98 (test for excess errors)
=== g++ Summary for unix ===
# of expected passes 123996
# of unexpected failures 103
# of expected failures 542
# of unsupported tests 6198
Running target unix/-m64
FAIL: c-c++-common/builtin-has-attribute-3.c -std=gnu++14 (test for excess errors)
FAIL: c-c++-common/builtin-has-attribute-3.c -std=gnu++17 (test for excess errors)
FAIL: c-c++-common/builtin-has-attribute-3.c -std=gnu++98 (test for excess errors)
FAIL: c-c++-common/spec-barrier-1.c -std=gnu++14 (test for excess errors)
FAIL: c-c++-common/spec-barrier-1.c -std=gnu++17 (test for excess errors)
FAIL: c-c++-common/spec-barrier-1.c -std=gnu++98 (test for excess errors)
FAIL: g++.dg/pr83239.C -std=gnu++98 (test for excess errors)
FAIL: g++.dg/vect/pr33426-ivdep-2.cc -std=c++14 (test for excess errors)
FAIL: g++.dg/vect/pr33426-ivdep-2.cc -std=c++17 (test for excess errors)
FAIL: g++.dg/vect/pr33426-ivdep-2.cc -std=c++98 (test for excess errors)
FAIL: g++.dg/vect/pr33426-ivdep.cc -std=c++14 (test for excess errors)
FAIL: g++.dg/vect/pr33426-ivdep.cc -std=c++17 (test for excess errors)
FAIL: g++.dg/vect/pr33426-ivdep.cc -std=c++98 (test for excess errors)
=== g++ Summary for unix/-m64 ===
# of expected passes 124267
# of unexpected failures 13
# of expected failures 545
# of unsupported tests 5933
=== g++ Summary ===
# of expected passes 248263
# of unexpected failures 116
# of expected failures 1087
# of unsupported tests 12131
/var/gcc/regression/trunk/11.3-gcc/build/gcc/xg++ version 9.0.0 20181123 (experimental) [trunk revision 266403] (GCC)
=== gcc tests ===
Running target unix
FAIL: c-c++-common/asan/alloca_big_alignment.c -O1 output pattern test
FAIL: c-c++-common/asan/alloca_big_alignment.c -O2 output pattern test
FAIL: c-c++-common/asan/alloca_big_alignment.c -O3 -g output pattern test
FAIL: c-c++-common/asan/alloca_detect_custom_size.c -O1 output pattern test
FAIL: c-c++-common/asan/alloca_detect_custom_size.c -O2 output pattern test
FAIL: c-c++-common/asan/alloca_detect_custom_size.c -O3 -g output pattern test
FAIL: c-c++-common/asan/alloca_overflow_partial.c -O1 output pattern test
FAIL: c-c++-common/asan/alloca_overflow_partial.c -O2 output pattern test
FAIL: c-c++-common/asan/alloca_overflow_partial.c -O3 -g output pattern test
FAIL: c-c++-common/asan/alloca_overflow_right.c -O1 output pattern test
FAIL: c-c++-common/asan/alloca_overflow_right.c -O2 output pattern test
FAIL: c-c++-common/asan/alloca_overflow_right.c -O3 -g output pattern test
FAIL: c-c++-common/asan/alloca_underflow_left.c -O1 output pattern test
FAIL: c-c++-common/asan/alloca_underflow_left.c -O2 output pattern test
FAIL: c-c++-common/asan/alloca_underflow_left.c -O3 -g output pattern test
FAIL: c-c++-common/asan/global-overflow-1.c -O0 output pattern test
FAIL: c-c++-common/asan/global-overflow-1.c -O1 output pattern test
FAIL: c-c++-common/asan/global-overflow-1.c -O2 output pattern test
FAIL: c-c++-common/asan/global-overflow-1.c -O2 -flto output pattern test
FAIL: c-c++-common/asan/global-overflow-1.c -O2 -flto -flto-partition=none output pattern test
FAIL: c-c++-common/asan/global-overflow-1.c -O3 -g output pattern test
FAIL: c-c++-common/asan/global-overflow-1.c -Os output pattern test
FAIL: c-c++-common/asan/heap-overflow-1.c -O1 output pattern test
FAIL: c-c++-common/asan/heap-overflow-1.c -O2 output pattern test
FAIL: c-c++-common/asan/heap-overflow-1.c -O3 -g output pattern test
FAIL: c-c++-common/asan/misalign-1.c -O2 output pattern test
FAIL: c-c++-common/asan/misalign-2.c -O2 output pattern test
FAIL: c-c++-common/asan/pointer-compare-1.c -O0 execution test
FAIL: c-c++-common/asan/pointer-compare-1.c -O1 execution test
FAIL: c-c++-common/asan/pointer-compare-1.c -O2 execution test
FAIL: c-c++-common/asan/pointer-compare-1.c -O2 -flto execution test
FAIL: c-c++-common/asan/pointer-compare-1.c -O2 -flto -flto-partition=none execution test
FAIL: c-c++-common/asan/pointer-compare-1.c -O3 -g execution test
FAIL: c-c++-common/asan/pointer-compare-1.c -Os execution test
FAIL: c-c++-common/asan/pointer-compare-2.c -O0 execution test
FAIL: c-c++-common/asan/pointer-compare-2.c -O1 execution test
FAIL: c-c++-common/asan/pointer-compare-2.c -O2 execution test
FAIL: c-c++-common/asan/pointer-compare-2.c -O2 -flto execution test
FAIL: c-c++-common/asan/pointer-compare-2.c -O2 -flto -flto-partition=none execution test
FAIL: c-c++-common/asan/pointer-compare-2.c -O3 -g execution test
FAIL: c-c++-common/asan/pointer-compare-2.c -Os execution test
FAIL: c-c++-common/asan/pointer-subtract-1.c -O0 execution test
FAIL: c-c++-common/asan/pointer-subtract-1.c -O1 execution test
FAIL: c-c++-common/asan/pointer-subtract-1.c -O2 execution test
FAIL: c-c++-common/asan/pointer-subtract-1.c -O2 -flto execution test
FAIL: c-c++-common/asan/pointer-subtract-1.c -O2 -flto -flto-partition=none execution test
FAIL: c-c++-common/asan/pointer-subtract-1.c -O3 -g execution test
FAIL: c-c++-common/asan/pointer-subtract-1.c -Os execution test
FAIL: c-c++-common/asan/pointer-subtract-2.c -O0 execution test
FAIL: c-c++-common/asan/pointer-subtract-2.c -O1 execution test
FAIL: c-c++-common/asan/pointer-subtract-2.c -O2 execution test
FAIL: c-c++-common/asan/pointer-subtract-2.c -O2 -flto execution test
FAIL: c-c++-common/asan/pointer-subtract-2.c -O2 -flto -flto-partition=none execution test
FAIL: c-c++-common/asan/pointer-subtract-2.c -O3 -g execution test
FAIL: c-c++-common/asan/pointer-subtract-2.c -Os execution test
FAIL: c-c++-common/asan/stack-overflow-1.c -O1 output pattern test
FAIL: c-c++-common/asan/stack-overflow-1.c -O2 output pattern test
FAIL: c-c++-common/asan/stack-overflow-1.c -O3 -g output pattern test
FAIL: c-c++-common/asan/strlen-overflow-1.c -O0 output pattern test
FAIL: c-c++-common/asan/strlen-overflow-1.c -O1 output pattern test
FAIL: c-c++-common/asan/strlen-overflow-1.c -O2 output pattern test
FAIL: c-c++-common/asan/strlen-overflow-1.c -O3 -g output pattern test
FAIL: c-c++-common/asan/strlen-overflow-1.c -Os output pattern test
FAIL: c-c++-common/asan/use-after-free-1.c -O1 output pattern test
FAIL: c-c++-common/asan/use-after-free-1.c -O2 output pattern test
FAIL: c-c++-common/asan/use-after-free-1.c -O3 -g output pattern test
FAIL: gcc.dg/debug/dwarf2/inline5.c scan-assembler-not \\\\(DIE \\\\(0x([0-9a-f]*)\\\\) DW_TAG_lexical_block\\\\)[^#/!]*[#/!] [^(].*DW_TAG_lexical_block\\\\)[^#/!x]*x\\\\1[^#/!]*[#/!] DW_AT_abstract_origin
FAIL: gcc.dg/debug/dwarf2/inline5.c scan-assembler-times DW_TAG_lexical_block\\\\)[^#/!]*[#/!] \\\\(DIE \\\\(0x[0-9a-f]*\\\\) DW_TAG_variable 1
FAIL: c-c++-common/builtin-has-attribute-3.c -Wc++-compat (test for excess errors)
FAIL: c-c++-common/spec-barrier-1.c -Wc++-compat (test for excess errors)
FAIL: gcc.dg/builtin-has-attribute.c (test for excess errors)
UNRESOLVED: gcc.dg/builtin-has-attribute.c compilation failed to produce executable
FAIL: gcc.dg/pr84877.c execution test
FAIL: gcc.dg/visibility-22.c execution test
FAIL: gcc.dg/ipa/ipa-icf-38.c scan-ltrans-tree-dump-not optimized "Function bar"
FAIL: gcc.dg/simulate-thread/atomic-other-int.c -O2 -g thread simulation test
FAIL: gcc.dg/simulate-thread/atomic-other-int.c -O3 -g thread simulation test
FAIL: gcc.dg/simulate-thread/speculative-store-4.c -O0 -g thread simulation test
FAIL: gcc.dg/simulate-thread/speculative-store-4.c -O2 -g thread simulation test
FAIL: gcc.dg/simulate-thread/speculative-store-4.c -O3 -g thread simulation test
FAIL: gcc.dg/simulate-thread/speculative-store.c -O0 -g thread simulation test
FAIL: gcc.dg/torture/pr60092.c -O0 execution test
FAIL: gcc.dg/torture/pr67222.c -O0 (test for excess errors)
FAIL: gcc.dg/torture/pr67222.c -O1 (test for excess errors)
FAIL: gcc.dg/torture/pr67222.c -O2 (test for excess errors)
FAIL: gcc.dg/torture/pr67222.c -O2 -flto (test for excess errors)
FAIL: gcc.dg/torture/pr67222.c -O2 -flto -flto-partition=none (test for excess errors)
FAIL: gcc.dg/torture/pr67222.c -O3 -g (test for excess errors)
FAIL: gcc.dg/torture/pr67222.c -Os (test for excess errors)
XPASS: gcc.dg/vect/bb-slp-div-1.c -flto -ffat-lto-objects scan-tree-dump slp2 "basic block vectorized"
XPASS: gcc.dg/vect/bb-slp-div-1.c scan-tree-dump slp2 "basic block vectorized"
FAIL: gcc.dg/vect/nodump-vect-opt-info-1.c (test for excess errors)
FAIL: gcc.dg/vect/vect-ivdep-1.c (test for excess errors)
FAIL: gcc.dg/vect/vect-ivdep-1.c -flto -ffat-lto-objects (test for excess errors)
FAIL: gcc.dg/vect/vect-ivdep-2.c (test for excess errors)
FAIL: gcc.dg/vect/vect-ivdep-2.c -flto -ffat-lto-objects (test for excess errors)
FAIL: gcc.target/sparc/overflow-2.c scan-assembler-not save\\t%
=== gcc Summary for unix ===
# of expected passes 111600
# of unexpected failures 94
# of unexpected successes 2
# of expected failures 563
# of unresolved testcases 1
# of unsupported tests 3369
Running target unix/-m64
FAIL: gcc.dg/debug/dwarf2/inline5.c scan-assembler-not \\\\(DIE \\\\(0x([0-9a-f]*)\\\\) DW_TAG_lexical_block\\\\)[^#/!]*[#/!] [^(].*DW_TAG_lexical_block\\\\)[^#/!x]*x\\\\1[^#/!]*[#/!] DW_AT_abstract_origin
FAIL: gcc.dg/debug/dwarf2/inline5.c scan-assembler-times DW_TAG_lexical_block\\\\)[^#/!]*[#/!] \\\\(DIE \\\\(0x[0-9a-f]*\\\\) DW_TAG_variable 1
FAIL: c-c++-common/builtin-has-attribute-3.c -Wc++-compat (test for excess errors)
FAIL: c-c++-common/spec-barrier-1.c -Wc++-compat (test for excess errors)
FAIL: gcc.dg/builtin-has-attribute.c (test for excess errors)
UNRESOLVED: gcc.dg/builtin-has-attribute.c compilation failed to produce executable
FAIL: gcc.dg/visibility-22.c execution test
FAIL: gcc.dg/ipa/ipa-icf-38.c scan-ltrans-tree-dump-not optimized "Function bar"
FAIL: gcc.dg/torture/pr60092.c -O0 execution test
FAIL: gcc.dg/torture/pr67222.c -O0 (test for excess errors)
FAIL: gcc.dg/torture/pr67222.c -O1 (test for excess errors)
FAIL: gcc.dg/torture/pr67222.c -O2 (test for excess errors)
FAIL: gcc.dg/torture/pr67222.c -O2 -flto (test for excess errors)
FAIL: gcc.dg/torture/pr67222.c -O2 -flto -flto-partition=none (test for excess errors)
FAIL: gcc.dg/torture/pr67222.c -O3 -g (test for excess errors)
FAIL: gcc.dg/torture/pr67222.c -Os (test for excess errors)
XPASS: gcc.dg/vect/bb-slp-div-1.c -flto -ffat-lto-objects scan-tree-dump slp2 "basic block vectorized"
XPASS: gcc.dg/vect/bb-slp-div-1.c scan-tree-dump slp2 "basic block vectorized"
FAIL: gcc.dg/vect/nodump-vect-opt-info-1.c (test for excess errors)
FAIL: gcc.dg/vect/vect-ivdep-1.c (test for excess errors)
FAIL: gcc.dg/vect/vect-ivdep-1.c -flto -ffat-lto-objects (test for excess errors)
FAIL: gcc.dg/vect/vect-ivdep-2.c (test for excess errors)
FAIL: gcc.dg/vect/vect-ivdep-2.c -flto -ffat-lto-objects (test for excess errors)
=== gcc Summary for unix/-m64 ===
# of expected passes 111146
# of unexpected failures 20
# of unexpected successes 2
# of expected failures 558
# of unresolved testcases 1
# of unsupported tests 2838
=== gcc Summary ===
# of expected passes 222746
# of unexpected failures 114
# of unexpected successes 4
# of expected failures 1121
# of unresolved testcases 2
# of unsupported tests 6207
/var/gcc/regression/trunk/11.3-gcc/build/gcc/xgcc version 9.0.0 20181123 (experimental) [trunk revision 266403] (GCC)
=== gdc tests ===
Running target unix
FAIL: gdc.test/compilable/ddoc12.d output-exists ddoc12.o
FAIL: gdc.test/compilable/line.d output-exists line.o
FAIL: gdc.test/compilable/line.d -O2 output-exists line.o
FAIL: gdc.test/compilable/line.d -O2 -frelease output-exists line.o
FAIL: gdc.test/compilable/line.d -frelease output-exists line.o
FAIL: gdc.test/compilable/line.d -g output-exists line.o
FAIL: gdc.test/compilable/line.d -g -O2 output-exists line.o
FAIL: gdc.test/compilable/line.d -g -O2 -frelease output-exists line.o
FAIL: gdc.test/compilable/line.d -g -frelease output-exists line.o
=== gdc Summary for unix ===
# of expected passes 22517
# of unexpected failures 9
# of unsupported tests 40
Running target unix/-m64
FAIL: gdc.test/compilable/ddoc12.d output-exists ddoc12.o
FAIL: gdc.test/compilable/line.d output-exists line.o
FAIL: gdc.test/compilable/line.d -O2 output-exists line.o
FAIL: gdc.test/compilable/line.d -O2 -frelease output-exists line.o
FAIL: gdc.test/compilable/line.d -frelease output-exists line.o
FAIL: gdc.test/compilable/line.d -g output-exists line.o
FAIL: gdc.test/compilable/line.d -g -O2 output-exists line.o
FAIL: gdc.test/compilable/line.d -g -O2 -frelease output-exists line.o
FAIL: gdc.test/compilable/line.d -g -frelease output-exists line.o
=== gdc Summary for unix/-m64 ===
# of expected passes 22517
# of unexpected failures 9
# of unsupported tests 40
=== gdc Summary ===
# of expected passes 45034
# of unexpected failures 18
# of unsupported tests 80
/var/gcc/regression/trunk/11.3-gcc/build/gcc/gdc version 9.0.0 20181123 (experimental) [trunk revision 266403] (GCC)
=== gfortran tests ===
Running target unix
FAIL: gfortran.dg/elemental_subroutine_3.f90 -O1 (test for excess errors)
FAIL: gfortran.dg/elemental_subroutine_3.f90 -O2 (test for excess errors)
FAIL: gfortran.dg/elemental_subroutine_3.f90 -O3 -fomit-frame-pointer -funroll-loops -fpeel-loops -ftracer -finline-functions (test for excess errors)
FAIL: gfortran.dg/elemental_subroutine_3.f90 -O3 -g (test for excess errors)
FAIL: gfortran.dg/elemental_subroutine_3.f90 -Os (test for excess errors)
FAIL: gfortran.dg/unlimited_polymorphic_30.f03 -O0 execution test
=== gfortran Summary for unix ===
# of expected passes 47836
# of unexpected failures 6
# of expected failures 103
# of unsupported tests 264
Running target unix/-m64
FAIL: gfortran.dg/elemental_subroutine_3.f90 -O1 (test for excess errors)
FAIL: gfortran.dg/elemental_subroutine_3.f90 -O2 (test for excess errors)
FAIL: gfortran.dg/elemental_subroutine_3.f90 -O3 -fomit-frame-pointer -funroll-loops -fpeel-loops -ftracer -finline-functions (test for excess errors)
FAIL: gfortran.dg/elemental_subroutine_3.f90 -O3 -g (test for excess errors)
FAIL: gfortran.dg/elemental_subroutine_3.f90 -Os (test for excess errors)
FAIL: gfortran.dg/unlimited_polymorphic_30.f03 -O0 execution test
FAIL: gfortran.dg/unlimited_polymorphic_30.f03 -O1 execution test
FAIL: gfortran.dg/unlimited_polymorphic_30.f03 -O2 execution test
FAIL: gfortran.dg/unlimited_polymorphic_30.f03 -O3 -fomit-frame-pointer -funroll-loops -fpeel-loops -ftracer -finline-functions execution test
FAIL: gfortran.dg/unlimited_polymorphic_30.f03 -O3 -g execution test
FAIL: gfortran.dg/unlimited_polymorphic_30.f03 -Os execution test
=== gfortran Summary for unix/-m64 ===
# of expected passes 48078
# of unexpected failures 11
# of expected failures 103
# of unsupported tests 143
=== gfortran Summary ===
# of expected passes 95914
# of unexpected failures 17
# of expected failures 206
# of unsupported tests 407
/var/gcc/regression/trunk/11.3-gcc/build/gcc/gfortran version 9.0.0 20181123 (experimental) [trunk revision 266403] (GCC)
=== gnat tests ===
Running target unix
XPASS: gnat.dg/lto19.adb (test for excess errors)
FAIL: gnat.dg/lto8.adb (test for excess errors)
FAIL: gnat.dg/lto8.adb 3 blank line(s) in output
UNRESOLVED: gnat.dg/lto8.adb compilation failed to produce executable
=== gnat Summary for unix ===
# of expected passes 2882
# of unexpected failures 2
# of unexpected successes 1
# of expected failures 23
# of unresolved testcases 1
# of unsupported tests 30
Running target unix/-m64
XPASS: gnat.dg/lto19.adb (test for excess errors)
FAIL: gnat.dg/lto8.adb (test for excess errors)
FAIL: gnat.dg/lto8.adb 3 blank line(s) in output
UNRESOLVED: gnat.dg/lto8.adb compilation failed to produce executable
=== gnat Summary for unix/-m64 ===
# of expected passes 2882
# of unexpected failures 2
# of unexpected successes 1
# of expected failures 23
# of unresolved testcases 1
# of unsupported tests 30
=== gnat Summary ===
# of expected passes 5764
# of unexpected failures 4
# of unexpected successes 2
# of expected failures 46
# of unresolved testcases 2
# of unsupported tests 60
/var/gcc/regression/trunk/11.3-gcc/build/gcc/gnatmake version 9.0.0 20181123 (experimental) [trunk revision 266403]
=== go tests ===
Running target unix
FAIL: ./index0-out.go execution, -O0 -g -fno-var-tracking-assignments
FAIL: go.test/test/fixedbugs/issue4562.go execution, -O2 -g
FAIL: go.test/test/nil.go execution, -O2 -g
=== go Summary for unix ===
# of expected passes 7391
# of unexpected failures 3
# of expected failures 1
# of untested testcases 11
# of unsupported tests 3
Running target unix/-m64
FAIL: ./index0-out.go execution, -O0 -g -fno-var-tracking-assignments
=== go Summary for unix/-m64 ===
# of expected passes 7273
# of unexpected failures 1
# of expected failures 1
# of untested testcases 11
# of unsupported tests 3
=== go Summary ===
# of expected passes 14664
# of unexpected failures 4
# of expected failures 2
# of untested testcases 22
# of unsupported tests 6
=== obj-c++ tests ===
Running target unix
=== obj-c++ Summary for unix ===
# of expected passes 1466
# of expected failures 2
# of unsupported tests 77
Running target unix/-m64
=== obj-c++ Summary for unix/-m64 ===
# of expected passes 1458
# of expected failures 10
# of unsupported tests 77
=== obj-c++ Summary ===
# of expected passes 2924
# of expected failures 12
# of unsupported tests 154
/var/gcc/regression/trunk/11.3-gcc/build/gcc/xg++ version 9.0.0 20181123 (experimental) [trunk revision 266403] (GCC)
=== objc tests ===
Running target unix
=== objc Summary for unix ===
# of expected passes 2803
# of unsupported tests 68
Running target unix/-m64
=== objc Summary for unix/-m64 ===
# of expected passes 2803
# of unsupported tests 68
=== objc Summary ===
# of expected passes 5606
# of unsupported tests 136
/var/gcc/regression/trunk/11.3-gcc/build/gcc/xgcc version 9.0.0 20181123 (experimental) [trunk revision 266403] (GCC)
=== gotools tests ===
FAIL: go test cmd/go
FAIL: TestAbort
FAIL: TestBreakpoint
FAIL: TestCatchPanic
FAIL: TestCgoCCodeSIGPROF
FAIL: TestCgoCallbackGC
FAIL: TestCgoCheckBytes
FAIL: TestCgoCrashHandler
FAIL: TestCgoExecSignalMask
FAIL: TestCgoExternalThreadPanic
FAIL: TestCgoExternalThreadSIGPROF
FAIL: TestCgoExternalThreadSignal
FAIL: TestCgoLockOSThreadExit
FAIL: TestCgoNumGoroutine
FAIL: TestCgoPanicDeadlock
FAIL: TestCgoSignalDeadlock
FAIL: TestCgoTraceback
FAIL: TestCgoTracebackSigpanic
FAIL: TestCrashDumpsAllThreads
FAIL: TestCrashHandler
FAIL: TestEnsureDropM
FAIL: TestG0StackOverflow
FAIL: TestGccgoCrashTraceback
FAIL: TestGccgoCrashTracebackNodebug
FAIL: TestPanicInlined
FAIL: TestSelectStackAdjust
FAIL: TestSigStackSwapping
FAIL: go test runtime
FAIL: go test misc/cgo/test
FAIL: go test misc/cgo/testcarchive
FAIL: go test cmd/vet
=== gotools Summary ===
# of expected passes 147
# of unexpected failures 31
# of untested testcases 52
/var/gcc/regression/trunk/11.3-gcc/build/./gcc/gccgo version 9.0.0 20181123 (experimental) [trunk revision 266403] (GCC)
=== libatomic tests ===
Running target unix
=== libatomic Summary for unix ===
# of expected passes 44
# of unsupported tests 5
Running target unix/-m64
=== libatomic Summary for unix/-m64 ===
# of expected passes 54
=== libatomic Summary ===
# of expected passes 98
# of unsupported tests 5
=== libffi tests ===
Running target unix
=== libffi Summary for unix ===
# of expected passes 2214
Running target unix/-m64
=== libffi Summary for unix/-m64 ===
# of expected passes 2214
=== libffi Summary ===
# of expected passes 4428
=== libgo tests ===
Running target unix
FAIL: go/build
FAIL: golang_org/x/crypto/cryptobyte
FAIL: net
FAIL: net/http
FAIL: runtime
FAIL: runtime/pprof
=== libgo Summary for unix ===
# of expected passes 178
# of unexpected failures 6
Running target unix/-m64
FAIL: go/build
FAIL: os
FAIL: runtime
FAIL: runtime/pprof
=== libgo Summary for unix/-m64 ===
# of expected passes 180
# of unexpected failures 4
=== libgo Summary ===
# of expected passes 358
# of unexpected failures 10
/var/gcc/regression/trunk/11.3-gcc/build/./gcc/gccgo version 9.0.0 20181123 (experimental) [trunk revision 266403] (GCC)
=== libgomp tests ===
Running target unix
=== libgomp Summary for unix ===
# of expected passes 6242
# of expected failures 1
# of unsupported tests 407
Running target unix/-m64
=== libgomp Summary for unix/-m64 ===
# of expected passes 6242
# of expected failures 1
# of unsupported tests 407
=== libgomp Summary ===
# of expected passes 12484
# of expected failures 2
# of unsupported tests 814
=== libitm tests ===
Running target unix
=== libitm Summary for unix ===
# of expected passes 42
# of expected failures 3
# of unsupported tests 1
Running target unix/-m64
=== libitm Summary for unix/-m64 ===
# of expected passes 42
# of expected failures 3
# of unsupported tests 1
=== libitm Summary ===
# of expected passes 84
# of expected failures 6
# of unsupported tests 2
=== libstdc++ tests ===
Running target unix
FAIL: experimental/net/internet/resolver/ops/lookup.cc execution test
=== libstdc++ Summary for unix ===
# of expected passes 11730
# of unexpected failures 1
# of expected failures 77
# of unsupported tests 664
Running target unix/-m64
FAIL: experimental/net/internet/resolver/ops/lookup.cc execution test
=== libstdc++ Summary for unix/-m64 ===
# of expected passes 11730
# of unexpected failures 1
# of expected failures 77
# of unsupported tests 664
=== libstdc++ Summary ===
# of expected passes 23460
# of unexpected failures 2
# of expected failures 154
# of unsupported tests 1328
Compiler version: 9.0.0 20181123 (experimental) [trunk revision 266403] (GCC)
Platform: sparc-sun-solaris2.11
configure flags: --prefix=/vol/gcc --target=sparc-sun-solaris2.11 --enable-objc-gc --with-target-bdw-gc-include=/vol/gcc/include --with-target-bdw-gc-lib=/vol/gcc/lib,sparcv9=/vol/gcc/lib/sparcv9 --with-as=/usr/ccs/bin/as --without-gnu-as --with-gmp-include=/vol/gcc/include --with-gmp-lib=/vol/gcc/lib --with-mpfr-include=/vol/gcc/include --with-mpfr-lib=/vol/gcc/lib --with-mpc-include=/vol/gcc/include --with-mpc-lib=/vol/gcc/lib --enable-languages=all,ada,obj-c++,go --with-isl-include=/vol/gcc/include --with-isl-lib=/vol/gcc/lib --build=sparc-sun-solaris2.11 --host=sparc-sun-solaris2.11
BOOT_CFLAGS=-g -O2
More information about the Gcc-testresults
mailing list