Results for 9.0.0 20181122 (experimental) [master revision 266387] (GCC) testsuite on i686-pc-linux-gnu
LINARO TCWG
tcwg-buildslave@linaro.org
Fri Nov 23 01:39:00 GMT 2018
LAST_UPDATED: Thu Nov 22 22:06:50 UTC 2018 (revision 266387)
Native configuration is i686-pc-linux-gnu
=== g++ tests ===
Running target tcwg-local
FAIL: g++.dg/pr83239.C -std=gnu++98 (test for excess errors)
FAIL: g++.dg/guality/pr55665.C -O2 line 23 p == 40
FAIL: g++.dg/guality/pr55665.C -O2 -flto -fno-use-linker-plugin -flto-partition=none line 23 p == 40
FAIL: g++.dg/guality/pr55665.C -O3 -g line 23 p == 40
FAIL: g++.dg/lto/odr-2 (test for LTO warnings, odr-2_0.C line 3)
FAIL: g++.dg/lto/odr-2 (test for LTO warnings, odr-2_1.C line 1)
FAIL: g++.dg/lto/odr-3 (test for LTO warnings, odr-3_0.C line 5)
FAIL: g++.dg/lto/odr-3 (test for LTO warnings, odr-3_0.C line 6)
FAIL: g++.dg/lto/odr-3 (test for LTO warnings, odr-3_0.C line 6)
FAIL: g++.dg/lto/odr-3 (test for LTO warnings, odr-3_0.C line 7)
FAIL: g++.dg/lto/odr-3 (test for LTO warnings, odr-3_0.C line 7)
FAIL: g++.dg/lto/odr-3 (test for LTO warnings, odr-3_0.C line 9)
FAIL: g++.dg/lto/odr-3 (test for LTO warnings, odr-3_0.C line 9)
FAIL: g++.dg/lto/odr-3 (test for LTO warnings, odr-3_1.C line 1)
FAIL: g++.dg/lto/odr-3 (test for LTO warnings, odr-3_1.C line 1)
FAIL: g++.dg/lto/odr-3 (test for LTO warnings, odr-3_1.C line 5)
FAIL: g++.dg/lto/odr-3 (test for LTO warnings, odr-3_1.C line 5)
FAIL: g++.dg/lto/odr-3 cp_lto_odr-3_0.o-cp_lto_odr-3_1.o link, -O0
FAIL: g++.dg/lto/odr-3 cp_lto_odr-3_0.o-cp_lto_odr-3_1.o link, -flto
=== g++ Summary ===
# of expected passes 128606
# of unexpected failures 19
# of expected failures 531
# of unsupported tests 5367
/home/tcwg-buildslave/workspace/tcwg-buildfarm/tcwg-x86_32-build/_build/builds/i686-pc-linux-gnu/i686-pc-linux-gnu/gcc.git~master_rev_44d06499545941dd01728d8dead3dba7c9523e83-stage2/gcc/xg++ version 9.0.0 20181122 (experimental) [master revision 266387] (GCC)
=== gcc tests ===
Running target tcwg-local
FAIL: c-c++-common/Wconversion-real.c -Wc++-compat (test for excess errors)
FAIL: c-c++-common/Wfloat-conversion.c -Wc++-compat (test for warnings, line 32)
FAIL: c-c++-common/Wfloat-conversion.c -Wc++-compat (test for warnings, line 45)
FAIL: c-c++-common/Wfloat-conversion.c -Wc++-compat (test for warnings, line 47)
FAIL: c-c++-common/Wfloat-conversion.c -Wc++-compat (test for excess errors)
FAIL: gcc.dg/Wbuiltin-declaration-mismatch-4.c (test for warnings, line 80)
FAIL: gcc.dg/Wbuiltin-declaration-mismatch-4.c (test for warnings, line 82)
FAIL: gcc.dg/Wbuiltin-declaration-mismatch-4.c (test for excess errors)
XPASS: gcc.dg/guality/example.c -O0 execution test
XPASS: gcc.dg/guality/example.c -O1 -DPREVENT_OPTIMIZATION execution test
XPASS: gcc.dg/guality/example.c -O2 -DPREVENT_OPTIMIZATION execution test
XPASS: gcc.dg/guality/example.c -O2 -flto -fno-use-linker-plugin -flto-partition=none -DPREVENT_OPTIMIZATION execution test
XPASS: gcc.dg/guality/example.c -Og -DPREVENT_OPTIMIZATION execution test
XPASS: gcc.dg/guality/guality.c -O0 execution test
XPASS: gcc.dg/guality/guality.c -O1 -DPREVENT_OPTIMIZATION execution test
XPASS: gcc.dg/guality/guality.c -O2 -DPREVENT_OPTIMIZATION execution test
XPASS: gcc.dg/guality/guality.c -O2 -flto -fno-use-linker-plugin -flto-partition=none -DPREVENT_OPTIMIZATION execution test
XPASS: gcc.dg/guality/guality.c -O2 -flto -fuse-linker-plugin -fno-fat-lto-objects -DPREVENT_OPTIMIZATION execution test
XPASS: gcc.dg/guality/guality.c -O3 -g -DPREVENT_OPTIMIZATION execution test
XPASS: gcc.dg/guality/guality.c -Os -DPREVENT_OPTIMIZATION execution test
XPASS: gcc.dg/guality/guality.c -Og -DPREVENT_OPTIMIZATION execution test
XPASS: gcc.dg/guality/inline-params.c -O2 -DPREVENT_OPTIMIZATION execution test
XPASS: gcc.dg/guality/inline-params.c -O2 -flto -fno-use-linker-plugin -flto-partition=none -DPREVENT_OPTIMIZATION execution test
XPASS: gcc.dg/guality/inline-params.c -O2 -flto -fuse-linker-plugin -fno-fat-lto-objects -DPREVENT_OPTIMIZATION execution test
XPASS: gcc.dg/guality/inline-params.c -O3 -g -DPREVENT_OPTIMIZATION execution test
XPASS: gcc.dg/guality/inline-params.c -Os -DPREVENT_OPTIMIZATION execution test
XPASS: gcc.dg/guality/pr41353-1.c -O0 line 28 j == 28 + 37
XPASS: gcc.dg/guality/pr41353-1.c -Os -DPREVENT_OPTIMIZATION line 28 j == 28 + 37
XPASS: gcc.dg/guality/pr41353-1.c -Og -DPREVENT_OPTIMIZATION line 28 j == 28 + 37
FAIL: gcc.dg/guality/pr41447-1.c -O2 -DPREVENT_OPTIMIZATION execution test
FAIL: gcc.dg/guality/pr41447-1.c -O2 -flto -fno-use-linker-plugin -flto-partition=none -DPREVENT_OPTIMIZATION execution test
FAIL: gcc.dg/guality/pr41447-1.c -O3 -g -DPREVENT_OPTIMIZATION execution test
FAIL: gcc.dg/guality/pr41447-1.c -Os -DPREVENT_OPTIMIZATION execution test
FAIL: gcc.dg/guality/pr54519-1.c -O2 -flto -fno-use-linker-plugin -flto-partition=none -DPREVENT_OPTIMIZATION line 20 y == 25
FAIL: gcc.dg/guality/pr54519-1.c -O2 -flto -fno-use-linker-plugin -flto-partition=none -DPREVENT_OPTIMIZATION line 20 z == 6
FAIL: gcc.dg/guality/pr54519-1.c -O2 -flto -fno-use-linker-plugin -flto-partition=none -DPREVENT_OPTIMIZATION line 23 y == 117
FAIL: gcc.dg/guality/pr54519-1.c -O2 -flto -fno-use-linker-plugin -flto-partition=none -DPREVENT_OPTIMIZATION line 23 z == 8
FAIL: gcc.dg/guality/pr54519-2.c -O2 -flto -fno-use-linker-plugin -flto-partition=none -DPREVENT_OPTIMIZATION line 17 y == 25
FAIL: gcc.dg/guality/pr54519-2.c -O2 -flto -fuse-linker-plugin -fno-fat-lto-objects -DPREVENT_OPTIMIZATION line 17 y == 25
FAIL: gcc.dg/guality/pr54519-3.c -O2 -flto -fno-use-linker-plugin -flto-partition=none -DPREVENT_OPTIMIZATION line 23 y == 117
FAIL: gcc.dg/guality/pr54519-3.c -O2 -flto -fno-use-linker-plugin -flto-partition=none -DPREVENT_OPTIMIZATION line 23 z == 8
FAIL: gcc.dg/guality/pr54519-3.c -O2 -flto -fuse-linker-plugin -fno-fat-lto-objects -DPREVENT_OPTIMIZATION line 23 y == 117
FAIL: gcc.dg/guality/pr54519-3.c -O2 -flto -fuse-linker-plugin -fno-fat-lto-objects -DPREVENT_OPTIMIZATION line 23 z == 8
FAIL: gcc.dg/guality/pr54519-4.c -O2 -flto -fno-use-linker-plugin -flto-partition=none -DPREVENT_OPTIMIZATION line 17 y == 25
FAIL: gcc.dg/guality/pr54519-4.c -O2 -flto -fuse-linker-plugin -fno-fat-lto-objects -DPREVENT_OPTIMIZATION line 17 y == 25
FAIL: gcc.dg/guality/pr54519-5.c -O2 -flto -fno-use-linker-plugin -flto-partition=none -DPREVENT_OPTIMIZATION line 17 y == 25
FAIL: gcc.dg/guality/pr54519-5.c -O2 -flto -fuse-linker-plugin -fno-fat-lto-objects -DPREVENT_OPTIMIZATION line 17 y == 25
XPASS: gcc.dg/guality/pr54970.c -O0 line 31 a[0] == 4
XPASS: gcc.dg/guality/pr54970.c -O0 line 36 a[0] == 4
XPASS: gcc.dg/guality/pr54970.c -O0 line 45 a[0] == 4
XPASS: gcc.dg/guality/pr54970.c -O0 line 45 p[-2] == 4
XPASS: gcc.dg/guality/pr54970.c -O0 line 45 q[-1] == 4
FAIL: gcc.dg/guality/pr54970.c -Og -DPREVENT_OPTIMIZATION line 15 *p == 3
FAIL: gcc.dg/guality/pr54970.c -Og -DPREVENT_OPTIMIZATION line 15 *q == 2
FAIL: gcc.dg/guality/pr54970.c -Og -DPREVENT_OPTIMIZATION line 15 a[0] == 1
FAIL: gcc.dg/guality/pr54970.c -Og -DPREVENT_OPTIMIZATION line 15 a[1] == 2
FAIL: gcc.dg/guality/pr54970.c -Og -DPREVENT_OPTIMIZATION line 15 a[2] == 3
FAIL: gcc.dg/guality/pr54970.c -Og -DPREVENT_OPTIMIZATION line 20 *p == 13
FAIL: gcc.dg/guality/pr54970.c -Og -DPREVENT_OPTIMIZATION line 20 *q == 2
FAIL: gcc.dg/guality/pr54970.c -Og -DPREVENT_OPTIMIZATION line 20 a[0] == 1
FAIL: gcc.dg/guality/pr54970.c -Og -DPREVENT_OPTIMIZATION line 20 a[1] == 2
FAIL: gcc.dg/guality/pr54970.c -Og -DPREVENT_OPTIMIZATION line 20 a[2] == 13
FAIL: gcc.dg/guality/pr54970.c -Og -DPREVENT_OPTIMIZATION line 25 *p == 13
FAIL: gcc.dg/guality/pr54970.c -Og -DPREVENT_OPTIMIZATION line 25 *q == 12
FAIL: gcc.dg/guality/pr54970.c -Og -DPREVENT_OPTIMIZATION line 25 a[0] == 1
FAIL: gcc.dg/guality/pr54970.c -Og -DPREVENT_OPTIMIZATION line 25 a[1] == 12
FAIL: gcc.dg/guality/pr54970.c -Og -DPREVENT_OPTIMIZATION line 25 a[2] == 13
FAIL: gcc.dg/guality/pr54970.c -Og -DPREVENT_OPTIMIZATION line 31 *p == 6
FAIL: gcc.dg/guality/pr54970.c -Og -DPREVENT_OPTIMIZATION line 31 *q == 5
FAIL: gcc.dg/guality/pr54970.c -Og -DPREVENT_OPTIMIZATION line 31 a[1] == 5
FAIL: gcc.dg/guality/pr54970.c -Og -DPREVENT_OPTIMIZATION line 31 a[2] == 6
FAIL: gcc.dg/guality/pr54970.c -Og -DPREVENT_OPTIMIZATION line 36 *p == 26
FAIL: gcc.dg/guality/pr54970.c -Og -DPREVENT_OPTIMIZATION line 36 *q == 5
FAIL: gcc.dg/guality/pr54970.c -Og -DPREVENT_OPTIMIZATION line 36 a[1] == 5
FAIL: gcc.dg/guality/pr54970.c -Og -DPREVENT_OPTIMIZATION line 36 a[2] == 26
FAIL: gcc.dg/guality/pr54970.c -Og -DPREVENT_OPTIMIZATION line 45 *p == 26
FAIL: gcc.dg/guality/pr54970.c -Og -DPREVENT_OPTIMIZATION line 45 *q == 25
FAIL: gcc.dg/guality/pr54970.c -Og -DPREVENT_OPTIMIZATION line 45 a[1] == 25
FAIL: gcc.dg/guality/pr54970.c -Og -DPREVENT_OPTIMIZATION line 45 a[2] == 26
FAIL: gcc.dg/guality/pr54970.c -Og -DPREVENT_OPTIMIZATION line 45 p[-1] == 25
FAIL: gcc.dg/guality/pr54970.c -Og -DPREVENT_OPTIMIZATION line 45 q[1] == 26
FAIL: gcc.dg/guality/pr56154-1.c -Og -DPREVENT_OPTIMIZATION line pr56154-1.c:20 x.a == 6
FAIL: gcc.dg/guality/pr59776.c -Og -DPREVENT_OPTIMIZATION line pr59776.c:17 s1.f == 5.0
FAIL: gcc.dg/guality/pr59776.c -Og -DPREVENT_OPTIMIZATION line pr59776.c:17 s1.g == 6.0
FAIL: gcc.dg/guality/pr59776.c -Og -DPREVENT_OPTIMIZATION line pr59776.c:17 s2.f == 0.0
FAIL: gcc.dg/guality/pr59776.c -Og -DPREVENT_OPTIMIZATION line pr59776.c:17 s2.g == 6.0
FAIL: gcc.dg/guality/pr59776.c -Og -DPREVENT_OPTIMIZATION line pr59776.c:20 s1.f == 5.0
FAIL: gcc.dg/guality/pr59776.c -Og -DPREVENT_OPTIMIZATION line pr59776.c:20 s1.g == 6.0
FAIL: gcc.dg/guality/pr59776.c -Og -DPREVENT_OPTIMIZATION line pr59776.c:20 s2.f == 5.0
FAIL: gcc.dg/guality/pr59776.c -Og -DPREVENT_OPTIMIZATION line pr59776.c:20 s2.g == 6.0
FAIL: gcc.dg/guality/pr68860-1.c -O2 -flto -fno-use-linker-plugin -flto-partition=none -DPREVENT_OPTIMIZATION line 14 arg1 == 1
FAIL: gcc.dg/guality/pr68860-1.c -O2 -flto -fno-use-linker-plugin -flto-partition=none -DPREVENT_OPTIMIZATION line 14 arg2 == 2
FAIL: gcc.dg/guality/pr68860-1.c -O2 -flto -fno-use-linker-plugin -flto-partition=none -DPREVENT_OPTIMIZATION line 14 arg3 == 3
FAIL: gcc.dg/guality/pr68860-1.c -O2 -flto -fno-use-linker-plugin -flto-partition=none -DPREVENT_OPTIMIZATION line 14 arg4 == 4
FAIL: gcc.dg/guality/pr68860-1.c -O2 -flto -fno-use-linker-plugin -flto-partition=none -DPREVENT_OPTIMIZATION line 14 arg5 == 5
FAIL: gcc.dg/guality/pr68860-1.c -O2 -flto -fno-use-linker-plugin -flto-partition=none -DPREVENT_OPTIMIZATION line 14 arg6 == 6
FAIL: gcc.dg/guality/pr68860-1.c -O2 -flto -fno-use-linker-plugin -flto-partition=none -DPREVENT_OPTIMIZATION line 16 arg1 == 1
FAIL: gcc.dg/guality/pr68860-1.c -O2 -flto -fno-use-linker-plugin -flto-partition=none -DPREVENT_OPTIMIZATION line 16 arg2 == 2
FAIL: gcc.dg/guality/pr68860-1.c -O2 -flto -fno-use-linker-plugin -flto-partition=none -DPREVENT_OPTIMIZATION line 16 arg3 == 3
FAIL: gcc.dg/guality/pr68860-1.c -O2 -flto -fno-use-linker-plugin -flto-partition=none -DPREVENT_OPTIMIZATION line 16 arg4 == 4
FAIL: gcc.dg/guality/pr68860-1.c -O2 -flto -fno-use-linker-plugin -flto-partition=none -DPREVENT_OPTIMIZATION line 16 arg5 == 5
FAIL: gcc.dg/guality/pr68860-1.c -O2 -flto -fno-use-linker-plugin -flto-partition=none -DPREVENT_OPTIMIZATION line 16 arg6 == 6
FAIL: gcc.dg/guality/pr68860-1.c -O2 -flto -fuse-linker-plugin -fno-fat-lto-objects -DPREVENT_OPTIMIZATION line 14 arg1 == 1
FAIL: gcc.dg/guality/pr68860-1.c -O2 -flto -fuse-linker-plugin -fno-fat-lto-objects -DPREVENT_OPTIMIZATION line 14 arg2 == 2
FAIL: gcc.dg/guality/pr68860-1.c -O2 -flto -fuse-linker-plugin -fno-fat-lto-objects -DPREVENT_OPTIMIZATION line 14 arg3 == 3
FAIL: gcc.dg/guality/pr68860-1.c -O2 -flto -fuse-linker-plugin -fno-fat-lto-objects -DPREVENT_OPTIMIZATION line 14 arg4 == 4
FAIL: gcc.dg/guality/pr68860-1.c -O2 -flto -fuse-linker-plugin -fno-fat-lto-objects -DPREVENT_OPTIMIZATION line 14 arg5 == 5
FAIL: gcc.dg/guality/pr68860-1.c -O2 -flto -fuse-linker-plugin -fno-fat-lto-objects -DPREVENT_OPTIMIZATION line 14 arg6 == 6
FAIL: gcc.dg/guality/pr68860-1.c -O2 -flto -fuse-linker-plugin -fno-fat-lto-objects -DPREVENT_OPTIMIZATION line 16 arg1 == 1
FAIL: gcc.dg/guality/pr68860-1.c -O2 -flto -fuse-linker-plugin -fno-fat-lto-objects -DPREVENT_OPTIMIZATION line 16 arg2 == 2
FAIL: gcc.dg/guality/pr68860-1.c -O2 -flto -fuse-linker-plugin -fno-fat-lto-objects -DPREVENT_OPTIMIZATION line 16 arg3 == 3
FAIL: gcc.dg/guality/pr68860-1.c -O2 -flto -fuse-linker-plugin -fno-fat-lto-objects -DPREVENT_OPTIMIZATION line 16 arg4 == 4
FAIL: gcc.dg/guality/pr68860-1.c -O2 -flto -fuse-linker-plugin -fno-fat-lto-objects -DPREVENT_OPTIMIZATION line 16 arg5 == 5
FAIL: gcc.dg/guality/pr68860-1.c -O2 -flto -fuse-linker-plugin -fno-fat-lto-objects -DPREVENT_OPTIMIZATION line 16 arg6 == 6
FAIL: gcc.dg/guality/sra-1.c -Og -DPREVENT_OPTIMIZATION line 21 a.i == 4
FAIL: gcc.dg/guality/sra-1.c -Og -DPREVENT_OPTIMIZATION line 21 a.j == 14
FAIL: gcc.dg/guality/sra-1.c -Og -DPREVENT_OPTIMIZATION line 32 a[0] == 4
FAIL: gcc.dg/guality/sra-1.c -Og -DPREVENT_OPTIMIZATION line 32 a[1] == 14
FAIL: gcc.dg/guality/sra-1.c -Og -DPREVENT_OPTIMIZATION line 43 a.i == 4
FAIL: gcc.dg/guality/sra-1.c -Og -DPREVENT_OPTIMIZATION line 43 a.j == 14
FAIL: gcc.dg/guality/vla-1.c -O1 -DPREVENT_OPTIMIZATION line 17 sizeof (a) == 6
FAIL: gcc.dg/guality/vla-1.c -O2 -DPREVENT_OPTIMIZATION line 17 sizeof (a) == 6
FAIL: gcc.dg/guality/vla-1.c -O2 -flto -fno-use-linker-plugin -flto-partition=none -DPREVENT_OPTIMIZATION line 17 sizeof (a) == 6
FAIL: gcc.dg/guality/vla-1.c -O2 -flto -fuse-linker-plugin -fno-fat-lto-objects -DPREVENT_OPTIMIZATION line 17 sizeof (a) == 6
FAIL: gcc.dg/guality/vla-1.c -O3 -g -DPREVENT_OPTIMIZATION line 17 sizeof (a) == 6
FAIL: gcc.dg/guality/vla-1.c -Os -DPREVENT_OPTIMIZATION line 17 sizeof (a) == 6
FAIL: gcc.dg/tree-ssa/builtin-sprintf-10.c (test for excess errors)
FAIL: gcc.dg/tree-ssa/builtin-sprintf-warn-18.c (test for warnings, line 120)
FAIL: gcc.dg/tree-ssa/builtin-sprintf-warn-18.c (test for warnings, line 122)
XPASS: gcc.dg/vect/vect-24.c -flto -ffat-lto-objects scan-tree-dump-times vect "vectorized 3 loops" 1
XPASS: gcc.dg/vect/vect-24.c scan-tree-dump-times vect "vectorized 3 loops" 1
FAIL: gcc.target/i386/gfni-4.c (test for excess errors)
UNRESOLVED: gcc.target/i386/gfni-4.c scan-assembler-times gf2p8affineinvqb[ \\\\t]+[^{\\n]*\\\\\$3[^\\n\\r]*%xmm[0-9]+[^\\n\\r]*%xmm[0-9]+(?:\\n|[ \\\\t]+#) 1
UNRESOLVED: gcc.target/i386/gfni-4.c scan-assembler-times gf2p8affineqb[ \\\\t]+[^{\\n]*\\\\\$3[^\\n\\r]*%xmm[0-9]+[^\\n\\r]*%xmm[0-9]+(?:\\n|[ \\\\t]+#) 1
UNRESOLVED: gcc.target/i386/gfni-4.c scan-assembler-times gf2p8mulb[ \\\\t]+[^{\\n]*%xmm[0-9]+[^\\n\\r]*%xmm[0-9]+(?:\\n|[ \\\\t]+#) 1
FAIL: gcc.target/i386/pr22076.c scan-assembler-not movl
FAIL: gcc.target/i386/pr57193.c scan-assembler-times movdqa 2
FAIL: gcc.target/i386/pr81563.c scan-assembler-times movl[\\\\t ]*-4\\\\(%ebp\\\\),[\\\\t ]*%edi 1
FAIL: gcc.target/i386/pr81563.c scan-assembler-times movl[\\\\t ]*-8\\\\(%ebp\\\\),[\\\\t ]*%esi 1
FAIL: gcc.target/i386/pr87955.c (test for errors, line 10)
=== gcc Summary ===
# of expected passes 138140
# of unexpected failures 109
# of unexpected successes 28
# of expected failures 534
# of unresolved testcases 3
# of unsupported tests 2539
/home/tcwg-buildslave/workspace/tcwg-buildfarm/tcwg-x86_32-build/_build/builds/i686-pc-linux-gnu/i686-pc-linux-gnu/gcc.git~master_rev_44d06499545941dd01728d8dead3dba7c9523e83-stage2/gcc/xgcc version 9.0.0 20181122 (experimental) [master revision 266387] (GCC)
=== gfortran tests ===
Running target tcwg-local
FAIL: gfortran.dg/inquiry_type_ref_1.f08 -O0 (internal compiler error)
FAIL: gfortran.dg/inquiry_type_ref_1.f08 -O0 (test for excess errors)
UNRESOLVED: gfortran.dg/inquiry_type_ref_1.f08 -O0 compilation failed to produce executable
FAIL: gfortran.dg/inquiry_type_ref_1.f08 -O1 (internal compiler error)
FAIL: gfortran.dg/inquiry_type_ref_1.f08 -O1 (test for excess errors)
UNRESOLVED: gfortran.dg/inquiry_type_ref_1.f08 -O1 compilation failed to produce executable
FAIL: gfortran.dg/inquiry_type_ref_1.f08 -O2 (internal compiler error)
FAIL: gfortran.dg/inquiry_type_ref_1.f08 -O2 (test for excess errors)
UNRESOLVED: gfortran.dg/inquiry_type_ref_1.f08 -O2 compilation failed to produce executable
FAIL: gfortran.dg/inquiry_type_ref_1.f08 -O3 -fomit-frame-pointer -funroll-loops -fpeel-loops -ftracer -finline-functions (internal compiler error)
FAIL: gfortran.dg/inquiry_type_ref_1.f08 -O3 -fomit-frame-pointer -funroll-loops -fpeel-loops -ftracer -finline-functions (test for excess errors)
UNRESOLVED: gfortran.dg/inquiry_type_ref_1.f08 -O3 -fomit-frame-pointer -funroll-loops -fpeel-loops -ftracer -finline-functions compilation failed to produce executable
FAIL: gfortran.dg/inquiry_type_ref_1.f08 -O3 -g (internal compiler error)
FAIL: gfortran.dg/inquiry_type_ref_1.f08 -O3 -g (test for excess errors)
UNRESOLVED: gfortran.dg/inquiry_type_ref_1.f08 -O3 -g compilation failed to produce executable
FAIL: gfortran.dg/inquiry_type_ref_1.f08 -Os (internal compiler error)
FAIL: gfortran.dg/inquiry_type_ref_1.f08 -Os (test for excess errors)
UNRESOLVED: gfortran.dg/inquiry_type_ref_1.f08 -Os compilation failed to produce executable
FAIL: gfortran.dg/inquiry_type_ref_3.f90 -O (test for errors, line 19)
FAIL: gfortran.dg/inquiry_type_ref_3.f90 -O (test for errors, line 20)
FAIL: gfortran.dg/inquiry_type_ref_3.f90 -O (test for errors, line 23)
FAIL: gfortran.dg/inquiry_type_ref_3.f90 -O (test for errors, line 24)
FAIL: gfortran.dg/inquiry_type_ref_3.f90 -O (test for errors, line 25)
FAIL: gfortran.dg/inquiry_type_ref_3.f90 -O (test for errors, line 26)
FAIL: gfortran.dg/inquiry_type_ref_3.f90 -O (test for errors, line 27)
FAIL: gfortran.dg/inquiry_type_ref_3.f90 -O (internal compiler error)
FAIL: gfortran.dg/inquiry_type_ref_3.f90 -O (test for excess errors)
FAIL: gfortran.dg/vect/fast-math-mgrid-resid.f -O scan-tree-dump pcom "vectp_u.*__lsm.* = PHI <.*vectp_u.*__lsm"
=== gfortran Summary ===
# of expected passes 47831
# of unexpected failures 22
# of expected failures 93
# of unresolved testcases 6
# of unsupported tests 179
/home/tcwg-buildslave/workspace/tcwg-buildfarm/tcwg-x86_32-build/_build/builds/i686-pc-linux-gnu/i686-pc-linux-gnu/gcc.git~master_rev_44d06499545941dd01728d8dead3dba7c9523e83-stage2/gcc/gfortran version 9.0.0 20181122 (experimental) [master revision 266387] (GCC)
=== obj-c++ tests ===
Running target tcwg-local
=== obj-c++ Summary ===
# of expected passes 1466
# of expected failures 2
# of unsupported tests 77
/home/tcwg-buildslave/workspace/tcwg-buildfarm/tcwg-x86_32-build/_build/builds/i686-pc-linux-gnu/i686-pc-linux-gnu/gcc.git~master_rev_44d06499545941dd01728d8dead3dba7c9523e83-stage2/gcc/xg++ version 9.0.0 20181122 (experimental) [master revision 266387] (GCC)
=== objc tests ===
Running target tcwg-local
=== objc Summary ===
# of expected passes 2797
# of expected failures 6
# of unsupported tests 68
/home/tcwg-buildslave/workspace/tcwg-buildfarm/tcwg-x86_32-build/_build/builds/i686-pc-linux-gnu/i686-pc-linux-gnu/gcc.git~master_rev_44d06499545941dd01728d8dead3dba7c9523e83-stage2/gcc/xgcc version 9.0.0 20181122 (experimental) [master revision 266387] (GCC)
=== libatomic tests ===
Running target tcwg-local
=== libatomic Summary ===
# of expected passes 44
# of unsupported tests 5
=== libgomp tests ===
Running target tcwg-local
WARNING: program timed out
FAIL: libgomp.c/../libgomp.c-c++-common/for-1.c (test for excess errors)
UNRESOLVED: libgomp.c/../libgomp.c-c++-common/for-1.c compilation failed to produce executable
WARNING: program timed out
FAIL: libgomp.c/../libgomp.c-c++-common/for-14.c (test for excess errors)
UNRESOLVED: libgomp.c/../libgomp.c-c++-common/for-14.c compilation failed to produce executable
WARNING: program timed out
FAIL: libgomp.c/../libgomp.c-c++-common/for-15.c (test for excess errors)
UNRESOLVED: libgomp.c/../libgomp.c-c++-common/for-15.c compilation failed to produce executable
WARNING: program timed out
FAIL: libgomp.c/../libgomp.c-c++-common/for-2.c (test for excess errors)
UNRESOLVED: libgomp.c/../libgomp.c-c++-common/for-2.c compilation failed to produce executable
WARNING: program timed out
FAIL: libgomp.c/../libgomp.c-c++-common/for-3.c (test for excess errors)
UNRESOLVED: libgomp.c/../libgomp.c-c++-common/for-3.c compilation failed to produce executable
WARNING: program timed out
FAIL: libgomp.c/../libgomp.c-c++-common/for-5.c (test for excess errors)
UNRESOLVED: libgomp.c/../libgomp.c-c++-common/for-5.c compilation failed to produce executable
FAIL: libgomp.c/../libgomp.c-c++-common/for-6.c (test for excess errors)
UNRESOLVED: libgomp.c/../libgomp.c-c++-common/for-6.c compilation failed to produce executable
WARNING: program timed out
FAIL: libgomp.c++/../libgomp.c-c++-common/for-1.c (test for excess errors)
UNRESOLVED: libgomp.c++/../libgomp.c-c++-common/for-1.c compilation failed to produce executable
FAIL: libgomp.c++/../libgomp.c-c++-common/for-14.c (test for excess errors)
UNRESOLVED: libgomp.c++/../libgomp.c-c++-common/for-14.c compilation failed to produce executable
FAIL: libgomp.c++/../libgomp.c-c++-common/for-15.c (test for excess errors)
UNRESOLVED: libgomp.c++/../libgomp.c-c++-common/for-15.c compilation failed to produce executable
FAIL: libgomp.c++/../libgomp.c-c++-common/for-2.c (test for excess errors)
UNRESOLVED: libgomp.c++/../libgomp.c-c++-common/for-2.c compilation failed to produce executable
FAIL: libgomp.c++/../libgomp.c-c++-common/for-3.c (test for excess errors)
UNRESOLVED: libgomp.c++/../libgomp.c-c++-common/for-3.c compilation failed to produce executable
FAIL: libgomp.c++/../libgomp.c-c++-common/for-5.c (test for excess errors)
UNRESOLVED: libgomp.c++/../libgomp.c-c++-common/for-5.c compilation failed to produce executable
WARNING: program timed out
FAIL: libgomp.c++/../libgomp.c-c++-common/for-6.c (test for excess errors)
UNRESOLVED: libgomp.c++/../libgomp.c-c++-common/for-6.c compilation failed to produce executable
=== libgomp Summary ===
# of expected passes 6318
# of unexpected failures 14
# of unresolved testcases 14
# of unsupported tests 332
=== libitm tests ===
Running target tcwg-local
=== libitm Summary ===
# of expected passes 42
# of expected failures 3
# of unsupported tests 1
=== libstdc++ tests ===
Running target tcwg-local
FAIL: experimental/memory_resource/new_delete_resource.cc execution test
FAIL: libstdc++-prettyprinters/80276.cc whatis p4
FAIL: libstdc++-prettyprinters/80276.cc whatis p4
FAIL: libstdc++-prettyprinters/cxx17.cc print p
FAIL: libstdc++-prettyprinters/cxx17.cc print p
FAIL: libstdc++-prettyprinters/cxx17.cc print q
FAIL: libstdc++-prettyprinters/cxx17.cc print q
FAIL: libstdc++-prettyprinters/cxx17.cc print wp
FAIL: libstdc++-prettyprinters/cxx17.cc print wp
FAIL: libstdc++-prettyprinters/cxx17.cc print wq
FAIL: libstdc++-prettyprinters/cxx17.cc print wq
FAIL: libstdc++-prettyprinters/shared_ptr.cc print sp1
FAIL: libstdc++-prettyprinters/shared_ptr.cc print sp1
FAIL: libstdc++-prettyprinters/shared_ptr.cc print wp1
FAIL: libstdc++-prettyprinters/shared_ptr.cc print wp1
FAIL: libstdc++-prettyprinters/shared_ptr.cc print wp2
FAIL: libstdc++-prettyprinters/shared_ptr.cc print wp2
=== libstdc++ Summary ===
# of expected passes 12703
# of unexpected failures 17
# of expected failures 77
# of unsupported tests 611
Compiler version: 9.0.0 20181122 (experimental) [master revision 266387] (GCC)
Platform: i686-pc-linux-gnu
configure flags: SHELL=/bin/bash --with-mpc=/home/tcwg-buildslave/workspace/tcwg-buildfarm/tcwg-x86_32-build/_build/builds/destdir/i686-pc-linux-gnu --with-mpfr=/home/tcwg-buildslave/workspace/tcwg-buildfarm/tcwg-x86_32-build/_build/builds/destdir/i686-pc-linux-gnu --with-gmp=/home/tcwg-buildslave/workspace/tcwg-buildfarm/tcwg-x86_32-build/_build/builds/destdir/i686-pc-linux-gnu --with-gnu-as --with-gnu-ld --disable-libmudflap --enable-lto --enable-shared --without-included-gettext --enable-nls --with-system-zlib --disable-sjlj-exceptions --enable-gnu-unique-object --enable-linker-build-id --disable-libstdcxx-pch --enable-c99 --enable-clocale=gnu --enable-libstdcxx-debug --enable-long-long --with-cloog=no --with-ppl=no --with-isl=no --disable-multilib --enable-threads=posix --enable-multiarch --enable-libstdcxx-time=yes --enable-gnu-indirect-function --enable-checking=yes --enable-bootstrap --enable-languages=c,c++,fortran,lto,objc,obj-c++ --build=i686-pc-linux-gnu --host=i686-pc-lin
ux-gnu --target=i686-pc-linux-gnu --prefix=/home/tcwg-buildslave/workspace/tcwg-buildfarm/tcwg-x86_32-build/_build/builds/destdir/i686-pc-linux-gnu
More information about the Gcc-testresults
mailing list