Results for 9.0.0 20181119 (experimental) (GCC) testsuite on x86_64-pc-linux-gnu
Shrisha Rao
shrao@alumni.cmu.edu
Wed Nov 21 07:22:00 GMT 2018
These results are as on an EC2 instance compiled from the SVN source.
The SVN version was 266269
==
Native configuration is x86_64-pc-linux-gnu
=== gcc tests ===
Running target unix
XPASS: gcc.dg/vect/vect-24.c scan-tree-dump-times vect "vectorized 3 loops" 1
XPASS: gcc.dg/vect/vect-24.c -flto -ffat-lto-objects
scan-tree-dump-times vect "vectorized 3 loops" 1
FAIL: gcc.target/i386/avx512dq-concatv2si-1.c scan-assembler
vpunpckldq[^\\n\\r]*%xmm17[^\\n\\r]*%xmm16[^\\n\\r]*%xmm3
FAIL: gcc.target/i386/avx512dq-concatv2si-1.c scan-assembler-times
vpinsrd[^\\n\\r]*\\\\\$1[^\\n\\r]*%xmm16[^\\n\\r]*%xmm3 2
FAIL: gcc.target/i386/avx512vl-concatv2si-1.c scan-assembler
vpunpckldq[^\\n\\r]*%xmm17[^\\n\\r]*%xmm16[^\\n\\r]*%xmm3
FAIL: gcc.target/i386/ifcvt-onecmpl-abs-1.c scan-assembler cltd
FAIL: gcc.target/i386/pr49095.c scan-assembler-times \\\\), % 45
FAIL: gcc.target/i386/pr57193.c scan-assembler-times movdqa 2
=== gcc Summary ===
# of expected passes 136084
# of unexpected failures 6
# of unexpected successes 2
# of expected failures 486
# of unsupported tests 2177
/home/ec2-user/tmp/gcctemp/gcc/xgcc version 9.0.0 20181119 (experimental) (GCC)
=== gfortran tests ===
Running target unix
=== gfortran Summary ===
# of expected passes 48038
# of expected failures 93
# of unsupported tests 94
/home/ec2-user/tmp/gcctemp/gcc/testsuite/gfortran/../../gfortran
version 9.0.0 20181119 (experimental) (GCC)
=== g++ tests ===
Running target unix
FAIL: g++.dg/pr83239.C -std=gnu++98 (test for excess errors)
=== g++ Summary ===
# of expected passes 129902
# of unexpected failures 1
# of expected failures 534
# of unsupported tests 5485
/home/ec2-user/tmp/gcctemp/gcc/testsuite/g++/../../xg++ version 9.0.0
20181119 (experimental) (GCC)
=== objc tests ===
Running target unix
=== objc Summary ===
# of expected passes 2797
# of expected failures 6
# of unsupported tests 68
/home/ec2-user/tmp/gcctemp/gcc/xgcc version 9.0.0 20181119 (experimental) (GCC)
=== libatomic tests ===
Running target unix
=== libatomic Summary ===
# of expected passes 54
=== libgomp tests ===
Running target unix
=== libgomp Summary ===
# of expected passes 6346
# of unsupported tests 332
=== libitm tests ===
Running target unix
=== libitm Summary ===
# of expected passes 42
# of expected failures 3
# of unsupported tests 1
=== libstdc++ tests ===
Running target unix
=== libstdc++ Summary ===
# of expected passes 12705
# of expected failures 77
# of unsupported tests 276
Compiler version: 9.0.0 20181119 (experimental) (GCC)
Platform: x86_64-pc-linux-gnu
configure flags: --disable-multilib --prefix=/shrao/testgcc
More information about the Gcc-testresults
mailing list