Results for 9.0.0 20181116 (experimental) [trunk revision 266202] (GCC) testsuite on x86_64-pc-solaris2.11
Rainer Orth
ro@CeBiTec.Uni-Bielefeld.DE
Sat Nov 17 09:55:00 GMT 2018
LAST_UPDATED: Fri Nov 16 09:54:59 UTC 2018 (revision 266202)
Native configuration is x86_64-pc-solaris2.11
=== libatomic tests ===
Running target unix/-m32
=== libatomic Summary for unix/-m32 ===
# of expected passes 44
# of unsupported tests 5
Running target unix
=== libatomic Summary for unix ===
# of expected passes 54
=== libatomic Summary ===
# of expected passes 98
# of unsupported tests 5
=== libffi tests ===
Running target unix/-m32
=== libffi Summary for unix/-m32 ===
# of expected passes 2799
Running target unix
=== libffi Summary for unix ===
# of expected passes 2214
=== libffi Summary ===
# of expected passes 5013
=== libgo tests ===
Running target unix
FAIL: crypto/dsa
FAIL: crypto/ecdsa
FAIL: crypto/elliptic
FAIL: crypto/rsa
FAIL: crypto/tls
FAIL: crypto/x509
FAIL: go/build
FAIL: golang_org/x/net/http/httpguts
FAIL: golang_org/x/net/idna
FAIL: golang_org/x/net/lex/httplex
FAIL: image/draw
FAIL: math/big
FAIL: net/http
FAIL: net/http/cookiejar
FAIL: net/http/httptest
FAIL: net/smtp
FAIL: os/signal
FAIL: runtime
=== libgo Summary for unix ===
# of expected passes 166
# of unexpected failures 18
Running target unix/-m32
FAIL: crypto/dsa
FAIL: crypto/ecdsa
FAIL: crypto/elliptic
FAIL: crypto/rsa
FAIL: crypto/tls
FAIL: crypto/x509
FAIL: go/build
FAIL: golang_org/x/net/http/httpguts
FAIL: golang_org/x/net/idna
FAIL: golang_org/x/net/lex/httplex
FAIL: image/draw
FAIL: math/big
FAIL: net
FAIL: net/http
FAIL: net/http/cookiejar
FAIL: net/http/httptest
FAIL: net/smtp
FAIL: runtime
=== libgo Summary for unix/-m32 ===
# of expected passes 166
# of unexpected failures 18
=== libgo Summary ===
# of expected passes 332
# of unexpected failures 36
/var/gcc/regression/trunk/11-gcc-gas-64/build/./gcc/gccgo version 9.0.0 20181116 (experimental) [trunk revision 266202] (GCC)
=== libgomp tests ===
Running target unix/-m32
=== libgomp Summary for unix/-m32 ===
# of expected passes 6388
# of expected failures 1
# of unsupported tests 334
Running target unix
=== libgomp Summary for unix ===
# of expected passes 6388
# of expected failures 1
# of unsupported tests 334
=== libgomp Summary ===
# of expected passes 12776
# of expected failures 2
# of unsupported tests 668
=== libitm tests ===
Running target unix/-m32
=== libitm Summary for unix/-m32 ===
# of expected passes 42
# of expected failures 3
# of unsupported tests 1
Running target unix
=== libitm Summary for unix ===
# of expected passes 42
# of expected failures 3
# of unsupported tests 1
=== libitm Summary ===
# of expected passes 84
# of expected failures 6
# of unsupported tests 2
=== libstdc++ tests ===
Running target unix
=== libstdc++ Summary for unix ===
# of expected passes 11749
# of expected failures 77
# of unsupported tests 647
Running target unix/-m32
=== libstdc++ Summary for unix/-m32 ===
# of expected passes 11755
# of expected failures 79
# of unsupported tests 643
=== libstdc++ Summary ===
# of expected passes 23504
# of expected failures 156
# of unsupported tests 1290
=== acats tests ===
=== acats Summary ===
# of expected passes 2320
# of unexpected failures 0
=== g++ tests ===
Running target unix
FAIL: g++.dg/pr80481.C -std=gnu++14 scan-assembler-not vmovaps
FAIL: g++.dg/pr80481.C -std=gnu++17 scan-assembler-not vmovaps
FAIL: g++.dg/pr80481.C -std=gnu++98 scan-assembler-not vmovaps
FAIL: g++.dg/pr83239.C -std=gnu++98 (test for excess errors)
FAIL: g++.dg/lto/pr54625-2 cp_lto_pr54625-2_0.o assemble, -O0 -flto
FAIL: g++.dg/lto/pr54625-2 cp_lto_pr54625-2_0.o assemble, -O0 -flto -flto-partition=1to1
FAIL: g++.dg/lto/pr54625-2 cp_lto_pr54625-2_0.o assemble, -O0 -flto -flto-partition=none
FAIL: g++.dg/lto/pr54625-2 cp_lto_pr54625-2_0.o assemble, -O2 -flto
FAIL: g++.dg/lto/pr54625-2 cp_lto_pr54625-2_0.o assemble, -O2 -flto -flto-partition=1to1
FAIL: g++.dg/lto/pr54625-2 cp_lto_pr54625-2_0.o assemble, -O2 -flto -flto-partition=none
=== g++ Summary for unix ===
# of expected passes 125224
# of unexpected failures 10
# of expected failures 536
# of unsupported tests 5609
Running target unix/-m32
FAIL: c-c++-common/asan/swapcontext-test-1.c -O0 execution test
FAIL: c-c++-common/asan/swapcontext-test-1.c -O1 execution test
FAIL: c-c++-common/asan/swapcontext-test-1.c -O2 execution test
FAIL: c-c++-common/asan/swapcontext-test-1.c -O2 -flto execution test
FAIL: c-c++-common/asan/swapcontext-test-1.c -O2 -flto -flto-partition=none execution test
FAIL: c-c++-common/asan/swapcontext-test-1.c -O3 -fomit-frame-pointer -funroll-loops -fpeel-loops -ftracer -finline-functions execution test
FAIL: c-c++-common/asan/swapcontext-test-1.c -O3 -g execution test
FAIL: c-c++-common/asan/swapcontext-test-1.c -Os execution test
FAIL: g++.dg/opt/pr59470.C -std=gnu++14 (test for excess errors)
UNRESOLVED: g++.dg/opt/pr59470.C -std=gnu++14 compilation failed to produce executable
FAIL: g++.dg/opt/pr59470.C -std=gnu++17 (test for excess errors)
UNRESOLVED: g++.dg/opt/pr59470.C -std=gnu++17 compilation failed to produce executable
FAIL: g++.dg/opt/pr59470.C -std=gnu++98 (test for excess errors)
UNRESOLVED: g++.dg/opt/pr59470.C -std=gnu++98 compilation failed to produce executable
FAIL: g++.dg/pr83239.C -std=gnu++98 (test for excess errors)
FAIL: g++.dg/lto/pr54625-2 cp_lto_pr54625-2_0.o assemble, -O0 -flto
FAIL: g++.dg/lto/pr54625-2 cp_lto_pr54625-2_0.o assemble, -O0 -flto -flto-partition=1to1
FAIL: g++.dg/lto/pr54625-2 cp_lto_pr54625-2_0.o assemble, -O0 -flto -flto-partition=none
FAIL: g++.dg/lto/pr54625-2 cp_lto_pr54625-2_0.o assemble, -O2 -flto
FAIL: g++.dg/lto/pr54625-2 cp_lto_pr54625-2_0.o assemble, -O2 -flto -flto-partition=1to1
FAIL: g++.dg/lto/pr54625-2 cp_lto_pr54625-2_0.o assemble, -O2 -flto -flto-partition=none
=== g++ Summary for unix/-m32 ===
# of expected passes 125424
# of unexpected failures 18
# of expected failures 533
# of unresolved testcases 3
# of unsupported tests 5658
=== g++ Summary ===
# of expected passes 250648
# of unexpected failures 28
# of expected failures 1069
# of unresolved testcases 3
# of unsupported tests 11267
/var/gcc/regression/trunk/11-gcc-gas-64/build/gcc/xg++ version 9.0.0 20181116 (experimental) [trunk revision 266202] (GCC)
=== gcc tests ===
Running target unix
FAIL: gcc.dg/ipa/ipa-icf-38.c scan-ltrans-tree-dump-not optimized "Function bar"
XPASS: gcc.dg/vect/vect-24.c -flto -ffat-lto-objects scan-tree-dump-times vect "vectorized 3 loops" 1
XPASS: gcc.dg/vect/vect-24.c scan-tree-dump-times vect "vectorized 3 loops" 1
FAIL: gcc.target/i386/avx512dq-concatv2si-1.c scan-assembler vpunpckldq[^\\n\\r]*%xmm17[^\\n\\r]*%xmm16[^\\n\\r]*%xmm3
FAIL: gcc.target/i386/avx512dq-concatv2si-1.c scan-assembler-times vpinsrd[^\\n\\r]*\\\\\$1[^\\n\\r]*%xmm16[^\\n\\r]*%xmm3 2
FAIL: gcc.target/i386/avx512vl-concatv2si-1.c scan-assembler vpunpckldq[^\\n\\r]*%xmm17[^\\n\\r]*%xmm16[^\\n\\r]*%xmm3
FAIL: gcc.target/i386/ifcvt-onecmpl-abs-1.c scan-assembler cltd
FAIL: gcc.target/i386/ipa-stack-alignment.c scan-assembler sub.*%.sp
FAIL: gcc.target/i386/pr49095.c scan-assembler-times \\\\), % 45
FAIL: gcc.target/i386/pr57193.c scan-assembler-times movdqa 2
FAIL: gcc.target/i386/pr80173.c (internal compiler error)
FAIL: gcc.target/i386/pr80173.c (test for excess errors)
=== gcc Summary for unix ===
# of expected passes 132684
# of unexpected failures 10
# of unexpected successes 2
# of expected failures 492
# of unsupported tests 2297
Running target unix/-m32
FAIL: c-c++-common/asan/swapcontext-test-1.c -O0 execution test
FAIL: c-c++-common/asan/swapcontext-test-1.c -O1 execution test
FAIL: c-c++-common/asan/swapcontext-test-1.c -O2 execution test
FAIL: c-c++-common/asan/swapcontext-test-1.c -O2 -flto execution test
FAIL: c-c++-common/asan/swapcontext-test-1.c -O2 -flto -flto-partition=none execution test
FAIL: c-c++-common/asan/swapcontext-test-1.c -O3 -fomit-frame-pointer -funroll-loops -fpeel-loops -ftracer -finline-functions execution test
FAIL: c-c++-common/asan/swapcontext-test-1.c -O3 -g execution test
FAIL: c-c++-common/asan/swapcontext-test-1.c -Os execution test
FAIL: c-c++-common/Wconversion-real.c -Wc++-compat (test for excess errors)
FAIL: c-c++-common/Wfloat-conversion.c -Wc++-compat (test for warnings, line 32)
FAIL: c-c++-common/Wfloat-conversion.c -Wc++-compat (test for warnings, line 45)
FAIL: c-c++-common/Wfloat-conversion.c -Wc++-compat (test for warnings, line 47)
FAIL: c-c++-common/Wfloat-conversion.c -Wc++-compat (test for excess errors)
FAIL: gcc.dg/Wbuiltin-declaration-mismatch-4.c (test for warnings, line 80)
FAIL: gcc.dg/Wbuiltin-declaration-mismatch-4.c (test for warnings, line 82)
FAIL: gcc.dg/Wbuiltin-declaration-mismatch-4.c (test for excess errors)
FAIL: gcc.dg/ipa/ipa-icf-38.c scan-ltrans-tree-dump-not optimized "Function bar"
XPASS: gcc.dg/vect/vect-24.c -flto -ffat-lto-objects scan-tree-dump-times vect "vectorized 3 loops" 1
XPASS: gcc.dg/vect/vect-24.c scan-tree-dump-times vect "vectorized 3 loops" 1
FAIL: gcc.target/i386/pr57193.c scan-assembler-times movdqa 2
FAIL: gcc.target/i386/pr87955.c (test for errors, line 10)
=== gcc Summary for unix/-m32 ===
# of expected passes 132476
# of unexpected failures 19
# of unexpected successes 2
# of expected failures 495
# of unsupported tests 2729
=== gcc Summary ===
# of expected passes 265160
# of unexpected failures 29
# of unexpected successes 4
# of expected failures 987
# of unsupported tests 5026
/var/gcc/regression/trunk/11-gcc-gas-64/build/gcc/xgcc version 9.0.0 20181116 (experimental) [trunk revision 266202] (GCC)
=== gdc tests ===
Running target unix
FAIL: gdc.test/compilable/line.d output-exists line.o
FAIL: gdc.test/compilable/line.d -O2 output-exists line.o
FAIL: gdc.test/compilable/line.d -O2 -frelease output-exists line.o
FAIL: gdc.test/compilable/line.d -frelease output-exists line.o
FAIL: gdc.test/compilable/line.d -g output-exists line.o
FAIL: gdc.test/compilable/line.d -g -O2 output-exists line.o
FAIL: gdc.test/compilable/line.d -g -O2 -frelease output-exists line.o
FAIL: gdc.test/compilable/line.d -g -frelease output-exists line.o
=== gdc Summary for unix ===
# of expected passes 22538
# of unexpected failures 8
# of unsupported tests 20
Running target unix/-m32
FAIL: gdc.test/compilable/line.d output-exists line.o
FAIL: gdc.test/compilable/line.d -O2 output-exists line.o
FAIL: gdc.test/compilable/line.d -O2 -frelease output-exists line.o
FAIL: gdc.test/compilable/line.d -frelease output-exists line.o
FAIL: gdc.test/compilable/line.d -g output-exists line.o
FAIL: gdc.test/compilable/line.d -g -O2 output-exists line.o
FAIL: gdc.test/compilable/line.d -g -O2 -frelease output-exists line.o
FAIL: gdc.test/compilable/line.d -g -frelease output-exists line.o
=== gdc Summary for unix/-m32 ===
# of expected passes 22538
# of unexpected failures 8
# of unsupported tests 20
=== gdc Summary ===
# of expected passes 45076
# of unexpected failures 16
# of unsupported tests 40
/var/gcc/regression/trunk/11-gcc-gas-64/build/gcc/gdc version 9.0.0 20181116 (experimental) [trunk revision 266202] (GCC)
=== gfortran tests ===
Running target unix
=== gfortran Summary for unix ===
# of expected passes 48128
# of expected failures 103
# of unsupported tests 91
Running target unix/-m32
=== gfortran Summary for unix/-m32 ===
# of expected passes 47911
# of expected failures 103
# of unsupported tests 194
=== gfortran Summary ===
# of expected passes 96039
# of expected failures 206
# of unsupported tests 285
/var/gcc/regression/trunk/11-gcc-gas-64/build/gcc/gfortran version 9.0.0 20181116 (experimental) [trunk revision 266202] (GCC)
=== gnat tests ===
Running target unix
XPASS: gnat.dg/lto19.adb (test for excess errors)
=== gnat Summary for unix ===
# of expected passes 2927
# of unexpected successes 1
# of expected failures 23
# of unsupported tests 8
Running target unix/-m32
XPASS: gnat.dg/lto19.adb (test for excess errors)
=== gnat Summary for unix/-m32 ===
# of expected passes 2927
# of unexpected successes 1
# of expected failures 23
# of unsupported tests 8
=== gnat Summary ===
# of expected passes 5854
# of unexpected successes 2
# of expected failures 46
# of unsupported tests 16
/var/gcc/regression/trunk/11-gcc-gas-64/build/gcc/gnatmake version 9.0.0 20181116 (experimental) [trunk revision 266202]
=== go tests ===
Running target unix
FAIL: ./index0-out.go execution, -O0 -g -fno-var-tracking-assignments
=== go Summary for unix ===
# of expected passes 7277
# of unexpected failures 1
# of expected failures 1
# of untested testcases 10
# of unsupported tests 1
Running target unix/-m32
FAIL: ./index0-out.go execution, -O0 -g -fno-var-tracking-assignments
=== go Summary for unix/-m32 ===
# of expected passes 7396
# of unexpected failures 1
# of expected failures 1
# of untested testcases 10
# of unsupported tests 2
=== go Summary ===
# of expected passes 14673
# of unexpected failures 2
# of expected failures 2
# of untested testcases 20
# of unsupported tests 3
=== obj-c++ tests ===
Running target unix/-m32
FAIL: obj-c++.dg/attributes/method-nonnull-1.mm -fgnu-runtime (test for warnings, line 28)
FAIL: obj-c++.dg/attributes/method-nonnull-1.mm -fgnu-runtime (test for warnings, line 29)
FAIL: obj-c++.dg/attributes/method-nonnull-1.mm -fgnu-runtime (test for excess errors)
=== obj-c++ Summary for unix/-m32 ===
# of expected passes 1463
# of unexpected failures 3
# of expected failures 2
# of unsupported tests 77
Running target unix
FAIL: obj-c++.dg/attributes/method-nonnull-1.mm -fgnu-runtime (test for warnings, line 28)
FAIL: obj-c++.dg/attributes/method-nonnull-1.mm -fgnu-runtime (test for warnings, line 29)
FAIL: obj-c++.dg/attributes/method-nonnull-1.mm -fgnu-runtime (test for excess errors)
=== obj-c++ Summary for unix ===
# of expected passes 1455
# of unexpected failures 3
# of expected failures 10
# of unsupported tests 77
=== obj-c++ Summary ===
# of expected passes 2918
# of unexpected failures 6
# of expected failures 12
# of unsupported tests 154
/var/gcc/regression/trunk/11-gcc-gas-64/build/gcc/xg++ version 9.0.0 20181116 (experimental) [trunk revision 266202] (GCC)
=== objc tests ===
Running target unix
=== objc Summary for unix ===
# of expected passes 2797
# of expected failures 6
# of unsupported tests 68
Running target unix/-m32
=== objc Summary for unix/-m32 ===
# of expected passes 2797
# of expected failures 6
# of unsupported tests 68
=== objc Summary ===
# of expected passes 5594
# of expected failures 12
# of unsupported tests 136
/var/gcc/regression/trunk/11-gcc-gas-64/build/gcc/xgcc version 9.0.0 20181116 (experimental) [trunk revision 266202] (GCC)
=== gotools tests ===
FAIL: TestNoCache
FAIL: TestScript
FAIL: go test cmd/go
FAIL: TestAbort
FAIL: TestG0StackOverflow
FAIL: go test runtime
FAIL: TestCompileWithoutShared
FAIL: TestEarlySignalHandler
FAIL: TestInstall
FAIL: TestOsSignal
FAIL: TestPIE
FAIL: TestSIGPROF
FAIL: TestSigaltstack
FAIL: TestSignalForwarding
FAIL: TestSignalForwardingExternal
FAIL: go test misc/cgo/testcarchive
=== gotools Summary ===
# of expected passes 390
# of unexpected failures 16
# of untested testcases 195
/var/gcc/regression/trunk/11-gcc-gas-64/build/./gcc/gccgo version 9.0.0 20181116 (experimental) [trunk revision 266202] (GCC)
Compiler version: 9.0.0 20181116 (experimental) [trunk revision 266202] (GCC)
Platform: x86_64-pc-solaris2.11
configure flags: --prefix=/vol/gcc --target=amd64-pc-solaris2.11 --enable-objc-gc --with-target-bdw-gc-include=/vol/gcc/include --with-target-bdw-gc-lib=/vol/gcc/lib/amd64,32=/vol/gcc/lib --with-as=/vol/gcc/bin/amd64/gas-2.31 --with-gnu-as --with-gmp-include=/vol/gcc/include --with-gmp-lib=/vol/gcc/lib/amd64 --with-mpfr-include=/vol/gcc/include --with-mpfr-lib=/vol/gcc/lib/amd64 --with-mpc-include=/vol/gcc/include --with-mpc-lib=/vol/gcc/lib/amd64 --enable-languages=all,ada,obj-c++,go --with-isl-include=/vol/gcc/include --with-isl-lib=/vol/gcc/lib/amd64 --build=amd64-pc-solaris2.11 --host=amd64-pc-solaris2.11
BOOT_CFLAGS=-g -O2
More information about the Gcc-testresults
mailing list