Results for 9.0.0 20180522 (experimental) [trunk revision 260557] (GCC) testsuite on hppa64-hp-hpux11.11

John David Anglin dave@hiauly3.hia.nrc.ca
Sat May 26 15:13:00 GMT 2018


Native configuration is hppa64-hp-hpux11.11

		=== g++ tests ===


Running target unix
WARNING: program timed out.
FAIL: g++.dg/torture/pr81812.C   -O0  (test for excess errors)
FAIL: g++.dg/torture/pr81812.C   -O1  (test for excess errors)
FAIL: g++.dg/torture/pr81812.C   -O2  (test for excess errors)
FAIL: g++.dg/torture/pr81812.C   -O3 -g  (test for excess errors)
FAIL: g++.dg/torture/pr81812.C   -Os  (test for excess errors)
FAIL: g++.dg/torture/pr81812.C   -O2 -flto -flto-partition=none  (test for excess errors)
FAIL: g++.dg/torture/pr81812.C   -O2 -flto  (test for excess errors)

		=== g++ Summary ===

# of expected passes		110828
# of unexpected failures	7
# of expected failures		507
# of unsupported tests		5495
/test/gnu/gcc/objdir/gcc/testsuite/g++/../../xg++  version 9.0.0 20180522 (experimental) [trunk revision 260557] (GCC) 

		=== gcc tests ===


Running target unix
FAIL: gcc.dg/atomic/c11-atomic-exec-5.c   -O0  execution test
FAIL: gcc.dg/atomic/c11-atomic-exec-5.c   -O1  execution test
FAIL: gcc.dg/atomic/c11-atomic-exec-5.c   -O2  execution test
FAIL: gcc.dg/atomic/c11-atomic-exec-5.c   -O3 -fomit-frame-pointer -funroll-loops -fpeel-loops -ftracer -finline-functions  execution test
FAIL: gcc.dg/atomic/c11-atomic-exec-5.c   -O3 -g  execution test
FAIL: gcc.dg/atomic/c11-atomic-exec-5.c   -Os  execution test
FAIL: gcc.dg/atomic/c11-atomic-exec-5.c   -O2 -flto -flto-partition=none  execution test
FAIL: gcc.dg/atomic/c11-atomic-exec-5.c   -O2 -flto  execution test
FAIL: gcc.dg/compat/pr83487-2 c_compat_y_tst.o compile
FAIL: gcc.dg/Wattributes-6.c  (test for warnings, line 404)
FAIL: gcc.dg/Wattributes-6.c (test for excess errors)
XPASS: gcc.dg/sibcall-3.c execution test
XPASS: gcc.dg/sibcall-4.c execution test
FAIL: gcc.dg/visibility-22.c (test for excess errors)
FAIL: gcc.dg/visibility-22.c execution test
FAIL: gcc.dg/graphite/scop-19.c scan-tree-dump-times graphite "number of SCoPs: 0" 1
WARNING: program timed out.
FAIL: gcc.dg/ipa/ipa-icf-38.c scan-ltrans-tree-dump-not fixup_cfg4 "Function bar"
FAIL: gcc.dg/lto/pr64415 c_lto_pr64415_0.o-c_lto_pr64415_1.o link,  -O -flto -fpic 
WARNING: program timed out.
FAIL: gcc.dg/plugin/poly-int-07_plugin.c compilation
FAIL: gcc.dg/plugin/must-tail-call-1.c -fplugin=./must_tail_call_plugin.so (test for excess errors)
XPASS: gcc.dg/torture/pr47917.c   -O1  execution test
XPASS: gcc.dg/torture/pr47917.c   -O2  execution test
XPASS: gcc.dg/torture/pr47917.c   -O3 -g  execution test
XPASS: gcc.dg/torture/pr47917.c   -Os  execution test
XPASS: gcc.dg/torture/pr47917.c   -O2 -flto -flto-partition=none  execution test
XPASS: gcc.dg/torture/pr47917.c   -O2 -flto  execution test
FAIL: gcc.dg/tree-ssa/builtin-sprintf.c execution test
FAIL: gcc.dg/tree-ssa/pr84512.c scan-tree-dump optimized "return 285;"
FAIL: gcc.dg/tree-ssa/sra-17.c scan-tree-dump-times esra "Removing load: a = \\\\*.?L.?C.?.?.?0;" 1
FAIL: gcc.dg/tree-ssa/sra-17.c scan-tree-dump-times esra "SR\\\\.[0-9_]+ = \\\\*.?L.?C.?.?.?0\\\\[" 4
FAIL: gcc.dg/tree-ssa/sra-18.c scan-tree-dump-times esra "Removing load: a = \\\\*.?L.?C.?.?.?0;" 1
FAIL: gcc.dg/tree-ssa/sra-18.c scan-tree-dump-times esra "SR\\\\.[0-9_]+ = \\\\*.?L.?C.?.?.?0\\\\.b\\\\[0\\\\]\\\\.f\\\\[0\\\\]\\\\.x" 1
FAIL: gcc.dg/tree-ssa/sra-18.c scan-tree-dump-times esra "SR\\\\.[0-9_]+ = \\\\*.?L.?C.?.?.?0\\\\.b\\\\[0\\\\]\\\\.f\\\\[1\\\\]\\\\.x" 1
FAIL: gcc.dg/tree-ssa/sra-18.c scan-tree-dump-times esra "SR\\\\.[0-9_]+ = \\\\*.?L.?C.?.?.?0\\\\.b\\\\[1\\\\]\\\\.f\\\\[0\\\\]\\\\.x" 1
FAIL: gcc.dg/tree-ssa/sra-18.c scan-tree-dump-times esra "SR\\\\.[0-9_]+ = \\\\*.?L.?C.?.?.?0\\\\.b\\\\[1\\\\]\\\\.f\\\\[1\\\\]\\\\.x" 1
FAIL: gcc.target/hppa/shadd-3.c scan-assembler-times sh.add 5

		=== gcc Summary ===

# of expected passes		96534
# of unexpected failures	28
# of unexpected successes	8
# of expected failures		293
# of unsupported tests		2428
/test/gnu/gcc/objdir/gcc/xgcc  version 9.0.0 20180522 (experimental) [trunk revision 260557] (GCC) 

		=== gfortran tests ===


Running target unix
FAIL: gfortran.dg/coarray/event_3.f08 -fcoarray=single  -O2  -latomic execution test
FAIL: gfortran.dg/elemental_subroutine_3.f90   -O1  (test for excess errors)
FAIL: gfortran.dg/elemental_subroutine_3.f90   -O2  (test for excess errors)
FAIL: gfortran.dg/elemental_subroutine_3.f90   -O3 -fomit-frame-pointer -funroll-loops -fpeel-loops -ftracer -finline-functions  (test for excess errors)
FAIL: gfortran.dg/elemental_subroutine_3.f90   -O3 -g  (test for excess errors)
FAIL: gfortran.dg/elemental_subroutine_3.f90   -Os  (test for excess errors)
FAIL: gfortran.dg/fmt_fw_d.f90   -O0  execution test
FAIL: gfortran.dg/fmt_fw_d.f90   -O1  execution test
FAIL: gfortran.dg/fmt_fw_d.f90   -O2  execution test
FAIL: gfortran.dg/fmt_fw_d.f90   -O3 -fomit-frame-pointer -funroll-loops -fpeel-loops -ftracer -finline-functions  execution test
FAIL: gfortran.dg/fmt_fw_d.f90   -O3 -g  execution test
FAIL: gfortran.dg/fmt_fw_d.f90   -Os  execution test

		=== gfortran Summary ===

# of expected passes		45739
# of unexpected failures	12
# of expected failures		104
# of unsupported tests		361
/test/gnu/gcc/objdir/gcc/testsuite/gfortran/../../gfortran  version 9.0.0 20180522 (experimental) [trunk revision 260557] (GCC) 

		=== obj-c++ tests ===


Running target unix

		=== obj-c++ Summary ===

# of expected passes		1456
# of expected failures		10
# of unsupported tests		77
/test/gnu/gcc/objdir/gcc/testsuite/obj-c++/../../xg++  version 9.0.0 20180522 (experimental) [trunk revision 260557] (GCC) 

		=== objc tests ===


Running target unix

		=== objc Summary ===

# of expected passes		2801
# of unsupported tests		69
/test/gnu/gcc/objdir/gcc/xgcc  version 9.0.0 20180522 (experimental) [trunk revision 260557] (GCC) 

		=== libatomic tests ===


Running target unix

		=== libatomic Summary ===

# of expected passes		44
# of unsupported tests		5
		=== libgomp tests ===


Running target unix
WARNING: program timed out.
FAIL: libgomp.fortran/alloc-comp-3.f90   -O0  (test for excess errors)
UNRESOLVED: libgomp.fortran/alloc-comp-3.f90   -O0  compilation failed to produce executable
WARNING: program timed out.
FAIL: libgomp.fortran/alloc-comp-3.f90   -O2  (test for excess errors)
UNRESOLVED: libgomp.fortran/alloc-comp-3.f90   -O2  compilation failed to produce executable

		=== libgomp Summary ===

# of expected passes		5426
# of unexpected failures	2
# of expected failures		1
# of unresolved testcases	2
# of unsupported tests		372
		=== libstdc++ tests ===


Running target unix
FAIL: 22_locale/num_put/put/char/14220.cc execution test
FAIL: 22_locale/num_put/put/wchar_t/14220.cc execution test
FAIL: 27_io/basic_ostream/inserters_arithmetic/char/4402.cc execution test
FAIL: 27_io/basic_ostream/inserters_arithmetic/wchar_t/4402.cc execution test

		=== libstdc++ Summary ===

# of expected passes		10711
# of unexpected failures	4
# of expected failures		74
# of unsupported tests		936

Compiler version: 9.0.0 20180522 (experimental) [trunk revision 260557] (GCC) 
Platform: hppa64-hp-hpux11.11
configure flags:Test Run By dave on Thu May 24 18:02:51 2018



More information about the Gcc-testresults mailing list