Results for 8.1.1 20180525 [gcc-8-branch revision 260745] (GCC) testsuite on sparc-sun-solaris2.11
Rainer Orth
ro@CeBiTec.Uni-Bielefeld.DE
Sat May 26 07:39:00 GMT 2018
LAST_UPDATED: Fri May 25 11:36:59 UTC 2018 (revision 260745)
=== acats tests ===
=== acats Summary ===
# of expected passes 2320
# of unexpected failures 0
Native configuration is sparc-sun-solaris2.11
=== g++ tests ===
Running target unix
=== g++ Summary for unix ===
# of expected passes 112916
# of expected failures 509
# of unsupported tests 5269
Running target unix/-m64
=== g++ Summary for unix/-m64 ===
# of expected passes 114813
# of expected failures 512
# of unsupported tests 5238
=== g++ Summary ===
# of expected passes 227729
# of expected failures 1021
# of unsupported tests 10507
/var/gcc/regression/gcc-8-branch/11-gcc-gas/build/gcc/xg++ version 8.1.1 20180525 [gcc-8-branch revision 260745] (GCC)
=== gcc tests ===
Running target unix
FAIL: gcc.dg/visibility-22.c execution test
FAIL: gcc.dg/simulate-thread/atomic-other-int.c -O2 -g thread simulation test
FAIL: gcc.dg/simulate-thread/atomic-other-int.c -O3 -g thread simulation test
FAIL: gcc.dg/simulate-thread/speculative-store-4.c -O0 -g thread simulation test
FAIL: gcc.dg/simulate-thread/speculative-store-4.c -O2 -g thread simulation test
FAIL: gcc.dg/simulate-thread/speculative-store-4.c -O3 -g thread simulation test
FAIL: gcc.dg/simulate-thread/speculative-store.c -O0 -g thread simulation test
FAIL: gcc.dg/torture/pr60092.c -O0 execution test
FAIL: gcc.dg/vect/no-section-anchors-vect-69.c scan-tree-dump-times vect "vectorized 4 loops" 1
=== gcc Summary for unix ===
# of expected passes 102302
# of unexpected failures 9
# of expected failures 475
# of unsupported tests 2759
Running target unix/-m64
FAIL: gcc.dg/visibility-22.c execution test
FAIL: gcc.dg/torture/pr60092.c -O0 execution test
FAIL: gcc.dg/vect/no-section-anchors-vect-69.c scan-tree-dump-times vect "vectorized 4 loops" 1
=== gcc Summary for unix/-m64 ===
# of expected passes 103404
# of unexpected failures 3
# of expected failures 465
# of unsupported tests 2524
=== gcc Summary ===
# of expected passes 205706
# of unexpected failures 12
# of expected failures 940
# of unsupported tests 5283
/var/gcc/regression/gcc-8-branch/11-gcc-gas/build/gcc/xgcc version 8.1.1 20180525 [gcc-8-branch revision 260745] (GCC)
=== gfortran tests ===
Running target unix
FAIL: gfortran.dg/elemental_subroutine_3.f90 -O1 (test for excess errors)
FAIL: gfortran.dg/elemental_subroutine_3.f90 -O2 (test for excess errors)
FAIL: gfortran.dg/elemental_subroutine_3.f90 -O3 -fomit-frame-pointer -funroll-loops -fpeel-loops -ftracer -finline-functions (test for excess errors)
FAIL: gfortran.dg/elemental_subroutine_3.f90 -O3 -g (test for excess errors)
FAIL: gfortran.dg/elemental_subroutine_3.f90 -Os (test for excess errors)
=== gfortran Summary for unix ===
# of expected passes 46941
# of unexpected failures 5
# of expected failures 92
# of unsupported tests 262
Running target unix/-m64
FAIL: gfortran.dg/elemental_subroutine_3.f90 -O1 (test for excess errors)
FAIL: gfortran.dg/elemental_subroutine_3.f90 -O2 (test for excess errors)
FAIL: gfortran.dg/elemental_subroutine_3.f90 -O3 -fomit-frame-pointer -funroll-loops -fpeel-loops -ftracer -finline-functions (test for excess errors)
FAIL: gfortran.dg/elemental_subroutine_3.f90 -O3 -g (test for excess errors)
FAIL: gfortran.dg/elemental_subroutine_3.f90 -Os (test for excess errors)
=== gfortran Summary for unix/-m64 ===
# of expected passes 47188
# of unexpected failures 5
# of expected failures 92
# of unsupported tests 141
=== gfortran Summary ===
# of expected passes 94129
# of unexpected failures 10
# of expected failures 184
# of unsupported tests 403
/var/gcc/regression/gcc-8-branch/11-gcc-gas/build/gcc/gfortran version 8.1.1 20180525 [gcc-8-branch revision 260745] (GCC)
=== gnat tests ===
Running target unix
FAIL: gnat.dg/lto21.adb (test for excess errors)
FAIL: gnat.dg/modular2.adb (test for excess errors)
=== gnat Summary for unix ===
# of expected passes 2660
# of unexpected failures 2
# of expected failures 23
# of unsupported tests 23
Running target unix/-m64
=== gnat Summary for unix/-m64 ===
# of expected passes 2662
# of expected failures 23
# of unsupported tests 23
=== gnat Summary ===
# of expected passes 5322
# of unexpected failures 2
# of expected failures 46
# of unsupported tests 46
/var/gcc/regression/gcc-8-branch/11-gcc-gas/build/gcc/gnatmake version 8.1.1 20180525 [gcc-8-branch revision 260745]
=== go tests ===
Running target unix
FAIL: ./index0-out.go execution, -O0 -g -fno-var-tracking-assignments
FAIL: go.test/test/fixedbugs/issue4562.go execution, -O2 -g
FAIL: go.test/test/nil.go execution, -O2 -g
=== go Summary for unix ===
# of expected passes 7391
# of unexpected failures 3
# of expected failures 1
# of untested testcases 11
# of unsupported tests 3
Running target unix/-m64
FAIL: ./index0-out.go execution, -O0 -g -fno-var-tracking-assignments
=== go Summary for unix/-m64 ===
# of expected passes 7273
# of unexpected failures 1
# of expected failures 1
# of untested testcases 11
# of unsupported tests 3
=== go Summary ===
# of expected passes 14664
# of unexpected failures 4
# of expected failures 2
# of untested testcases 22
# of unsupported tests 6
=== obj-c++ tests ===
Running target unix
=== obj-c++ Summary for unix ===
# of expected passes 1464
# of expected failures 2
# of unsupported tests 77
Running target unix/-m64
=== obj-c++ Summary for unix/-m64 ===
# of expected passes 1456
# of expected failures 10
# of unsupported tests 77
=== obj-c++ Summary ===
# of expected passes 2920
# of expected failures 12
# of unsupported tests 154
/var/gcc/regression/gcc-8-branch/11-gcc-gas/build/gcc/xg++ version 8.1.1 20180525 [gcc-8-branch revision 260745] (GCC)
=== objc tests ===
Running target unix
=== objc Summary for unix ===
# of expected passes 2803
# of unsupported tests 68
Running target unix/-m64
=== objc Summary for unix/-m64 ===
# of expected passes 2803
# of unsupported tests 68
=== objc Summary ===
# of expected passes 5606
# of unsupported tests 136
/var/gcc/regression/gcc-8-branch/11-gcc-gas/build/gcc/xgcc version 8.1.1 20180525 [gcc-8-branch revision 260745] (GCC)
=== gotools tests ===
FAIL: TestCgoAsmError
FAIL: TestGoVetWithOnlyTestFiles
FAIL: TestLdBindNow
FAIL: TestMatchesNoTests
FAIL: TestNoCache
FAIL: go test cmd/go
FAIL: TestBreakpoint
FAIL: TestCatchPanic
FAIL: TestCgoCrashHandler
FAIL: TestCgoExternalThreadPanic
FAIL: TestCgoLockOSThreadExit
FAIL: TestCgoNumGoroutine
FAIL: TestCgoPanicDeadlock
FAIL: TestCgoSignalDeadlock
FAIL: TestCgoTracebackSigpanic
FAIL: TestCrashHandler
FAIL: TestGccgoCrashTraceback
FAIL: TestGccgoCrashTracebackNodebug
FAIL: TestPanicInlined
FAIL: TestSelectStackAdjust
FAIL: TestSigStackSwapping
FAIL: go test runtime
FAIL: go test misc/cgo/test
FAIL: TestCompileWithoutShared
FAIL: TestEarlySignalHandler
FAIL: TestInstall
FAIL: TestOsSignal
FAIL: TestPIE
FAIL: TestSIGPROF
FAIL: TestSigaltstack
FAIL: TestSignalForwarding
FAIL: TestSignalForwardingExternal
FAIL: go test misc/cgo/testcarchive
=== gotools Summary ===
# of expected passes 234
# of unexpected failures 33
# of untested testcases 186
=== libatomic tests ===
Running target unix
=== libatomic Summary for unix ===
# of expected passes 44
# of unsupported tests 5
Running target unix/-m64
=== libatomic Summary for unix/-m64 ===
# of expected passes 54
=== libatomic Summary ===
# of expected passes 98
# of unsupported tests 5
=== libffi tests ===
Running target unix
FAIL: libffi.complex/cls_complex_va_float.c -W -Wall -Wno-psabi -Os (test for excess errors)
UNRESOLVED: libffi.complex/cls_complex_va_float.c -W -Wall -Wno-psabi -Os compilation failed to produce executable
FAIL: libffi.complex/cls_complex_va_float.c -W -Wall -Wno-psabi -O2 -fomit-frame-pointer (test for excess errors)
UNRESOLVED: libffi.complex/cls_complex_va_float.c -W -Wall -Wno-psabi -O2 -fomit-frame-pointer compilation failed to produce executable
FAIL: libffi.complex/cls_complex_va_longdouble.c -W -Wall -Wno-psabi -O0 (test for excess errors)
UNRESOLVED: libffi.complex/cls_complex_va_longdouble.c -W -Wall -Wno-psabi -O0 compilation failed to produce executable
=== libffi Summary for unix ===
# of expected passes 2208
# of unexpected failures 3
# of unresolved testcases 3
Running target unix/-m64
=== libffi Summary for unix/-m64 ===
# of expected passes 2214
=== libffi Summary ===
# of expected passes 4422
# of unexpected failures 3
# of unresolved testcases 3
=== libgo tests ===
Running target unix
FAIL: runtime
FAIL: go/build
FAIL: net/http
=== libgo Summary for unix ===
# of expected passes 160
# of unexpected failures 3
Running target unix/-m64
FAIL: go/build
FAIL: os/signal
=== libgo Summary for unix/-m64 ===
# of expected passes 161
# of unexpected failures 2
=== libgo Summary ===
# of expected passes 321
# of unexpected failures 5
=== libgomp tests ===
Running target unix
FAIL: libgomp.c/target-25.c (test for excess errors)
UNRESOLVED: libgomp.c/target-25.c compilation failed to produce executable
=== libgomp Summary for unix ===
# of expected passes 5436
# of unexpected failures 1
# of expected failures 1
# of unresolved testcases 1
# of unsupported tests 365
Running target unix/-m64
=== libgomp Summary for unix/-m64 ===
# of expected passes 5438
# of expected failures 1
# of unsupported tests 365
=== libgomp Summary ===
# of expected passes 10874
# of unexpected failures 1
# of expected failures 2
# of unresolved testcases 1
# of unsupported tests 730
=== libitm tests ===
Running target unix
=== libitm Summary for unix ===
# of expected passes 42
# of expected failures 3
# of unsupported tests 1
Running target unix/-m64
=== libitm Summary for unix/-m64 ===
# of expected passes 42
# of expected failures 3
# of unsupported tests 1
=== libitm Summary ===
# of expected passes 84
# of expected failures 6
# of unsupported tests 2
=== libstdc++ tests ===
Running target unix
FAIL: libstdc++-abi/abi_check
FAIL: 23_containers/set/requirements/explicit_instantiation/4.cc (test for excess errors)
FAIL: 23_containers/unordered_map/requirements/exception/generation_prohibited.cc (test for excess errors)
UNRESOLVED: 23_containers/unordered_map/requirements/exception/generation_prohibited.cc compilation failed to produce executable
FAIL: 23_containers/unordered_multimap/requirements/exception/basic.cc (test for excess errors)
UNRESOLVED: 23_containers/unordered_multimap/requirements/exception/basic.cc compilation failed to produce executable
FAIL: 23_containers/unordered_multiset/cons/moveable.cc (test for excess errors)
UNRESOLVED: 23_containers/unordered_multiset/cons/moveable.cc compilation failed to produce executable
FAIL: 23_containers/unordered_multiset/requirements/exception/generation_prohibited.cc (test for excess errors)
UNRESOLVED: 23_containers/unordered_multiset/requirements/exception/generation_prohibited.cc compilation failed to produce executable
FAIL: 23_containers/unordered_set/modifiers/merge.cc (test for excess errors)
UNRESOLVED: 23_containers/unordered_set/modifiers/merge.cc compilation failed to produce executable
FAIL: 23_containers/unordered_set/requirements/typedefs.cc (test for excess errors)
FAIL: 23_containers/vector/14340.cc (test for excess errors)
FAIL: 23_containers/vector/allocator/copy.cc (test for excess errors)
UNRESOLVED: 23_containers/vector/allocator/copy.cc compilation failed to produce executable
FAIL: 23_containers/vector/allocator/ext_ptr.cc (test for excess errors)
UNRESOLVED: 23_containers/vector/allocator/ext_ptr.cc compilation failed to produce executable
FAIL: 23_containers/vector/allocator/minimal.cc (test for excess errors)
UNRESOLVED: 23_containers/vector/allocator/minimal.cc compilation failed to produce executable
FAIL: 23_containers/vector/bool/modifiers/insert/1.cc (test for excess errors)
UNRESOLVED: 23_containers/vector/bool/modifiers/insert/1.cc compilation failed to produce executable
FAIL: 23_containers/vector/capacity/2.cc (test for excess errors)
UNRESOLVED: 23_containers/vector/capacity/2.cc compilation failed to produce executable
FAIL: 23_containers/vector/capacity/29134-2.cc (test for excess errors)
UNRESOLVED: 23_containers/vector/capacity/29134-2.cc compilation failed to produce executable
FAIL: 23_containers/vector/capacity/29134.cc (test for excess errors)
UNRESOLVED: 23_containers/vector/capacity/29134.cc compilation failed to produce executable
FAIL: 23_containers/vector/debug/construct4_neg.cc (test for excess errors)
UNRESOLVED: 23_containers/vector/debug/construct4_neg.cc compilation failed to produce executable
FAIL: 23_containers/vector/ext_pointer/types/2.cc (test for excess errors)
UNRESOLVED: 23_containers/vector/ext_pointer/types/2.cc compilation failed to produce executable
FAIL: 23_containers/vector/modifiers/erase/54577.cc (test for excess errors)
=== libstdc++ Summary for unix ===
# of expected passes 11261
# of unexpected failures 19
# of expected failures 70
# of unresolved testcases 14
# of unsupported tests 647
Running target unix/-m64
FAIL: libstdc++-abi/abi_check
=== libstdc++ Summary for unix/-m64 ===
# of expected passes 11296
# of unexpected failures 1
# of expected failures 71
# of unsupported tests 645
=== libstdc++ Summary ===
# of expected passes 22557
# of unexpected failures 20
# of expected failures 141
# of unresolved testcases 14
# of unsupported tests 1292
Compiler version: 8.1.1 20180525 [gcc-8-branch revision 260745] (GCC)
Platform: sparc-sun-solaris2.11
configure flags: --prefix=/vol/gcc --target=sparc-sun-solaris2.11 --enable-objc-gc --with-target-bdw-gc-include=/vol/gcc/include --with-target-bdw-gc-lib=/vol/gcc/lib,sparcv9=/vol/gcc/lib/sparcv9 --enable-libmudflap --with-as=/vol/gcc/bin/gas-2.30 --with-gnu-as --with-gmp-include=/vol/gcc/include --with-gmp-lib=/vol/gcc/lib --with-mpfr-include=/vol/gcc/include --with-mpfr-lib=/vol/gcc/lib --with-mpc-include=/vol/gcc/include --with-mpc-lib=/vol/gcc/lib --enable-languages=all,ada,obj-c++,go --with-isl-include=/vol/gcc/include --with-isl-lib=/vol/gcc/lib --build=sparc-sun-solaris2.11 --host=sparc-sun-solaris2.11
BOOT_CFLAGS=-g -O2
More information about the Gcc-testresults
mailing list