Results for 8.1.0 (genunix Thu May 17 17:47:37 UTC 2018) testsuite on i686-pc-linux-gnu
Dennis Clarke
dclarke@blastwave.org
Fri May 25 07:14:00 GMT 2018
LAST_UPDATED: Obtained from SVN: tags/gcc_8_1_0_release revision 259830
Native configuration is i686-pc-linux-gnu
=== g++ tests ===
Running target unix
FAIL: g++.dg/guality/pr55665.C -O2 line 23 p == 40
FAIL: g++.dg/vect/pr68762-1.cc -std=c++98 (test for excess errors)
FAIL: g++.dg/vect/pr68762-1.cc -std=c++11 (test for excess errors)
FAIL: g++.dg/vect/pr68762-1.cc -std=c++14 (test for excess errors)
FAIL: g++.dg/vect/simd-clone-3.cc -std=c++98 (test for excess errors)
FAIL: g++.dg/vect/simd-clone-3.cc -std=c++11 (test for excess errors)
FAIL: g++.dg/vect/simd-clone-3.cc -std=c++14 (test for excess errors)
FAIL: g++.dg/vect/simd-clone-5.cc -std=c++98 (test for excess errors)
FAIL: g++.dg/vect/simd-clone-5.cc -std=c++11 (test for excess errors)
FAIL: g++.dg/vect/simd-clone-5.cc -std=c++14 (test for excess errors)
=== g++ Summary ===
# of expected passes 122121
# of unexpected failures 10
# of expected failures 495
# of unsupported tests 4797
/usr/local/build/gcc-8.1.0_4.16.4-genunix_i686.004/gcc/xg++ version
8.1.0 (genunix Thu May 17 17:47:37 UTC 2018)
=== gcc tests ===
Running target unix
XPASS: gcc.dg/guality/example.c -O0 execution test
XPASS: gcc.dg/guality/example.c -O1 execution test
XPASS: gcc.dg/guality/guality.c -O0 execution test
XPASS: gcc.dg/guality/guality.c -O1 execution test
XPASS: gcc.dg/guality/guality.c -O2 execution test
XPASS: gcc.dg/guality/guality.c -O3 -g execution test
XPASS: gcc.dg/guality/guality.c -Os execution test
XPASS: gcc.dg/guality/guality.c -O2 -flto -fno-use-linker-plugin
-flto-partition=none execution test
XPASS: gcc.dg/guality/guality.c -O2 -flto -fuse-linker-plugin
-fno-fat-lto-objects execution test
XPASS: gcc.dg/guality/inline-params.c -O2 execution test
XPASS: gcc.dg/guality/inline-params.c -O3 -g execution test
XPASS: gcc.dg/guality/inline-params.c -Os execution test
XPASS: gcc.dg/guality/inline-params.c -O2 -flto -fno-use-linker-plugin
-flto-partition=none execution test
XPASS: gcc.dg/guality/inline-params.c -O2 -flto -fuse-linker-plugin
-fno-fat-lto-objects execution test
XPASS: gcc.dg/guality/pr41353-1.c -O0 line 28 j == 28 + 37
XPASS: gcc.dg/guality/pr41353-1.c -Os line 28 j == 28 + 37
FAIL: gcc.dg/guality/pr41447-1.c -O2 execution test
FAIL: gcc.dg/guality/pr41447-1.c -O3 -g execution test
FAIL: gcc.dg/guality/pr41447-1.c -O2 -flto -fno-use-linker-plugin
-flto-partition=none execution test
FAIL: gcc.dg/guality/pr45882.c -O2 -flto -fuse-linker-plugin
-fno-fat-lto-objects line 16 d == 112
FAIL: gcc.dg/guality/pr45882.c -O2 -flto -fuse-linker-plugin
-fno-fat-lto-objects line 16 e == 142
FAIL: gcc.dg/guality/pr54519-1.c -O2 -flto -fno-use-linker-plugin
-flto-partition=none line 20 y == 25
FAIL: gcc.dg/guality/pr54519-1.c -O2 -flto -fno-use-linker-plugin
-flto-partition=none line 20 z == 6
FAIL: gcc.dg/guality/pr54519-1.c -O2 -flto -fno-use-linker-plugin
-flto-partition=none line 23 y == 117
FAIL: gcc.dg/guality/pr54519-1.c -O2 -flto -fno-use-linker-plugin
-flto-partition=none line 23 z == 8
FAIL: gcc.dg/guality/pr54519-2.c -O2 -flto -fno-use-linker-plugin
-flto-partition=none line 17 y == 25
FAIL: gcc.dg/guality/pr54519-2.c -O2 -flto -fuse-linker-plugin
-fno-fat-lto-objects line 17 y == 25
FAIL: gcc.dg/guality/pr54519-3.c -O2 -flto -fno-use-linker-plugin
-flto-partition=none line 20 y == 25
FAIL: gcc.dg/guality/pr54519-3.c -O2 -flto -fno-use-linker-plugin
-flto-partition=none line 20 z == 6
FAIL: gcc.dg/guality/pr54519-3.c -O2 -flto -fno-use-linker-plugin
-flto-partition=none line 23 y == 117
FAIL: gcc.dg/guality/pr54519-3.c -O2 -flto -fno-use-linker-plugin
-flto-partition=none line 23 z == 8
FAIL: gcc.dg/guality/pr54519-3.c -O2 -flto -fuse-linker-plugin
-fno-fat-lto-objects line 20 y == 25
FAIL: gcc.dg/guality/pr54519-3.c -O2 -flto -fuse-linker-plugin
-fno-fat-lto-objects line 20 z == 6
FAIL: gcc.dg/guality/pr54519-3.c -O2 -flto -fuse-linker-plugin
-fno-fat-lto-objects line 23 y == 117
FAIL: gcc.dg/guality/pr54519-3.c -O2 -flto -fuse-linker-plugin
-fno-fat-lto-objects line 23 z == 8
FAIL: gcc.dg/guality/pr54519-4.c -O2 -flto -fno-use-linker-plugin
-flto-partition=none line 17 y == 25
FAIL: gcc.dg/guality/pr54519-4.c -O2 -flto -fuse-linker-plugin
-fno-fat-lto-objects line 17 y == 25
FAIL: gcc.dg/guality/pr54519-5.c -O2 -flto -fno-use-linker-plugin
-flto-partition=none line 17 y == 25
FAIL: gcc.dg/guality/pr54519-5.c -O2 -flto -fuse-linker-plugin
-fno-fat-lto-objects line 17 y == 25
XPASS: gcc.dg/guality/pr54970.c -O0 line 31 a[0] == 4
XPASS: gcc.dg/guality/pr54970.c -O0 line 36 a[0] == 4
XPASS: gcc.dg/guality/pr54970.c -O0 line 45 a[0] == 4
XPASS: gcc.dg/guality/pr54970.c -O0 line 45 p[-2] == 4
XPASS: gcc.dg/guality/pr54970.c -O0 line 45 q[-1] == 4
FAIL: gcc.dg/guality/pr68860-1.c -O2 -flto -fno-use-linker-plugin
-flto-partition=none line 14 arg1 == 1
FAIL: gcc.dg/guality/pr68860-1.c -O2 -flto -fno-use-linker-plugin
-flto-partition=none line 14 arg2 == 2
FAIL: gcc.dg/guality/pr68860-1.c -O2 -flto -fno-use-linker-plugin
-flto-partition=none line 14 arg3 == 3
FAIL: gcc.dg/guality/pr68860-1.c -O2 -flto -fno-use-linker-plugin
-flto-partition=none line 14 arg4 == 4
FAIL: gcc.dg/guality/pr68860-1.c -O2 -flto -fno-use-linker-plugin
-flto-partition=none line 14 arg5 == 5
FAIL: gcc.dg/guality/pr68860-1.c -O2 -flto -fno-use-linker-plugin
-flto-partition=none line 14 arg6 == 6
FAIL: gcc.dg/guality/pr68860-1.c -O2 -flto -fno-use-linker-plugin
-flto-partition=none line 16 arg1 == 1
FAIL: gcc.dg/guality/pr68860-1.c -O2 -flto -fno-use-linker-plugin
-flto-partition=none line 16 arg2 == 2
FAIL: gcc.dg/guality/pr68860-1.c -O2 -flto -fno-use-linker-plugin
-flto-partition=none line 16 arg3 == 3
FAIL: gcc.dg/guality/pr68860-1.c -O2 -flto -fno-use-linker-plugin
-flto-partition=none line 16 arg4 == 4
FAIL: gcc.dg/guality/pr68860-1.c -O2 -flto -fno-use-linker-plugin
-flto-partition=none line 16 arg5 == 5
FAIL: gcc.dg/guality/pr68860-1.c -O2 -flto -fno-use-linker-plugin
-flto-partition=none line 16 arg6 == 6
FAIL: gcc.dg/guality/pr68860-1.c -O2 -flto -fuse-linker-plugin
-fno-fat-lto-objects line 14 arg1 == 1
FAIL: gcc.dg/guality/pr68860-1.c -O2 -flto -fuse-linker-plugin
-fno-fat-lto-objects line 14 arg2 == 2
FAIL: gcc.dg/guality/pr68860-1.c -O2 -flto -fuse-linker-plugin
-fno-fat-lto-objects line 14 arg3 == 3
FAIL: gcc.dg/guality/pr68860-1.c -O2 -flto -fuse-linker-plugin
-fno-fat-lto-objects line 14 arg4 == 4
FAIL: gcc.dg/guality/pr68860-1.c -O2 -flto -fuse-linker-plugin
-fno-fat-lto-objects line 14 arg5 == 5
FAIL: gcc.dg/guality/pr68860-1.c -O2 -flto -fuse-linker-plugin
-fno-fat-lto-objects line 14 arg6 == 6
FAIL: gcc.dg/guality/pr68860-1.c -O2 -flto -fuse-linker-plugin
-fno-fat-lto-objects line 16 arg1 == 1
FAIL: gcc.dg/guality/pr68860-1.c -O2 -flto -fuse-linker-plugin
-fno-fat-lto-objects line 16 arg2 == 2
FAIL: gcc.dg/guality/pr68860-1.c -O2 -flto -fuse-linker-plugin
-fno-fat-lto-objects line 16 arg3 == 3
FAIL: gcc.dg/guality/pr68860-1.c -O2 -flto -fuse-linker-plugin
-fno-fat-lto-objects line 16 arg4 == 4
FAIL: gcc.dg/guality/pr68860-1.c -O2 -flto -fuse-linker-plugin
-fno-fat-lto-objects line 16 arg5 == 5
FAIL: gcc.dg/guality/pr68860-1.c -O2 -flto -fuse-linker-plugin
-fno-fat-lto-objects line 16 arg6 == 6
FAIL: gcc.dg/guality/vla-1.c -O1 line 17 sizeof (a) == 6
FAIL: gcc.dg/guality/vla-1.c -O2 line 17 sizeof (a) == 6
FAIL: gcc.dg/guality/vla-1.c -O3 -g line 17 sizeof (a) == 6
FAIL: gcc.dg/guality/vla-1.c -Os line 17 sizeof (a) == 6
FAIL: gcc.dg/guality/vla-1.c -O2 -flto -fno-use-linker-plugin
-flto-partition=none line 17 sizeof (a) == 6
FAIL: gcc.dg/guality/vla-1.c -O2 -flto -fno-use-linker-plugin
-flto-partition=none line 24 sizeof (a) == 17 * sizeof (short)
FAIL: gcc.dg/guality/vla-1.c -O2 -flto -fuse-linker-plugin
-fno-fat-lto-objects line 17 sizeof (a) == 6
FAIL: gcc.dg/guality/vla-1.c -O2 -flto -fuse-linker-plugin
-fno-fat-lto-objects line 24 sizeof (a) == 17 * sizeof (short)
WARNING: program timed out
FAIL: gcc.dg/plugin/poly-int-07_plugin.c compilation
FAIL: gcc.dg/tree-ssa/builtin-sprintf-warn-18.c (test for warnings,
line 119)
FAIL: gcc.dg/tree-ssa/builtin-sprintf-warn-18.c (test for warnings,
line 121)
FAIL: gcc.dg/vect/vect-simd-clone-10.c (test for excess errors)
FAIL: gcc.dg/vect/vect-simd-clone-12.c (test for excess errors)
FAIL: gcc.dg/vect/vect-simd-clone-10.c -flto -ffat-lto-objects (test for
excess errors)
FAIL: gcc.dg/vect/vect-simd-clone-12.c -flto -ffat-lto-objects (test for
excess errors)
FAIL: gcc.target/i386/fuse-caller-save-xmm-run.c execution test
FAIL: gcc.target/i386/gfni-4.c (test for excess errors)
UNRESOLVED: gcc.target/i386/gfni-4.c scan-assembler-times
gf2p8affineinvqb[
\\\\t]+[^{\\n]*\\\\\$3[^\\n\\r]*%xmm[0-9]+[^\\n\\r]*%xmm[0-9]+(?:\\n|[
\\\\t]+#) 1
UNRESOLVED: gcc.target/i386/gfni-4.c scan-assembler-times gf2p8affineqb[
\\\\t]+[^{\\n]*\\\\\$3[^\\n\\r]*%xmm[0-9]+[^\\n\\r]*%xmm[0-9]+(?:\\n|[
\\\\t]+#) 1
UNRESOLVED: gcc.target/i386/gfni-4.c scan-assembler-times gf2p8mulb[
\\\\t]+[^{\\n]*%xmm[0-9]+[^\\n\\r]*%xmm[0-9]+(?:\\n|[ \\\\t]+#) 1
FAIL: gcc.target/i386/pr61423.c execution test
FAIL: gcc.target/i386/pr63618.c execution test
=== gcc Summary ===
# of expected passes 134752
# of unexpected failures 66
# of unexpected successes 21
# of expected failures 442
# of unresolved testcases 3
# of unsupported tests 2706
/usr/local/build/gcc-8.1.0_4.16.4-genunix_i686.004/gcc/xgcc version
8.1.0 (genunix Thu May 17 17:47:37 UTC 2018)
=== gfortran tests ===
Running target unix
FAIL: gfortran.dg/vect/vect-alias-check-1.F90 -O0 execution test
FAIL: gfortran.dg/vect/vect-alias-check-1.F90 -O1 execution test
FAIL: gfortran.dg/vect/vect-alias-check-1.F90 -O2 execution test
FAIL: gfortran.dg/vect/vect-alias-check-1.F90 -O3 -fomit-frame-pointer
-funroll-loops -fpeel-loops -ftracer -finline-functions execution test
FAIL: gfortran.dg/vect/vect-alias-check-1.F90 -O3 -g execution test
FAIL: gfortran.dg/vect/vect-alias-check-1.F90 -Os execution test
FAIL: gfortran.dg/vect/pr60510.f -O0 execution test
FAIL: gfortran.dg/vect/pr60510.f -O1 execution test
FAIL: gfortran.dg/vect/pr60510.f -O2 execution test
FAIL: gfortran.dg/vect/pr60510.f -O3 -fomit-frame-pointer
-funroll-loops -fpeel-loops -ftracer -finline-functions execution test
FAIL: gfortran.dg/vect/pr60510.f -O3 -g execution test
FAIL: gfortran.dg/vect/pr60510.f -Os execution test
FAIL: gfortran.dg/vect/fast-math-mgrid-resid.f -O scan-tree-dump
pcom "vectp_u.*__lsm.* = PHI <.*vectp_u.*__lsm"
=== gfortran Summary ===
# of expected passes 46523
# of unexpected failures 13
# of expected failures 93
# of unsupported tests 188
/usr/local/build/gcc-8.1.0_4.16.4-genunix_i686.004/gcc/gfortran version
8.1.0 (genunix Thu May 17 17:47:37 UTC 2018)
=== go tests ===
Running target unix
WARNING: program timed out
FAIL: go.test/test/cmplxdivide.go
FAIL: ./index0-out.go execution, -O0 -g -fno-var-tracking-assignments
=== go Summary ===
# of expected passes 7403
# of unexpected failures 2
# of expected failures 1
# of untested testcases 6
# of unsupported tests 2
/usr/local/build/gcc-8.1.0_4.16.4-genunix_i686.004/gcc/gccgo version
8.1.0 (genunix Thu May 17 17:47:37 UTC 2018)
=== obj-c++ tests ===
Running target unix
=== obj-c++ Summary ===
# of expected passes 1464
# of expected failures 2
# of unsupported tests 77
/usr/local/build/gcc-8.1.0_4.16.4-genunix_i686.004/gcc/xg++ version
8.1.0 (genunix Thu May 17 17:47:37 UTC 2018)
=== objc tests ===
Running target unix
=== objc Summary ===
# of expected passes 2797
# of expected failures 6
# of unsupported tests 68
/usr/local/build/gcc-8.1.0_4.16.4-genunix_i686.004/gcc/xgcc version
8.1.0 (genunix Thu May 17 17:47:37 UTC 2018)
=== gotools tests ===
FAIL: TestCgoExecSignalMask
FAIL: go test runtime
=== gotools Summary ===
# of expected passes 379
# of unexpected failures 2
# of untested testcases 192
/usr/local/build/gcc-8.1.0_4.16.4-genunix_i686.004/./gcc/gccgo version
8.1.0 (genunix Thu May 17 17:47:37 UTC 2018)
=== libatomic tests ===
Running target unix
=== libatomic Summary ===
# of expected passes 44
# of unsupported tests 5
=== libffi tests ===
Running target unix
=== libffi Summary ===
# of expected passes 2799
=== libgo tests ===
Running target unix
=== libgo Summary ===
# of expected passes 162
/usr/local/build/gcc-8.1.0_4.16.4-genunix_i686.004/./gcc/gccgo version
8.1.0 (genunix Thu May 17 17:47:37 UTC 2018)
=== libgomp tests ===
Running target unix
=== libgomp Summary ===
# of expected passes 5560
# of expected failures 1
# of unsupported tests 302
=== libitm tests ===
Running target unix
=== libitm Summary ===
# of expected passes 42
# of expected failures 3
# of unsupported tests 1
=== libstdc++ tests ===
Running target unix
=== libstdc++ Summary ===
# of expected passes 12380
# of expected failures 71
# of unsupported tests 538
Compiler version: 8.1.0 (genunix Thu May 17 17:47:37 UTC 2018)
Platform: i686-pc-linux-gnu
configure flags: --build=i686-pc-linux-gnu --target=i686-pc-linux-gnu
--host=i686-pc-linux-gnu --prefix=/usr/local/gcc8 --disable-nls
--enable-threads=posix --enable-shared --enable-bootstrap
--enable-libstdcxx-debug --enable-libstdcxx-time=yes
--enable-__cxa_atexit --with-system-zlib --with-long-double-128
--enable-stage1-languages=c,c++ --enable-stage1-checking=misc
--with-as=/usr/bin/as --with-ld=/usr/bin/ld
--enable-languages=c,c++,fortran,go,lto,objc,obj-c++
--with-pkgversion='genunix Thu May 17 17:47:37 UTC 2018'
EOF
Dennis Clarke
More information about the Gcc-testresults
mailing list