Results for 9.0.0 20180518 (experimental) [trunk revision 260354] (GCC) testsuite on i386-pc-solaris2.11
Rainer Orth
ro@CeBiTec.Uni-Bielefeld.DE
Fri May 18 22:23:00 GMT 2018
LAST_UPDATED: Fri May 18 11:35:35 UTC 2018 (revision 260354)
=== acats tests ===
FAIL: a74205e
=== acats Summary ===
# of expected passes 2319
# of unexpected failures 1
Native configuration is i386-pc-solaris2.11
=== g++ tests ===
Running target unix
=== g++ Summary for unix ===
# of expected passes 114596
# of expected failures 506
# of unsupported tests 4668
Running target unix/-m64
FAIL: g++.dg/pr80481.C -std=gnu++11 scan-assembler-not vmovaps
FAIL: g++.dg/pr80481.C -std=gnu++14 scan-assembler-not vmovaps
FAIL: g++.dg/pr80481.C -std=gnu++98 scan-assembler-not vmovaps
=== g++ Summary for unix/-m64 ===
# of expected passes 116091
# of unexpected failures 3
# of expected failures 509
# of unsupported tests 4860
=== g++ Summary ===
# of expected passes 230687
# of unexpected failures 3
# of expected failures 1015
# of unsupported tests 9528
/var/gcc/regression/trunk/11-gcc-gas/build/gcc/xg++ version 9.0.0 20180518 (experimental) [trunk revision 260354] (GCC)
=== gcc tests ===
Running target unix
FAIL: gcc.c-torture/compile/20010605-2.c -O2 -flto (test for excess errors)
FAIL: gcc.c-torture/compile/20010605-2.c -O2 -flto -flto-partition=none (test for excess errors)
FAIL: gcc.dg/pr68766.c (test for excess errors)
FAIL: gcc.dg/visibility-22.c execution test
FAIL: gcc.dg/ipa/ipa-icf-38.c scan-ltrans-tree-dump-not fixup_cfg4 "Function bar"
FAIL: gcc.dg/torture/pr60092.c -O0 execution test
FAIL: gcc.dg/tree-prof/update-loopch.c scan-tree-dump switchlower1 "Removing basic block"
=== gcc Summary for unix ===
# of expected passes 122263
# of unexpected failures 7
# of expected failures 407
# of unsupported tests 2229
Running target unix/-m64
FAIL: gcc.dg/pr68766.c (test for excess errors)
FAIL: gcc.dg/visibility-22.c execution test
FAIL: gcc.dg/ipa/ipa-icf-38.c scan-ltrans-tree-dump-not fixup_cfg4 "Function bar"
FAIL: gcc.dg/torture/pr60092.c -O0 execution test
FAIL: gcc.dg/tree-prof/update-loopch.c scan-tree-dump switchlower1 "Removing basic block"
=== gcc Summary for unix/-m64 ===
# of expected passes 124016
# of unexpected failures 5
# of expected failures 398
# of unsupported tests 2113
=== gcc Summary ===
# of expected passes 246279
# of unexpected failures 12
# of expected failures 805
# of unsupported tests 4342
/var/gcc/regression/trunk/11-gcc-gas/build/gcc/xgcc version 9.0.0 20180518 (experimental) [trunk revision 260354] (GCC)
=== gfortran tests ===
Running target unix
FAIL: gfortran.dg/alloc_comp_assign_1.f90 -O3 -fomit-frame-pointer -funroll-loops -fpeel-loops -ftracer -finline-functions (test for excess errors)
FAIL: gfortran.dg/alloc_comp_assign_1.f90 -O3 -fomit-frame-pointer -funroll-loops -fpeel-loops -ftracer -finline-functions execution test
=== gfortran Summary for unix ===
# of expected passes 47054
# of unexpected failures 2
# of expected failures 93
# of unsupported tests 194
Running target unix/-m64
=== gfortran Summary for unix/-m64 ===
# of expected passes 47273
# of expected failures 93
# of unsupported tests 91
=== gfortran Summary ===
# of expected passes 94327
# of unexpected failures 2
# of expected failures 186
# of unsupported tests 285
/var/gcc/regression/trunk/11-gcc-gas/build/gcc/gfortran version 9.0.0 20180518 (experimental) [trunk revision 260354] (GCC)
=== gnat tests ===
Running target unix
UNRESOLVED: gnat.dg/lhs_view_convert.adb compilation failed to produce executable
=== gnat Summary for unix ===
# of expected passes 2700
# of expected failures 23
# of unresolved testcases 1
# of unsupported tests 7
Running target unix/-m64
=== gnat Summary for unix/-m64 ===
# of expected passes 2701
# of expected failures 23
# of unsupported tests 7
=== gnat Summary ===
# of expected passes 5401
# of expected failures 46
# of unresolved testcases 1
# of unsupported tests 14
/var/gcc/regression/trunk/11-gcc-gas/build/gcc/gnatmake version 9.0.0 20180518 (experimental) [trunk revision 260354]
=== go tests ===
Running target unix
FAIL: go.go-torture/execute/for-1.go compilation, -O2 -fbounds-check
FAIL: go.go-torture/execute/for-1.go execution, -O2 -fomit-frame-pointer -finline-functions -funroll-loops
FAIL: go.go-torture/execute/goto-1.go execution, -O2 -fomit-frame-pointer -finline-functions
FAIL: ./index0-out.go execution, -O0 -g -fno-var-tracking-assignments
=== go Summary for unix ===
# of expected passes 7392
# of unexpected failures 4
# of expected failures 1
# of untested testcases 11
# of unsupported tests 2
Running target unix/-m64
FAIL: ./index0-out.go execution, -O0 -g -fno-var-tracking-assignments
=== go Summary for unix/-m64 ===
# of expected passes 7277
# of unexpected failures 1
# of expected failures 1
# of untested testcases 10
# of unsupported tests 1
=== go Summary ===
# of expected passes 14669
# of unexpected failures 5
# of expected failures 2
# of untested testcases 21
# of unsupported tests 3
=== obj-c++ tests ===
Running target unix
=== obj-c++ Summary for unix ===
# of expected passes 1464
# of expected failures 2
# of unsupported tests 77
Running target unix/-m64
=== obj-c++ Summary for unix/-m64 ===
# of expected passes 1456
# of expected failures 10
# of unsupported tests 77
=== obj-c++ Summary ===
# of expected passes 2920
# of expected failures 12
# of unsupported tests 154
/var/gcc/regression/trunk/11-gcc-gas/build/gcc/xg++ version 9.0.0 20180518 (experimental) [trunk revision 260354] (GCC)
=== objc tests ===
Running target unix
FAIL: objc/execute/load-3.m compilation, -O2 -fgnu-runtime
FAIL: objc/execute/load-3.m compilation, -O3 -fomit-frame-pointer -funroll-loops -fpeel-loops -ftracer -finline-functions -fgnu-runtime
UNRESOLVED: objc/execute/load-3.m execution, -O2 -fgnu-runtime
UNRESOLVED: objc/execute/load-3.m execution, -O3 -fomit-frame-pointer -funroll-loops -fpeel-loops -ftracer -finline-functions -fgnu-runtime
=== objc Summary for unix ===
# of expected passes 2793
# of unexpected failures 2
# of expected failures 6
# of unresolved testcases 2
# of unsupported tests 68
Running target unix/-m64
=== objc Summary for unix/-m64 ===
# of expected passes 2797
# of expected failures 6
# of unsupported tests 68
=== objc Summary ===
# of expected passes 5590
# of unexpected failures 2
# of expected failures 12
# of unresolved testcases 2
# of unsupported tests 136
/var/gcc/regression/trunk/11-gcc-gas/build/gcc/xgcc version 9.0.0 20180518 (experimental) [trunk revision 260354] (GCC)
=== gotools tests ===
FAIL: go test cmd/go
FAIL: TestCgoCrashHandler
FAIL: TestCgoSignalDeadlock
FAIL: TestSelectStackAdjust
FAIL: go test runtime
FAIL: Test18146
FAIL: go test misc/cgo/test
FAIL: TestCompileWithoutShared
FAIL: TestEarlySignalHandler
FAIL: TestInstall
FAIL: TestOsSignal
FAIL: TestPIE
FAIL: TestSIGPROF
FAIL: TestSigaltstack
FAIL: TestSignalForwarding
FAIL: TestSignalForwardingExternal
FAIL: go test misc/cgo/testcarchive
=== gotools Summary ===
# of expected passes 233
# of unexpected failures 17
# of untested testcases 59
/var/gcc/regression/trunk/11-gcc-gas/build/./gcc/gccgo version 9.0.0 20180518 (experimental) [trunk revision 260354] (GCC)
=== libatomic tests ===
Running target unix
=== libatomic Summary for unix ===
# of expected passes 44
# of unsupported tests 5
Running target unix/-m64
=== libatomic Summary for unix/-m64 ===
# of expected passes 54
=== libatomic Summary ===
# of expected passes 98
# of unsupported tests 5
=== libffi tests ===
Running target unix
FAIL: libffi.call/cls_align_sint16.c -W -Wall -Wno-psabi -O2 (test for excess errors)
FAIL: libffi.call/cls_align_sint16.c -W -Wall -Wno-psabi -O2 execution test
=== libffi Summary for unix ===
# of expected passes 2796
# of unexpected failures 2
Running target unix/-m64
=== libffi Summary for unix/-m64 ===
# of expected passes 2214
=== libffi Summary ===
# of expected passes 5010
# of unexpected failures 2
=== libgo tests ===
Running target unix
FAIL: go/build
FAIL: runtime
=== libgo Summary for unix ===
# of expected passes 161
# of unexpected failures 2
Running target unix/-m64
FAIL: go/build
=== libgo Summary for unix/-m64 ===
# of expected passes 162
# of unexpected failures 1
=== libgo Summary ===
# of expected passes 323
# of unexpected failures 3
/var/gcc/regression/trunk/11-gcc-gas/build/./gcc/gccgo version 9.0.0 20180518 (experimental) [trunk revision 260354] (GCC)
=== libgomp tests ===
Running target unix
=== libgomp Summary for unix ===
# of expected passes 5566
# of expected failures 1
# of unsupported tests 302
Running target unix/-m64
=== libgomp Summary for unix/-m64 ===
# of expected passes 5566
# of expected failures 1
# of unsupported tests 302
=== libgomp Summary ===
# of expected passes 11132
# of expected failures 2
# of unsupported tests 604
=== libitm tests ===
Running target unix
=== libitm Summary for unix ===
# of expected passes 42
# of expected failures 3
# of unsupported tests 1
Running target unix/-m64
=== libitm Summary for unix/-m64 ===
# of expected passes 42
# of expected failures 3
# of unsupported tests 1
=== libitm Summary ===
# of expected passes 84
# of expected failures 6
# of unsupported tests 2
=== libstdc++ tests ===
Running target unix
=== libstdc++ Summary for unix ===
# of expected passes 11370
# of expected failures 75
# of unsupported tests 631
Running target unix/-m64
=== libstdc++ Summary for unix/-m64 ===
# of expected passes 11363
# of expected failures 74
# of unsupported tests 635
=== libstdc++ Summary ===
# of expected passes 22733
# of expected failures 149
# of unsupported tests 1266
Compiler version: 9.0.0 20180518 (experimental) [trunk revision 260354] (GCC)
Platform: i386-pc-solaris2.11
configure flags: --prefix=/vol/gcc --target=i386-pc-solaris2.11 --enable-objc-gc --with-target-bdw-gc-include=/vol/gcc/include --with-target-bdw-gc-lib=/vol/gcc/lib,amd64=/vol/gcc/lib/amd64 --enable-libmudflap --with-as=/vol/gcc/bin/gas-2.30 --with-gnu-as --with-gmp-include=/vol/gcc/include --with-gmp-lib=/vol/gcc/lib --with-mpfr-include=/vol/gcc/include --with-mpfr-lib=/vol/gcc/lib --with-mpc-include=/vol/gcc/include --with-mpc-lib=/vol/gcc/lib --enable-languages=all,ada,obj-c++,go --with-isl-include=/vol/gcc/include --with-isl-lib=/vol/gcc/lib --build=i386-pc-solaris2.11 --host=i386-pc-solaris2.11
BOOT_CFLAGS=-g -O2
More information about the Gcc-testresults
mailing list