Results for 9.0.0 20180518 (experimental) [trunk revision 260354] (GCC) testsuite on i386-pc-solaris2.11

Rainer Orth ro@CeBiTec.Uni-Bielefeld.DE
Fri May 18 22:23:00 GMT 2018


LAST_UPDATED: Fri May 18 11:35:35 UTC 2018 (revision 260354)

		=== acats tests ===

		=== acats Summary ===
# of expected passes		2320
# of unexpected failures	0
Native configuration is i386-pc-solaris2.11

		=== g++ tests ===


Running target unix
ERROR: couldn't fork child process: not enough memory
ERROR: couldn't fork child process: not enough memory
WARNING: program timed out
WARNING: program timed out
ERROR: tcl error sourcing /vol/gcc/src/hg/trunk/local/gcc/testsuite/g++.dg/compat/struct-layout-1.exp.
ERROR: tcl error sourcing /vol/gcc/src/hg/trunk/local/gcc/testsuite/g++.dg/compat/struct-layout-1.exp.

		=== g++ Summary for unix ===

# of expected passes		113215
# of expected failures		561
# of unsupported tests		4639

Running target unix/-m64

		=== g++ Summary for unix/-m64 ===

# of expected passes		115033
# of expected failures		493
# of unsupported tests		4834

		=== g++ Summary ===

# of expected passes		228248
# of expected failures		1054
# of unsupported tests		9473
/var/gcc/regression/trunk/11-gcc/build/gcc/xg++  version 9.0.0 20180518 (experimental) [trunk revision 260354] (GCC) 

		=== gcc tests ===


Running target unix
FAIL: gcc.c-torture/compile/pr61159.c   -O0  (test for excess errors)
FAIL: gcc.c-torture/compile/pr61159.c   -O1  (test for excess errors)
FAIL: gcc.c-torture/compile/pr61159.c   -O2  (test for excess errors)
FAIL: gcc.c-torture/compile/pr61159.c   -O2 -flto  (test for excess errors)
FAIL: gcc.c-torture/compile/pr61159.c   -O2 -flto -flto-partition=none  (test for excess errors)
FAIL: gcc.c-torture/compile/pr61159.c   -O3 -g  (test for excess errors)
FAIL: gcc.c-torture/compile/pr61159.c   -Os  (test for excess errors)
FAIL: gcc.dg/attr-weakref-1.c (test for excess errors)
UNRESOLVED: gcc.dg/attr-weakref-1.c compilation failed to produce executable
FAIL: gcc.dg/pr68766.c (test for excess errors)
FAIL: gcc.dg/visibility-22.c execution test
FAIL: gcc.dg/ipa/ipa-icf-38.c scan-ltrans-tree-dump-not fixup_cfg4 "Function bar"
FAIL: gcc.dg/torture/pr60092.c   -O0  execution test
FAIL: gcc.dg/tree-prof/update-loopch.c scan-tree-dump switchlower1 "Removing basic block"
FAIL: gcc.target/i386/pr80569.c (test for excess errors)

		=== gcc Summary for unix ===

# of expected passes		121132
# of unexpected failures	14
# of expected failures		407
# of unresolved testcases	1
# of unsupported tests		2795

Running target unix/-m64
FAIL: gcc.c-torture/compile/pr61159.c   -O0  (test for excess errors)
FAIL: gcc.c-torture/compile/pr61159.c   -O1  (test for excess errors)
FAIL: gcc.c-torture/compile/pr61159.c   -O2  (test for excess errors)
FAIL: gcc.c-torture/compile/pr61159.c   -O2 -flto  (test for excess errors)
FAIL: gcc.c-torture/compile/pr61159.c   -O2 -flto -flto-partition=none  (test for excess errors)
FAIL: gcc.c-torture/compile/pr61159.c   -O3 -g  (test for excess errors)
FAIL: gcc.c-torture/compile/pr61159.c   -Os  (test for excess errors)
FAIL: gcc.dg/attr-weakref-1.c (test for excess errors)
UNRESOLVED: gcc.dg/attr-weakref-1.c compilation failed to produce executable
FAIL: gcc.dg/pr68766.c (test for excess errors)
FAIL: gcc.dg/visibility-22.c execution test
FAIL: gcc.dg/ipa/ipa-icf-38.c scan-ltrans-tree-dump-not fixup_cfg4 "Function bar"
FAIL: gcc.dg/torture/pr60092.c   -O0  execution test
FAIL: gcc.dg/tree-prof/update-loopch.c scan-tree-dump switchlower1 "Removing basic block"
FAIL: gcc.target/i386/pr80569.c (test for excess errors)

		=== gcc Summary for unix/-m64 ===

# of expected passes		122792
# of unexpected failures	14
# of expected failures		398
# of unresolved testcases	1
# of unsupported tests		2702

		=== gcc Summary ===

# of expected passes		243924
# of unexpected failures	28
# of expected failures		805
# of unresolved testcases	2
# of unsupported tests		5497
/var/gcc/regression/trunk/11-gcc/build/gcc/xgcc  version 9.0.0 20180518 (experimental) [trunk revision 260354] (GCC) 

		=== gfortran tests ===


Running target unix
FAIL: gfortran.dg/PR19754_2.f90   -O1  execution test

		=== gfortran Summary for unix ===

# of expected passes		47055
# of unexpected failures	1
# of expected failures		93
# of unsupported tests		194

Running target unix/-m64

		=== gfortran Summary for unix/-m64 ===

# of expected passes		47273
# of expected failures		93
# of unsupported tests		91

		=== gfortran Summary ===

# of expected passes		94328
# of unexpected failures	1
# of expected failures		186
# of unsupported tests		285
/var/gcc/regression/trunk/11-gcc/build/gcc/gfortran  version 9.0.0 20180518 (experimental) [trunk revision 260354] (GCC) 

		=== gnat tests ===


Running target unix
FAIL: gnat.dg/discr32.adb (test for excess errors)
UNRESOLVED: gnat.dg/discr32.adb compilation failed to produce executable
WARNING: program timed out

		=== gnat Summary for unix ===

# of expected passes		2699
# of unexpected failures	1
# of expected failures		23
# of unresolved testcases	1
# of unsupported tests		7

Running target unix/-m64

		=== gnat Summary for unix/-m64 ===

# of expected passes		2701
# of expected failures		23
# of unsupported tests		7

		=== gnat Summary ===

# of expected passes		5400
# of unexpected failures	1
# of expected failures		46
# of unresolved testcases	1
# of unsupported tests		14
/var/gcc/regression/trunk/11-gcc/build/gcc/gnatmake version 9.0.0 20180518 (experimental) [trunk revision 260354]

		=== go tests ===


Running target unix
FAIL: go.go-torture/execute/go-1.go execution,  -O2 -fomit-frame-pointer -finline-functions -funroll-loops 
FAIL: ./index0-out.go compilation,  -O0 -g -fno-var-tracking-assignments 

		=== go Summary for unix ===

# of expected passes		7394
# of unexpected failures	2
# of expected failures		1
# of untested testcases		11
# of unsupported tests		2

Running target unix/-m64
FAIL: ./index0-out.go compilation,  -O0 -g -fno-var-tracking-assignments 

		=== go Summary for unix/-m64 ===

# of expected passes		7276
# of unexpected failures	1
# of expected failures		1
# of untested testcases		11
# of unsupported tests		1

		=== go Summary ===

# of expected passes		14670
# of unexpected failures	3
# of expected failures		2
# of untested testcases		22
# of unsupported tests		3
		=== obj-c++ tests ===


Running target unix
FAIL: obj-c++.dg/plugin/diagnostic-test-expressions-1.mm -fplugin=./diagnostic_plugin_test_tree_expression_range.so  (test for warnings, line 39)
FAIL: obj-c++.dg/plugin/diagnostic-test-expressions-1.mm -fplugin=./diagnostic_plugin_test_tree_expression_range.so  (test for warnings, line 44)
FAIL: obj-c++.dg/plugin/diagnostic-test-expressions-1.mm -fplugin=./diagnostic_plugin_test_tree_expression_range.so  (test for warnings, line 52)
FAIL: obj-c++.dg/plugin/diagnostic-test-expressions-1.mm -fplugin=./diagnostic_plugin_test_tree_expression_range.so  (test for warnings, line 60)
FAIL: obj-c++.dg/plugin/diagnostic-test-expressions-1.mm -fplugin=./diagnostic_plugin_test_tree_expression_range.so  (test for warnings, line 68)
FAIL: obj-c++.dg/plugin/diagnostic-test-expressions-1.mm -fplugin=./diagnostic_plugin_test_tree_expression_range.so  (test for warnings, line 81)
FAIL: obj-c++.dg/plugin/diagnostic-test-expressions-1.mm -fplugin=./diagnostic_plugin_test_tree_expression_range.so  (test for warnings, line 88)
FAIL: obj-c++.dg/plugin/diagnostic-test-expressions-1.mm -fplugin=./diagnostic_plugin_test_tree_expression_range.so  expected multiline pattern lines 41-42 not found: "\\s*__emit_expression_range \\( 0, \\[self func0\\] \\);.*\\n                                \\^~~~~~~~~~~~\\n"
FAIL: obj-c++.dg/plugin/diagnostic-test-expressions-1.mm -fplugin=./diagnostic_plugin_test_tree_expression_range.so  expected multiline pattern lines 46-47 not found: "   __emit_expression_range \\( 0, \\[self func1:5\\] \\);.*\\n                                \\^~~~~~~~~~~~~~\\n"
FAIL: obj-c++.dg/plugin/diagnostic-test-expressions-1.mm -fplugin=./diagnostic_plugin_test_tree_expression_range.so  expected multiline pattern lines 54-55 not found: "   __emit_expression_range \\( 0, tests\\.func2 \\);.*\\n                                ~~~~~~\\^~~~~\\n"
FAIL: obj-c++.dg/plugin/diagnostic-test-expressions-1.mm -fplugin=./diagnostic_plugin_test_tree_expression_range.so  expected multiline pattern lines 62-63 not found: "   __emit_expression_range \\( 0, @selector\\(func0\\) \\);.*\\n                                \\^~~~~~~~~~~~~~~~\\n"
FAIL: obj-c++.dg/plugin/diagnostic-test-expressions-1.mm -fplugin=./diagnostic_plugin_test_tree_expression_range.so  expected multiline pattern lines 70-71 not found: "   __emit_expression_range \\( 0, @protocol\\(prot\\) \\);.*\\n                                \\^~~~~~~~~~~~~~~\\n"
FAIL: obj-c++.dg/plugin/diagnostic-test-expressions-1.mm -fplugin=./diagnostic_plugin_test_tree_expression_range.so  expected multiline pattern lines 83-84 not found: "   __emit_expression_range \\( 0, @encode\\(int\\) \\+ i \\);.*\\n                                ~~~~~~~~~~~~~\\^~~\\n"
FAIL: obj-c++.dg/plugin/diagnostic-test-expressions-1.mm -fplugin=./diagnostic_plugin_test_tree_expression_range.so  expected multiline pattern lines 90-91 not found: "   __emit_expression_range \\( 0, i \\+ @encode\\(int\\) \\);.*\\n                                ~~\\^~~~~~~~~~~~~~\\n"
FAIL: obj-c++.dg/plugin/diagnostic-test-expressions-1.mm -fplugin=./diagnostic_plugin_test_tree_expression_range.so (test for excess errors)

		=== obj-c++ Summary for unix ===

# of expected passes		1449
# of unexpected failures	15
# of expected failures		2
# of unsupported tests		77

Running target unix/-m64

		=== obj-c++ Summary for unix/-m64 ===

# of expected passes		1456
# of expected failures		10
# of unsupported tests		77

		=== obj-c++ Summary ===

# of expected passes		2905
# of unexpected failures	15
# of expected failures		12
# of unsupported tests		154
/var/gcc/regression/trunk/11-gcc/build/gcc/xg++  version 9.0.0 20180518 (experimental) [trunk revision 260354] (GCC) 

		=== objc tests ===


Running target unix

		=== objc Summary for unix ===

# of expected passes		2797
# of expected failures		6
# of unsupported tests		68

Running target unix/-m64

		=== objc Summary for unix/-m64 ===

# of expected passes		2797
# of expected failures		6
# of unsupported tests		68

		=== objc Summary ===

# of expected passes		5594
# of expected failures		12
# of unsupported tests		136
/var/gcc/regression/trunk/11-gcc/build/gcc/xgcc  version 9.0.0 20180518 (experimental) [trunk revision 260354] (GCC) 

		=== gotools tests ===

FAIL: go test cmd/go
FAIL: TestCgoSignalDeadlock
FAIL: TestGccgoCrashTracebackNodebug
FAIL: TestSelectStackAdjust
FAIL: go test runtime
FAIL: Test18146
FAIL: go test misc/cgo/test
FAIL: TestCachedInstall
FAIL: TestCompileWithoutShared
FAIL: TestEarlySignalHandler
FAIL: TestInstall
FAIL: TestOsSignal
FAIL: TestPIE
FAIL: TestSigaltstack
FAIL: TestSignalForwarding
FAIL: TestSignalForwardingExternal
FAIL: go test misc/cgo/testcarchive

		=== gotools Summary ===
# of expected passes		232
# of unexpected failures	17
# of untested testcases		59
/var/gcc/regression/trunk/11-gcc/build/./gcc/gccgo version 9.0.0 20180518 (experimental) [trunk revision 260354] (GCC)

		=== libatomic tests ===


Running target unix

		=== libatomic Summary for unix ===

# of expected passes		44
# of unsupported tests		5

Running target unix/-m64

		=== libatomic Summary for unix/-m64 ===

# of expected passes		54

		=== libatomic Summary ===

# of expected passes		98
# of unsupported tests		5
		=== libffi tests ===


Running target unix

		=== libffi Summary for unix ===

# of expected passes		2799

Running target unix/-m64

		=== libffi Summary for unix/-m64 ===

# of expected passes		2214

		=== libffi Summary ===

# of expected passes		5013
		=== libgo tests ===


Running target unix
FAIL: go/build
FAIL: os/signal
FAIL: runtime

		=== libgo Summary for unix ===

# of expected passes		160
# of unexpected failures	3

Running target unix/-m64
FAIL: bytes
FAIL: go/build

		=== libgo Summary for unix/-m64 ===

# of expected passes		161
# of unexpected failures	2

		=== libgo Summary ===

# of expected passes		321
# of unexpected failures	5
/var/gcc/regression/trunk/11-gcc/build/./gcc/gccgo version 9.0.0 20180518 (experimental) [trunk revision 260354] (GCC)

		=== libgomp tests ===


Running target unix
WARNING: program timed out
FAIL: libgomp.c/../libgomp.c-c++-common/for-6.c (test for excess errors)
UNRESOLVED: libgomp.c/../libgomp.c-c++-common/for-6.c compilation failed to produce executable

		=== libgomp Summary for unix ===

# of expected passes		5444
# of unexpected failures	1
# of expected failures		1
# of unresolved testcases	1
# of unsupported tests		362

Running target unix/-m64

		=== libgomp Summary for unix/-m64 ===

# of expected passes		5446
# of expected failures		1
# of unsupported tests		362

		=== libgomp Summary ===

# of expected passes		10890
# of unexpected failures	1
# of expected failures		2
# of unresolved testcases	1
# of unsupported tests		724
		=== libitm tests ===


Running target unix

		=== libitm Summary for unix ===

# of expected passes		42
# of expected failures		3
# of unsupported tests		1

Running target unix/-m64

		=== libitm Summary for unix/-m64 ===

# of expected passes		42
# of expected failures		3
# of unsupported tests		1

		=== libitm Summary ===

# of expected passes		84
# of expected failures		6
# of unsupported tests		2
		=== libstdc++ tests ===


Running target unix
XPASS: experimental/memory_resource/resource_adaptor.cc execution test

		=== libstdc++ Summary for unix ===

# of expected passes		11370
# of unexpected successes	1
# of expected failures		74
# of unsupported tests		631

Running target unix/-m64

		=== libstdc++ Summary for unix/-m64 ===

# of expected passes		11363
# of expected failures		74
# of unsupported tests		635

		=== libstdc++ Summary ===

# of expected passes		22733
# of unexpected successes	1
# of expected failures		148
# of unsupported tests		1266

Compiler version: 9.0.0 20180518 (experimental) [trunk revision 260354] (GCC) 
Platform: i386-pc-solaris2.11
configure flags: --prefix=/vol/gcc --target=i386-pc-solaris2.11 --enable-objc-gc --with-target-bdw-gc-include=/vol/gcc/include --with-target-bdw-gc-lib=/vol/gcc/lib,amd64=/vol/gcc/lib/amd64 --enable-libmudflap --with-as=/usr/ccs/bin/as --without-gnu-as --with-gmp-include=/vol/gcc/include --with-gmp-lib=/vol/gcc/lib --with-mpfr-include=/vol/gcc/include --with-mpfr-lib=/vol/gcc/lib --with-mpc-include=/vol/gcc/include --with-mpc-lib=/vol/gcc/lib --enable-languages=all,ada,obj-c++,go --with-isl-include=/vol/gcc/include --with-isl-lib=/vol/gcc/lib --build=i386-pc-solaris2.11 --host=i386-pc-solaris2.11
BOOT_CFLAGS=-g -O2



More information about the Gcc-testresults mailing list