Results for 9.0.0 20180513 (experimental) [trunk revision 260207] (GCC) testsuite on x86_64-pc-linux-gnu

Andreas Tobler andreast.dev@gmail.com
Sun May 13 14:24:00 GMT 2018


LAST_UPDATED: Sun May 13 08:30:46 UTC 2018 (revision 260207)

Native configuration is x86_64-pc-linux-gnu

		=== gcc tests ===


Running target unix
FAIL: c-c++-common/asan/swapcontext-test-1.c   -O0  execution test
FAIL: c-c++-common/asan/swapcontext-test-1.c   -O1  execution test
FAIL: c-c++-common/asan/swapcontext-test-1.c   -O2  execution test
FAIL: c-c++-common/asan/swapcontext-test-1.c   -O2 -flto -fno-use-linker-plugin -flto-partition=none  execution test
FAIL: c-c++-common/asan/swapcontext-test-1.c   -O2 -flto -fuse-linker-plugin -fno-fat-lto-objects  execution test
FAIL: c-c++-common/asan/swapcontext-test-1.c   -O3 -fomit-frame-pointer -funroll-loops -fpeel-loops -ftracer -finline-functions  execution test
FAIL: c-c++-common/asan/swapcontext-test-1.c   -O3 -g  execution test
FAIL: c-c++-common/asan/swapcontext-test-1.c   -Os  execution test

		=== gcc Summary for unix ===

# of expected passes		134964
# of unexpected failures	8
# of expected failures		393
# of unsupported tests		2136

Running target unix/-m32
FAIL: c-c++-common/asan/swapcontext-test-1.c   -O0  execution test
FAIL: c-c++-common/asan/swapcontext-test-1.c   -O1  execution test
FAIL: c-c++-common/asan/swapcontext-test-1.c   -O2  execution test
FAIL: c-c++-common/asan/swapcontext-test-1.c   -O2 -flto -fno-use-linker-plugin -flto-partition=none  execution test
FAIL: c-c++-common/asan/swapcontext-test-1.c   -O2 -flto -fuse-linker-plugin -fno-fat-lto-objects  execution test
FAIL: c-c++-common/asan/swapcontext-test-1.c   -O3 -fomit-frame-pointer -funroll-loops -fpeel-loops -ftracer -finline-functions  execution test
FAIL: c-c++-common/asan/swapcontext-test-1.c   -O3 -g  execution test
FAIL: c-c++-common/asan/swapcontext-test-1.c   -Os  execution test

		=== gcc Summary for unix/-m32 ===

# of expected passes		133174
# of unexpected failures	8
# of expected failures		402
# of unsupported tests		2281

		=== gcc Summary ===

# of expected passes		268138
# of unexpected failures	16
# of expected failures		795
# of unsupported tests		4417
/export/devel/build/gcc/head/objdir/gcc/xgcc  version 9.0.0 20180513 (experimental) [trunk revision 260207] (GCC) 

		=== gfortran tests ===


Running target unix

		=== gfortran Summary for unix ===

# of expected passes		47183
# of expected failures		83
# of unsupported tests		74

Running target unix/-m32

		=== gfortran Summary for unix/-m32 ===

# of expected passes		46964
# of expected failures		83
# of unsupported tests		179

		=== gfortran Summary ===

# of expected passes		94147
# of expected failures		166
# of unsupported tests		253
/export/devel/build/gcc/head/objdir/gcc/gfortran  version 9.0.0 20180513 (experimental) [trunk revision 260207] (GCC) 

		=== g++ tests ===


Running target unix
FAIL: c-c++-common/asan/swapcontext-test-1.c   -O0  execution test
FAIL: c-c++-common/asan/swapcontext-test-1.c   -O1  execution test
FAIL: c-c++-common/asan/swapcontext-test-1.c   -O2  execution test
FAIL: c-c++-common/asan/swapcontext-test-1.c   -O2 -flto -fno-use-linker-plugin -flto-partition=none  execution test
FAIL: c-c++-common/asan/swapcontext-test-1.c   -O2 -flto -fuse-linker-plugin -fno-fat-lto-objects  execution test
FAIL: c-c++-common/asan/swapcontext-test-1.c   -O3 -fomit-frame-pointer -funroll-loops -fpeel-loops -ftracer -finline-functions  execution test
FAIL: c-c++-common/asan/swapcontext-test-1.c   -O3 -g  execution test
FAIL: c-c++-common/asan/swapcontext-test-1.c   -Os  execution test

		=== g++ Summary for unix ===

# of expected passes		125182
# of unexpected failures	8
# of expected failures		498
# of unsupported tests		4893

Running target unix/-m32
FAIL: c-c++-common/asan/swapcontext-test-1.c   -O0  execution test
FAIL: c-c++-common/asan/swapcontext-test-1.c   -O1  execution test
FAIL: c-c++-common/asan/swapcontext-test-1.c   -O2  execution test
FAIL: c-c++-common/asan/swapcontext-test-1.c   -O2 -flto -fno-use-linker-plugin -flto-partition=none  execution test
FAIL: c-c++-common/asan/swapcontext-test-1.c   -O2 -flto -fuse-linker-plugin -fno-fat-lto-objects  execution test
FAIL: c-c++-common/asan/swapcontext-test-1.c   -O3 -fomit-frame-pointer -funroll-loops -fpeel-loops -ftracer -finline-functions  execution test
FAIL: c-c++-common/asan/swapcontext-test-1.c   -O3 -g  execution test
FAIL: c-c++-common/asan/swapcontext-test-1.c   -Os  execution test

		=== g++ Summary for unix/-m32 ===

# of expected passes		123409
# of unexpected failures	8
# of expected failures		495
# of unsupported tests		4724

		=== g++ Summary ===

# of expected passes		248591
# of unexpected failures	16
# of expected failures		993
# of unsupported tests		9617
/export/devel/build/gcc/head/objdir/gcc/xg++  version 9.0.0 20180513 (experimental) [trunk revision 260207] (GCC) 

		=== objc tests ===


Running target unix

		=== objc Summary for unix ===

# of expected passes		2797
# of expected failures		6
# of unsupported tests		68

Running target unix/-m32

		=== objc Summary for unix/-m32 ===

# of expected passes		2797
# of expected failures		6
# of unsupported tests		68

		=== objc Summary ===

# of expected passes		5594
# of expected failures		12
# of unsupported tests		136
/export/devel/build/gcc/head/objdir/gcc/xgcc  version 9.0.0 20180513 (experimental) [trunk revision 260207] (GCC) 

		=== libatomic tests ===


Running target unix/-m32

		=== libatomic Summary for unix/-m32 ===

# of expected passes		44
# of unsupported tests		5

Running target unix

		=== libatomic Summary for unix ===

# of expected passes		54

		=== libatomic Summary ===

# of expected passes		98
# of unsupported tests		5
		=== libgomp tests ===


Running target unix/-m32

		=== libgomp Summary for unix/-m32 ===

# of expected passes		5548
# of unsupported tests		288

Running target unix

		=== libgomp Summary for unix ===

# of expected passes		5548
# of unsupported tests		288

		=== libgomp Summary ===

# of expected passes		11096
# of unsupported tests		576
		=== libitm tests ===


Running target unix/-m32

		=== libitm Summary for unix/-m32 ===

# of expected passes		42
# of expected failures		3
# of unsupported tests		1

Running target unix

		=== libitm Summary for unix ===

# of expected passes		42
# of expected failures		3
# of unsupported tests		1

		=== libitm Summary ===

# of expected passes		84
# of expected failures		6
# of unsupported tests		2
		=== libstdc++ tests ===


Running target unix

		=== libstdc++ Summary for unix ===

# of expected passes		12345
# of expected failures		74
# of unsupported tests		571

Running target unix/-m32

		=== libstdc++ Summary for unix/-m32 ===

# of expected passes		12353
# of expected failures		74
# of unsupported tests		567

		=== libstdc++ Summary ===

# of expected passes		24698
# of expected failures		148
# of unsupported tests		1138

Compiler version: 9.0.0 20180513 (experimental) [trunk revision 260207] (GCC) 
Platform: x86_64-pc-linux-gnu
configure flags: --prefix=/export/devel/build/gcc/head/testbin



More information about the Gcc-testresults mailing list