Results for 9.0.0 20180504 (experimental) [trunk revision 259929] (GCC) testsuite on i386-pc-solaris2.10

Rainer Orth ro@CeBiTec.Uni-Bielefeld.DE
Sat May 5 06:49:00 GMT 2018


LAST_UPDATED: Fri May  4 09:54:17 UTC 2018 (revision 259929)

		=== acats tests ===

		=== acats Summary ===
# of expected passes		2320
# of unexpected failures	0
Native configuration is i386-pc-solaris2.10

		=== g++ tests ===


Running target unix

		=== g++ Summary for unix ===

# of expected passes		114481
# of expected failures		500
# of unsupported tests		4677

Running target unix/-m64
FAIL: g++.dg/pr80481.C  -std=gnu++11  scan-assembler-not vmovaps
FAIL: g++.dg/pr80481.C  -std=gnu++14  scan-assembler-not vmovaps
FAIL: g++.dg/pr80481.C  -std=gnu++98  scan-assembler-not vmovaps

		=== g++ Summary for unix/-m64 ===

# of expected passes		115963
# of unexpected failures	3
# of expected failures		503
# of unsupported tests		4879

		=== g++ Summary ===

# of expected passes		230444
# of unexpected failures	3
# of expected failures		1003
# of unsupported tests		9556
/var/gcc/regression/trunk/10-gcc-gas/build/gcc/xg++  version 9.0.0 20180504 (experimental) [trunk revision 259929] (GCC) 

		=== gcc tests ===


Running target unix
FAIL: c-c++-common/Warray-bounds-3.c  -Wc++-compat   (test for warnings, line 190)
FAIL: c-c++-common/Warray-bounds-3.c  -Wc++-compat   (test for warnings, line 191)
FAIL: c-c++-common/Warray-bounds-3.c  -Wc++-compat   (test for warnings, line 203)
FAIL: c-c++-common/Warray-bounds-3.c  -Wc++-compat   (test for warnings, line 369)
FAIL: c-c++-common/Warray-bounds-3.c  -Wc++-compat   (test for warnings, line 370)
FAIL: c-c++-common/Warray-bounds-3.c  -Wc++-compat   (test for warnings, line 371)
FAIL: c-c++-common/Warray-bounds-3.c  -Wc++-compat  memcpy (test for warnings, line 118)
FAIL: c-c++-common/Warray-bounds-3.c  -Wc++-compat  memcpy (test for warnings, line 132)
FAIL: c-c++-common/Warray-bounds-3.c  -Wc++-compat  memcpy (test for warnings, line 133)
FAIL: c-c++-common/Warray-bounds-3.c  -Wc++-compat  memcpy (test for warnings, line 134)
FAIL: c-c++-common/Warray-bounds-3.c  -Wc++-compat  memcpy (test for warnings, line 141)
FAIL: c-c++-common/Warray-bounds-3.c  -Wc++-compat  memcpy (test for warnings, line 142)
FAIL: c-c++-common/Warray-bounds-3.c  -Wc++-compat  memcpy (test for warnings, line 143)
FAIL: c-c++-common/Warray-bounds-3.c  -Wc++-compat  memcpy (test for warnings, line 162)
FAIL: c-c++-common/Warray-bounds-3.c  -Wc++-compat  memcpy (test for warnings, line 163)
FAIL: c-c++-common/Warray-bounds-3.c  -Wc++-compat  mempcpy (test for warnings, line 215)
FAIL: c-c++-common/Warray-bounds-3.c  -Wc++-compat  mempcpy (test for warnings, line 216)
FAIL: c-c++-common/Warray-bounds-3.c  -Wc++-compat  mempcpy (test for warnings, line 222)
FAIL: c-c++-common/Warray-bounds-3.c  -Wc++-compat  mempcpy (test for warnings, line 223)
FAIL: c-c++-common/Warray-bounds-3.c  -Wc++-compat  mempcpy (test for warnings, line 229)
FAIL: c-c++-common/Warray-bounds-3.c  -Wc++-compat  mempcpy (test for warnings, line 235)
FAIL: c-c++-common/Warray-bounds-3.c  -Wc++-compat  mempcpy (test for warnings, line 238)
FAIL: c-c++-common/Warray-bounds-3.c  -Wc++-compat  strcpy (test for warnings, line 292)
FAIL: c-c++-common/Warray-bounds-3.c  -Wc++-compat  strcpy (test for warnings, line 299)
FAIL: c-c++-common/Warray-bounds-3.c  -Wc++-compat  strcpy (test for warnings, line 301)
FAIL: c-c++-common/Warray-bounds-3.c  -Wc++-compat  strcpy (test for warnings, line 315)
FAIL: c-c++-common/Warray-bounds-3.c  -Wc++-compat  strcpy (test for warnings, line 316)
FAIL: c-c++-common/Warray-bounds-3.c  -Wc++-compat  strcpy (test for warnings, line 321)
FAIL: c-c++-common/Warray-bounds-3.c  -Wc++-compat  strcpy (test for warnings, line 322)
FAIL: c-c++-common/Warray-bounds-3.c  -Wc++-compat  strcpy (test for warnings, line 324)
FAIL: c-c++-common/Warray-bounds-3.c  -Wc++-compat  strcpy (test for warnings, line 363)
FAIL: c-c++-common/Warray-bounds.c  -Wc++-compat  string (test for warnings, line 202)
FAIL: c-c++-common/Warray-bounds.c  -Wc++-compat  string (test for warnings, line 203)
FAIL: c-c++-common/Warray-bounds.c  -Wc++-compat  string (test for warnings, line 204)
FAIL: c-c++-common/Warray-bounds.c  -Wc++-compat  string (test for warnings, line 206)
FAIL: c-c++-common/Warray-bounds.c  -Wc++-compat  string (test for warnings, line 207)
FAIL: c-c++-common/Warray-bounds.c  -Wc++-compat  string (test for warnings, line 210)
FAIL: c-c++-common/Warray-bounds.c  -Wc++-compat  string (test for warnings, line 211)
FAIL: c-c++-common/Warray-bounds.c  -Wc++-compat  string (test for warnings, line 212)
FAIL: c-c++-common/Warray-bounds.c  -Wc++-compat  strlen (test for warnings, line 219)
FAIL: c-c++-common/Warray-bounds.c  -Wc++-compat  vla (test for warnings, line 228)
FAIL: c-c++-common/Warray-bounds.c  -Wc++-compat  vla (test for warnings, line 229)
FAIL: c-c++-common/Warray-bounds.c  -Wc++-compat  vla (test for warnings, line 235)
FAIL: c-c++-common/Wrestrict.c  -Wc++-compat   (test for warnings, line 637)
FAIL: c-c++-common/Wrestrict.c  -Wc++-compat   (test for warnings, line 640)
FAIL: c-c++-common/Wrestrict.c  -Wc++-compat   (test for warnings, line 678)
FAIL: c-c++-common/Wrestrict.c  -Wc++-compat  ILP32 (test for warnings, line 382)
FAIL: c-c++-common/Wrestrict.c  -Wc++-compat  ILP32 (test for warnings, line 383)
FAIL: c-c++-common/Wrestrict.c  -Wc++-compat  ILP32 (test for warnings, line 385)
FAIL: c-c++-common/Wrestrict.c  -Wc++-compat  ILP32 (test for warnings, line 386)
FAIL: c-c++-common/Wrestrict.c  -Wc++-compat  memcpy (test for warnings, line 309)
FAIL: c-c++-common/Wrestrict.c  -Wc++-compat  memcpy (test for warnings, line 310)
FAIL: c-c++-common/Wrestrict.c  -Wc++-compat  memcpy (test for warnings, line 311)
FAIL: c-c++-common/Wrestrict.c  -Wc++-compat  memcpy (test for warnings, line 313)
FAIL: c-c++-common/Wrestrict.c  -Wc++-compat  memcpy (test for warnings, line 350)
FAIL: c-c++-common/Wrestrict.c  -Wc++-compat  memcpy (test for warnings, line 351)
FAIL: c-c++-common/Wrestrict.c  -Wc++-compat  memcpy (test for warnings, line 352)
FAIL: c-c++-common/Wrestrict.c  -Wc++-compat  memcpy (test for warnings, line 358)
FAIL: c-c++-common/Wrestrict.c  -Wc++-compat  memcpy (test for warnings, line 359)
FAIL: c-c++-common/Wrestrict.c  -Wc++-compat  memcpy (test for warnings, line 361)
FAIL: c-c++-common/Wrestrict.c  -Wc++-compat  memcpy (test for warnings, line 362)
FAIL: c-c++-common/Wrestrict.c  -Wc++-compat  memcpy (test for warnings, line 366)
FAIL: c-c++-common/Wrestrict.c  -Wc++-compat  memcpy (test for warnings, line 367)
FAIL: c-c++-common/Wrestrict.c  -Wc++-compat  memcpy (test for warnings, line 369)
FAIL: c-c++-common/Wrestrict.c  -Wc++-compat  memcpy (test for warnings, line 370)
FAIL: c-c++-common/Wrestrict.c  -Wc++-compat  memcpy (test for warnings, line 404)
FAIL: c-c++-common/Wrestrict.c  -Wc++-compat  memcpy (test for warnings, line 407)
FAIL: c-c++-common/Wrestrict.c  -Wc++-compat  memcpy (test for warnings, line 416)
FAIL: c-c++-common/Wrestrict.c  -Wc++-compat  memcpy (test for warnings, line 419)
FAIL: c-c++-common/Wrestrict.c  -Wc++-compat  memcpy (test for warnings, line 422)
FAIL: c-c++-common/Wrestrict.c  -Wc++-compat  memcpy (test for warnings, line 470)
FAIL: c-c++-common/Wrestrict.c  -Wc++-compat  memcpy (test for warnings, line 491)
FAIL: c-c++-common/Wrestrict.c  -Wc++-compat  strcat (test for warnings, line 531)
FAIL: c-c++-common/Wrestrict.c  -Wc++-compat  strcat (test for warnings, line 532)
FAIL: c-c++-common/Wrestrict.c  -Wc++-compat  strcat (test for warnings, line 533)
FAIL: c-c++-common/Wrestrict.c  -Wc++-compat  strcat (test for warnings, line 535)
FAIL: c-c++-common/Wrestrict.c  -Wc++-compat  strcat (test for warnings, line 536)
FAIL: c-c++-common/Wrestrict.c  -Wc++-compat  strcat (test for warnings, line 539)
FAIL: c-c++-common/Wrestrict.c  -Wc++-compat  strcat (test for warnings, line 547)
FAIL: c-c++-common/Wrestrict.c  -Wc++-compat  strcat (test for warnings, line 553)
FAIL: c-c++-common/Wrestrict.c  -Wc++-compat  strcat (test for warnings, line 554)
FAIL: c-c++-common/Wrestrict.c  -Wc++-compat  strcat (test for warnings, line 557)
FAIL: c-c++-common/Wrestrict.c  -Wc++-compat  strcat (test for warnings, line 558)
FAIL: c-c++-common/Wrestrict.c  -Wc++-compat  strcat (test for warnings, line 559)
FAIL: c-c++-common/Wrestrict.c  -Wc++-compat  strcat (test for warnings, line 583)
FAIL: c-c++-common/Wrestrict.c  -Wc++-compat  strcat (test for warnings, line 584)
FAIL: c-c++-common/Wrestrict.c  -Wc++-compat  strcat (test for warnings, line 585)
FAIL: c-c++-common/Wrestrict.c  -Wc++-compat  strcat (test for warnings, line 586)
FAIL: c-c++-common/Wrestrict.c  -Wc++-compat  strcat (test for warnings, line 590)
FAIL: c-c++-common/Wrestrict.c  -Wc++-compat  strcat (test for warnings, line 594)
FAIL: c-c++-common/Wrestrict.c  -Wc++-compat  strcat (test for warnings, line 610)
FAIL: c-c++-common/Wrestrict.c  -Wc++-compat  strcpy (test for warnings, line 629)
FAIL: c-c++-common/Wrestrict.c  -Wc++-compat  strcpy (test for warnings, line 645)
FAIL: c-c++-common/Wrestrict.c  -Wc++-compat  strcpy (test for warnings, line 646)
FAIL: c-c++-common/Wrestrict.c  -Wc++-compat  strcpy (test for warnings, line 647)
FAIL: c-c++-common/Wrestrict.c  -Wc++-compat  strcpy (test for warnings, line 679)
FAIL: c-c++-common/Wrestrict.c  -Wc++-compat  strcpy (test for warnings, line 683)
FAIL: c-c++-common/Wrestrict.c  -Wc++-compat  strcpy (test for warnings, line 687)
FAIL: c-c++-common/Wrestrict.c  -Wc++-compat  strcpy (test for warnings, line 692)
FAIL: c-c++-common/Wrestrict.c  -Wc++-compat  strcpy (test for warnings, line 697)
FAIL: c-c++-common/Wrestrict.c  -Wc++-compat  strcpy (test for warnings, line 701)
FAIL: c-c++-common/Wrestrict.c  -Wc++-compat  strcpy (test for warnings, line 705)
FAIL: c-c++-common/Wrestrict.c  -Wc++-compat  strcpy (test for warnings, line 710)
FAIL: c-c++-common/Wrestrict.c  -Wc++-compat  strcpy (test for warnings, line 721)
FAIL: c-c++-common/Wrestrict.c  -Wc++-compat  strcpy (test for warnings, line 722)
FAIL: c-c++-common/Wrestrict.c  -Wc++-compat  strcpy (test for warnings, line 726)
FAIL: c-c++-common/Wrestrict.c  -Wc++-compat  strcpy (test for warnings, line 729)
FAIL: c-c++-common/Wrestrict.c  -Wc++-compat  strcpy (test for warnings, line 736)
FAIL: c-c++-common/Wrestrict.c  -Wc++-compat  strcpy (test for warnings, line 737)
FAIL: c-c++-common/Wrestrict.c  -Wc++-compat  strcpy (test for warnings, line 738)
FAIL: c-c++-common/Wrestrict.c  -Wc++-compat  strcpy (test for warnings, line 740)
FAIL: c-c++-common/Wrestrict.c  -Wc++-compat  strcpy (test for warnings, line 741)
FAIL: c-c++-common/Wrestrict.c  -Wc++-compat  strcpy (test for warnings, line 742)
FAIL: c-c++-common/Wrestrict.c  -Wc++-compat  strncpy (test for warnings, line 798)
FAIL: c-c++-common/Wrestrict.c  -Wc++-compat  strncpy (test for warnings, line 801)
FAIL: c-c++-common/Wrestrict.c  -Wc++-compat  strncpy (test for warnings, line 802)
FAIL: c-c++-common/Wrestrict.c  -Wc++-compat  strncpy (test for warnings, line 803)
FAIL: c-c++-common/Wrestrict.c  -Wc++-compat  strncpy (test for warnings, line 804)
FAIL: c-c++-common/Wrestrict.c  -Wc++-compat  strncpy (test for warnings, line 805)
FAIL: c-c++-common/Wrestrict.c  -Wc++-compat  strncpy (test for warnings, line 810)
FAIL: c-c++-common/Wrestrict.c  -Wc++-compat  strncpy (test for warnings, line 811)
FAIL: c-c++-common/Wrestrict.c  -Wc++-compat  strncpy (test for warnings, line 812)
FAIL: c-c++-common/Wrestrict.c  -Wc++-compat  strncpy (test for warnings, line 817)
FAIL: c-c++-common/Wrestrict.c  -Wc++-compat  strncpy (test for warnings, line 818)
FAIL: c-c++-common/Wrestrict.c  -Wc++-compat  strncpy (test for warnings, line 819)
FAIL: c-c++-common/Wrestrict.c  -Wc++-compat  strncpy (test for warnings, line 820)
FAIL: c-c++-common/Wrestrict.c  -Wc++-compat  strncpy (test for warnings, line 824)
FAIL: c-c++-common/Wrestrict.c  -Wc++-compat  strncpy (test for warnings, line 826)
FAIL: c-c++-common/Wrestrict.c  -Wc++-compat  strncpy (test for warnings, line 827)
FAIL: c-c++-common/Wrestrict.c  -Wc++-compat  strncpy (test for warnings, line 856)
FAIL: c-c++-common/Wrestrict.c  -Wc++-compat  strncpy (test for warnings, line 857)
FAIL: c-c++-common/Wrestrict.c  -Wc++-compat  strncpy (test for warnings, line 858)
FAIL: c-c++-common/Wrestrict.c  -Wc++-compat  strncpy (test for warnings, line 859)
FAIL: c-c++-common/Wrestrict.c  -Wc++-compat  strncpy (test for warnings, line 865)
FAIL: c-c++-common/Wrestrict.c  -Wc++-compat  strncpy (test for warnings, line 866)
FAIL: c-c++-common/Wrestrict.c  -Wc++-compat  strncpy (test for warnings, line 867)
FAIL: c-c++-common/Wrestrict.c  -Wc++-compat  strncpy (test for warnings, line 868)
FAIL: c-c++-common/Wrestrict.c  -Wc++-compat  strncpy (test for warnings, line 875)
FAIL: c-c++-common/Wrestrict.c  -Wc++-compat  strncpy (test for warnings, line 876)
FAIL: c-c++-common/Wrestrict.c  -Wc++-compat  strncpy (test for warnings, line 877)
FAIL: c-c++-common/Wrestrict.c  -Wc++-compat  strncpy (test for warnings, line 885)
FAIL: c-c++-common/Wrestrict.c  -Wc++-compat  strncpy (test for warnings, line 886)
FAIL: c-c++-common/Wrestrict.c  -Wc++-compat  strncpy (test for warnings, line 900)
FAIL: c-c++-common/Wrestrict.c  -Wc++-compat  strncpy (test for warnings, line 903)
FAIL: c-c++-common/Wrestrict.c  -Wc++-compat  strncpy (test for warnings, line 905)
FAIL: c-c++-common/Wrestrict.c  -Wc++-compat  strncpy (test for warnings, line 930)
FAIL: c-c++-common/Wrestrict.c  -Wc++-compat  strncpy (test for warnings, line 931)
FAIL: c-c++-common/Wrestrict.c  -Wc++-compat  strncpy (test for warnings, line 934)
FAIL: c-c++-common/Wrestrict.c  -Wc++-compat  strncpy (test for warnings, line 936)
FAIL: c-c++-common/attr-nonstring-3.c  -Wc++-compat   (test for warnings, line 265)
FAIL: c-c++-common/attr-nonstring-3.c  -Wc++-compat   (test for warnings, line 269)
FAIL: c-c++-common/attr-nonstring-3.c  -Wc++-compat   (test for warnings, line 272)
FAIL: c-c++-common/attr-nonstring-3.c  -Wc++-compat   (test for warnings, line 281)
FAIL: c-c++-common/attr-nonstring-3.c  -Wc++-compat   (test for warnings, line 285)
FAIL: c-c++-common/attr-nonstring-3.c  -Wc++-compat   (test for warnings, line 288)
FAIL: c-c++-common/attr-nonstring-3.c  -Wc++-compat   (test for warnings, line 297)
FAIL: c-c++-common/attr-nonstring-3.c  -Wc++-compat   (test for warnings, line 301)
FAIL: c-c++-common/attr-nonstring-3.c  -Wc++-compat   (test for warnings, line 304)
FAIL: c-c++-common/attr-nonstring-3.c  -Wc++-compat   (test for warnings, line 329)
FAIL: c-c++-common/attr-nonstring-3.c  -Wc++-compat   (test for warnings, line 332)
FAIL: c-c++-common/attr-nonstring-3.c  -Wc++-compat   (test for warnings, line 335)
FAIL: c-c++-common/attr-nonstring-3.c  -Wc++-compat   (test for warnings, line 342)
FAIL: c-c++-common/attr-nonstring-3.c  -Wc++-compat   (test for warnings, line 345)
FAIL: c-c++-common/attr-nonstring-3.c  -Wc++-compat   (test for warnings, line 348)
FAIL: c-c++-common/attr-nonstring-3.c  -Wc++-compat   (test for warnings, line 379)
FAIL: c-c++-common/attr-nonstring-3.c  -Wc++-compat   (test for warnings, line 381)
FAIL: c-c++-common/attr-nonstring-3.c  -Wc++-compat   (test for warnings, line 389)
FAIL: c-c++-common/attr-nonstring-3.c  -Wc++-compat   (test for warnings, line 392)
FAIL: c-c++-common/attr-nonstring-3.c  -Wc++-compat   (test for warnings, line 395)
FAIL: c-c++-common/attr-nonstring-3.c  -Wc++-compat   (test for warnings, line 397)
FAIL: c-c++-common/attr-nonstring-3.c  -Wc++-compat   (test for warnings, line 406)
FAIL: c-c++-common/attr-nonstring-3.c  -Wc++-compat   (test for warnings, line 421)
FAIL: c-c++-common/pr60101.c  -Wc++-compat  (test for excess errors)
FAIL: c-c++-common/rotate-1.c  -Wc++-compat   scan-tree-dump-times optimized "r[<>][<>]" 96
FAIL: c-c++-common/rotate-1.c  -Wc++-compat  (test for excess errors)
FAIL: c-c++-common/rotate-1a.c  -Wc++-compat  (test for excess errors)
UNRESOLVED: c-c++-common/rotate-1a.c  -Wc++-compat  compilation failed to produce executable
FAIL: c-c++-common/rotate-2.c  -Wc++-compat   scan-tree-dump-times optimized "r[<>][<>]" 48
FAIL: c-c++-common/rotate-2.c  -Wc++-compat  (test for excess errors)
FAIL: c-c++-common/rotate-2a.c  -Wc++-compat  (test for excess errors)
UNRESOLVED: c-c++-common/rotate-2a.c  -Wc++-compat  compilation failed to produce executable
FAIL: c-c++-common/rotate-3.c  -Wc++-compat   scan-tree-dump-times optimized "r[<>][<>]" 96
FAIL: c-c++-common/rotate-3.c  -Wc++-compat  (test for excess errors)
FAIL: c-c++-common/rotate-3a.c  -Wc++-compat  (test for excess errors)
UNRESOLVED: c-c++-common/rotate-3a.c  -Wc++-compat  compilation failed to produce executable
FAIL: c-c++-common/rotate-4.c  -Wc++-compat   scan-tree-dump-times optimized "r[<>][<>]" 48
FAIL: c-c++-common/rotate-4.c  -Wc++-compat  (test for excess errors)
FAIL: c-c++-common/rotate-4a.c  -Wc++-compat  (test for excess errors)
UNRESOLVED: c-c++-common/rotate-4a.c  -Wc++-compat  compilation failed to produce executable
FAIL: c-c++-common/rotate-6.c  -Wc++-compat   scan-tree-dump-times optimized "r[<>][<>]" 48
FAIL: c-c++-common/rotate-6.c  -Wc++-compat  (test for excess errors)
FAIL: c-c++-common/rotate-6a.c  -Wc++-compat  (test for excess errors)
UNRESOLVED: c-c++-common/rotate-6a.c  -Wc++-compat  compilation failed to produce executable
FAIL: c-c++-common/rotate-7.c  -Wc++-compat   scan-tree-dump-times optimized "r[<>][<>]" 48
FAIL: c-c++-common/rotate-7.c  -Wc++-compat  (test for excess errors)
FAIL: c-c++-common/rotate-7a.c  -Wc++-compat  (test for excess errors)
UNRESOLVED: c-c++-common/rotate-7a.c  -Wc++-compat  compilation failed to produce executable
FAIL: c-c++-common/rotate-8.c  -Wc++-compat   scan-tree-dump-times optimized "r[<>][<>]" 23
FAIL: c-c++-common/rotate-8.c  -Wc++-compat  (test for excess errors)
FAIL: gcc.dg/long_branch.c (test for excess errors)
UNRESOLVED: gcc.dg/long_branch.c compilation failed to produce executable
FAIL: gcc.dg/loop-split.c (test for excess errors)
UNRESOLVED: gcc.dg/loop-split.c compilation failed to produce executable
FAIL: gcc.dg/memcmp-1.c (test for excess errors)
UNRESOLVED: gcc.dg/memcmp-1.c compilation failed to produce executable
FAIL: gcc.dg/nextafter-2.c (test for excess errors)
UNRESOLVED: gcc.dg/nextafter-2.c compilation failed to produce executable
FAIL: gcc.dg/pr31096-1.c (test for excess errors)
FAIL: gcc.dg/pr31096-1.c scan-tree-dump-times optimized "\\\\(D\\\\) \\\\* c\\\\\$1_8\\\\(D\\\\)" 12
FAIL: gcc.dg/pr38902.c (test for excess errors)
UNRESOLVED: gcc.dg/pr38902.c compilation failed to produce executable
FAIL: gcc.dg/pr43058.c (test for excess errors)
FAIL: gcc.dg/pr48141.c (test for excess errors)
FAIL: gcc.dg/pr57233.c (test for excess errors)
UNRESOLVED: gcc.dg/pr57233.c compilation failed to produce executable
FAIL: gcc.dg/pr63594-1.c (test for excess errors)
FAIL: gcc.dg/pr63594-2.c (test for excess errors)
UNRESOLVED: gcc.dg/pr63594-2.c compilation failed to produce executable
FAIL: gcc.dg/pr67089-1.c (test for excess errors)
UNRESOLVED: gcc.dg/pr67089-1.c compilation failed to produce executable
FAIL: gcc.dg/pr67089-2.c (test for excess errors)
UNRESOLVED: gcc.dg/pr67089-2.c compilation failed to produce executable
FAIL: gcc.dg/pr67089-3.c (test for excess errors)
UNRESOLVED: gcc.dg/pr67089-3.c compilation failed to produce executable
FAIL: gcc.dg/pr67089-4.c (test for excess errors)
UNRESOLVED: gcc.dg/pr67089-4.c compilation failed to produce executable
FAIL: gcc.dg/pr67089-6.c (test for excess errors)
FAIL: gcc.dg/pr67089-6.c scan-tree-dump-times widening_mul "ADD_OVERFLOW" 12
FAIL: gcc.dg/pr67089-6.c scan-tree-dump-times widening_mul "SUB_OVERFLOW" 9
FAIL: gcc.dg/pr67089-7.c (test for excess errors)
FAIL: gcc.dg/pr69592.c (test for excess errors)
FAIL: gcc.dg/pr84225.c (test for excess errors)
FAIL: gcc.dg/pr85180.c (test for excess errors)
FAIL: gcc.dg/range-test-1.c (test for excess errors)
UNRESOLVED: gcc.dg/range-test-1.c compilation failed to produce executable
FAIL: gcc.dg/store_merging_13.c (test for excess errors)
FAIL: gcc.dg/strcmp-1.c (test for excess errors)
UNRESOLVED: gcc.dg/strcmp-1.c compilation failed to produce executable
FAIL: gcc.dg/strlenopt-32.c (test for excess errors)
UNRESOLVED: gcc.dg/strlenopt-32.c compilation failed to produce executable
FAIL: gcc.dg/strlenopt-40.c (test for excess errors)
FAIL: gcc.dg/strlenopt-40.c scan-tree-dump-times optimized "call_made_in_false_branch_on_line_1[0-9][0-9][0-9]" 92
FAIL: gcc.dg/strlenopt-40.c scan-tree-dump-times optimized "call_made_in_true_branch_on_line_1[0-9][0-9][0-9]" 92
FAIL: gcc.dg/strncmp-1.c (test for excess errors)
UNRESOLVED: gcc.dg/strncmp-1.c compilation failed to produce executable
FAIL: gcc.dg/struct-by-value-1.c (test for excess errors)
UNRESOLVED: gcc.dg/struct-by-value-1.c compilation failed to produce executable
FAIL: gcc.dg/unroll-and-jam.c (test for excess errors)
UNRESOLVED: gcc.dg/unroll-and-jam.c compilation failed to produce executable
FAIL: gcc.dg/unroll-and-jam.c scan-tree-dump-times unrolljam "applying unroll and jam" 5
FAIL: gcc.dg/visibility-22.c execution test
FAIL: gcc.dg/vshift-1.c (test for excess errors)
UNRESOLVED: gcc.dg/vshift-1.c compilation failed to produce executable
FAIL: gcc.dg/vshift-2.c (test for excess errors)
UNRESOLVED: gcc.dg/vshift-2.c compilation failed to produce executable
FAIL: gcc.dg/vshift-3.c (test for excess errors)
UNRESOLVED: gcc.dg/vshift-3.c compilation failed to produce executable
FAIL: gcc.dg/vshift-4.c (test for excess errors)
UNRESOLVED: gcc.dg/vshift-4.c compilation failed to produce executable
FAIL: gcc.dg/zero_sign_ext_test.c (test for excess errors)
UNRESOLVED: gcc.dg/zero_sign_ext_test.c compilation failed to produce executable
WARNING: program timed out
WARNING: program timed out
WARNING: program timed out
WARNING: program timed out
WARNING: program timed out
WARNING: program timed out
WARNING: program timed out
WARNING: program timed out
WARNING: program timed out
WARNING: program timed out
WARNING: program timed out
WARNING: program timed out
WARNING: program timed out
WARNING: program timed out
WARNING: program timed out
WARNING: program timed out
WARNING: program timed out
WARNING: program timed out
WARNING: program timed out
WARNING: program timed out
WARNING: program timed out
WARNING: program timed out
WARNING: program timed out
WARNING: program timed out
WARNING: program timed out
WARNING: program timed out
WARNING: program timed out
WARNING: program timed out
WARNING: program timed out
WARNING: program timed out
WARNING: program timed out
WARNING: program timed out
WARNING: program timed out
WARNING: program timed out
WARNING: program timed out
WARNING: program timed out
WARNING: program timed out
WARNING: program timed out
WARNING: program timed out
WARNING: program timed out
WARNING: program timed out
WARNING: program timed out
WARNING: program timed out
WARNING: program timed out
WARNING: program timed out
WARNING: program timed out
WARNING: program timed out
WARNING: program timed out
WARNING: program timed out
WARNING: program timed out
WARNING: program timed out
WARNING: program timed out
WARNING: program timed out
WARNING: program timed out
FAIL: c-c++-common/gomp/pr63328.c (test for excess errors)
FAIL: gcc.dg/gomp/pr68128-2.c (test for excess errors)
WARNING: program timed out
WARNING: program timed out
FAIL: gcc.dg/ipa/ipa-icf-38.c scan-ltrans-tree-dump-not fixup_cfg4 "Function bar"
FAIL: gcc.target/i386/indirect-thunk-1.c scan-assembler jmp[ \\t]*__x86_indirect_thunk_(r|e)ax
FAIL: gcc.target/i386/indirect-thunk-2.c scan-assembler jmp[ \\t]*__x86_indirect_thunk_(r|e)ax
FAIL: gcc.target/i386/indirect-thunk-3.c scan-assembler call[ \\t]*__x86_indirect_thunk_(r|e)ax
FAIL: gcc.target/i386/indirect-thunk-4.c scan-assembler call[ \\t]*__x86_indirect_thunk_(r|e)ax
FAIL: gcc.target/i386/indirect-thunk-7.c scan-assembler jmp[ \\t]*__x86_indirect_thunk_(r|e)ax
FAIL: gcc.target/i386/indirect-thunk-attr-1.c scan-assembler jmp[ \\t]*__x86_indirect_thunk_(r|e)ax
FAIL: gcc.target/i386/indirect-thunk-attr-2.c scan-assembler jmp[ \\t]*__x86_indirect_thunk_(r|e)ax
FAIL: gcc.target/i386/indirect-thunk-attr-5.c scan-assembler call[ \\t]*__x86_indirect_thunk_(r|e)ax
FAIL: gcc.target/i386/indirect-thunk-attr-6.c scan-assembler call[ \\t]*__x86_indirect_thunk_(r|e)ax
FAIL: gcc.target/i386/indirect-thunk-attr-7.c scan-assembler jmp[ \\t]*__x86_indirect_thunk(_nt|)_(r|e)ax
FAIL: gcc.target/i386/indirect-thunk-bnd-1.c scan-assembler bnd call[ \\t]*__x86_indirect_thunk_bnd_eax
FAIL: gcc.target/i386/indirect-thunk-bnd-2.c scan-assembler bnd call[ \\t]*__x86_indirect_thunk_bnd_(r|e)ax
FAIL: gcc.target/i386/indirect-thunk-extern-1.c scan-assembler jmp[ \\t]*__x86_indirect_thunk_(r|e)ax
FAIL: gcc.target/i386/indirect-thunk-extern-2.c scan-assembler jmp[ \\t]*__x86_indirect_thunk_(r|e)ax
FAIL: gcc.target/i386/indirect-thunk-extern-3.c scan-assembler call[ \\t]*__x86_indirect_thunk_(r|e)ax
FAIL: gcc.target/i386/indirect-thunk-extern-4.c scan-assembler call[ \\t]*__x86_indirect_thunk_(r|e)ax
FAIL: gcc.target/i386/indirect-thunk-extern-7.c scan-assembler jmp[ \\t]*__x86_indirect_thunk(_nt|)_(r|e)ax
FAIL: gcc.target/i386/indirect-thunk-register-1.c scan-assembler jmp[ \\t]*__x86_indirect_thunk_(r|e)ax
FAIL: gcc.target/i386/indirect-thunk-register-3.c scan-assembler jmp[ \\t]*__x86_indirect_thunk_(r|e)ax
FAIL: gcc.target/i386/ret-thunk-1.c scan-assembler jmp[ \\t]*__x86_return_thunk
FAIL: gcc.target/i386/ret-thunk-10.c scan-assembler __x86_indirect_thunk_(r|e)ax:
FAIL: gcc.target/i386/ret-thunk-10.c scan-assembler call[ \\t]*__x86_indirect_thunk_(r|e)ax
FAIL: gcc.target/i386/ret-thunk-11.c scan-assembler __x86_indirect_thunk_(r|e)ax:
FAIL: gcc.target/i386/ret-thunk-11.c scan-assembler call[ \\t]*__x86_indirect_thunk_(r|e)ax
FAIL: gcc.target/i386/ret-thunk-11.c scan-assembler jmp[ \\t]*__x86_return_thunk
FAIL: gcc.target/i386/ret-thunk-12.c scan-assembler __x86_indirect_thunk_(r|e)ax:
FAIL: gcc.target/i386/ret-thunk-12.c scan-assembler call[ \\t]*__x86_indirect_thunk_(r|e)ax
FAIL: gcc.target/i386/ret-thunk-13.c scan-assembler jmp[ \\t]*__x86_return_thunk
FAIL: gcc.target/i386/ret-thunk-14.c scan-assembler call[ \\t]*__x86_indirect_thunk_(r|e)ax
FAIL: gcc.target/i386/ret-thunk-15.c scan-assembler call[ \\t]*__x86_indirect_thunk_(r|e)ax
FAIL: gcc.target/i386/ret-thunk-15.c scan-assembler jmp[ \\t]*__x86_return_thunk
FAIL: gcc.target/i386/ret-thunk-22.c scan-assembler jmp[ \\t]*__x86_return_thunk_ecx
FAIL: gcc.target/i386/ret-thunk-23.c scan-assembler jmp[ \\t]*__x86_return_thunk_ecx
FAIL: gcc.target/i386/ret-thunk-25.c scan-assembler jmp[ \\t]*__x86_return_thunk_bnd_ecx
FAIL: gcc.target/i386/ret-thunk-26.c (test for excess errors)
UNRESOLVED: gcc.target/i386/ret-thunk-26.c compilation failed to produce executable
FAIL: gcc.target/i386/ret-thunk-3.c scan-assembler jmp[ \\t]*__x86_return_thunk
FAIL: gcc.target/i386/ret-thunk-5.c scan-assembler jmp[ \\t]*__x86_return_thunk
FAIL: gcc.target/i386/ret-thunk-7.c scan-assembler jmp[ \\t]*__x86_return_thunk
FAIL: gcc.target/i386/ret-thunk-9.c scan-assembler __x86_return_thunk:
FAIL: gcc.target/i386/ret-thunk-9.c scan-assembler call[ \\t]*__x86_indirect_thunk_(r|e)ax
FAIL: gcc.target/i386/ret-thunk-9.c scan-assembler jmp[ \\t]*__x86_return_thunk

		=== gcc Summary for unix ===

# of expected passes		121569
# of unexpected failures	277
# of expected failures		406
# of unresolved testcases	29
# of unsupported tests		2229

Running target unix/-m64
FAIL: gcc.dg/visibility-22.c execution test
FAIL: gcc.dg/ipa/ipa-icf-38.c scan-ltrans-tree-dump-not fixup_cfg4 "Function bar"
FAIL: gcc.target/i386/indirect-thunk-1.c scan-assembler jmp[ \\t]*__x86_indirect_thunk_(r|e)ax
FAIL: gcc.target/i386/indirect-thunk-2.c scan-assembler jmp[ \\t]*__x86_indirect_thunk_(r|e)ax
FAIL: gcc.target/i386/indirect-thunk-3.c scan-assembler call[ \\t]*__x86_indirect_thunk_(r|e)ax
FAIL: gcc.target/i386/indirect-thunk-4.c scan-assembler call[ \\t]*__x86_indirect_thunk_(r|e)ax
FAIL: gcc.target/i386/indirect-thunk-7.c scan-assembler jmp[ \\t]*__x86_indirect_thunk_(r|e)ax
FAIL: gcc.target/i386/indirect-thunk-attr-1.c scan-assembler jmp[ \\t]*__x86_indirect_thunk_(r|e)ax
FAIL: gcc.target/i386/indirect-thunk-attr-2.c scan-assembler jmp[ \\t]*__x86_indirect_thunk_(r|e)ax
FAIL: gcc.target/i386/indirect-thunk-attr-5.c scan-assembler call[ \\t]*__x86_indirect_thunk_(r|e)ax
FAIL: gcc.target/i386/indirect-thunk-attr-6.c scan-assembler call[ \\t]*__x86_indirect_thunk_(r|e)ax
FAIL: gcc.target/i386/indirect-thunk-attr-7.c scan-assembler jmp[ \\t]*__x86_indirect_thunk(_nt|)_(r|e)ax
FAIL: gcc.target/i386/indirect-thunk-bnd-1.c scan-assembler bnd jmp[ \\t]*__x86_indirect_thunk_bnd_rax
FAIL: gcc.target/i386/indirect-thunk-bnd-2.c scan-assembler bnd call[ \\t]*__x86_indirect_thunk_bnd_(r|e)ax
FAIL: gcc.target/i386/indirect-thunk-extern-1.c scan-assembler jmp[ \\t]*__x86_indirect_thunk_(r|e)ax
FAIL: gcc.target/i386/indirect-thunk-extern-2.c scan-assembler jmp[ \\t]*__x86_indirect_thunk_(r|e)ax
FAIL: gcc.target/i386/indirect-thunk-extern-3.c scan-assembler call[ \\t]*__x86_indirect_thunk_(r|e)ax
FAIL: gcc.target/i386/indirect-thunk-extern-4.c scan-assembler call[ \\t]*__x86_indirect_thunk_(r|e)ax
FAIL: gcc.target/i386/indirect-thunk-extern-7.c scan-assembler jmp[ \\t]*__x86_indirect_thunk(_nt|)_(r|e)ax
FAIL: gcc.target/i386/indirect-thunk-register-1.c scan-assembler jmp[ \\t]*__x86_indirect_thunk_(r|e)ax
FAIL: gcc.target/i386/indirect-thunk-register-3.c scan-assembler jmp[ \\t]*__x86_indirect_thunk_(r|e)ax
FAIL: gcc.target/i386/ret-thunk-1.c scan-assembler jmp[ \\t]*__x86_return_thunk
FAIL: gcc.target/i386/ret-thunk-10.c scan-assembler __x86_indirect_thunk_(r|e)ax:
FAIL: gcc.target/i386/ret-thunk-10.c scan-assembler call[ \\t]*__x86_indirect_thunk_(r|e)ax
FAIL: gcc.target/i386/ret-thunk-11.c scan-assembler __x86_indirect_thunk_(r|e)ax:
FAIL: gcc.target/i386/ret-thunk-11.c scan-assembler call[ \\t]*__x86_indirect_thunk_(r|e)ax
FAIL: gcc.target/i386/ret-thunk-11.c scan-assembler jmp[ \\t]*__x86_return_thunk
FAIL: gcc.target/i386/ret-thunk-12.c scan-assembler __x86_indirect_thunk_(r|e)ax:
FAIL: gcc.target/i386/ret-thunk-12.c scan-assembler call[ \\t]*__x86_indirect_thunk_(r|e)ax
FAIL: gcc.target/i386/ret-thunk-13.c scan-assembler jmp[ \\t]*__x86_return_thunk
FAIL: gcc.target/i386/ret-thunk-14.c scan-assembler call[ \\t]*__x86_indirect_thunk_(r|e)ax
FAIL: gcc.target/i386/ret-thunk-15.c scan-assembler call[ \\t]*__x86_indirect_thunk_(r|e)ax
FAIL: gcc.target/i386/ret-thunk-15.c scan-assembler jmp[ \\t]*__x86_return_thunk
FAIL: gcc.target/i386/ret-thunk-26.c execution test
FAIL: gcc.target/i386/ret-thunk-3.c scan-assembler jmp[ \\t]*__x86_return_thunk
FAIL: gcc.target/i386/ret-thunk-5.c scan-assembler jmp[ \\t]*__x86_return_thunk
FAIL: gcc.target/i386/ret-thunk-7.c scan-assembler jmp[ \\t]*__x86_return_thunk
FAIL: gcc.target/i386/ret-thunk-9.c scan-assembler __x86_return_thunk:
FAIL: gcc.target/i386/ret-thunk-9.c scan-assembler call[ \\t]*__x86_indirect_thunk_(r|e)ax
FAIL: gcc.target/i386/ret-thunk-9.c scan-assembler jmp[ \\t]*__x86_return_thunk

		=== gcc Summary for unix/-m64 ===

# of expected passes		123567
# of unexpected failures	40
# of expected failures		395
# of unsupported tests		2126

		=== gcc Summary ===

# of expected passes		245136
# of unexpected failures	317
# of expected failures		801
# of unresolved testcases	29
# of unsupported tests		4355
/var/gcc/regression/trunk/10-gcc-gas/build/gcc/xgcc  version 9.0.0 20180504 (experimental) [trunk revision 259929] (GCC) 

		=== gfortran tests ===


Running target unix
WARNING: program timed out
WARNING: program timed out
WARNING: program timed out
FAIL: gfortran.dg/allocatable_scalar_2.f90   -O   (test for errors, line 8)
FAIL: gfortran.dg/allocatable_scalar_2.f90   -O  (test for excess errors)
FAIL: gfortran.dg/allocatable_scalar_3.f90   -O0  (test for excess errors)
UNRESOLVED: gfortran.dg/allocatable_scalar_3.f90   -O0  compilation failed to produce executable
FAIL: gfortran.dg/allocatable_scalar_3.f90   -O1  (test for excess errors)
UNRESOLVED: gfortran.dg/allocatable_scalar_3.f90   -O1  compilation failed to produce executable
FAIL: gfortran.dg/allocatable_scalar_3.f90   -O2  (test for excess errors)
UNRESOLVED: gfortran.dg/allocatable_scalar_3.f90   -O2  compilation failed to produce executable
FAIL: gfortran.dg/allocatable_scalar_3.f90   -O3 -fomit-frame-pointer -funroll-loops -fpeel-loops -ftracer -finline-functions  (test for excess errors)
UNRESOLVED: gfortran.dg/allocatable_scalar_3.f90   -O3 -fomit-frame-pointer -funroll-loops -fpeel-loops -ftracer -finline-functions  compilation failed to produce executable
FAIL: gfortran.dg/allocatable_scalar_3.f90   -O3 -g  (test for excess errors)
UNRESOLVED: gfortran.dg/allocatable_scalar_3.f90   -O3 -g  compilation failed to produce executable
FAIL: gfortran.dg/allocatable_scalar_3.f90   -Os  (test for excess errors)
UNRESOLVED: gfortran.dg/allocatable_scalar_3.f90   -Os  compilation failed to produce executable
FAIL: gfortran.dg/allocatable_scalar_4.f90   -O0  (test for excess errors)
UNRESOLVED: gfortran.dg/allocatable_scalar_4.f90   -O0  compilation failed to produce executable
FAIL: gfortran.dg/allocatable_scalar_4.f90   -O1  (test for excess errors)
UNRESOLVED: gfortran.dg/allocatable_scalar_4.f90   -O1  compilation failed to produce executable
FAIL: gfortran.dg/allocatable_scalar_4.f90   -O2  (test for excess errors)
UNRESOLVED: gfortran.dg/allocatable_scalar_4.f90   -O2  compilation failed to produce executable
FAIL: gfortran.dg/allocatable_scalar_4.f90   -O3 -fomit-frame-pointer -funroll-loops -fpeel-loops -ftracer -finline-functions  (test for excess errors)
UNRESOLVED: gfortran.dg/allocatable_scalar_4.f90   -O3 -fomit-frame-pointer -funroll-loops -fpeel-loops -ftracer -finline-functions  compilation failed to produce executable
FAIL: gfortran.dg/allocatable_scalar_4.f90   -O3 -g  (test for excess errors)
UNRESOLVED: gfortran.dg/allocatable_scalar_4.f90   -O3 -g  compilation failed to produce executable
FAIL: gfortran.dg/allocatable_scalar_4.f90   -Os  (test for excess errors)
UNRESOLVED: gfortran.dg/allocatable_scalar_4.f90   -Os  compilation failed to produce executable
FAIL: gfortran.dg/allocatable_scalar_5.f90   -O0   (test for warnings, line 52)
FAIL: gfortran.dg/allocatable_scalar_5.f90   -O0  (test for excess errors)
UNRESOLVED: gfortran.dg/allocatable_scalar_5.f90   -O0  compilation failed to produce executable
FAIL: gfortran.dg/allocatable_scalar_5.f90   -O1   (test for warnings, line 52)
FAIL: gfortran.dg/allocatable_scalar_5.f90   -O1  (test for excess errors)
UNRESOLVED: gfortran.dg/allocatable_scalar_5.f90   -O1  compilation failed to produce executable
FAIL: gfortran.dg/allocatable_scalar_5.f90   -O2   (test for warnings, line 52)
FAIL: gfortran.dg/allocatable_scalar_5.f90   -O2  (test for excess errors)
UNRESOLVED: gfortran.dg/allocatable_scalar_5.f90   -O2  compilation failed to produce executable
FAIL: gfortran.dg/allocatable_scalar_5.f90   -O3 -fomit-frame-pointer -funroll-loops -fpeel-loops -ftracer -finline-functions   (test for warnings, line 52)
FAIL: gfortran.dg/allocatable_scalar_5.f90   -O3 -fomit-frame-pointer -funroll-loops -fpeel-loops -ftracer -finline-functions  (test for excess errors)
UNRESOLVED: gfortran.dg/allocatable_scalar_5.f90   -O3 -fomit-frame-pointer -funroll-loops -fpeel-loops -ftracer -finline-functions  compilation failed to produce executable
FAIL: gfortran.dg/allocatable_scalar_5.f90   -O3 -g   (test for warnings, line 52)
FAIL: gfortran.dg/allocatable_scalar_5.f90   -O3 -g  (test for excess errors)
UNRESOLVED: gfortran.dg/allocatable_scalar_5.f90   -O3 -g  compilation failed to produce executable
FAIL: gfortran.dg/allocatable_scalar_5.f90   -Os   (test for warnings, line 52)
FAIL: gfortran.dg/allocatable_scalar_5.f90   -Os  (test for excess errors)
UNRESOLVED: gfortran.dg/allocatable_scalar_5.f90   -Os  compilation failed to produce executable
FAIL: gfortran.dg/allocatable_scalar_6.f90   -O0  (test for excess errors)
UNRESOLVED: gfortran.dg/allocatable_scalar_6.f90   -O0  compilation failed to produce executable
FAIL: gfortran.dg/allocatable_scalar_6.f90   -O1  (test for excess errors)
UNRESOLVED: gfortran.dg/allocatable_scalar_6.f90   -O1  compilation failed to produce executable
FAIL: gfortran.dg/allocatable_scalar_6.f90   -O2  (test for excess errors)
UNRESOLVED: gfortran.dg/allocatable_scalar_6.f90   -O2  compilation failed to produce executable
FAIL: gfortran.dg/allocatable_scalar_6.f90   -O3 -fomit-frame-pointer -funroll-loops -fpeel-loops -ftracer -finline-functions  (test for excess errors)
UNRESOLVED: gfortran.dg/allocatable_scalar_6.f90   -O3 -fomit-frame-pointer -funroll-loops -fpeel-loops -ftracer -finline-functions  compilation failed to produce executable
FAIL: gfortran.dg/allocatable_scalar_6.f90   -O3 -g  (test for excess errors)
UNRESOLVED: gfortran.dg/allocatable_scalar_6.f90   -O3 -g  compilation failed to produce executable
FAIL: gfortran.dg/allocatable_scalar_6.f90   -Os  (test for excess errors)
UNRESOLVED: gfortran.dg/allocatable_scalar_6.f90   -Os  compilation failed to produce executable
FAIL: gfortran.dg/allocatable_scalar_9.f90   -O3 -fomit-frame-pointer -funroll-loops -fpeel-loops -ftracer -finline-functions  (test for excess errors)
UNRESOLVED: gfortran.dg/allocatable_scalar_9.f90   -O3 -fomit-frame-pointer -funroll-loops -fpeel-loops -ftracer -finline-functions  compilation failed to produce executable
UNRESOLVED: gfortran.dg/allocatable_scalar_9.f90   -O3 -g   scan-tree-dump-times original "__builtin_free" 54
FAIL: gfortran.dg/allocatable_scalar_9.f90   -O3 -g  (test for excess errors)
UNRESOLVED: gfortran.dg/allocatable_scalar_9.f90   -O3 -g  compilation failed to produce executable
UNRESOLVED: gfortran.dg/allocatable_scalar_9.f90   -Os   scan-tree-dump-times original "__builtin_free" 54
FAIL: gfortran.dg/allocatable_scalar_9.f90   -Os  (test for excess errors)
UNRESOLVED: gfortran.dg/allocatable_scalar_9.f90   -Os  compilation failed to produce executable
FAIL: gfortran.dg/allocate_alloc_opt_1.f90   -O   (test for errors, line 19)
FAIL: gfortran.dg/allocate_alloc_opt_1.f90   -O   (test for errors, line 20)
FAIL: gfortran.dg/allocate_alloc_opt_1.f90   -O   (test for errors, line 22)
FAIL: gfortran.dg/allocate_alloc_opt_1.f90   -O   (test for errors, line 23)
FAIL: gfortran.dg/allocate_alloc_opt_1.f90   -O   (test for errors, line 25)
FAIL: gfortran.dg/allocate_alloc_opt_1.f90   -O   (test for errors, line 27)
FAIL: gfortran.dg/allocate_alloc_opt_1.f90   -O   (test for errors, line 29)
FAIL: gfortran.dg/allocate_alloc_opt_1.f90   -O   (test for errors, line 30)
FAIL: gfortran.dg/allocate_alloc_opt_1.f90   -O   (test for errors, line 32)
FAIL: gfortran.dg/allocate_alloc_opt_1.f90   -O   (test for errors, line 34)
FAIL: gfortran.dg/allocate_alloc_opt_1.f90   -O   (test for warnings, line 24)
FAIL: gfortran.dg/allocate_alloc_opt_1.f90   -O  (test for excess errors)
FAIL: gfortran.dg/allocate_alloc_opt_10.f90   -O0  (test for excess errors)
UNRESOLVED: gfortran.dg/allocate_alloc_opt_10.f90   -O0  compilation failed to produce executable
FAIL: gfortran.dg/allocate_alloc_opt_10.f90   -O1  (test for excess errors)
UNRESOLVED: gfortran.dg/allocate_alloc_opt_10.f90   -O1  compilation failed to produce executable
FAIL: gfortran.dg/allocate_alloc_opt_10.f90   -O2  (test for excess errors)
UNRESOLVED: gfortran.dg/allocate_alloc_opt_10.f90   -O2  compilation failed to produce executable
FAIL: gfortran.dg/allocate_alloc_opt_10.f90   -O3 -fomit-frame-pointer -funroll-loops -fpeel-loops -ftracer -finline-functions  (test for excess errors)
UNRESOLVED: gfortran.dg/allocate_alloc_opt_10.f90   -O3 -fomit-frame-pointer -funroll-loops -fpeel-loops -ftracer -finline-functions  compilation failed to produce executable
FAIL: gfortran.dg/allocate_alloc_opt_10.f90   -O3 -g  (test for excess errors)
UNRESOLVED: gfortran.dg/allocate_alloc_opt_10.f90   -O3 -g  compilation failed to produce executable
FAIL: gfortran.dg/allocate_alloc_opt_10.f90   -Os  (test for excess errors)
UNRESOLVED: gfortran.dg/allocate_alloc_opt_10.f90   -Os  compilation failed to produce executable
FAIL: gfortran.dg/allocate_alloc_opt_11.f90   -O   (test for errors, line 22)
FAIL: gfortran.dg/allocate_alloc_opt_11.f90   -O   (test for errors, line 23)
FAIL: gfortran.dg/allocate_alloc_opt_11.f90   -O   (test for errors, line 24)
FAIL: gfortran.dg/allocate_alloc_opt_11.f90   -O   (test for errors, line 25)
FAIL: gfortran.dg/allocate_alloc_opt_11.f90   -O  (test for excess errors)
FAIL: gfortran.dg/allocate_alloc_opt_12.f90   -O  (test for excess errors)
FAIL: gfortran.dg/allocate_alloc_opt_13.f90   -O  (test for excess errors)
FAIL: gfortran.dg/allocate_alloc_opt_2.f90   -O   (test for errors, line 10)
FAIL: gfortran.dg/allocate_alloc_opt_2.f90   -O   (test for errors, line 11)
FAIL: gfortran.dg/allocate_alloc_opt_2.f90   -O   (test for errors, line 9)
FAIL: gfortran.dg/allocate_alloc_opt_2.f90   -O  (test for excess errors)
FAIL: gfortran.dg/allocate_alloc_opt_3.f90   -O0  (test for excess errors)
UNRESOLVED: gfortran.dg/allocate_alloc_opt_3.f90   -O0  compilation failed to produce executable
FAIL: gfortran.dg/allocate_alloc_opt_3.f90   -O1  (test for excess errors)
UNRESOLVED: gfortran.dg/allocate_alloc_opt_3.f90   -O1  compilation failed to produce executable
FAIL: gfortran.dg/allocate_alloc_opt_3.f90   -O2  (test for excess errors)
UNRESOLVED: gfortran.dg/allocate_alloc_opt_3.f90   -O2  compilation failed to produce executable
FAIL: gfortran.dg/allocate_alloc_opt_3.f90   -O3 -fomit-frame-pointer -funroll-loops -fpeel-loops -ftracer -finline-functions  (test for excess errors)
UNRESOLVED: gfortran.dg/allocate_alloc_opt_3.f90   -O3 -fomit-frame-pointer -funroll-loops -fpeel-loops -ftracer -finline-functions  compilation failed to produce executable
FAIL: gfortran.dg/allocate_alloc_opt_3.f90   -O3 -g  (test for excess errors)
UNRESOLVED: gfortran.dg/allocate_alloc_opt_3.f90   -O3 -g  compilation failed to produce executable
FAIL: gfortran.dg/allocate_alloc_opt_3.f90   -Os  (test for excess errors)
UNRESOLVED: gfortran.dg/allocate_alloc_opt_3.f90   -Os  compilation failed to produce executable
FAIL: gfortran.dg/allocate_alloc_opt_4.f90   -O   (test for errors, line 16)
FAIL: gfortran.dg/allocate_alloc_opt_4.f90   -O   (test for errors, line 18)
FAIL: gfortran.dg/allocate_alloc_opt_4.f90   -O   (test for errors, line 20)
FAIL: gfortran.dg/allocate_alloc_opt_4.f90   -O   (test for errors, line 22)
FAIL: gfortran.dg/allocate_alloc_opt_4.f90   -O   (test for errors, line 24)
FAIL: gfortran.dg/allocate_alloc_opt_4.f90   -O   (test for errors, line 26)
FAIL: gfortran.dg/allocate_alloc_opt_4.f90   -O  (test for excess errors)
FAIL: gfortran.dg/allocate_alloc_opt_5.f90   -O   (test for errors, line 12)
FAIL: gfortran.dg/allocate_alloc_opt_5.f90   -O   (test for errors, line 13)
FAIL: gfortran.dg/allocate_alloc_opt_5.f90   -O  (test for excess errors)
FAIL: gfortran.dg/allocate_alloc_opt_6.f90   -O0  (test for excess errors)
UNRESOLVED: gfortran.dg/allocate_alloc_opt_6.f90   -O0  compilation failed to produce executable
FAIL: gfortran.dg/allocate_alloc_opt_6.f90   -O1  (test for excess errors)
UNRESOLVED: gfortran.dg/allocate_alloc_opt_6.f90   -O1  compilation failed to produce executable
FAIL: gfortran.dg/allocate_alloc_opt_6.f90   -O2  (test for excess errors)
UNRESOLVED: gfortran.dg/allocate_alloc_opt_6.f90   -O2  compilation failed to produce executable
FAIL: gfortran.dg/allocate_alloc_opt_6.f90   -O3 -fomit-frame-pointer -funroll-loops -fpeel-loops -ftracer -finline-functions  (test for excess errors)
UNRESOLVED: gfortran.dg/allocate_alloc_opt_6.f90   -O3 -fomit-frame-pointer -funroll-loops -fpeel-loops -ftracer -finline-functions  compilation failed to produce executable
FAIL: gfortran.dg/allocate_alloc_opt_6.f90   -O3 -g  (test for excess errors)
UNRESOLVED: gfortran.dg/allocate_alloc_opt_6.f90   -O3 -g  compilation failed to produce executable
FAIL: gfortran.dg/allocate_alloc_opt_6.f90   -Os  (test for excess errors)
UNRESOLVED: gfortran.dg/allocate_alloc_opt_6.f90   -Os  compilation failed to produce executable
FAIL: gfortran.dg/allocate_alloc_opt_7.f90   -O  (test for excess errors)
FAIL: gfortran.dg/allocate_alloc_opt_8.f90   -O   (test for errors, line 14)
FAIL: gfortran.dg/allocate_alloc_opt_8.f90   -O  (test for excess errors)
FAIL: gfortran.dg/allocate_alloc_opt_9.f90   -O   (test for errors, line 17)
FAIL: gfortran.dg/allocate_alloc_opt_9.f90   -O   (test for errors, line 18)
FAIL: gfortran.dg/allocate_alloc_opt_9.f90   -O   (test for errors, line 19)
FAIL: gfortran.dg/allocate_alloc_opt_9.f90   -O   (test for errors, line 21)
FAIL: gfortran.dg/allocate_alloc_opt_9.f90   -O  (test for excess errors)
FAIL: gfortran.dg/allocate_assumed_charlen_1.f90   -O0  (test for excess errors)
UNRESOLVED: gfortran.dg/allocate_assumed_charlen_1.f90   -O0  compilation failed to produce executable
FAIL: gfortran.dg/allocate_assumed_charlen_1.f90   -O1  (test for excess errors)
UNRESOLVED: gfortran.dg/allocate_assumed_charlen_1.f90   -O1  compilation failed to produce executable
FAIL: gfortran.dg/allocate_assumed_charlen_1.f90   -O2  (test for excess errors)
UNRESOLVED: gfortran.dg/allocate_assumed_charlen_1.f90   -O2  compilation failed to produce executable
FAIL: gfortran.dg/allocate_assumed_charlen_1.f90   -O3 -fomit-frame-pointer -funroll-loops -fpeel-loops -ftracer -finline-functions  (test for excess errors)
UNRESOLVED: gfortran.dg/allocate_assumed_charlen_1.f90   -O3 -fomit-frame-pointer -funroll-loops -fpeel-loops -ftracer -finline-functions  compilation failed to produce executable
FAIL: gfortran.dg/allocate_assumed_charlen_1.f90   -O3 -g  (test for excess errors)
UNRESOLVED: gfortran.dg/allocate_assumed_charlen_1.f90   -O3 -g  compilation failed to produce executable
FAIL: gfortran.dg/allocate_assumed_charlen_1.f90   -Os  (test for excess errors)
UNRESOLVED: gfortran.dg/allocate_assumed_charlen_1.f90   -Os  compilation failed to produce executable
FAIL: gfortran.dg/allocate_assumed_charlen_2.f90   -O   (test for errors, line 16)
FAIL: gfortran.dg/allocate_assumed_charlen_2.f90   -O   (test for errors, line 17)
FAIL: gfortran.dg/allocate_assumed_charlen_2.f90   -O   (test for errors, line 18)
FAIL: gfortran.dg/allocate_assumed_charlen_2.f90   -O  (test for excess errors)
FAIL: gfortran.dg/allocate_assumed_charlen_3.f90   -O   (test for errors, line 5)
FAIL: gfortran.dg/allocate_assumed_charlen_3.f90   -O  (test for excess errors)
FAIL: gfortran.dg/allocate_char_star_scalar_1.f90   -O  (test for excess errors)
FAIL: gfortran.dg/allocate_class_1.f90   -O   (test for errors, line 10)
FAIL: gfortran.dg/allocate_class_1.f90   -O   (test for errors, line 9)
FAIL: gfortran.dg/allocate_class_1.f90   -O  (test for excess errors)
FAIL: gfortran.dg/allocate_class_2.f90   -O   (test for errors, line 12)
FAIL: gfortran.dg/allocate_class_2.f90   -O   (test for errors, line 14)
FAIL: gfortran.dg/allocate_class_2.f90   -O  (test for excess errors)
FAIL: gfortran.dg/allocate_class_3.f90   -O0  (test for excess errors)
UNRESOLVED: gfortran.dg/allocate_class_3.f90   -O0  compilation failed to produce executable
FAIL: gfortran.dg/allocate_class_3.f90   -O1  (test for excess errors)
UNRESOLVED: gfortran.dg/allocate_class_3.f90   -O1  compilation failed to produce executable
FAIL: gfortran.dg/allocate_class_3.f90   -O2  (test for excess errors)
UNRESOLVED: gfortran.dg/allocate_class_3.f90   -O2  compilation failed to produce executable
FAIL: gfortran.dg/allocate_class_3.f90   -O3 -fomit-frame-pointer -funroll-loops -fpeel-loops -ftracer -finline-functions  (test for excess errors)
UNRESOLVED: gfortran.dg/allocate_class_3.f90   -O3 -fomit-frame-pointer -funroll-loops -fpeel-loops -ftracer -finline-functions  compilation failed to produce executable
FAIL: gfortran.dg/allocate_class_3.f90   -O3 -g  (test for excess errors)
UNRESOLVED: gfortran.dg/allocate_class_3.f90   -O3 -g  compilation failed to produce executable
FAIL: gfortran.dg/allocate_class_3.f90   -Os  (test for excess errors)
UNRESOLVED: gfortran.dg/allocate_class_3.f90   -Os  compilation failed to produce executable
FAIL: gfortran.dg/allocate_class_4.f90   -O  (test for excess errors)
FAIL: gfortran.dg/allocate_deferred_char_scalar_1.f03   -O0  (test for excess errors)
UNRESOLVED: gfortran.dg/allocate_deferred_char_scalar_1.f03   -O0  compilation failed to produce executable
FAIL: gfortran.dg/allocate_deferred_char_scalar_1.f03   -O1  (test for excess errors)
UNRESOLVED: gfortran.dg/allocate_deferred_char_scalar_1.f03   -O1  compilation failed to produce executable
FAIL: gfortran.dg/allocate_deferred_char_scalar_1.f03   -O2  (test for excess errors)
UNRESOLVED: gfortran.dg/allocate_deferred_char_scalar_1.f03   -O2  compilation failed to produce executable
FAIL: gfortran.dg/allocate_deferred_char_scalar_1.f03   -O3 -fomit-frame-pointer -funroll-loops -fpeel-loops -ftracer -finline-functions  (test for excess errors)
UNRESOLVED: gfortran.dg/allocate_deferred_char_scalar_1.f03   -O3 -fomit-frame-pointer -funroll-loops -fpeel-loops -ftracer -finline-functions  compilation failed to produce executable
FAIL: gfortran.dg/allocate_deferred_char_scalar_1.f03   -O3 -g  (test for excess errors)
UNRESOLVED: gfortran.dg/allocate_deferred_char_scalar_1.f03   -O3 -g  compilation failed to produce executable
FAIL: gfortran.dg/allocate_deferred_char_scalar_1.f03   -Os  (test for excess errors)
UNRESOLVED: gfortran.dg/allocate_deferred_char_scalar_1.f03   -Os  compilation failed to produce executable
FAIL: gfortran.dg/allocate_deferred_char_scalar_2.f03   -O0  (test for excess errors)
UNRESOLVED: gfortran.dg/allocate_deferred_char_scalar_2.f03   -O0  compilation failed to produce executable
FAIL: gfortran.dg/allocate_deferred_char_scalar_2.f03   -O1  (test for excess errors)
UNRESOLVED: gfortran.dg/allocate_deferred_char_scalar_2.f03   -O1  compilation failed to produce executable
FAIL: gfortran.dg/allocate_deferred_char_scalar_2.f03   -O2  (test for excess errors)
UNRESOLVED: gfortran.dg/allocate_deferred_char_scalar_2.f03   -O2  compilation failed to produce executable
FAIL: gfortran.dg/allocate_deferred_char_scalar_2.f03   -O3 -fomit-frame-pointer -funroll-loops -fpeel-loops -ftracer -finline-functions  (test for excess errors)
UNRESOLVED: gfortran.dg/allocate_deferred_char_scalar_2.f03   -O3 -fomit-frame-pointer -funroll-loops -fpeel-loops -ftracer -finline-functions  compilation failed to produce executable
FAIL: gfortran.dg/allocate_deferred_char_scalar_2.f03   -O3 -g  (test for excess errors)
UNRESOLVED: gfortran.dg/allocate_deferred_char_scalar_2.f03   -O3 -g  compilation failed to produce executable
FAIL: gfortran.dg/allocate_deferred_char_scalar_2.f03   -Os  (test for excess errors)
UNRESOLVED: gfortran.dg/allocate_deferred_char_scalar_2.f03   -Os  compilation failed to produce executable
FAIL: gfortran.dg/allocate_derived_1.f90   -O   (test for errors, line 35)
FAIL: gfortran.dg/allocate_derived_1.f90   -O   (test for errors, line 36)
FAIL: gfortran.dg/allocate_derived_1.f90   -O   (test for errors, line 37)
FAIL: gfortran.dg/allocate_derived_1.f90   -O   (test for errors, line 40)
FAIL: gfortran.dg/allocate_derived_1.f90   -O   (test for errors, line 42)
FAIL: gfortran.dg/allocate_derived_1.f90   -O   (test for errors, line 45)
FAIL: gfortran.dg/allocate_derived_1.f90   -O   (test for errors, line 46)
FAIL: gfortran.dg/allocate_derived_1.f90   -O  (test for excess errors)
FAIL: gfortran.dg/allocate_derived_5.f90   -O0  (test for excess errors)
UNRESOLVED: gfortran.dg/allocate_derived_5.f90   -O0  compilation failed to produce executable
FAIL: gfortran.dg/allocate_derived_5.f90   -O1  (test for excess errors)
UNRESOLVED: gfortran.dg/allocate_derived_5.f90   -O1  compilation failed to produce executable
FAIL: gfortran.dg/allocate_derived_5.f90   -O2  (test for excess errors)
UNRESOLVED: gfortran.dg/allocate_derived_5.f90   -O2  compilation failed to produce executable
FAIL: gfortran.dg/allocate_derived_5.f90   -O3 -fomit-frame-pointer -funroll-loops -fpeel-loops -ftracer -finline-functions  (test for excess errors)
UNRESOLVED: gfortran.dg/allocate_derived_5.f90   -O3 -fomit-frame-pointer -funroll-loops -fpeel-loops -ftracer -finline-functions  compilation failed to produce executable
FAIL: gfortran.dg/allocate_derived_5.f90   -O3 -g  (test for excess errors)
UNRESOLVED: gfortran.dg/allocate_derived_5.f90   -O3 -g  compilation failed to produce executable
FAIL: gfortran.dg/allocate_derived_5.f90   -Os  (test for excess errors)
UNRESOLVED: gfortran.dg/allocate_derived_5.f90   -Os  compilation failed to produce executable
FAIL: gfortran.dg/allocate_error_1.f90   -O0  (test for excess errors)
UNRESOLVED: gfortran.dg/allocate_error_1.f90   -O0  compilation failed to produce executable
FAIL: gfortran.dg/allocate_with_source_10.f08   -O3 -g  (test for excess errors)
UNRESOLVED: gfortran.dg/allocate_with_source_10.f08   -O3 -g  compilation failed to produce executable
FAIL: gfortran.dg/allocate_with_source_10.f08   -Os  (test for excess errors)
UNRESOLVED: gfortran.dg/allocate_with_source_10.f08   -Os  compilation failed to produce executable
FAIL: gfortran.dg/allocate_with_source_11.f08   -O0  (test for excess errors)
UNRESOLVED: gfortran.dg/allocate_with_source_11.f08   -O0  compilation failed to produce executable
FAIL: gfortran.dg/allocate_with_source_11.f08   -O1  (test for excess errors)
UNRESOLVED: gfortran.dg/allocate_with_source_11.f08   -O1  compilation failed to produce executable
FAIL: gfortran.dg/allocate_with_source_11.f08   -O2  (test for excess errors)
UNRESOLVED: gfortran.dg/allocate_with_source_11.f08   -O2  compilation failed to produce executable
FAIL: gfortran.dg/allocate_with_source_11.f08   -O3 -fomit-frame-pointer -funroll-loops -fpeel-loops -ftracer -finline-functions  (test for excess errors)
UNRESOLVED: gfortran.dg/allocate_with_source_11.f08   -O3 -fomit-frame-pointer -funroll-loops -fpeel-loops -ftracer -finline-functions  compilation failed to produce executable
FAIL: gfortran.dg/allocate_with_source_11.f08   -O3 -g  (test for excess errors)
UNRESOLVED: gfortran.dg/allocate_with_source_11.f08   -O3 -g  compilation failed to produce executable
FAIL: gfortran.dg/allocate_with_source_11.f08   -Os  (test for excess errors)
UNRESOLVED: gfortran.dg/allocate_with_source_11.f08   -Os  compilation failed to produce executable
FAIL: gfortran.dg/allocate_with_source_12.f03   -O0  (test for excess errors)
UNRESOLVED: gfortran.dg/allocate_with_source_12.f03   -O0  compilation failed to produce executable
FAIL: gfortran.dg/allocate_with_source_12.f03   -O1  (test for excess errors)
UNRESOLVED: gfortran.dg/allocate_with_source_12.f03   -O1  compilation failed to produce executable
FAIL: gfortran.dg/allocate_with_source_17.f03   -O  (test for excess errors)
FAIL: gfortran.dg/allocate_with_source_18.f03   -O0  (test for excess errors)
UNRESOLVED: gfortran.dg/allocate_with_source_18.f03   -O0  compilation failed to produce executable
FAIL: gfortran.dg/allocate_with_source_18.f03   -O1  (test for excess errors)
UNRESOLVED: gfortran.dg/allocate_with_source_18.f03   -O1  compilation failed to produce executable
FAIL: gfortran.dg/allocate_with_source_18.f03   -O2  (test for excess errors)
UNRESOLVED: gfortran.dg/allocate_with_source_18.f03   -O2  compilation failed to produce executable
FAIL: gfortran.dg/allocate_with_source_18.f03   -O3 -fomit-frame-pointer -funroll-loops -fpeel-loops -ftracer -finline-functions  (test for excess errors)
UNRESOLVED: gfortran.dg/allocate_with_source_18.f03   -O3 -fomit-frame-pointer -funroll-loops -fpeel-loops -ftracer -finline-functions  compilation failed to produce executable
FAIL: gfortran.dg/allocate_with_source_18.f03   -O3 -g  (test for excess errors)
UNRESOLVED: gfortran.dg/allocate_with_source_18.f03   -O3 -g  compilation failed to produce executable
FAIL: gfortran.dg/allocate_with_source_18.f03   -Os  (test for excess errors)
UNRESOLVED: gfortran.dg/allocate_with_source_18.f03   -Os  compilation failed to produce executable
FAIL: gfortran.dg/allocate_with_source_19.f08   -O   (test for errors, line 17)
FAIL: gfortran.dg/allocate_with_source_19.f08   -O  (test for excess errors)
FAIL: gfortran.dg/allocate_with_source_2.f90   -O0  (test for excess errors)
UNRESOLVED: gfortran.dg/allocate_with_source_2.f90   -O0  compilation failed to produce executable
FAIL: gfortran.dg/allocate_with_source_2.f90   -O1  (test for excess errors)
UNRESOLVED: gfortran.dg/allocate_with_source_2.f90   -O1  compilation failed to produce executable
UNRESOLVED: gfortran.dg/allocate_with_source_3.f90   -O  (test for excess errors)
FAIL: gfortran.dg/allocate_with_source_4.f90   -O   (test for errors, line 10)
FAIL: gfortran.dg/allocate_with_source_4.f90   -O   (test for errors, line 11)
FAIL: gfortran.dg/allocate_with_source_4.f90   -O  (test for excess errors)
FAIL: gfortran.dg/allocate_with_source_5.f90   -O0  (test for excess errors)
UNRESOLVED: gfortran.dg/allocate_with_source_5.f90   -O0  compilation failed to produce executable
FAIL: gfortran.dg/allocate_with_source_5.f90   -O1  (test for excess errors)
UNRESOLVED: gfortran.dg/allocate_with_source_5.f90   -O1  compilation failed to produce executable
WARNING: program timed out
WARNING: program timed out
WARNING: program timed out
WARNING: program timed out
WARNING: program timed out
WARNING: program timed out
WARNING: program timed out
WARNING: program timed out
WARNING: program timed out
WARNING: program timed out
WARNING: program timed out
WARNING: program timed out
WARNING: program timed out
WARNING: program timed out
WARNING: program timed out
WARNING: program timed out
WARNING: program timed out
WARNING: program timed out
WARNING: program timed out
WARNING: program timed out
WARNING: program timed out
WARNING: program timed out
WARNING: program timed out
WARNING: program timed out
WARNING: program timed out
WARNING: program timed out
WARNING: program timed out
WARNING: program timed out
WARNING: program timed out
WARNING: program timed out
WARNING: program timed out
WARNING: program timed out
WARNING: program timed out
WARNING: program timed out
WARNING: program timed out
WARNING: program timed out
WARNING: program timed out
WARNING: program timed out
WARNING: program timed out
WARNING: program timed out
WARNING: program timed out
WARNING: program timed out
WARNING: program timed out
WARNING: program timed out
WARNING: program timed out
WARNING: program timed out
WARNING: program timed out
WARNING: program timed out
WARNING: program timed out
WARNING: program timed out
WARNING: program timed out
WARNING: program timed out
WARNING: program timed out
WARNING: program timed out
WARNING: program timed out
WARNING: program timed out
WARNING: program timed out
WARNING: program timed out
WARNING: program timed out
WARNING: program timed out
WARNING: program timed out
WARNING: program timed out
WARNING: program timed out
WARNING: program timed out
WARNING: program timed out
WARNING: program timed out
WARNING: program timed out
WARNING: program timed out
WARNING: program timed out
WARNING: program timed out
WARNING: program timed out
WARNING: program timed out
WARNING: program timed out
WARNING: program timed out
WARNING: program timed out
WARNING: program timed out
WARNING: program timed out
WARNING: program timed out
WARNING: program timed out
WARNING: program timed out
WARNING: program timed out
WARNING: program timed out
WARNING: program timed out
WARNING: program timed out
WARNING: program timed out
WARNING: program timed out
WARNING: program timed out
WARNING: program timed out
WARNING: program timed out
WARNING: program timed out
WARNING: program timed out
WARNING: program timed out
WARNING: program timed out
WARNING: program timed out
WARNING: program timed out
WARNING: program timed out
WARNING: program timed out
WARNING: program timed out
WARNING: program timed out
WARNING: program timed out
WARNING: program timed out
WARNING: program timed out
WARNING: program timed out
WARNING: program timed out
WARNING: program timed out
WARNING: program timed out
WARNING: program timed out
WARNING: program timed out
WARNING: program timed out
WARNING: program timed out
WARNING: program timed out
WARNING: program timed out
WARNING: program timed out
WARNING: program timed out
WARNING: program timed out
WARNING: program timed out
WARNING: program timed out
WARNING: program timed out

		=== gfortran Summary for unix ===

# of expected passes		46749
# of unexpected failures	173
# of expected failures		93
# of unresolved testcases	99
# of unsupported tests		194

Running target unix/-m64

		=== gfortran Summary for unix/-m64 ===

# of expected passes		47239
# of expected failures		93
# of unsupported tests		91

		=== gfortran Summary ===

# of expected passes		93988
# of unexpected failures	173
# of expected failures		186
# of unresolved testcases	99
# of unsupported tests		285
/var/gcc/regression/trunk/10-gcc-gas/build/gcc/gfortran  version 9.0.0 20180504 (experimental) [trunk revision 259929] (GCC) 

		=== gnat tests ===


Running target unix

		=== gnat Summary for unix ===

# of expected passes		2698
# of expected failures		23
# of unsupported tests		7

Running target unix/-m64

		=== gnat Summary for unix/-m64 ===

# of expected passes		2698
# of expected failures		23
# of unsupported tests		7

		=== gnat Summary ===

# of expected passes		5396
# of expected failures		46
# of unsupported tests		14
/var/gcc/regression/trunk/10-gcc-gas/build/gcc/gnatmake version 9.0.0 20180504 (experimental) [trunk revision 259929]

		=== go tests ===


Running target unix
FAIL: go.go-torture/execute/printnil.go execution,  -O0 
FAIL: go.go-torture/execute/printnil.go execution,  -O1 
FAIL: go.go-torture/execute/printnil.go execution,  -O2 
FAIL: go.go-torture/execute/printnil.go execution,  -O2 -fbounds-check 
FAIL: go.go-torture/execute/printnil.go execution,  -O2 -fomit-frame-pointer -finline-functions 
FAIL: go.go-torture/execute/printnil.go execution,  -O2 -fomit-frame-pointer -finline-functions -funroll-loops 
FAIL: go.go-torture/execute/printnil.go execution,  -O3 -g 
FAIL: go.go-torture/execute/printnil.go execution,  -Os 
FAIL: ./index0-out.go execution,  -O0 -g -fno-var-tracking-assignments 
FAIL: go.test/test/closedchan.go execution,  -O2 -g 
FAIL: go.test/test/cmp.go execution,  -O2 -g 
FAIL: go.test/test/divmod.go execution,  -O2 -g 
FAIL: go.test/test/fixedbugs/bug113.go execution,  -O2 -g 
FAIL: go.test/test/fixedbugs/bug148.go execution,  -O2 -g 
FAIL: go.test/test/fixedbugs/bug266.go execution,  -O2 -g 
FAIL: go.test/test/fixedbugs/bug272.go execution,  -O2 -g 
FAIL: go.test/test/fixedbugs/bug273.go execution,  -O2 -g 
FAIL: go.test/test/fixedbugs/bug324.dir/prog.go execution,  -O2 -g 
FAIL: go.test/test/fixedbugs/bug444.go execution,  -O2 -g 
FAIL: go.test/test/fixedbugs/issue4066.go execution,  -O2 -g 
FAIL: go.test/test/fixedbugs/issue4353.go execution,  -O2 -g 
FAIL: go.test/test/fixedbugs/issue4562.go execution,  -O2 -g 
FAIL: go.test/test/fixedbugs/issue6055.go execution,  -O2 -g 
FAIL: go.test/test/interface/fail.go execution,  -O2 -g 
FAIL: go.test/test/interface/noeq.go execution,  -O2 -g 
FAIL: go.test/test/interface/returntype.go execution,  -O2 -g 
FAIL: go.test/test/method.go execution,  -O2 -g 
FAIL: go.test/test/method5.go execution,  -O2 -g 
FAIL: go.test/test/nil.go execution,  -O2 -g 
FAIL: go.test/test/nilptr.go execution,  -O2 -g 
FAIL: go.test/test/recover.go execution,  -O2 -g 
FAIL: go.test/test/recover1.go execution,  -O2 -g 
FAIL: go.test/test/recover2.go execution,  -O2 -g 

		=== go Summary for unix ===

# of expected passes		7364
# of unexpected failures	33
# of expected failures		1
# of untested testcases		10
# of unsupported tests		2

Running target unix/-m64
FAIL: go.go-torture/execute/for-1.go execution,  -O2 
FAIL: go.go-torture/execute/function-1.go execution,  -O3 -g 
FAIL: go.go-torture/execute/function-2.go execution,  -O0 
FAIL: go.go-torture/execute/function-2.go execution,  -O2 
FAIL: go.go-torture/execute/function-2.go execution,  -O2 -fbounds-check 
FAIL: go.go-torture/execute/function-2.go execution,  -O2 -fomit-frame-pointer -finline-functions 
FAIL: go.go-torture/execute/function-2.go execution,  -O2 -fomit-frame-pointer -finline-functions -funroll-loops 
FAIL: go.go-torture/execute/function-2.go execution,  -O3 -g 
FAIL: go.go-torture/execute/function-2.go execution,  -Os 
FAIL: go.go-torture/execute/go-1.go execution,  -O0 
FAIL: go.go-torture/execute/go-1.go execution,  -O1 
FAIL: go.go-torture/execute/go-1.go execution,  -O2 
FAIL: go.go-torture/execute/go-1.go execution,  -O2 -fbounds-check 
FAIL: go.go-torture/execute/go-1.go execution,  -O2 -fomit-frame-pointer -finline-functions -funroll-loops 
FAIL: go.go-torture/execute/go-1.go execution,  -O3 -g 
FAIL: go.go-torture/execute/goto-1.go execution,  -O3 -g 
FAIL: go.go-torture/execute/names-1.go execution,  -O2 -fbounds-check 
FAIL: go.go-torture/execute/names-1.go execution,  -O2 -fomit-frame-pointer -finline-functions -funroll-loops 
FAIL: go.go-torture/execute/names-1.go execution,  -O3 -g 
FAIL: go.go-torture/execute/names-1.go execution,  -Os 
FAIL: go.go-torture/execute/nested-1.go execution,  -O0 
FAIL: go.go-torture/execute/nested-1.go execution,  -O1 
FAIL: go.go-torture/execute/nested-1.go execution,  -O2 
FAIL: go.go-torture/execute/nested-1.go execution,  -O2 -fomit-frame-pointer -finline-functions 
FAIL: go.go-torture/execute/nested-1.go execution,  -O2 -fomit-frame-pointer -finline-functions -funroll-loops 
FAIL: go.go-torture/execute/nested-1.go execution,  -Os 
FAIL: go.go-torture/execute/pointer-1.go execution,  -O0 
FAIL: go.go-torture/execute/pointer-1.go execution,  -O1 
FAIL: go.go-torture/execute/printnil.go execution,  -O0 
FAIL: go.go-torture/execute/printnil.go execution,  -O1 
FAIL: go.go-torture/execute/printnil.go execution,  -O2 
FAIL: go.go-torture/execute/printnil.go execution,  -O2 -fbounds-check 
FAIL: go.go-torture/execute/printnil.go execution,  -O2 -fomit-frame-pointer -finline-functions 
FAIL: go.go-torture/execute/printnil.go execution,  -O2 -fomit-frame-pointer -finline-functions -funroll-loops 
FAIL: go.go-torture/execute/printnil.go execution,  -O3 -g 
FAIL: go.go-torture/execute/printnil.go execution,  -Os 
FAIL: go.go-torture/execute/string-2.go execution,  -O2 -fomit-frame-pointer -finline-functions -funroll-loops 
FAIL: go.go-torture/execute/string-2.go execution,  -O3 -g 
FAIL: go.go-torture/execute/struct-1.go execution,  -O0 
FAIL: go.go-torture/execute/struct-1.go execution,  -O1 
FAIL: go.go-torture/execute/struct-1.go execution,  -O2 
FAIL: go.go-torture/execute/struct-1.go execution,  -O2 -fbounds-check 
FAIL: go.go-torture/execute/struct-1.go execution,  -O2 -fomit-frame-pointer -finline-functions 
FAIL: go.go-torture/execute/struct-1.go execution,  -O2 -fomit-frame-pointer -finline-functions -funroll-loops 
FAIL: go.go-torture/execute/struct-1.go execution,  -O3 -g 
FAIL: go.go-torture/execute/struct-1.go execution,  -Os 
FAIL: go.go-torture/execute/struct-2.go execution,  -O0 
FAIL: go.go-torture/execute/struct-2.go execution,  -O1 
FAIL: go.go-torture/execute/struct-2.go execution,  -O2 -fbounds-check 
FAIL: go.go-torture/execute/struct-2.go execution,  -O3 -g 
WARNING: program timed out
WARNING: program timed out
WARNING: program timed out.
WARNING: program timed out.
WARNING: program timed out.
WARNING: program timed out.
WARNING: program timed out.
WARNING: program timed out.
WARNING: program timed out.
WARNING: program timed out.
WARNING: program timed out.
WARNING: program timed out.
WARNING: program timed out.
WARNING: program timed out.
WARNING: program timed out.
WARNING: program timed out.
WARNING: program timed out.
WARNING: program timed out.
WARNING: program timed out.
WARNING: program timed out.
WARNING: program timed out.
WARNING: program timed out.
WARNING: program timed out.
WARNING: program timed out.
WARNING: program timed out.
WARNING: program timed out.
WARNING: program timed out.
WARNING: program timed out.
WARNING: program timed out.
WARNING: program timed out.
WARNING: program timed out.
WARNING: program timed out.
WARNING: program timed out.
WARNING: program timed out.
WARNING: program timed out.
WARNING: program timed out.
WARNING: program timed out.
WARNING: program timed out.
WARNING: program timed out.
WARNING: program timed out.
WARNING: program timed out.
WARNING: program timed out.
WARNING: program timed out.
WARNING: program timed out.
FAIL: ./bug449-out.go execution,  -O0 -g -fno-var-tracking-assignments 
FAIL: ./index0-out.go execution,  -O0 -g -fno-var-tracking-assignments 
FAIL: go.test/test/closedchan.go execution,  -O2 -g 
FAIL: go.test/test/cmp.go execution,  -O2 -g 
FAIL: go.test/test/divmod.go execution,  -O2 -g 
FAIL: go.test/test/fixedbugs/bug059.go execution,  -O2 -g 
FAIL: go.test/test/fixedbugs/bug082.go execution,  -O2 -g 
FAIL: go.test/test/fixedbugs/bug092.go execution,  -O2 -g 
FAIL: go.test/test/fixedbugs/bug097.go execution,  -O2 -g 
FAIL: go.test/test/fixedbugs/bug099.go execution,  -O2 -g 
FAIL: go.test/test/fixedbugs/bug101.go execution,  -O2 -g 
FAIL: go.test/test/fixedbugs/bug111.go execution,  -O2 -g 
FAIL: go.test/test/fixedbugs/bug113.go execution,  -O2 -g 
FAIL: go.test/test/fixedbugs/bug119.go execution,  -O2 -g 
FAIL: go.test/test/fixedbugs/bug148.go execution,  -O2 -g 
FAIL: go.test/test/fixedbugs/bug177.go execution,  -O2 -g 
FAIL: go.test/test/fixedbugs/bug184.go execution,  -O2 -g 
FAIL: go.test/test/fixedbugs/bug199.go execution,  -O2 -g 
FAIL: go.test/test/fixedbugs/bug221.go execution,  -O2 -g 
FAIL: go.test/test/fixedbugs/bug230.go execution,  -O2 -g 
FAIL: go.test/test/fixedbugs/bug237.go execution,  -O2 -g 
FAIL: go.test/test/fixedbugs/bug266.go execution,  -O2 -g 
FAIL: go.test/test/fixedbugs/bug272.go execution,  -O2 -g 
FAIL: go.test/test/fixedbugs/bug273.go execution,  -O2 -g 
FAIL: go.test/test/fixedbugs/bug314.go execution,  -O2 -g 
FAIL: go.test/test/fixedbugs/bug324.dir/prog.go execution,  -O2 -g 
FAIL: go.test/test/fixedbugs/bug329.go execution,  -O2 -g 
FAIL: go.test/test/fixedbugs/bug343.go execution,  -O2 -g 
FAIL: go.test/test/fixedbugs/bug428.go execution,  -O2 -g 
FAIL: go.test/test/fixedbugs/bug440_32.go execution,  -O2 -g 
FAIL: go.test/test/fixedbugs/bug442.go execution,  -O2 -g 
FAIL: go.test/test/fixedbugs/bug444.go execution,  -O2 -g 
FAIL: go.test/test/fixedbugs/bug450.go execution,  -O2 -g 
FAIL: go.test/test/fixedbugs/bug452.go execution,  -O2 -g 
FAIL: go.test/test/fixedbugs/bug453.go execution,  -O2 -g 
FAIL: go.test/test/fixedbugs/bug454.go execution,  -O2 -g 
FAIL: go.test/test/fixedbugs/bug455.go execution,  -O2 -g 
FAIL: go.test/test/fixedbugs/bug456.go execution,  -O2 -g 
FAIL: go.test/test/fixedbugs/bug470.go execution,  -O2 -g 
FAIL: go.test/test/fixedbugs/bug472.dir/z.go execution,  -O2 -g 
FAIL: go.test/test/fixedbugs/bug479.dir/b.go execution,  -O2 -g 
FAIL: go.test/test/fixedbugs/issue2615.go execution,  -O2 -g 
FAIL: go.test/test/fixedbugs/issue4066.go execution,  -O2 -g 
FAIL: go.test/test/fixedbugs/issue4085b.go execution,  -O2 -g 
FAIL: go.test/test/fixedbugs/issue4167.go execution,  -O2 -g 
FAIL: go.test/test/fixedbugs/issue4252.dir/main.go execution,  -O2 -g 
FAIL: go.test/test/fixedbugs/issue4353.go execution,  -O2 -g 
FAIL: go.test/test/fixedbugs/issue4396a.go execution,  -O2 -g 
FAIL: go.test/test/fixedbugs/issue4562.go execution,  -O2 -g 
FAIL: go.test/test/fixedbugs/issue4964.dir/b.go execution,  -O2 -g 
FAIL: go.test/test/fixedbugs/issue5056.go execution,  -O2 -g 
FAIL: go.test/test/fixedbugs/issue5244.go execution,  -O2 -g 
FAIL: go.test/test/fixedbugs/issue5260.dir/b.go execution,  -O2 -g 
FAIL: go.test/test/fixedbugs/issue5291.dir/prog.go execution,  -O2 -g 
FAIL: go.test/test/fixedbugs/issue5493.go execution,  -O2 -g 
FAIL: go.test/test/fixedbugs/issue5515.go execution,  -O2 -g 
FAIL: go.test/test/fixedbugs/issue5607.go execution,  -O2 -g 
FAIL: go.test/test/fixedbugs/issue5704.go execution,  -O2 -g 
FAIL: go.test/test/fixedbugs/issue5753.go execution,  -O2 -g 
FAIL: go.test/test/fixedbugs/issue5809.go execution,  -O2 -g 
FAIL: go.test/test/fixedbugs/issue5820.go execution,  -O2 -g 
FAIL: go.test/test/fixedbugs/issue5856.go execution,  -O2 -g 
FAIL: go.test/test/fixedbugs/issue5963.go execution,  -O2 -g 
FAIL: go.test/test/fixedbugs/issue6055.go execution,  -O2 -g 
FAIL: go.test/test/fixedbugs/issue6269.go execution,  -O2 -g 
FAIL: go.test/test/fixedbugs/issue6789.dir/b.go execution,  -O2 -g 
FAIL: go.test/test/floatcmp.go execution,  -O2 -g 
FAIL: go.test/test/for.go execution,  -O2 -g 
FAIL: go.test/test/func.go execution,  -O2 -g 
FAIL: go.test/test/func5.go execution,  -O2 -g 
FAIL: go.test/test/interface/fail.go execution,  -O2 -g 
FAIL: go.test/test/interface/noeq.go execution,  -O2 -g 
FAIL: go.test/test/interface/returntype.go execution,  -O2 -g 
FAIL: go.test/test/method.go execution,  -O2 -g 
FAIL: go.test/test/method5.go execution,  -O2 -g 
FAIL: go.test/test/nil.go execution,  -O2 -g 
FAIL: go.test/test/nilptr.go execution,  -O2 -g 
FAIL: go.test/test/recover.go execution,  -O2 -g 
FAIL: go.test/test/recover1.go execution,  -O2 -g 
FAIL: go.test/test/recover2.go execution,  -O2 -g 
WARNING: program timed out
WARNING: program timed out.
WARNING: program timed out.
WARNING: program timed out.
WARNING: program timed out.
WARNING: program timed out.
WARNING: program timed out.
WARNING: program timed out.
WARNING: program timed out.
WARNING: program timed out.
WARNING: program timed out.
WARNING: program timed out.
WARNING: program timed out.
WARNING: program timed out.
WARNING: program timed out.
WARNING: program timed out.
WARNING: program timed out.
WARNING: program timed out.
WARNING: program timed out.
WARNING: program timed out.
WARNING: program timed out.
WARNING: program timed out.
WARNING: program timed out.
WARNING: program timed out.
WARNING: program timed out.
WARNING: program timed out.
WARNING: program timed out.
WARNING: program timed out.
WARNING: program timed out.
WARNING: program timed out.
WARNING: program timed out.
WARNING: program timed out.
WARNING: program timed out.
WARNING: program timed out.
WARNING: program timed out.
WARNING: program timed out.
WARNING: program timed out.
WARNING: program timed out.
WARNING: program timed out.
WARNING: program timed out.
WARNING: program timed out.
WARNING: program timed out.
WARNING: program timed out.
WARNING: program timed out.
WARNING: program timed out.
WARNING: program timed out.
WARNING: program timed out.
WARNING: program timed out.
WARNING: program timed out.
WARNING: program timed out.
WARNING: program timed out.
WARNING: program timed out.
WARNING: program timed out.
WARNING: program timed out.
WARNING: program timed out.
WARNING: program timed out.
WARNING: program timed out.
WARNING: program timed out.
WARNING: program timed out.
WARNING: program timed out.

		=== go Summary for unix/-m64 ===

# of expected passes		7148
# of unexpected failures	130
# of expected failures		1
# of untested testcases		10
# of unsupported tests		1

		=== go Summary ===

# of expected passes		14512
# of unexpected failures	163
# of expected failures		2
# of untested testcases		20
# of unsupported tests		3
		=== obj-c++ tests ===


Running target unix

		=== obj-c++ Summary for unix ===

# of expected passes		1464
# of expected failures		2
# of unsupported tests		77

Running target unix/-m64

		=== obj-c++ Summary for unix/-m64 ===

# of expected passes		1456
# of expected failures		10
# of unsupported tests		77

		=== obj-c++ Summary ===

# of expected passes		2920
# of expected failures		12
# of unsupported tests		154
/var/gcc/regression/trunk/10-gcc-gas/build/gcc/xg++  version 9.0.0 20180504 (experimental) [trunk revision 259929] (GCC) 

		=== objc tests ===


Running target unix

		=== objc Summary for unix ===

# of expected passes		2797
# of expected failures		6
# of unsupported tests		68

Running target unix/-m64

		=== objc Summary for unix/-m64 ===

# of expected passes		2797
# of expected failures		6
# of unsupported tests		68

		=== objc Summary ===

# of expected passes		5594
# of expected failures		12
# of unsupported tests		136
/var/gcc/regression/trunk/10-gcc-gas/build/gcc/xgcc  version 9.0.0 20180504 (experimental) [trunk revision 259929] (GCC) 

		=== gotools tests ===

FAIL: TestTestRegexps
FAIL: go test cmd/go
FAIL: go test runtime
FAIL: go test misc/cgo/test
FAIL: TestCompileWithoutShared
FAIL: TestEarlySignalHandler
FAIL: TestInstall
FAIL: TestOsSignal
FAIL: TestPIE
FAIL: TestSIGPROF
FAIL: TestSigaltstack
FAIL: TestSignalForwarding
FAIL: TestSignalForwardingExternal
FAIL: go test misc/cgo/testcarchive

		=== gotools Summary ===
# of expected passes		162
# of unexpected failures	14
# of untested testcases		133

		=== libatomic tests ===


Running target unix

		=== libatomic Summary for unix ===

# of expected passes		44
# of unsupported tests		5

Running target unix/-m64

		=== libatomic Summary for unix/-m64 ===

# of expected passes		54

		=== libatomic Summary ===

# of expected passes		98
# of unsupported tests		5
		=== libffi tests ===


Running target unix

		=== libffi Summary for unix ===

# of expected passes		2799

Running target unix/-m64

		=== libffi Summary for unix/-m64 ===

# of expected passes		2214

		=== libffi Summary ===

# of expected passes		5013
		=== libgo tests ===


Running target unix
FAIL: encoding/gob
FAIL: fmt
FAIL: go/build
FAIL: go/constant
FAIL: golang_org/x/crypto/cryptobyte
FAIL: html/template
FAIL: math/big
FAIL: net/http
FAIL: net/rpc
FAIL: reflect
FAIL: runtime
FAIL: runtime/debug
FAIL: runtime/pprof
FAIL: sync/atomic
FAIL: text/tabwriter
FAIL: text/template
FAIL: text/template/parse
FAIL: time

		=== libgo Summary for unix ===

# of expected passes		145
# of unexpected failures	18

Running target unix/-m64
FAIL: encoding/gob
FAIL: fmt
FAIL: go/build
FAIL: go/constant
FAIL: go/printer
FAIL: go/types
FAIL: golang_org/x/crypto/cryptobyte
FAIL: html/template
FAIL: image/color
FAIL: math
FAIL: math/big
FAIL: net/http
FAIL: net/rpc
FAIL: reflect
FAIL: runtime/debug
FAIL: sync/atomic
FAIL: text/tabwriter
FAIL: text/template
FAIL: text/template/parse
FAIL: time

		=== libgo Summary for unix/-m64 ===

# of expected passes		143
# of unexpected failures	20

		=== libgo Summary ===

# of expected passes		288
# of unexpected failures	38
		=== libgomp tests ===


Running target unix

		=== libgomp Summary for unix ===

# of expected passes		5566
# of expected failures		1
# of unsupported tests		302

Running target unix/-m64
WARNING: program timed out
FAIL: libgomp.oacc-fortran/asyncwait-1.f90 -DACC_DEVICE_TYPE_host=1 -DACC_MEM_SHARED=1  -O3 -g  (test for excess errors)
UNRESOLVED: libgomp.oacc-fortran/asyncwait-1.f90 -DACC_DEVICE_TYPE_host=1 -DACC_MEM_SHARED=1  -O3 -g  compilation failed to produce executable
WARNING: program timed out
FAIL: libgomp.oacc-fortran/asyncwait-1.f90 -DACC_DEVICE_TYPE_host=1 -DACC_MEM_SHARED=1  -Os  (test for excess errors)
UNRESOLVED: libgomp.oacc-fortran/asyncwait-1.f90 -DACC_DEVICE_TYPE_host=1 -DACC_MEM_SHARED=1  -Os  compilation failed to produce executable
WARNING: program timed out
FAIL: libgomp.oacc-fortran/asyncwait-2.f90 -DACC_DEVICE_TYPE_host=1 -DACC_MEM_SHARED=1  -O0  (test for excess errors)
UNRESOLVED: libgomp.oacc-fortran/asyncwait-2.f90 -DACC_DEVICE_TYPE_host=1 -DACC_MEM_SHARED=1  -O0  compilation failed to produce executable
WARNING: program timed out
FAIL: libgomp.oacc-fortran/asyncwait-2.f90 -DACC_DEVICE_TYPE_host=1 -DACC_MEM_SHARED=1  -O1  (test for excess errors)
UNRESOLVED: libgomp.oacc-fortran/asyncwait-2.f90 -DACC_DEVICE_TYPE_host=1 -DACC_MEM_SHARED=1  -O1  compilation failed to produce executable
WARNING: program timed out
FAIL: libgomp.oacc-fortran/asyncwait-2.f90 -DACC_DEVICE_TYPE_host=1 -DACC_MEM_SHARED=1  -O2  (test for excess errors)
UNRESOLVED: libgomp.oacc-fortran/asyncwait-2.f90 -DACC_DEVICE_TYPE_host=1 -DACC_MEM_SHARED=1  -O2  compilation failed to produce executable
WARNING: program timed out
FAIL: libgomp.oacc-fortran/asyncwait-2.f90 -DACC_DEVICE_TYPE_host=1 -DACC_MEM_SHARED=1  -O3 -fomit-frame-pointer -funroll-loops -fpeel-loops -ftracer -finline-functions  (test for excess errors)
UNRESOLVED: libgomp.oacc-fortran/asyncwait-2.f90 -DACC_DEVICE_TYPE_host=1 -DACC_MEM_SHARED=1  -O3 -fomit-frame-pointer -funroll-loops -fpeel-loops -ftracer -finline-functions  compilation failed to produce executable
WARNING: program timed out
FAIL: libgomp.oacc-fortran/asyncwait-2.f90 -DACC_DEVICE_TYPE_host=1 -DACC_MEM_SHARED=1  -O3 -g  (test for excess errors)
UNRESOLVED: libgomp.oacc-fortran/asyncwait-2.f90 -DACC_DEVICE_TYPE_host=1 -DACC_MEM_SHARED=1  -O3 -g  compilation failed to produce executable
WARNING: program timed out
FAIL: libgomp.oacc-fortran/asyncwait-2.f90 -DACC_DEVICE_TYPE_host=1 -DACC_MEM_SHARED=1  -Os  (test for excess errors)
UNRESOLVED: libgomp.oacc-fortran/asyncwait-2.f90 -DACC_DEVICE_TYPE_host=1 -DACC_MEM_SHARED=1  -Os  compilation failed to produce executable
WARNING: program timed out
FAIL: libgomp.oacc-fortran/asyncwait-3.f90 -DACC_DEVICE_TYPE_host=1 -DACC_MEM_SHARED=1  -O0  (test for excess errors)
UNRESOLVED: libgomp.oacc-fortran/asyncwait-3.f90 -DACC_DEVICE_TYPE_host=1 -DACC_MEM_SHARED=1  -O0  compilation failed to produce executable
WARNING: program timed out
FAIL: libgomp.oacc-fortran/asyncwait-3.f90 -DACC_DEVICE_TYPE_host=1 -DACC_MEM_SHARED=1  -O1  (test for excess errors)
UNRESOLVED: libgomp.oacc-fortran/asyncwait-3.f90 -DACC_DEVICE_TYPE_host=1 -DACC_MEM_SHARED=1  -O1  compilation failed to produce executable
WARNING: program timed out
FAIL: libgomp.oacc-fortran/asyncwait-3.f90 -DACC_DEVICE_TYPE_host=1 -DACC_MEM_SHARED=1  -O2  (test for excess errors)
UNRESOLVED: libgomp.oacc-fortran/asyncwait-3.f90 -DACC_DEVICE_TYPE_host=1 -DACC_MEM_SHARED=1  -O2  compilation failed to produce executable
WARNING: program timed out
FAIL: libgomp.oacc-fortran/asyncwait-3.f90 -DACC_DEVICE_TYPE_host=1 -DACC_MEM_SHARED=1  -O3 -fomit-frame-pointer -funroll-loops -fpeel-loops -ftracer -finline-functions  (test for excess errors)
UNRESOLVED: libgomp.oacc-fortran/asyncwait-3.f90 -DACC_DEVICE_TYPE_host=1 -DACC_MEM_SHARED=1  -O3 -fomit-frame-pointer -funroll-loops -fpeel-loops -ftracer -finline-functions  compilation failed to produce executable
WARNING: program timed out
FAIL: libgomp.oacc-fortran/asyncwait-3.f90 -DACC_DEVICE_TYPE_host=1 -DACC_MEM_SHARED=1  -O3 -g  (test for excess errors)
UNRESOLVED: libgomp.oacc-fortran/asyncwait-3.f90 -DACC_DEVICE_TYPE_host=1 -DACC_MEM_SHARED=1  -O3 -g  compilation failed to produce executable
WARNING: program timed out
FAIL: libgomp.oacc-fortran/asyncwait-3.f90 -DACC_DEVICE_TYPE_host=1 -DACC_MEM_SHARED=1  -Os  (test for excess errors)
UNRESOLVED: libgomp.oacc-fortran/asyncwait-3.f90 -DACC_DEVICE_TYPE_host=1 -DACC_MEM_SHARED=1  -Os  compilation failed to produce executable
WARNING: program timed out
FAIL: libgomp.oacc-fortran/atomic_capture-1.f90 -DACC_DEVICE_TYPE_host=1 -DACC_MEM_SHARED=1  -O0  (test for excess errors)
UNRESOLVED: libgomp.oacc-fortran/atomic_capture-1.f90 -DACC_DEVICE_TYPE_host=1 -DACC_MEM_SHARED=1  -O0  compilation failed to produce executable
WARNING: program timed out
FAIL: libgomp.oacc-fortran/atomic_capture-1.f90 -DACC_DEVICE_TYPE_host=1 -DACC_MEM_SHARED=1  -O1  (test for excess errors)
UNRESOLVED: libgomp.oacc-fortran/atomic_capture-1.f90 -DACC_DEVICE_TYPE_host=1 -DACC_MEM_SHARED=1  -O1  compilation failed to produce executable
WARNING: program timed out
FAIL: libgomp.oacc-fortran/atomic_capture-1.f90 -DACC_DEVICE_TYPE_host=1 -DACC_MEM_SHARED=1  -O2  (test for excess errors)
UNRESOLVED: libgomp.oacc-fortran/atomic_capture-1.f90 -DACC_DEVICE_TYPE_host=1 -DACC_MEM_SHARED=1  -O2  compilation failed to produce executable
WARNING: program timed out
FAIL: libgomp.oacc-fortran/atomic_capture-1.f90 -DACC_DEVICE_TYPE_host=1 -DACC_MEM_SHARED=1  -O3 -fomit-frame-pointer -funroll-loops -fpeel-loops -ftracer -finline-functions  (test for excess errors)
UNRESOLVED: libgomp.oacc-fortran/atomic_capture-1.f90 -DACC_DEVICE_TYPE_host=1 -DACC_MEM_SHARED=1  -O3 -fomit-frame-pointer -funroll-loops -fpeel-loops -ftracer -finline-functions  compilation failed to produce executable
WARNING: program timed out
FAIL: libgomp.oacc-fortran/atomic_capture-1.f90 -DACC_DEVICE_TYPE_host=1 -DACC_MEM_SHARED=1  -O3 -g  (test for excess errors)
UNRESOLVED: libgomp.oacc-fortran/atomic_capture-1.f90 -DACC_DEVICE_TYPE_host=1 -DACC_MEM_SHARED=1  -O3 -g  compilation failed to produce executable
WARNING: program timed out
FAIL: libgomp.oacc-fortran/atomic_capture-1.f90 -DACC_DEVICE_TYPE_host=1 -DACC_MEM_SHARED=1  -Os  (test for excess errors)
UNRESOLVED: libgomp.oacc-fortran/atomic_capture-1.f90 -DACC_DEVICE_TYPE_host=1 -DACC_MEM_SHARED=1  -Os  compilation failed to produce executable
WARNING: program timed out
FAIL: libgomp.oacc-fortran/atomic_rw-1.f90 -DACC_DEVICE_TYPE_host=1 -DACC_MEM_SHARED=1  -O0  (test for excess errors)
UNRESOLVED: libgomp.oacc-fortran/atomic_rw-1.f90 -DACC_DEVICE_TYPE_host=1 -DACC_MEM_SHARED=1  -O0  compilation failed to produce executable
WARNING: program timed out
FAIL: libgomp.oacc-fortran/atomic_rw-1.f90 -DACC_DEVICE_TYPE_host=1 -DACC_MEM_SHARED=1  -O1  (test for excess errors)
UNRESOLVED: libgomp.oacc-fortran/atomic_rw-1.f90 -DACC_DEVICE_TYPE_host=1 -DACC_MEM_SHARED=1  -O1  compilation failed to produce executable
WARNING: program timed out
FAIL: libgomp.oacc-fortran/atomic_rw-1.f90 -DACC_DEVICE_TYPE_host=1 -DACC_MEM_SHARED=1  -O2  (test for excess errors)
UNRESOLVED: libgomp.oacc-fortran/atomic_rw-1.f90 -DACC_DEVICE_TYPE_host=1 -DACC_MEM_SHARED=1  -O2  compilation failed to produce executable
WARNING: program timed out
FAIL: libgomp.oacc-fortran/atomic_rw-1.f90 -DACC_DEVICE_TYPE_host=1 -DACC_MEM_SHARED=1  -O3 -fomit-frame-pointer -funroll-loops -fpeel-loops -ftracer -finline-functions  (test for excess errors)
UNRESOLVED: libgomp.oacc-fortran/atomic_rw-1.f90 -DACC_DEVICE_TYPE_host=1 -DACC_MEM_SHARED=1  -O3 -fomit-frame-pointer -funroll-loops -fpeel-loops -ftracer -finline-functions  compilation failed to produce executable
WARNING: program timed out
FAIL: libgomp.oacc-fortran/atomic_rw-1.f90 -DACC_DEVICE_TYPE_host=1 -DACC_MEM_SHARED=1  -O3 -g  (test for excess errors)
UNRESOLVED: libgomp.oacc-fortran/atomic_rw-1.f90 -DACC_DEVICE_TYPE_host=1 -DACC_MEM_SHARED=1  -O3 -g  compilation failed to produce executable
WARNING: program timed out
FAIL: libgomp.oacc-fortran/atomic_rw-1.f90 -DACC_DEVICE_TYPE_host=1 -DACC_MEM_SHARED=1  -Os  (test for excess errors)
UNRESOLVED: libgomp.oacc-fortran/atomic_rw-1.f90 -DACC_DEVICE_TYPE_host=1 -DACC_MEM_SHARED=1  -Os  compilation failed to produce executable
WARNING: program timed out
FAIL: libgomp.oacc-fortran/atomic_update-1.f90 -DACC_DEVICE_TYPE_host=1 -DACC_MEM_SHARED=1  -O0  (test for excess errors)
UNRESOLVED: libgomp.oacc-fortran/atomic_update-1.f90 -DACC_DEVICE_TYPE_host=1 -DACC_MEM_SHARED=1  -O0  compilation failed to produce executable
WARNING: program timed out
FAIL: libgomp.oacc-fortran/atomic_update-1.f90 -DACC_DEVICE_TYPE_host=1 -DACC_MEM_SHARED=1  -O1  (test for excess errors)
UNRESOLVED: libgomp.oacc-fortran/atomic_update-1.f90 -DACC_DEVICE_TYPE_host=1 -DACC_MEM_SHARED=1  -O1  compilation failed to produce executable
WARNING: program timed out
FAIL: libgomp.oacc-fortran/atomic_update-1.f90 -DACC_DEVICE_TYPE_host=1 -DACC_MEM_SHARED=1  -O2  (test for excess errors)
UNRESOLVED: libgomp.oacc-fortran/atomic_update-1.f90 -DACC_DEVICE_TYPE_host=1 -DACC_MEM_SHARED=1  -O2  compilation failed to produce executable
WARNING: program timed out
FAIL: libgomp.oacc-fortran/atomic_update-1.f90 -DACC_DEVICE_TYPE_host=1 -DACC_MEM_SHARED=1  -O3 -fomit-frame-pointer -funroll-loops -fpeel-loops -ftracer -finline-functions  (test for excess errors)
UNRESOLVED: libgomp.oacc-fortran/atomic_update-1.f90 -DACC_DEVICE_TYPE_host=1 -DACC_MEM_SHARED=1  -O3 -fomit-frame-pointer -funroll-loops -fpeel-loops -ftracer -finline-functions  compilation failed to produce executable
WARNING: program timed out
FAIL: libgomp.oacc-fortran/atomic_update-1.f90 -DACC_DEVICE_TYPE_host=1 -DACC_MEM_SHARED=1  -O3 -g  (test for excess errors)
UNRESOLVED: libgomp.oacc-fortran/atomic_update-1.f90 -DACC_DEVICE_TYPE_host=1 -DACC_MEM_SHARED=1  -O3 -g  compilation failed to produce executable
WARNING: program timed out
FAIL: libgomp.oacc-fortran/atomic_update-1.f90 -DACC_DEVICE_TYPE_host=1 -DACC_MEM_SHARED=1  -Os  (test for excess errors)
UNRESOLVED: libgomp.oacc-fortran/atomic_update-1.f90 -DACC_DEVICE_TYPE_host=1 -DACC_MEM_SHARED=1  -Os  compilation failed to produce executable
WARNING: program timed out
FAIL: libgomp.oacc-fortran/cache-1.f95 -DACC_DEVICE_TYPE_host=1 -DACC_MEM_SHARED=1  -O0  (test for excess errors)
UNRESOLVED: libgomp.oacc-fortran/cache-1.f95 -DACC_DEVICE_TYPE_host=1 -DACC_MEM_SHARED=1  -O0  compilation failed to produce executable
WARNING: program timed out
FAIL: libgomp.oacc-fortran/cache-1.f95 -DACC_DEVICE_TYPE_host=1 -DACC_MEM_SHARED=1  -O1  (test for excess errors)
UNRESOLVED: libgomp.oacc-fortran/cache-1.f95 -DACC_DEVICE_TYPE_host=1 -DACC_MEM_SHARED=1  -O1  compilation failed to produce executable
WARNING: program timed out
FAIL: libgomp.oacc-fortran/cache-1.f95 -DACC_DEVICE_TYPE_host=1 -DACC_MEM_SHARED=1  -O2  (test for excess errors)
UNRESOLVED: libgomp.oacc-fortran/cache-1.f95 -DACC_DEVICE_TYPE_host=1 -DACC_MEM_SHARED=1  -O2  compilation failed to produce executable
WARNING: program timed out
FAIL: libgomp.oacc-fortran/cache-1.f95 -DACC_DEVICE_TYPE_host=1 -DACC_MEM_SHARED=1  -O3 -fomit-frame-pointer -funroll-loops -fpeel-loops -ftracer -finline-functions  (test for excess errors)
UNRESOLVED: libgomp.oacc-fortran/cache-1.f95 -DACC_DEVICE_TYPE_host=1 -DACC_MEM_SHARED=1  -O3 -fomit-frame-pointer -funroll-loops -fpeel-loops -ftracer -finline-functions  compilation failed to produce executable
WARNING: program timed out
FAIL: libgomp.oacc-fortran/cache-1.f95 -DACC_DEVICE_TYPE_host=1 -DACC_MEM_SHARED=1  -O3 -g  (test for excess errors)
UNRESOLVED: libgomp.oacc-fortran/cache-1.f95 -DACC_DEVICE_TYPE_host=1 -DACC_MEM_SHARED=1  -O3 -g  compilation failed to produce executable
WARNING: program timed out
FAIL: libgomp.oacc-fortran/cache-1.f95 -DACC_DEVICE_TYPE_host=1 -DACC_MEM_SHARED=1  -Os  (test for excess errors)
UNRESOLVED: libgomp.oacc-fortran/cache-1.f95 -DACC_DEVICE_TYPE_host=1 -DACC_MEM_SHARED=1  -Os  compilation failed to produce executable
WARNING: program timed out
FAIL: libgomp.oacc-fortran/collapse-1.f90 -DACC_DEVICE_TYPE_host=1 -DACC_MEM_SHARED=1  -O0  (test for excess errors)
UNRESOLVED: libgomp.oacc-fortran/collapse-1.f90 -DACC_DEVICE_TYPE_host=1 -DACC_MEM_SHARED=1  -O0  compilation failed to produce executable
WARNING: program timed out
FAIL: libgomp.oacc-fortran/collapse-1.f90 -DACC_DEVICE_TYPE_host=1 -DACC_MEM_SHARED=1  -O1  (test for excess errors)
UNRESOLVED: libgomp.oacc-fortran/collapse-1.f90 -DACC_DEVICE_TYPE_host=1 -DACC_MEM_SHARED=1  -O1  compilation failed to produce executable
WARNING: program timed out
FAIL: libgomp.oacc-fortran/collapse-1.f90 -DACC_DEVICE_TYPE_host=1 -DACC_MEM_SHARED=1  -O2  (test for excess errors)
UNRESOLVED: libgomp.oacc-fortran/collapse-1.f90 -DACC_DEVICE_TYPE_host=1 -DACC_MEM_SHARED=1  -O2  compilation failed to produce executable
WARNING: program timed out
FAIL: libgomp.oacc-fortran/collapse-1.f90 -DACC_DEVICE_TYPE_host=1 -DACC_MEM_SHARED=1  -O3 -fomit-frame-pointer -funroll-loops -fpeel-loops -ftracer -finline-functions  (test for excess errors)
UNRESOLVED: libgomp.oacc-fortran/collapse-1.f90 -DACC_DEVICE_TYPE_host=1 -DACC_MEM_SHARED=1  -O3 -fomit-frame-pointer -funroll-loops -fpeel-loops -ftracer -finline-functions  compilation failed to produce executable
WARNING: program timed out
FAIL: libgomp.oacc-fortran/collapse-1.f90 -DACC_DEVICE_TYPE_host=1 -DACC_MEM_SHARED=1  -O3 -g  (test for excess errors)
UNRESOLVED: libgomp.oacc-fortran/collapse-1.f90 -DACC_DEVICE_TYPE_host=1 -DACC_MEM_SHARED=1  -O3 -g  compilation failed to produce executable
WARNING: program timed out
FAIL: libgomp.oacc-fortran/collapse-1.f90 -DACC_DEVICE_TYPE_host=1 -DACC_MEM_SHARED=1  -Os  (test for excess errors)
UNRESOLVED: libgomp.oacc-fortran/collapse-1.f90 -DACC_DEVICE_TYPE_host=1 -DACC_MEM_SHARED=1  -Os  compilation failed to produce executable
WARNING: program timed out
FAIL: libgomp.oacc-fortran/collapse-2.f90 -DACC_DEVICE_TYPE_host=1 -DACC_MEM_SHARED=1  -O0  (test for excess errors)
UNRESOLVED: libgomp.oacc-fortran/collapse-2.f90 -DACC_DEVICE_TYPE_host=1 -DACC_MEM_SHARED=1  -O0  compilation failed to produce executable
WARNING: program timed out
FAIL: libgomp.oacc-fortran/collapse-2.f90 -DACC_DEVICE_TYPE_host=1 -DACC_MEM_SHARED=1  -O1  (test for excess errors)
UNRESOLVED: libgomp.oacc-fortran/collapse-2.f90 -DACC_DEVICE_TYPE_host=1 -DACC_MEM_SHARED=1  -O1  compilation failed to produce executable
WARNING: program timed out
FAIL: libgomp.oacc-fortran/collapse-2.f90 -DACC_DEVICE_TYPE_host=1 -DACC_MEM_SHARED=1  -O2  (test for excess errors)
UNRESOLVED: libgomp.oacc-fortran/collapse-2.f90 -DACC_DEVICE_TYPE_host=1 -DACC_MEM_SHARED=1  -O2  compilation failed to produce executable
WARNING: program timed out
FAIL: libgomp.oacc-fortran/collapse-6.f90 -DACC_DEVICE_TYPE_host=1 -DACC_MEM_SHARED=1  -O3 -fomit-frame-pointer -funroll-loops -fpeel-loops -ftracer -finline-functions  (test for excess errors)
UNRESOLVED: libgomp.oacc-fortran/collapse-6.f90 -DACC_DEVICE_TYPE_host=1 -DACC_MEM_SHARED=1  -O3 -fomit-frame-pointer -funroll-loops -fpeel-loops -ftracer -finline-functions  compilation failed to produce executable
WARNING: program timed out
FAIL: libgomp.oacc-fortran/collapse-6.f90 -DACC_DEVICE_TYPE_host=1 -DACC_MEM_SHARED=1  -O3 -g  (test for excess errors)
UNRESOLVED: libgomp.oacc-fortran/collapse-6.f90 -DACC_DEVICE_TYPE_host=1 -DACC_MEM_SHARED=1  -O3 -g  compilation failed to produce executable
WARNING: program timed out
FAIL: libgomp.oacc-fortran/collapse-6.f90 -DACC_DEVICE_TYPE_host=1 -DACC_MEM_SHARED=1  -Os  (test for excess errors)
UNRESOLVED: libgomp.oacc-fortran/collapse-6.f90 -DACC_DEVICE_TYPE_host=1 -DACC_MEM_SHARED=1  -Os  compilation failed to produce executable
WARNING: program timed out
FAIL: libgomp.oacc-fortran/collapse-7.f90 -DACC_DEVICE_TYPE_host=1 -DACC_MEM_SHARED=1  -O0  (test for excess errors)
UNRESOLVED: libgomp.oacc-fortran/collapse-7.f90 -DACC_DEVICE_TYPE_host=1 -DACC_MEM_SHARED=1  -O0  compilation failed to produce executable
WARNING: program timed out
FAIL: libgomp.oacc-fortran/collapse-7.f90 -DACC_DEVICE_TYPE_host=1 -DACC_MEM_SHARED=1  -O1  (test for excess errors)
UNRESOLVED: libgomp.oacc-fortran/collapse-7.f90 -DACC_DEVICE_TYPE_host=1 -DACC_MEM_SHARED=1  -O1  compilation failed to produce executable
WARNING: program timed out
FAIL: libgomp.oacc-fortran/collapse-7.f90 -DACC_DEVICE_TYPE_host=1 -DACC_MEM_SHARED=1  -O2  (test for excess errors)
UNRESOLVED: libgomp.oacc-fortran/collapse-7.f90 -DACC_DEVICE_TYPE_host=1 -DACC_MEM_SHARED=1  -O2  compilation failed to produce executable
WARNING: program timed out
FAIL: libgomp.oacc-fortran/collapse-7.f90 -DACC_DEVICE_TYPE_host=1 -DACC_MEM_SHARED=1  -O3 -fomit-frame-pointer -funroll-loops -fpeel-loops -ftracer -finline-functions  (test for excess errors)
UNRESOLVED: libgomp.oacc-fortran/collapse-7.f90 -DACC_DEVICE_TYPE_host=1 -DACC_MEM_SHARED=1  -O3 -fomit-frame-pointer -funroll-loops -fpeel-loops -ftracer -finline-functions  compilation failed to produce executable
WARNING: program timed out
FAIL: libgomp.oacc-fortran/collapse-7.f90 -DACC_DEVICE_TYPE_host=1 -DACC_MEM_SHARED=1  -O3 -g  (test for excess errors)
UNRESOLVED: libgomp.oacc-fortran/collapse-7.f90 -DACC_DEVICE_TYPE_host=1 -DACC_MEM_SHARED=1  -O3 -g  compilation failed to produce executable
WARNING: program timed out
FAIL: libgomp.oacc-fortran/collapse-7.f90 -DACC_DEVICE_TYPE_host=1 -DACC_MEM_SHARED=1  -Os  (test for excess errors)
UNRESOLVED: libgomp.oacc-fortran/collapse-7.f90 -DACC_DEVICE_TYPE_host=1 -DACC_MEM_SHARED=1  -Os  compilation failed to produce executable
WARNING: program timed out
FAIL: libgomp.oacc-fortran/collapse-8.f90 -DACC_DEVICE_TYPE_host=1 -DACC_MEM_SHARED=1  -O0  (test for excess errors)
UNRESOLVED: libgomp.oacc-fortran/collapse-8.f90 -DACC_DEVICE_TYPE_host=1 -DACC_MEM_SHARED=1  -O0  compilation failed to produce executable

		=== libgomp Summary for unix/-m64 ===

# of expected passes		5452
# of unexpected failures	57
# of expected failures		1
# of unresolved testcases	57
# of unsupported tests		302

		=== libgomp Summary ===

# of expected passes		11018
# of unexpected failures	57
# of expected failures		2
# of unresolved testcases	57
# of unsupported tests		604
		=== libitm tests ===


Running target unix

		=== libitm Summary for unix ===

# of expected passes		42
# of expected failures		3
# of unsupported tests		1

Running target unix/-m64

		=== libitm Summary for unix/-m64 ===

# of expected passes		42
# of expected failures		3
# of unsupported tests		1

		=== libitm Summary ===

# of expected passes		84
# of expected failures		6
# of unsupported tests		2
		=== libstdc++ tests ===


Running target unix

		=== libstdc++ Summary for unix ===

# of expected passes		11336
# of expected failures		73
# of unsupported tests		631

Running target unix/-m64
FAIL: 27_io/filesystem/operations/last_write_time.cc execution test
FAIL: experimental/filesystem/operations/last_write_time.cc execution test

		=== libstdc++ Summary for unix/-m64 ===

# of expected passes		11327
# of unexpected failures	2
# of expected failures		72
# of unsupported tests		635

		=== libstdc++ Summary ===

# of expected passes		22663
# of unexpected failures	2
# of expected failures		145
# of unsupported tests		1266

Compiler version: 9.0.0 20180504 (experimental) [trunk revision 259929] (GCC) 
Platform: i386-pc-solaris2.10
configure flags: --prefix=/vol/gcc --target=i386-pc-solaris2.10 --enable-objc-gc --with-target-bdw-gc-include=/vol/gcc/include --with-target-bdw-gc-lib=/vol/gcc/lib,amd64=/vol/gcc/lib/amd64 --with-as=/vol/gcc/bin/gas-2.30 --with-gnu-as --with-gmp-include=/vol/gcc/include --with-gmp-lib=/vol/gcc/lib --with-mpfr-include=/vol/gcc/include --with-mpfr-lib=/vol/gcc/lib --with-mpc-include=/vol/gcc/include --with-mpc-lib=/vol/gcc/lib --enable-languages=all,ada,obj-c++,go --with-isl-include=/vol/gcc/include --with-isl-lib=/vol/gcc/lib --build=i386-pc-solaris2.10 --host=i386-pc-solaris2.10
BOOT_CFLAGS=-g -O2



More information about the Gcc-testresults mailing list