Results for 9.0.0 20180504 (experimental) [trunk revision 259929] (GCC) testsuite on x86_64-pc-solaris2.11
Rainer Orth
ro@CeBiTec.Uni-Bielefeld.DE
Sat May 5 06:47:00 GMT 2018
LAST_UPDATED: Fri May 4 09:54:17 UTC 2018 (revision 259929)
Native configuration is x86_64-pc-solaris2.11
=== libatomic tests ===
Running target unix/-m32
=== libatomic Summary for unix/-m32 ===
# of expected passes 44
# of unsupported tests 5
Running target unix
=== libatomic Summary for unix ===
# of expected passes 54
=== libatomic Summary ===
# of expected passes 98
# of unsupported tests 5
=== libffi tests ===
Running target unix/-m32
=== libffi Summary for unix/-m32 ===
# of expected passes 2799
Running target unix
=== libffi Summary for unix ===
# of expected passes 2214
=== libffi Summary ===
# of expected passes 5013
=== libgo tests ===
Running target unix
FAIL: go/build
FAIL: net/http
=== libgo Summary for unix ===
# of expected passes 161
# of unexpected failures 2
Running target unix/-m32
FAIL: go/build
FAIL: net/http
FAIL: runtime
=== libgo Summary for unix/-m32 ===
# of expected passes 160
# of unexpected failures 3
=== libgo Summary ===
# of expected passes 321
# of unexpected failures 5
/var/gcc/regression/trunk/11.4-gcc-64/build/./gcc/gccgo version 9.0.0 20180504 (experimental) [trunk revision 259929] (GCC)
=== libgomp tests ===
Running target unix/-m32
=== libgomp Summary for unix/-m32 ===
# of expected passes 5470
# of expected failures 1
# of unsupported tests 350
Running target unix
=== libgomp Summary for unix ===
# of expected passes 5470
# of expected failures 1
# of unsupported tests 350
=== libgomp Summary ===
# of expected passes 10940
# of expected failures 2
# of unsupported tests 700
=== libitm tests ===
Running target unix/-m32
=== libitm Summary for unix/-m32 ===
# of expected passes 42
# of expected failures 3
# of unsupported tests 1
Running target unix
=== libitm Summary for unix ===
# of expected passes 42
# of expected failures 3
# of unsupported tests 1
=== libitm Summary ===
# of expected passes 84
# of expected failures 6
# of unsupported tests 2
=== libstdc++ tests ===
Running target unix
=== libstdc++ Summary for unix ===
# of expected passes 11342
# of expected failures 71
# of unsupported tests 629
Running target unix/-m32
FAIL: 27_io/filesystem/operations/space.cc execution test
FAIL: experimental/filesystem/operations/space.cc execution test
=== libstdc++ Summary for unix/-m32 ===
# of expected passes 11347
# of unexpected failures 2
# of expected failures 72
# of unsupported tests 625
=== libstdc++ Summary ===
# of expected passes 22689
# of unexpected failures 2
# of expected failures 143
# of unsupported tests 1254
=== acats tests ===
=== acats Summary ===
# of expected passes 2320
# of unexpected failures 0
=== g++ tests ===
Running target unix
FAIL: g++.dg/pr80481.C -std=gnu++11 scan-assembler-not vmovaps
FAIL: g++.dg/pr80481.C -std=gnu++14 scan-assembler-not vmovaps
FAIL: g++.dg/pr80481.C -std=gnu++98 scan-assembler-not vmovaps
FAIL: g++.dg/gcov/pr16855-priority.C -std=gnu++11 gcov: 1 failures in line counts, 0 in branch percentages, 0 in return percentages, 0 in intermediate format
FAIL: g++.dg/gcov/pr16855-priority.C -std=gnu++11 line 22: is #####:should be 1
FAIL: g++.dg/gcov/pr16855-priority.C -std=gnu++14 gcov: 1 failures in line counts, 0 in branch percentages, 0 in return percentages, 0 in intermediate format
FAIL: g++.dg/gcov/pr16855-priority.C -std=gnu++14 line 22: is #####:should be 1
FAIL: g++.dg/gcov/pr16855-priority.C -std=gnu++98 gcov: 1 failures in line counts, 0 in branch percentages, 0 in return percentages, 0 in intermediate format
FAIL: g++.dg/gcov/pr16855-priority.C -std=gnu++98 line 22: is #####:should be 1
FAIL: g++.dg/gcov/pr16855.C -std=gnu++11 gcov: 1 failures in line counts, 0 in branch percentages, 0 in return percentages, 0 in intermediate format
FAIL: g++.dg/gcov/pr16855.C -std=gnu++11 line 21: is #####:should be 1
FAIL: g++.dg/gcov/pr16855.C -std=gnu++14 gcov: 1 failures in line counts, 0 in branch percentages, 0 in return percentages, 0 in intermediate format
FAIL: g++.dg/gcov/pr16855.C -std=gnu++14 line 21: is #####:should be 1
FAIL: g++.dg/gcov/pr16855.C -std=gnu++98 gcov: 1 failures in line counts, 0 in branch percentages, 0 in return percentages, 0 in intermediate format
FAIL: g++.dg/gcov/pr16855.C -std=gnu++98 line 21: is #####:should be 1
=== g++ Summary for unix ===
# of expected passes 116046
# of unexpected failures 15
# of expected failures 503
# of unsupported tests 4849
Running target unix/-m32
FAIL: g++.dg/opt/pr59470.C -std=gnu++11 (test for excess errors)
UNRESOLVED: g++.dg/opt/pr59470.C -std=gnu++11 compilation failed to produce executable
FAIL: g++.dg/opt/pr59470.C -std=gnu++14 (test for excess errors)
UNRESOLVED: g++.dg/opt/pr59470.C -std=gnu++14 compilation failed to produce executable
FAIL: g++.dg/opt/pr59470.C -std=gnu++98 (test for excess errors)
UNRESOLVED: g++.dg/opt/pr59470.C -std=gnu++98 compilation failed to produce executable
FAIL: g++.dg/gcov/pr16855-priority.C -std=gnu++11 gcov: 1 failures in line counts, 0 in branch percentages, 0 in return percentages, 0 in intermediate format
FAIL: g++.dg/gcov/pr16855-priority.C -std=gnu++11 line 22: is #####:should be 1
FAIL: g++.dg/gcov/pr16855-priority.C -std=gnu++14 gcov: 1 failures in line counts, 0 in branch percentages, 0 in return percentages, 0 in intermediate format
FAIL: g++.dg/gcov/pr16855-priority.C -std=gnu++14 line 22: is #####:should be 1
FAIL: g++.dg/gcov/pr16855-priority.C -std=gnu++98 gcov: 1 failures in line counts, 0 in branch percentages, 0 in return percentages, 0 in intermediate format
FAIL: g++.dg/gcov/pr16855-priority.C -std=gnu++98 line 22: is #####:should be 1
FAIL: g++.dg/gcov/pr16855.C -std=gnu++11 gcov: 1 failures in line counts, 0 in branch percentages, 0 in return percentages, 0 in intermediate format
FAIL: g++.dg/gcov/pr16855.C -std=gnu++11 line 21: is #####:should be 1
FAIL: g++.dg/gcov/pr16855.C -std=gnu++14 gcov: 1 failures in line counts, 0 in branch percentages, 0 in return percentages, 0 in intermediate format
FAIL: g++.dg/gcov/pr16855.C -std=gnu++14 line 21: is #####:should be 1
FAIL: g++.dg/gcov/pr16855.C -std=gnu++98 gcov: 1 failures in line counts, 0 in branch percentages, 0 in return percentages, 0 in intermediate format
FAIL: g++.dg/gcov/pr16855.C -std=gnu++98 line 21: is #####:should be 1
=== g++ Summary for unix/-m32 ===
# of expected passes 114545
# of unexpected failures 15
# of expected failures 500
# of unresolved testcases 3
# of unsupported tests 4657
=== g++ Summary ===
# of expected passes 230591
# of unexpected failures 30
# of expected failures 1003
# of unresolved testcases 3
# of unsupported tests 9506
/var/gcc/regression/trunk/11.4-gcc-64/build/gcc/xg++ version 9.0.0 20180504 (experimental) [trunk revision 259929] (GCC)
=== gcc tests ===
Running target unix
FAIL: gcc.c-torture/compile/pr61159.c -O0 (test for excess errors)
FAIL: gcc.c-torture/compile/pr61159.c -O1 (test for excess errors)
FAIL: gcc.c-torture/compile/pr61159.c -O2 (test for excess errors)
FAIL: gcc.c-torture/compile/pr61159.c -O2 -flto (test for excess errors)
FAIL: gcc.c-torture/compile/pr61159.c -O2 -flto -flto-partition=none (test for excess errors)
FAIL: gcc.c-torture/compile/pr61159.c -O3 -g (test for excess errors)
FAIL: gcc.c-torture/compile/pr61159.c -Os (test for excess errors)
FAIL: gcc.dg/attr-weakref-1.c (test for excess errors)
UNRESOLVED: gcc.dg/attr-weakref-1.c compilation failed to produce executable
FAIL: gcc.dg/ipa/ipa-icf-38.c scan-ltrans-tree-dump-not fixup_cfg4 "Function bar"
FAIL: gcc.target/i386/pr80569.c (test for excess errors)
=== gcc Summary for unix ===
# of expected passes 122709
# of unexpected failures 10
# of expected failures 395
# of unresolved testcases 1
# of unsupported tests 2651
Running target unix/-m32
FAIL: gcc.c-torture/compile/pr61159.c -O0 (test for excess errors)
FAIL: gcc.c-torture/compile/pr61159.c -O1 (test for excess errors)
FAIL: gcc.c-torture/compile/pr61159.c -O2 (test for excess errors)
FAIL: gcc.c-torture/compile/pr61159.c -O2 -flto (test for excess errors)
FAIL: gcc.c-torture/compile/pr61159.c -O2 -flto -flto-partition=none (test for excess errors)
FAIL: gcc.c-torture/compile/pr61159.c -O3 -g (test for excess errors)
FAIL: gcc.c-torture/compile/pr61159.c -Os (test for excess errors)
FAIL: gcc.dg/attr-weakref-1.c (test for excess errors)
UNRESOLVED: gcc.dg/attr-weakref-1.c compilation failed to produce executable
FAIL: gcc.dg/ipa/ipa-icf-38.c scan-ltrans-tree-dump-not fixup_cfg4 "Function bar"
FAIL: gcc.target/i386/pr80569.c (test for excess errors)
=== gcc Summary for unix/-m32 ===
# of expected passes 121058
# of unexpected failures 10
# of expected failures 404
# of unresolved testcases 1
# of unsupported tests 2743
=== gcc Summary ===
# of expected passes 243767
# of unexpected failures 20
# of expected failures 799
# of unresolved testcases 2
# of unsupported tests 5394
/var/gcc/regression/trunk/11.4-gcc-64/build/gcc/xgcc version 9.0.0 20180504 (experimental) [trunk revision 259929] (GCC)
=== gfortran tests ===
Running target unix
=== gfortran Summary for unix ===
# of expected passes 47239
# of expected failures 93
# of unsupported tests 91
Running target unix/-m32
=== gfortran Summary for unix/-m32 ===
# of expected passes 47022
# of expected failures 93
# of unsupported tests 194
=== gfortran Summary ===
# of expected passes 94261
# of expected failures 186
# of unsupported tests 285
/var/gcc/regression/trunk/11.4-gcc-64/build/gcc/gfortran version 9.0.0 20180504 (experimental) [trunk revision 259929] (GCC)
=== gnat tests ===
Running target unix
=== gnat Summary for unix ===
# of expected passes 2698
# of expected failures 23
# of unsupported tests 7
Running target unix/-m32
=== gnat Summary for unix/-m32 ===
# of expected passes 2698
# of expected failures 23
# of unsupported tests 7
=== gnat Summary ===
# of expected passes 5396
# of expected failures 46
# of unsupported tests 14
/var/gcc/regression/trunk/11.4-gcc-64/build/gcc/gnatmake version 9.0.0 20180504 (experimental) [trunk revision 259929]
=== go tests ===
Running target unix
FAIL: ./index0-out.go compilation, -O0 -g -fno-var-tracking-assignments
=== go Summary for unix ===
# of expected passes 7276
# of unexpected failures 1
# of expected failures 1
# of untested testcases 11
# of unsupported tests 1
Running target unix/-m32
FAIL: ./index0-out.go compilation, -O0 -g -fno-var-tracking-assignments
=== go Summary for unix/-m32 ===
# of expected passes 7395
# of unexpected failures 1
# of expected failures 1
# of untested testcases 11
# of unsupported tests 2
=== go Summary ===
# of expected passes 14671
# of unexpected failures 2
# of expected failures 2
# of untested testcases 22
# of unsupported tests 3
=== obj-c++ tests ===
Running target unix/-m32
=== obj-c++ Summary for unix/-m32 ===
# of expected passes 1464
# of expected failures 2
# of unsupported tests 77
Running target unix
=== obj-c++ Summary for unix ===
# of expected passes 1456
# of expected failures 10
# of unsupported tests 77
=== obj-c++ Summary ===
# of expected passes 2920
# of expected failures 12
# of unsupported tests 154
/var/gcc/regression/trunk/11.4-gcc-64/build/gcc/xg++ version 9.0.0 20180504 (experimental) [trunk revision 259929] (GCC)
=== objc tests ===
Running target unix
=== objc Summary for unix ===
# of expected passes 2797
# of expected failures 6
# of unsupported tests 68
Running target unix/-m32
=== objc Summary for unix/-m32 ===
# of expected passes 2797
# of expected failures 6
# of unsupported tests 68
=== objc Summary ===
# of expected passes 5594
# of expected failures 12
# of unsupported tests 136
/var/gcc/regression/trunk/11.4-gcc-64/build/gcc/xgcc version 9.0.0 20180504 (experimental) [trunk revision 259929] (GCC)
=== gotools tests ===
FAIL: TestCompileWithoutShared
FAIL: TestEarlySignalHandler
FAIL: TestInstall
FAIL: TestOsSignal
FAIL: TestPIE
FAIL: TestSIGPROF
FAIL: TestSigaltstack
FAIL: TestSignalForwarding
FAIL: TestSignalForwardingExternal
FAIL: go test misc/cgo/testcarchive
=== gotools Summary ===
# of expected passes 367
# of unexpected failures 10
# of untested testcases 191
/var/gcc/regression/trunk/11.4-gcc-64/build/./gcc/gccgo version 9.0.0 20180504 (experimental) [trunk revision 259929] (GCC)
Compiler version: 9.0.0 20180504 (experimental) [trunk revision 259929] (GCC)
Platform: x86_64-pc-solaris2.11
configure flags: --prefix=/vol/gcc --target=amd64-pc-solaris2.11 --enable-objc-gc --with-target-bdw-gc-include=/vol/gcc/include --with-target-bdw-gc-lib=/vol/gcc/lib/amd64,32=/vol/gcc/lib --enable-libmudflap --with-as=/usr/ccs/bin/as --without-gnu-as --with-gmp-include=/vol/gcc/include --with-gmp-lib=/vol/gcc/lib/amd64 --with-mpfr-include=/vol/gcc/include --with-mpfr-lib=/vol/gcc/lib/amd64 --with-mpc-include=/vol/gcc/include --with-mpc-lib=/vol/gcc/lib/amd64 --enable-languages=all,ada,obj-c++,go --with-isl-include=/vol/gcc/include --with-isl-lib=/vol/gcc/lib/amd64 --build=amd64-pc-solaris2.11 --host=amd64-pc-solaris2.11
BOOT_CFLAGS=-g -O2
More information about the Gcc-testresults
mailing list