Results for 9.0.0 20180504 (experimental) (gcc trunk r259929 with mips64r2 n64) testsuite on mips64el-unknown-linux-gnu
xuchenghua@loongson.cn
xuchenghua@loongson.cn
Fri May 4 20:06:00 GMT 2018
Architecture: mips64
Byte Order: Little Endian
CPU(s): 4
On-line CPU(s) list: 0-3
Thread(s) per core: 1
Core(s) per socket: 4
Socket(s): 1
BogoMIPS: 2891.77
system type : generic-loongson-machine
machine : Unknown
processor : 0
cpu model : ICT Loongson-3 V0.9 FPU V0.1
BogoMIPS : 2891.77
wait instruction : yes
microsecond timers : yes
tlb_entries : 1088
extra interrupt vector : no
hardware watchpoint : yes, count: 0, address/irw mask: []
isa : mips1 mips2 mips3 mips4 mips5 mips32r1 mips32r2 mips64r1 mips64r2
ASEs implemented : vz
shadow register sets : 1
kscratch registers : 6
package : 0
core : 0
VCED exceptions : not available
VCEI exceptions : not available
Linux debian 4.9.0-3-loongson-3 #1 SMP PREEMPT Debian 4.9.30-2+deb9u2 (2017-06-26) mips64 GNU/Linux
Native configuration is mips64el-unknown-linux-gnu
=== g++ tests ===
Running target unix
FAIL: g++.dg/ext/attr-ifunc-1.C -std=gnu++11 (test for excess errors)
UNRESOLVED: g++.dg/ext/attr-ifunc-1.C -std=gnu++11 compilation failed to produce executable
FAIL: g++.dg/ext/attr-ifunc-1.C -std=gnu++14 (test for excess errors)
UNRESOLVED: g++.dg/ext/attr-ifunc-1.C -std=gnu++14 compilation failed to produce executable
FAIL: g++.dg/ext/attr-ifunc-1.C -std=gnu++98 (test for excess errors)
UNRESOLVED: g++.dg/ext/attr-ifunc-1.C -std=gnu++98 compilation failed to produce executable
FAIL: g++.dg/ext/attr-ifunc-2.C -std=gnu++11 execution test
FAIL: g++.dg/ext/attr-ifunc-2.C -std=gnu++14 execution test
FAIL: g++.dg/ext/attr-ifunc-2.C -std=gnu++98 execution test
FAIL: g++.dg/ext/attr-ifunc-3.C -std=gnu++11 (test for excess errors)
UNRESOLVED: g++.dg/ext/attr-ifunc-3.C -std=gnu++11 compilation failed to produce executable
FAIL: g++.dg/ext/attr-ifunc-3.C -std=gnu++14 (test for excess errors)
UNRESOLVED: g++.dg/ext/attr-ifunc-3.C -std=gnu++14 compilation failed to produce executable
FAIL: g++.dg/ext/attr-ifunc-3.C -std=gnu++98 (test for excess errors)
UNRESOLVED: g++.dg/ext/attr-ifunc-3.C -std=gnu++98 compilation failed to produce executable
FAIL: g++.dg/ext/attr-ifunc-4.C -std=gnu++11 (test for excess errors)
UNRESOLVED: g++.dg/ext/attr-ifunc-4.C -std=gnu++11 compilation failed to produce executable
FAIL: g++.dg/ext/attr-ifunc-4.C -std=gnu++14 (test for excess errors)
UNRESOLVED: g++.dg/ext/attr-ifunc-4.C -std=gnu++14 compilation failed to produce executable
FAIL: g++.dg/ext/attr-ifunc-4.C -std=gnu++98 (test for excess errors)
UNRESOLVED: g++.dg/ext/attr-ifunc-4.C -std=gnu++98 compilation failed to produce executable
FAIL: g++.dg/vect/pr84556.cc -mmsa -std=gnu++11 execution test
FAIL: g++.dg/vect/pr84556.cc -mmsa -std=gnu++14 execution test
FAIL: g++.dg/vect/slp-pr56812.cc -mmsa -std=c++11 (test for warnings, line 17)
FAIL: g++.dg/vect/slp-pr56812.cc -mmsa -std=c++14 (test for warnings, line 17)
FAIL: g++.dg/vect/slp-pr56812.cc -mmsa -std=c++98 (test for warnings, line 17)
=== g++ Summary ===
# of expected passes 115359
# of unexpected failures 17
# of expected failures 509
# of unresolved testcases 9
# of unsupported tests 5221
/home/xuchenghua/GCC/test/gcc-r259929_obj/gcc/xg++ version 9.0.0 20180504 (experimental) (gcc trunk r259929 with mips64r2 n64)
=== libatomic tests ===
Running target unix
=== libatomic Summary ===
# of expected passes 54
=== libgomp tests ===
Running target unix
=== libgomp Summary ===
# of expected passes 1827
# of unsupported tests 197
=== libstdc++ tests ===
Running target unix
FAIL: libstdc++-abi/abi_check
FAIL: 27_io/filesystem/operations/last_write_time.cc execution test
FAIL: experimental/filesystem/operations/last_write_time.cc execution test
FAIL: ext/special_functions/hyperg/check_value.cc execution test
FAIL: tr1/5_numerical_facilities/special_functions/17_hyperg/check_value.cc execution test
=== libstdc++ Summary ===
# of expected passes 12094
# of unexpected failures 5
# of expected failures 71
# of unsupported tests 595
Compiler version: 9.0.0 20180504 (experimental) (gcc trunk r259929 with mips64r2 n64)
Platform: mips64el-unknown-linux-gnu
configure flags: --prefix=/home/xuchenghua/toolchain/gcc-trunk-r259929 --enable-bootstrap --enable-shared --enable-threads=posix --enable-__cxa_atexit --disable-libunwind-exceptions --enable-gnu-unique-object --enable-linker-build-id --enable-languages=c,c++ --enable-plugin --enable-initfini-array --disable-libgcj --with-arch=mips64r2 --with-abi=64 --build=mips64el-linux-gnu --disable-multilib --enable-gnu-indirect-function --with-long-double-128 --with-pkgversion='gcc trunk r259929 with mips64r2 n64' --disable-werror
More information about the Gcc-testresults
mailing list