Results for 8.1.0 (GCC) testsuite on x86_64-apple-darwin11.4.2

Rainer Orth ro@sato.cebitec.uni-bielefeld.de
Thu May 3 12:58:00 GMT 2018


LAST_UPDATED: Obtained from SVN: tags/gcc_8_1_0_release revision 259830

		=== acats tests ===

		=== acats Summary ===
# of expected passes		2320
# of unexpected failures	0
Native configuration is x86_64-apple-darwin11.4.2

		=== g++ tests ===


Running target unix
FAIL: c-c++-common/asan/alloca_big_alignment.c   -Os  output pattern test
FAIL: c-c++-common/asan/alloca_overflow_partial.c   -Os  output pattern test
FAIL: c-c++-common/asan/alloca_overflow_right.c   -Os  output pattern test
FAIL: c-c++-common/asan/alloca_underflow_left.c   -Os  output pattern test
FAIL: c-c++-common/asan/pointer-subtract-3.c   -O0  (test for excess errors)
UNRESOLVED: c-c++-common/asan/pointer-subtract-3.c   -O0  compilation failed to produce executable
FAIL: c-c++-common/asan/pointer-subtract-3.c   -O1  (test for excess errors)
UNRESOLVED: c-c++-common/asan/pointer-subtract-3.c   -O1  compilation failed to produce executable
FAIL: c-c++-common/asan/pointer-subtract-3.c   -O2  (test for excess errors)
UNRESOLVED: c-c++-common/asan/pointer-subtract-3.c   -O2  compilation failed to produce executable
FAIL: c-c++-common/asan/pointer-subtract-3.c   -O2 -flto  (test for excess errors)
UNRESOLVED: c-c++-common/asan/pointer-subtract-3.c   -O2 -flto  compilation failed to produce executable
FAIL: c-c++-common/asan/pointer-subtract-3.c   -O2 -flto -flto-partition=none  (test for excess errors)
UNRESOLVED: c-c++-common/asan/pointer-subtract-3.c   -O2 -flto -flto-partition=none  compilation failed to produce executable
FAIL: c-c++-common/asan/pointer-subtract-3.c   -O3 -g  (test for excess errors)
UNRESOLVED: c-c++-common/asan/pointer-subtract-3.c   -O3 -g  compilation failed to produce executable
FAIL: c-c++-common/asan/pointer-subtract-3.c   -Os  (test for excess errors)
UNRESOLVED: c-c++-common/asan/pointer-subtract-3.c   -Os  compilation failed to produce executable
FAIL: c-c++-common/asan/pointer-subtract-4.c   -O0  (test for excess errors)
UNRESOLVED: c-c++-common/asan/pointer-subtract-4.c   -O0  compilation failed to produce executable
FAIL: c-c++-common/asan/pointer-subtract-4.c   -O1  (test for excess errors)
UNRESOLVED: c-c++-common/asan/pointer-subtract-4.c   -O1  compilation failed to produce executable
FAIL: c-c++-common/asan/pointer-subtract-4.c   -O2  (test for excess errors)
UNRESOLVED: c-c++-common/asan/pointer-subtract-4.c   -O2  compilation failed to produce executable
FAIL: c-c++-common/asan/pointer-subtract-4.c   -O2 -flto  (test for excess errors)
UNRESOLVED: c-c++-common/asan/pointer-subtract-4.c   -O2 -flto  compilation failed to produce executable
FAIL: c-c++-common/asan/pointer-subtract-4.c   -O2 -flto -flto-partition=none  (test for excess errors)
UNRESOLVED: c-c++-common/asan/pointer-subtract-4.c   -O2 -flto -flto-partition=none  compilation failed to produce executable
FAIL: c-c++-common/asan/pointer-subtract-4.c   -O3 -g  (test for excess errors)
UNRESOLVED: c-c++-common/asan/pointer-subtract-4.c   -O3 -g  compilation failed to produce executable
FAIL: c-c++-common/asan/pointer-subtract-4.c   -Os  (test for excess errors)
UNRESOLVED: c-c++-common/asan/pointer-subtract-4.c   -Os  compilation failed to produce executable
FAIL: g++.dg/asan/pr78651.C   -O2 -flto  (internal compiler error)
FAIL: g++.dg/asan/pr78651.C   -O2 -flto  (test for excess errors)
FAIL: g++.dg/asan/pr78651.C   -O2 -flto -flto-partition=none  (internal compiler error)
FAIL: g++.dg/asan/pr78651.C   -O2 -flto -flto-partition=none  (test for excess errors)
UNRESOLVED: g++.dg/debug/dwarf2/inline-ns-2.C  -std=gnu++11  scan-assembler-not DIE \\\\([^\\n\\r]*\\\\) DW_TAG_imported_module
UNRESOLVED: g++.dg/debug/dwarf2/inline-ns-2.C  -std=gnu++11  scan-assembler-times  DW_AT_export_symbols 2
FAIL: g++.dg/debug/dwarf2/inline-ns-2.C  -std=gnu++11 (internal compiler error)
FAIL: g++.dg/debug/dwarf2/inline-ns-2.C  -std=gnu++11 (test for excess errors)
UNRESOLVED: g++.dg/debug/dwarf2/inline-ns-2.C  -std=gnu++14  scan-assembler-not DIE \\\\([^\\n\\r]*\\\\) DW_TAG_imported_module
UNRESOLVED: g++.dg/debug/dwarf2/inline-ns-2.C  -std=gnu++14  scan-assembler-times  DW_AT_export_symbols 2
FAIL: g++.dg/debug/dwarf2/inline-ns-2.C  -std=gnu++14 (internal compiler error)
FAIL: g++.dg/debug/dwarf2/inline-ns-2.C  -std=gnu++14 (test for excess errors)
UNRESOLVED: g++.dg/debug/dwarf2/inline-ns-2.C  -std=gnu++98  scan-assembler-not DIE \\\\([^\\n\\r]*\\\\) DW_TAG_imported_module
UNRESOLVED: g++.dg/debug/dwarf2/inline-ns-2.C  -std=gnu++98  scan-assembler-times  DW_AT_export_symbols 2
FAIL: g++.dg/debug/dwarf2/inline-ns-2.C  -std=gnu++98 (internal compiler error)
FAIL: g++.dg/debug/dwarf2/inline-ns-2.C  -std=gnu++98 (test for excess errors)
FAIL: g++.dg/debug/dwarf2/pr85302.C   (internal compiler error)
FAIL: g++.dg/debug/dwarf2/pr85302.C   (test for excess errors)
FAIL: g++.dg/abi/key2.C  -std=gnu++11 (test for excess errors)
FAIL: g++.dg/abi/key2.C  -std=gnu++14 (test for excess errors)
FAIL: g++.dg/abi/key2.C  -std=gnu++98 (test for excess errors)
FAIL: g++.dg/cet-notrack-1.C  -std=gnu++11  scan-assembler-times \\tcall[ \\t]+puts 2
FAIL: g++.dg/cet-notrack-1.C  -std=gnu++14  scan-assembler-times \\tcall[ \\t]+puts 2
FAIL: g++.dg/cet-notrack-1.C  -std=gnu++98  scan-assembler-times \\tcall[ \\t]+puts 2
FAIL: g++.dg/cpp0x/pr84497.C  -std=c++11  scan-assembler .weak[ \\t]*_ZTH11derived_obj
FAIL: g++.dg/cpp0x/pr84497.C  -std=c++11  scan-assembler .weak[ \\t]*_ZTH13container_obj
FAIL: g++.dg/cpp0x/pr84497.C  -std=c++11  scan-assembler .weak[ \\t]*_ZTH8base_obj
FAIL: g++.dg/cpp0x/pr84497.C  -std=c++14  scan-assembler .weak[ \\t]*_ZTH11derived_obj
FAIL: g++.dg/cpp0x/pr84497.C  -std=c++14  scan-assembler .weak[ \\t]*_ZTH13container_obj
FAIL: g++.dg/cpp0x/pr84497.C  -std=c++14  scan-assembler .weak[ \\t]*_ZTH8base_obj
FAIL: g++.dg/ext/sync-4.C  -std=gnu++11 execution test
FAIL: g++.dg/ext/sync-4.C  -std=gnu++14 execution test
FAIL: g++.dg/ext/sync-4.C  -std=gnu++98 execution test
FAIL: g++.dg/ipa/pr67056.C   scan-ipa-dump cp "Speculative outer type:struct CompositeClass"
FAIL: g++.dg/gcov/pr16855.C  -std=gnu++11  gcov: 2 failures in line counts, 0 in branch percentages, 0 in return percentages, 0 in intermediate format
FAIL: g++.dg/gcov/pr16855.C  -std=gnu++11  line 21: is #####:should be 1
FAIL: g++.dg/gcov/pr16855.C  -std=gnu++11  line 45: is #####:should be 1
FAIL: g++.dg/gcov/pr16855.C  -std=gnu++14  gcov: 2 failures in line counts, 0 in branch percentages, 0 in return percentages, 0 in intermediate format
FAIL: g++.dg/gcov/pr16855.C  -std=gnu++14  line 21: is #####:should be 1
FAIL: g++.dg/gcov/pr16855.C  -std=gnu++14  line 45: is #####:should be 1
FAIL: g++.dg/gcov/pr16855.C  -std=gnu++98  gcov: 2 failures in line counts, 0 in branch percentages, 0 in return percentages, 0 in intermediate format
FAIL: g++.dg/gcov/pr16855.C  -std=gnu++98  line 21: is #####:should be 1
FAIL: g++.dg/gcov/pr16855.C  -std=gnu++98  line 45: is #####:should be 1
FAIL: g++.dg/lto/pr65276 cp_lto_pr65276_0.o-cp_lto_pr65276_1.o link, -flto -O0 -std=c++11
FAIL: g++.dg/tls/pr77285-2.C  -std=c++11  scan-assembler _ZTH4var1B3tag
FAIL: g++.dg/tls/pr77285-2.C  -std=c++14  scan-assembler _ZTH4var1B3tag
FAIL: g++.dg/tls/thread_local-order2.C  -std=c++11 execution test
FAIL: g++.dg/tls/thread_local-order2.C  -std=c++14 execution test
FAIL: g++.dg/ubsan/pr82353.C   -O0   scan-rtl-dump-not reload "Inserting rematerialization insn"
FAIL: g++.dg/ubsan/pr82353.C   -O1   scan-rtl-dump-not reload "Inserting rematerialization insn"
FAIL: g++.dg/ubsan/pr82353.C   -O2   scan-rtl-dump-not reload "Inserting rematerialization insn"
FAIL: g++.dg/ubsan/pr82353.C   -O2 -flto   scan-rtl-dump-not reload "Inserting rematerialization insn"
FAIL: g++.dg/ubsan/pr82353.C   -O2 -flto -flto-partition=none   scan-rtl-dump-not reload "Inserting rematerialization insn"
FAIL: g++.dg/ubsan/pr82353.C   -O3 -g   scan-rtl-dump-not reload "Inserting rematerialization insn"
FAIL: g++.dg/ubsan/pr82353.C   -Os   scan-rtl-dump-not reload "Inserting rematerialization insn"

		=== g++ Summary for unix ===

# of expected passes		121681
# of unexpected failures	67
# of expected failures		501
# of unresolved testcases	20
# of unsupported tests		5388

Running target unix/-m32
FAIL: c-c++-common/asan/alloca_big_alignment.c   -Os  output pattern test
FAIL: c-c++-common/asan/alloca_detect_custom_size.c   -Os  output pattern test
FAIL: c-c++-common/asan/alloca_overflow_partial.c   -Os  output pattern test
FAIL: c-c++-common/asan/alloca_overflow_right.c   -Os  output pattern test
FAIL: c-c++-common/asan/alloca_underflow_left.c   -Os  output pattern test
FAIL: c-c++-common/asan/null-deref-1.c   -O0  output pattern test
FAIL: c-c++-common/asan/null-deref-1.c   -O1  output pattern test
FAIL: c-c++-common/asan/null-deref-1.c   -O2  output pattern test
FAIL: c-c++-common/asan/null-deref-1.c   -O2 -flto  output pattern test
FAIL: c-c++-common/asan/null-deref-1.c   -O2 -flto -flto-partition=none  output pattern test
FAIL: c-c++-common/asan/null-deref-1.c   -O3 -g  output pattern test
FAIL: c-c++-common/asan/null-deref-1.c   -Os  output pattern test
FAIL: c-c++-common/asan/pointer-subtract-3.c   -O0  (test for excess errors)
UNRESOLVED: c-c++-common/asan/pointer-subtract-3.c   -O0  compilation failed to produce executable
FAIL: c-c++-common/asan/pointer-subtract-3.c   -O1  (test for excess errors)
UNRESOLVED: c-c++-common/asan/pointer-subtract-3.c   -O1  compilation failed to produce executable
FAIL: c-c++-common/asan/pointer-subtract-3.c   -O2  (test for excess errors)
UNRESOLVED: c-c++-common/asan/pointer-subtract-3.c   -O2  compilation failed to produce executable
FAIL: c-c++-common/asan/pointer-subtract-3.c   -O2 -flto  (test for excess errors)
UNRESOLVED: c-c++-common/asan/pointer-subtract-3.c   -O2 -flto  compilation failed to produce executable
FAIL: c-c++-common/asan/pointer-subtract-3.c   -O2 -flto -flto-partition=none  (test for excess errors)
UNRESOLVED: c-c++-common/asan/pointer-subtract-3.c   -O2 -flto -flto-partition=none  compilation failed to produce executable
FAIL: c-c++-common/asan/pointer-subtract-3.c   -O3 -g  (test for excess errors)
UNRESOLVED: c-c++-common/asan/pointer-subtract-3.c   -O3 -g  compilation failed to produce executable
FAIL: c-c++-common/asan/pointer-subtract-3.c   -Os  (test for excess errors)
UNRESOLVED: c-c++-common/asan/pointer-subtract-3.c   -Os  compilation failed to produce executable
FAIL: c-c++-common/asan/pointer-subtract-4.c   -O0  (test for excess errors)
UNRESOLVED: c-c++-common/asan/pointer-subtract-4.c   -O0  compilation failed to produce executable
FAIL: c-c++-common/asan/pointer-subtract-4.c   -O1  (test for excess errors)
UNRESOLVED: c-c++-common/asan/pointer-subtract-4.c   -O1  compilation failed to produce executable
FAIL: c-c++-common/asan/pointer-subtract-4.c   -O2  (test for excess errors)
UNRESOLVED: c-c++-common/asan/pointer-subtract-4.c   -O2  compilation failed to produce executable
FAIL: c-c++-common/asan/pointer-subtract-4.c   -O2 -flto  (test for excess errors)
UNRESOLVED: c-c++-common/asan/pointer-subtract-4.c   -O2 -flto  compilation failed to produce executable
FAIL: c-c++-common/asan/pointer-subtract-4.c   -O2 -flto -flto-partition=none  (test for excess errors)
UNRESOLVED: c-c++-common/asan/pointer-subtract-4.c   -O2 -flto -flto-partition=none  compilation failed to produce executable
FAIL: c-c++-common/asan/pointer-subtract-4.c   -O3 -g  (test for excess errors)
UNRESOLVED: c-c++-common/asan/pointer-subtract-4.c   -O3 -g  compilation failed to produce executable
FAIL: c-c++-common/asan/pointer-subtract-4.c   -Os  (test for excess errors)
UNRESOLVED: c-c++-common/asan/pointer-subtract-4.c   -Os  compilation failed to produce executable
FAIL: g++.dg/asan/pr78651.C   -O2 -flto  (internal compiler error)
FAIL: g++.dg/asan/pr78651.C   -O2 -flto  (test for excess errors)
FAIL: g++.dg/asan/pr78651.C   -O2 -flto -flto-partition=none  (internal compiler error)
FAIL: g++.dg/asan/pr78651.C   -O2 -flto -flto-partition=none  (test for excess errors)
UNRESOLVED: g++.dg/debug/dwarf2/inline-ns-2.C  -std=gnu++11  scan-assembler-not DIE \\\\([^\\n\\r]*\\\\) DW_TAG_imported_module
UNRESOLVED: g++.dg/debug/dwarf2/inline-ns-2.C  -std=gnu++11  scan-assembler-times  DW_AT_export_symbols 2
FAIL: g++.dg/debug/dwarf2/inline-ns-2.C  -std=gnu++11 (internal compiler error)
FAIL: g++.dg/debug/dwarf2/inline-ns-2.C  -std=gnu++11 (test for excess errors)
UNRESOLVED: g++.dg/debug/dwarf2/inline-ns-2.C  -std=gnu++14  scan-assembler-not DIE \\\\([^\\n\\r]*\\\\) DW_TAG_imported_module
UNRESOLVED: g++.dg/debug/dwarf2/inline-ns-2.C  -std=gnu++14  scan-assembler-times  DW_AT_export_symbols 2
FAIL: g++.dg/debug/dwarf2/inline-ns-2.C  -std=gnu++14 (internal compiler error)
FAIL: g++.dg/debug/dwarf2/inline-ns-2.C  -std=gnu++14 (test for excess errors)
UNRESOLVED: g++.dg/debug/dwarf2/inline-ns-2.C  -std=gnu++98  scan-assembler-not DIE \\\\([^\\n\\r]*\\\\) DW_TAG_imported_module
UNRESOLVED: g++.dg/debug/dwarf2/inline-ns-2.C  -std=gnu++98  scan-assembler-times  DW_AT_export_symbols 2
FAIL: g++.dg/debug/dwarf2/inline-ns-2.C  -std=gnu++98 (internal compiler error)
FAIL: g++.dg/debug/dwarf2/inline-ns-2.C  -std=gnu++98 (test for excess errors)
FAIL: g++.dg/debug/dwarf2/pr85302.C   (internal compiler error)
FAIL: g++.dg/debug/dwarf2/pr85302.C   (test for excess errors)
FAIL: g++.dg/abi/key2.C  -std=gnu++11 (test for excess errors)
FAIL: g++.dg/abi/key2.C  -std=gnu++14 (test for excess errors)
FAIL: g++.dg/abi/key2.C  -std=gnu++98 (test for excess errors)
FAIL: g++.dg/cet-notrack-1.C  -std=gnu++11  scan-assembler-times \\tcall[ \\t]+puts 2
FAIL: g++.dg/cet-notrack-1.C  -std=gnu++14  scan-assembler-times \\tcall[ \\t]+puts 2
FAIL: g++.dg/cet-notrack-1.C  -std=gnu++98  scan-assembler-times \\tcall[ \\t]+puts 2
FAIL: g++.dg/cpp0x/alignas4.C  -std=c++11  scan-assembler align 4
FAIL: g++.dg/cpp0x/alignas4.C  -std=c++14  scan-assembler align 4
FAIL: g++.dg/cpp0x/pr84497.C  -std=c++11  scan-assembler .weak[ \\t]*_ZTH11derived_obj
FAIL: g++.dg/cpp0x/pr84497.C  -std=c++11  scan-assembler .weak[ \\t]*_ZTH13container_obj
FAIL: g++.dg/cpp0x/pr84497.C  -std=c++11  scan-assembler .weak[ \\t]*_ZTH8base_obj
FAIL: g++.dg/cpp0x/pr84497.C  -std=c++14  scan-assembler .weak[ \\t]*_ZTH11derived_obj
FAIL: g++.dg/cpp0x/pr84497.C  -std=c++14  scan-assembler .weak[ \\t]*_ZTH13container_obj
FAIL: g++.dg/cpp0x/pr84497.C  -std=c++14  scan-assembler .weak[ \\t]*_ZTH8base_obj
FAIL: g++.dg/ext/sync-4.C  -std=gnu++11 execution test
FAIL: g++.dg/ext/sync-4.C  -std=gnu++14 execution test
FAIL: g++.dg/ext/sync-4.C  -std=gnu++98 execution test
FAIL: g++.dg/ipa/pr67056.C   scan-ipa-dump cp "Speculative outer type:struct CompositeClass"
FAIL: g++.dg/pr71694.C  -std=gnu++11  scan-assembler-not movl
FAIL: g++.dg/pr71694.C  -std=gnu++14  scan-assembler-not movl
FAIL: g++.dg/pr71694.C  -std=gnu++98  scan-assembler-not movl
FAIL: g++.dg/pr80481.C  -std=gnu++11  scan-assembler-not vmovaps
FAIL: g++.dg/pr80481.C  -std=gnu++14  scan-assembler-not vmovaps
FAIL: g++.dg/pr80481.C  -std=gnu++98  scan-assembler-not vmovaps
FAIL: g++.dg/gcov/pr16855.C  -std=gnu++11  gcov: 2 failures in line counts, 0 in branch percentages, 0 in return percentages, 0 in intermediate format
FAIL: g++.dg/gcov/pr16855.C  -std=gnu++11  line 21: is #####:should be 1
FAIL: g++.dg/gcov/pr16855.C  -std=gnu++11  line 45: is #####:should be 1
FAIL: g++.dg/gcov/pr16855.C  -std=gnu++14  gcov: 2 failures in line counts, 0 in branch percentages, 0 in return percentages, 0 in intermediate format
FAIL: g++.dg/gcov/pr16855.C  -std=gnu++14  line 21: is #####:should be 1
FAIL: g++.dg/gcov/pr16855.C  -std=gnu++14  line 45: is #####:should be 1
FAIL: g++.dg/gcov/pr16855.C  -std=gnu++98  gcov: 2 failures in line counts, 0 in branch percentages, 0 in return percentages, 0 in intermediate format
FAIL: g++.dg/gcov/pr16855.C  -std=gnu++98  line 21: is #####:should be 1
FAIL: g++.dg/gcov/pr16855.C  -std=gnu++98  line 45: is #####:should be 1
FAIL: g++.dg/lto/pr65276 cp_lto_pr65276_0.o-cp_lto_pr65276_1.o link, -flto -O0 -std=c++11
FAIL: g++.dg/tls/pr77285-2.C  -std=c++11  scan-assembler _ZTH4var1B3tag
FAIL: g++.dg/tls/pr77285-2.C  -std=c++14  scan-assembler _ZTH4var1B3tag
FAIL: g++.dg/tls/thread_local-order2.C  -std=c++11 execution test
FAIL: g++.dg/tls/thread_local-order2.C  -std=c++14 execution test
FAIL: g++.old-deja/g++.benjamin/scope02.C  -std=c++11 (test for excess errors)
WARNING: program timed out

		=== g++ Summary for unix/-m32 ===

# of expected passes		120116
# of unexpected failures	77
# of expected failures		498
# of unresolved testcases	20
# of unsupported tests		5220

		=== g++ Summary ===

# of expected passes		241797
# of unexpected failures	144
# of expected failures		999
# of unresolved testcases	40
# of unsupported tests		10608
/private/var/gcc/gcc-8.1.0/10.7-gcc/gcc/xg++  version 8.1.0 (GCC) 

		=== gcc tests ===


Running target unix
FAIL: c-c++-common/asan/alloca_big_alignment.c   -Os  output pattern test
FAIL: c-c++-common/asan/alloca_overflow_partial.c   -Os  output pattern test
FAIL: c-c++-common/asan/alloca_overflow_right.c   -Os  output pattern test
FAIL: c-c++-common/asan/alloca_underflow_left.c   -Os  output pattern test
FAIL: c-c++-common/asan/pointer-subtract-3.c   -O0  (test for excess errors)
UNRESOLVED: c-c++-common/asan/pointer-subtract-3.c   -O0  compilation failed to produce executable
FAIL: c-c++-common/asan/pointer-subtract-3.c   -O1  (test for excess errors)
UNRESOLVED: c-c++-common/asan/pointer-subtract-3.c   -O1  compilation failed to produce executable
FAIL: c-c++-common/asan/pointer-subtract-3.c   -O2  (test for excess errors)
UNRESOLVED: c-c++-common/asan/pointer-subtract-3.c   -O2  compilation failed to produce executable
FAIL: c-c++-common/asan/pointer-subtract-3.c   -O2 -flto  (test for excess errors)
UNRESOLVED: c-c++-common/asan/pointer-subtract-3.c   -O2 -flto  compilation failed to produce executable
FAIL: c-c++-common/asan/pointer-subtract-3.c   -O2 -flto -flto-partition=none  (test for excess errors)
UNRESOLVED: c-c++-common/asan/pointer-subtract-3.c   -O2 -flto -flto-partition=none  compilation failed to produce executable
FAIL: c-c++-common/asan/pointer-subtract-3.c   -O3 -g  (test for excess errors)
UNRESOLVED: c-c++-common/asan/pointer-subtract-3.c   -O3 -g  compilation failed to produce executable
FAIL: c-c++-common/asan/pointer-subtract-3.c   -Os  (test for excess errors)
UNRESOLVED: c-c++-common/asan/pointer-subtract-3.c   -Os  compilation failed to produce executable
FAIL: c-c++-common/asan/pointer-subtract-4.c   -O0  (test for excess errors)
UNRESOLVED: c-c++-common/asan/pointer-subtract-4.c   -O0  compilation failed to produce executable
FAIL: c-c++-common/asan/pointer-subtract-4.c   -O1  (test for excess errors)
UNRESOLVED: c-c++-common/asan/pointer-subtract-4.c   -O1  compilation failed to produce executable
FAIL: c-c++-common/asan/pointer-subtract-4.c   -O2  (test for excess errors)
UNRESOLVED: c-c++-common/asan/pointer-subtract-4.c   -O2  compilation failed to produce executable
FAIL: c-c++-common/asan/pointer-subtract-4.c   -O2 -flto  (test for excess errors)
UNRESOLVED: c-c++-common/asan/pointer-subtract-4.c   -O2 -flto  compilation failed to produce executable
FAIL: c-c++-common/asan/pointer-subtract-4.c   -O2 -flto -flto-partition=none  (test for excess errors)
UNRESOLVED: c-c++-common/asan/pointer-subtract-4.c   -O2 -flto -flto-partition=none  compilation failed to produce executable
FAIL: c-c++-common/asan/pointer-subtract-4.c   -O3 -g  (test for excess errors)
UNRESOLVED: c-c++-common/asan/pointer-subtract-4.c   -O3 -g  compilation failed to produce executable
FAIL: c-c++-common/asan/pointer-subtract-4.c   -Os  (test for excess errors)
UNRESOLVED: c-c++-common/asan/pointer-subtract-4.c   -Os  compilation failed to produce executable
FAIL: c-c++-common/asan/strncpy-overflow-1.c   -O0  execution test
FAIL: gcc.dg/asan/pr81923.c   -O0  (test for excess errors)
FAIL: gcc.dg/asan/pr81923.c   -O1  (test for excess errors)
FAIL: gcc.dg/asan/pr81923.c   -O2  (test for excess errors)
FAIL: gcc.dg/asan/pr81923.c   -O2 -flto  (test for excess errors)
FAIL: gcc.dg/asan/pr81923.c   -O2 -flto -flto-partition=none  (test for excess errors)
FAIL: gcc.dg/asan/pr81923.c   -O3 -g  (test for excess errors)
FAIL: gcc.dg/asan/pr81923.c   -Os  (test for excess errors)
FAIL: gcc.dg/debug/dwarf2/pr80263.c scan-assembler-not \\\\msizetype
FAIL: gcc.dg/debug/dwarf2/pr82718-1.c (internal compiler error)
FAIL: gcc.dg/debug/dwarf2/pr82718-1.c (test for excess errors)
FAIL: gcc.dg/debug/dwarf2/pr82718-2.c (internal compiler error)
FAIL: gcc.dg/debug/dwarf2/pr82718-2.c (test for excess errors)
FAIL: c-c++-common/Warray-bounds-2.c  -Wc++-compat   (test for warnings, line 177)
FAIL: c-c++-common/Warray-bounds-2.c  -Wc++-compat   (test for warnings, line 205)
FAIL: c-c++-common/Warray-bounds-2.c  -Wc++-compat  (test for excess errors)
FAIL: c-c++-common/Warray-bounds-2.c  -Wc++-compat  memcpy (test for warnings, line 30)
FAIL: c-c++-common/Warray-bounds-2.c  -Wc++-compat  memcpy (test for warnings, line 46)
FAIL: c-c++-common/Warray-bounds-2.c  -Wc++-compat  memcpy (test for warnings, line 71)
FAIL: c-c++-common/Warray-bounds-2.c  -Wc++-compat  strcat (test for warnings, line 85)
FAIL: c-c++-common/Warray-bounds-2.c  -Wc++-compat  strcpy (test for warnings, line 112)
FAIL: c-c++-common/Warray-bounds-2.c  -Wc++-compat  strncpy (test for warnings, line 142)
FAIL: c-c++-common/Warray-bounds-2.c  -Wc++-compat  strncpy (test for warnings, line 172)
FAIL: c-c++-common/Warray-bounds-2.c  -Wc++-compat  strncpy (test for warnings, line 186)
FAIL: c-c++-common/Warray-bounds-2.c  -Wc++-compat  strncpy (test for warnings, line 191)
FAIL: c-c++-common/Warray-bounds-2.c  -Wc++-compat  strncpy (test for warnings, line 200)
FAIL: c-c++-common/Wrestrict-2.c  -Wc++-compat  strcat (test for warnings, line 27)
FAIL: c-c++-common/Wrestrict-2.c  -Wc++-compat  strcpy (test for warnings, line 39)
FAIL: c-c++-common/Wrestrict-2.c  -Wc++-compat  strncat (test for warnings, line 51)
FAIL: c-c++-common/Wrestrict-2.c  -Wc++-compat  strncpy (test for warnings, line 63)
FAIL: gcc.dg/Wnonnull.c  (test for warnings, line 21)
FAIL: gcc.dg/Wnonnull.c  (test for warnings, line 24)
FAIL: gcc.dg/memcmp-1.c (test for excess errors)
UNRESOLVED: gcc.dg/memcmp-1.c compilation failed to produce executable
FAIL: gcc.dg/pie-7.c (test for excess errors)
UNRESOLVED: gcc.dg/pie-7.c compilation failed to produce executable
FAIL: gcc.dg/pr57438-2.c scan-assembler nop\\\\nLFE.*
FAIL: gcc.dg/pubtypes-2.c scan-assembler long+[ \\t]+0x13b+[ \\t]+[#;]+[ \\t]+Pub Info Length
FAIL: gcc.dg/pubtypes-3.c scan-assembler long+[ \\t]+0x13b+[ \\t]+[#;]+[ \\t]+Pub Info Length
FAIL: gcc.dg/pubtypes-4.c scan-assembler long+[ \\t]+0x172+[ \\t]+[#;]+[ \\t]+Pub Info Length
FAIL: gcc.dg/uninit-19.c  (test for warnings, line 24)
FAIL: gcc.dg/uninit-19.c (test for excess errors)
FAIL: gcc.dg/graphite/scop-19.c scan-tree-dump-times graphite "number of SCoPs: 0" 1
FAIL: gcc.dg/ipa/iinline-attr.c scan-ipa-dump inline "hooray[^\\\\n]*inline copy in test"
FAIL: gcc.dg/ipa/inline-8.c (test for excess errors)
UNRESOLVED: gcc.dg/ipa/inline-8.c compilation failed to produce executable
FAIL: gcc.dg/lto/pr83719 c_lto_pr83719_0.o assemble,  -flto -g -gsplit-dwarf  (internal compiler error)
FAIL: gcc.dg/lto/pr85248 c_lto_pr85248_0.o assemble,  -flto -O2 
UNRESOLVED: gcc.dg/lto/pr85248 c_lto_pr85248_0.o-c_lto_pr85248_1.o execute  -flto -O2 
UNRESOLVED: gcc.dg/lto/pr85248 c_lto_pr85248_0.o-c_lto_pr85248_1.o link  -flto -O2 
FAIL: gcc.dg/plugin/plugindir1.c (test for excess errors)
FAIL: gcc.dg/plugin/plugindir2.c (test for excess errors)
FAIL: gcc.dg/plugin/plugindir3.c (test for excess errors)
FAIL: gcc.dg/plugin/plugindir4.c (test for excess errors)
FAIL: gcc.dg/rtl/x86_64/final.c (internal compiler error)
FAIL: gcc.dg/rtl/x86_64/final.c (test for excess errors)
UNRESOLVED: gcc.dg/rtl/x86_64/final.c scan-assembler .cfi_endproc
UNRESOLVED: gcc.dg/rtl/x86_64/final.c scan-assembler .cfi_startproc
UNRESOLVED: gcc.dg/rtl/x86_64/final.c scan-assembler ret
UNRESOLVED: gcc.dg/rtl/x86_64/final.c scan-assembler test_1:
FAIL: gcc.dg/torture/pr25967-1.c   -O0  execution test
FAIL: gcc.dg/torture/pr25967-1.c   -O1  execution test
FAIL: gcc.dg/torture/pr25967-1.c   -O2  execution test
FAIL: gcc.dg/torture/pr25967-1.c   -O2 -flto  execution test
FAIL: gcc.dg/torture/pr25967-1.c   -O2 -flto -flto-partition=none  execution test
FAIL: gcc.dg/torture/pr25967-1.c   -O3 -g  execution test
FAIL: gcc.dg/torture/pr25967-1.c   -Os  execution test
FAIL: gcc.dg/torture/pr68037-1.c   -O0  execution test
FAIL: gcc.dg/torture/pr68037-1.c   -O1  execution test
FAIL: gcc.dg/torture/pr68037-1.c   -O2  execution test
FAIL: gcc.dg/torture/pr68037-1.c   -O2 -flto  execution test
FAIL: gcc.dg/torture/pr68037-1.c   -O2 -flto -flto-partition=none  execution test
FAIL: gcc.dg/torture/pr68037-1.c   -O3 -g  execution test
FAIL: gcc.dg/torture/pr68037-1.c   -Os  execution test
FAIL: gcc.dg/torture/pr68037-2.c   -O0  execution test
FAIL: gcc.dg/torture/pr68037-2.c   -O1  execution test
FAIL: gcc.dg/torture/pr68037-2.c   -O2  execution test
FAIL: gcc.dg/torture/pr68037-2.c   -O2 -flto  execution test
FAIL: gcc.dg/torture/pr68037-2.c   -O2 -flto -flto-partition=none  execution test
FAIL: gcc.dg/torture/pr68037-2.c   -O3 -g  execution test
FAIL: gcc.dg/torture/pr68037-2.c   -Os  execution test
FAIL: gcc.dg/torture/pr68037-3.c   -O1  execution test
FAIL: gcc.dg/torture/pr68037-3.c   -O2  execution test
FAIL: gcc.dg/torture/pr68037-3.c   -O2 -flto  execution test
FAIL: gcc.dg/torture/pr68037-3.c   -O2 -flto -flto-partition=none  execution test
FAIL: gcc.dg/torture/pr68037-3.c   -O3 -g  execution test
FAIL: gcc.dg/torture/pr68037-3.c   -Os  execution test
FAIL: gcc.dg/torture/pr68264.c   -O0  execution test
FAIL: gcc.dg/torture/pr68264.c   -O1  execution test
FAIL: gcc.dg/torture/pr68264.c   -O2  execution test
FAIL: gcc.dg/torture/pr68264.c   -O2 -flto  execution test
FAIL: gcc.dg/torture/pr68264.c   -O2 -flto -flto-partition=none  execution test
FAIL: gcc.dg/torture/pr68264.c   -O3 -g  execution test
FAIL: gcc.dg/torture/pr68264.c   -Os  execution test
FAIL: gcc.dg/tree-prof/section-attr-1.c compilation,  -fprofile-generate -D_PROFILE_GENERATE
UNRESOLVED: gcc.dg/tree-prof/section-attr-1.c compilation,  -fprofile-use -D_PROFILE_USE
UNRESOLVED: gcc.dg/tree-prof/section-attr-1.c execution,    -fprofile-generate -D_PROFILE_GENERATE
UNRESOLVED: gcc.dg/tree-prof/section-attr-1.c execution,    -fprofile-use -D_PROFILE_USE
FAIL: gcc.dg/tree-prof/section-attr-2.c compilation,  -fprofile-generate -D_PROFILE_GENERATE
UNRESOLVED: gcc.dg/tree-prof/section-attr-2.c compilation,  -fprofile-use -D_PROFILE_USE
UNRESOLVED: gcc.dg/tree-prof/section-attr-2.c execution,    -fprofile-generate -D_PROFILE_GENERATE
UNRESOLVED: gcc.dg/tree-prof/section-attr-2.c execution,    -fprofile-use -D_PROFILE_USE
FAIL: gcc.dg/tree-prof/section-attr-3.c compilation,  -fprofile-generate -D_PROFILE_GENERATE
UNRESOLVED: gcc.dg/tree-prof/section-attr-3.c compilation,  -fprofile-use -D_PROFILE_USE
UNRESOLVED: gcc.dg/tree-prof/section-attr-3.c execution,    -fprofile-generate -D_PROFILE_GENERATE
UNRESOLVED: gcc.dg/tree-prof/section-attr-3.c execution,    -fprofile-use -D_PROFILE_USE
FAIL: gcc.target/i386/align-limit.c scan-assembler .p2align 6,,1
FAIL: gcc.target/i386/avx512bw-vpmovswb-1.c scan-assembler-times vpmovswb[ \\\\t]+[^{\\n]*%xmm[0-9]+[^\\n]*res1[^\\n]*{%k[1-7]}(?:\\n|[ \\\\t]+#) 1
FAIL: gcc.target/i386/avx512bw-vpmovswb-1.c scan-assembler-times vpmovswb[ \\\\t]+[^{\\n]*%ymm[0-9]+[^\\n]*res2[^\\n]*{%k[1-7]}(?:\\n|[ \\\\t]+#) 1
FAIL: gcc.target/i386/avx512bw-vpmovswb-1.c scan-assembler-times vpmovswb[ \\\\t]+[^{\\n]*%zmm[0-9]+[^\\n]*res3[^\\n]*{%k[1-7]}(?:\\n|[ \\\\t]+#) 1
FAIL: gcc.target/i386/avx512bw-vpmovuswb-1.c scan-assembler-times vpmovuswb[ \\\\t]+[^{\\n]*%xmm[0-9]+[^\\n]*res1[^\\n]*{%k[1-7]}(?:\\n|[ \\\\t]+#) 1
FAIL: gcc.target/i386/avx512bw-vpmovuswb-1.c scan-assembler-times vpmovuswb[ \\\\t]+[^{\\n]*%ymm[0-9]+[^\\n]*res2[^\\n]*{%k[1-7]}(?:\\n|[ \\\\t]+#) 1
FAIL: gcc.target/i386/avx512bw-vpmovuswb-1.c scan-assembler-times vpmovuswb[ \\\\t]+[^{\\n]*%zmm[0-9]+[^\\n]*res3[^\\n]*{%k[1-7]}(?:\\n|[ \\\\t]+#) 1
FAIL: gcc.target/i386/avx512bw-vpmovwb-1.c scan-assembler-times vpmovwb[ \\\\t]+[^{\\n]*%xmm[0-9]+[^\\n]*res1[^\\n]*{%k[1-7]}(?:\\n|[ \\\\t]+#) 1
FAIL: gcc.target/i386/avx512bw-vpmovwb-1.c scan-assembler-times vpmovwb[ \\\\t]+[^{\\n]*%ymm[0-9]+[^\\n]*res2[^\\n]*{%k[1-7]}(?:\\n|[ \\\\t]+#) 1
FAIL: gcc.target/i386/avx512bw-vpmovwb-1.c scan-assembler-times vpmovwb[ \\\\t]+[^{\\n]*%zmm[0-9]+[^\\n]*res3[^\\n]*{%k[1-7]}(?:\\n|[ \\\\t]+#) 1
FAIL: gcc.target/i386/cet-notrack-icf-1.c scan-assembler set[ \\t]+fn2,fn1
FAIL: gcc.target/i386/cet-notrack-icf-1.c scan-assembler set[ \\t]+fn3,fn1
FAIL: gcc.target/i386/cet-notrack-icf-2.c scan-assembler set[ \\t]+fn2,fn1
FAIL: gcc.target/i386/cet-notrack-icf-3.c scan-assembler set[ \\t]+fn2,fn1
FAIL: gcc.target/i386/cet-notrack-icf-3.c scan-assembler set[ \\t]+fn3,fn1
FAIL: gcc.target/i386/cet-notrack-icf-4.c scan-assembler set[ \\t]+fn3,fn1
FAIL: gcc.target/i386/cet-sjlj-3.c scan-assembler-times call\\tlongjmp 1
FAIL: gcc.target/i386/cet-sjlj-5.c scan-assembler-times call\\tlongjmp 1
FAIL: gcc.target/i386/cet-sjlj-6a.c scan-assembler-times movq\\t.*buf\\\\+8 1
FAIL: gcc.target/i386/cet-sjlj-6a.c scan-assembler-times subq\\tbuf\\\\+8 1
FAIL: gcc.target/i386/cet-sjlj-6b.c scan-assembler-times movq\\t.*buf\\\\+16 1
FAIL: gcc.target/i386/cet-sjlj-6b.c scan-assembler-times subq\\tbuf\\\\+16 1
FAIL: gcc.target/i386/fuse-caller-save-xmm.c scan-assembler-times addpd\\t\\\\.?LC0.*, %xmm0 1
FAIL: gcc.target/i386/iinline-attr-2.c scan-assembler p2align
FAIL: gcc.target/i386/memcpy-strategy-3.c scan-assembler-times memcpy 2
FAIL: gcc.target/i386/memset-strategy-1.c scan-assembler-times memset 2
FAIL: gcc.target/i386/pconfig-1.c scan-assembler-times pconfig 5
FAIL: gcc.target/i386/pr24414.c (test for excess errors)
UNRESOLVED: gcc.target/i386/pr24414.c compilation failed to produce executable
FAIL: gcc.target/i386/pr32219-1.c scan-assembler movl[ \\t]xxx\\\\(%rip\\\\), %eax
FAIL: gcc.target/i386/pr32219-3.c scan-assembler movl[ \\t]xxx\\\\(%rip\\\\), %eax
FAIL: gcc.target/i386/pr32219-3.c scan-assembler-not xxx@GOTPCREL
FAIL: gcc.target/i386/pr32219-5.c scan-assembler movl[ \\t]xxx\\\\(%rip\\\\), %eax
FAIL: gcc.target/i386/pr32219-6.c scan-assembler xxx@GOTPCREL
FAIL: gcc.target/i386/pr32219-7.c scan-assembler movl[ \\t]xxx\\\\(%rip\\\\), %eax
FAIL: gcc.target/i386/pr32219-7.c scan-assembler-not xxx@GOTPCREL
FAIL: gcc.target/i386/pr39013-1.c scan-assembler bar@PLT
FAIL: gcc.target/i386/pr39013-1.c scan-assembler foo@PLT
FAIL: gcc.target/i386/pr39013-2.c scan-assembler bar@PLT
FAIL: gcc.target/i386/pr39013-2.c scan-assembler foo@PLT
FAIL: gcc.target/i386/pr49866.c (test for excess errors)
FAIL: gcc.target/i386/pr59874-3.c scan-assembler popcntw
FAIL: gcc.target/i386/pr61599-1.c (test for excess errors)
UNRESOLVED: gcc.target/i386/pr61599-1.c compilation failed to produce executable
FAIL: gcc.target/i386/pr63538.c scan-assembler movabs
FAIL: gcc.target/i386/pr77881.c scan-assembler jne[ \\t].L
FAIL: gcc.target/i386/pr77881.c scan-assembler js[ \\t].L
FAIL: gcc.target/i386/pr78035.c scan-assembler-times cmp 2
FAIL: gcc.target/i386/pr82659-3.c (test for excess errors)
UNRESOLVED: gcc.target/i386/pr82659-3.c scan-assembler-times \\\\mendbr 2
FAIL: gcc.target/i386/pr82662.c scan-assembler-times \\\\mset 12
FAIL: gcc.target/i386/ret-thunk-26.c (test for excess errors)
UNRESOLVED: gcc.target/i386/ret-thunk-26.c compilation failed to produce executable
FAIL: gcc.target/i386/stack-prot-sym.c scan-assembler gs:my_guard
FAIL: gcc.target/i386/wbinvd-1.c scan-assembler-times wbinvd 2
FAIL: gcc.target/i386/wbnoinvd-1.c scan-assembler-times wbnoinvd 2

		=== gcc Summary for unix ===

# of expected passes		123954
# of unexpected failures	158
# of expected failures		392
# of unresolved testcases	36
# of unsupported tests		4743

Running target unix/-m32
FAIL: gcc.c-torture/compile/pr72802.c   -O0  (test for excess errors)
FAIL: gcc.c-torture/compile/pr72802.c   -O1  (test for excess errors)
FAIL: gcc.c-torture/compile/pr72802.c   -O2  (test for excess errors)
FAIL: gcc.c-torture/compile/pr72802.c   -O2 -flto  (test for excess errors)
FAIL: gcc.c-torture/compile/pr72802.c   -O2 -flto -flto-partition=none  (test for excess errors)
FAIL: gcc.c-torture/compile/pr72802.c   -O3 -fomit-frame-pointer -funroll-loops -fpeel-loops -ftracer -finline-functions  (test for excess errors)
FAIL: gcc.c-torture/compile/pr72802.c   -O3 -g  (test for excess errors)
FAIL: gcc.c-torture/compile/pr72802.c   -Os  (test for excess errors)
FAIL: c-c++-common/asan/alloca_big_alignment.c   -Os  output pattern test
FAIL: c-c++-common/asan/alloca_detect_custom_size.c   -Os  output pattern test
FAIL: c-c++-common/asan/alloca_overflow_partial.c   -Os  output pattern test
FAIL: c-c++-common/asan/alloca_overflow_right.c   -Os  output pattern test
FAIL: c-c++-common/asan/alloca_underflow_left.c   -Os  output pattern test
FAIL: c-c++-common/asan/null-deref-1.c   -O0  output pattern test
FAIL: c-c++-common/asan/null-deref-1.c   -O1  output pattern test
FAIL: c-c++-common/asan/null-deref-1.c   -O2  output pattern test
FAIL: c-c++-common/asan/null-deref-1.c   -O2 -flto  output pattern test
FAIL: c-c++-common/asan/null-deref-1.c   -O2 -flto -flto-partition=none  output pattern test
FAIL: c-c++-common/asan/null-deref-1.c   -O3 -g  output pattern test
FAIL: c-c++-common/asan/null-deref-1.c   -Os  output pattern test
FAIL: c-c++-common/asan/pointer-subtract-3.c   -O0  (test for excess errors)
UNRESOLVED: c-c++-common/asan/pointer-subtract-3.c   -O0  compilation failed to produce executable
FAIL: c-c++-common/asan/pointer-subtract-3.c   -O1  (test for excess errors)
UNRESOLVED: c-c++-common/asan/pointer-subtract-3.c   -O1  compilation failed to produce executable
FAIL: c-c++-common/asan/pointer-subtract-3.c   -O2  (test for excess errors)
UNRESOLVED: c-c++-common/asan/pointer-subtract-3.c   -O2  compilation failed to produce executable
FAIL: c-c++-common/asan/pointer-subtract-3.c   -O2 -flto  (test for excess errors)
UNRESOLVED: c-c++-common/asan/pointer-subtract-3.c   -O2 -flto  compilation failed to produce executable
FAIL: c-c++-common/asan/pointer-subtract-3.c   -O2 -flto -flto-partition=none  (test for excess errors)
UNRESOLVED: c-c++-common/asan/pointer-subtract-3.c   -O2 -flto -flto-partition=none  compilation failed to produce executable
FAIL: c-c++-common/asan/pointer-subtract-3.c   -O3 -g  (test for excess errors)
UNRESOLVED: c-c++-common/asan/pointer-subtract-3.c   -O3 -g  compilation failed to produce executable
FAIL: c-c++-common/asan/pointer-subtract-3.c   -Os  (test for excess errors)
UNRESOLVED: c-c++-common/asan/pointer-subtract-3.c   -Os  compilation failed to produce executable
FAIL: c-c++-common/asan/pointer-subtract-4.c   -O0  (test for excess errors)
UNRESOLVED: c-c++-common/asan/pointer-subtract-4.c   -O0  compilation failed to produce executable
FAIL: c-c++-common/asan/pointer-subtract-4.c   -O1  (test for excess errors)
UNRESOLVED: c-c++-common/asan/pointer-subtract-4.c   -O1  compilation failed to produce executable
FAIL: c-c++-common/asan/pointer-subtract-4.c   -O2  (test for excess errors)
UNRESOLVED: c-c++-common/asan/pointer-subtract-4.c   -O2  compilation failed to produce executable
FAIL: c-c++-common/asan/pointer-subtract-4.c   -O2 -flto  (test for excess errors)
UNRESOLVED: c-c++-common/asan/pointer-subtract-4.c   -O2 -flto  compilation failed to produce executable
FAIL: c-c++-common/asan/pointer-subtract-4.c   -O2 -flto -flto-partition=none  (test for excess errors)
UNRESOLVED: c-c++-common/asan/pointer-subtract-4.c   -O2 -flto -flto-partition=none  compilation failed to produce executable
FAIL: c-c++-common/asan/pointer-subtract-4.c   -O3 -g  (test for excess errors)
UNRESOLVED: c-c++-common/asan/pointer-subtract-4.c   -O3 -g  compilation failed to produce executable
FAIL: c-c++-common/asan/pointer-subtract-4.c   -Os  (test for excess errors)
UNRESOLVED: c-c++-common/asan/pointer-subtract-4.c   -Os  compilation failed to produce executable
FAIL: c-c++-common/asan/strncpy-overflow-1.c   -O0  execution test
FAIL: gcc.dg/asan/pr81923.c   -O0  (test for excess errors)
FAIL: gcc.dg/asan/pr81923.c   -O1  (test for excess errors)
FAIL: gcc.dg/asan/pr81923.c   -O2  (test for excess errors)
FAIL: gcc.dg/asan/pr81923.c   -O2 -flto  (test for excess errors)
FAIL: gcc.dg/asan/pr81923.c   -O2 -flto -flto-partition=none  (test for excess errors)
FAIL: gcc.dg/asan/pr81923.c   -O3 -g  (test for excess errors)
FAIL: gcc.dg/asan/pr81923.c   -Os  (test for excess errors)
FAIL: gcc.dg/debug/dwarf2/pr80263.c scan-assembler-not \\\\msizetype
FAIL: gcc.dg/debug/dwarf2/pr82718-1.c (internal compiler error)
FAIL: gcc.dg/debug/dwarf2/pr82718-1.c (test for excess errors)
FAIL: c-c++-common/Warray-bounds-2.c  -Wc++-compat   (test for warnings, line 177)
FAIL: c-c++-common/Warray-bounds-2.c  -Wc++-compat   (test for warnings, line 205)
FAIL: c-c++-common/Warray-bounds-2.c  -Wc++-compat  (test for excess errors)
FAIL: c-c++-common/Warray-bounds-2.c  -Wc++-compat  memcpy (test for warnings, line 30)
FAIL: c-c++-common/Warray-bounds-2.c  -Wc++-compat  memcpy (test for warnings, line 46)
FAIL: c-c++-common/Warray-bounds-2.c  -Wc++-compat  memcpy (test for warnings, line 71)
FAIL: c-c++-common/Warray-bounds-2.c  -Wc++-compat  strcat (test for warnings, line 85)
FAIL: c-c++-common/Warray-bounds-2.c  -Wc++-compat  strcpy (test for warnings, line 112)
FAIL: c-c++-common/Warray-bounds-2.c  -Wc++-compat  strncpy (test for warnings, line 142)
FAIL: c-c++-common/Warray-bounds-2.c  -Wc++-compat  strncpy (test for warnings, line 172)
FAIL: c-c++-common/Warray-bounds-2.c  -Wc++-compat  strncpy (test for warnings, line 186)
FAIL: c-c++-common/Warray-bounds-2.c  -Wc++-compat  strncpy (test for warnings, line 191)
FAIL: c-c++-common/Warray-bounds-2.c  -Wc++-compat  strncpy (test for warnings, line 200)
FAIL: c-c++-common/Wrestrict-2.c  -Wc++-compat  strcat (test for warnings, line 27)
FAIL: c-c++-common/Wrestrict-2.c  -Wc++-compat  strcpy (test for warnings, line 39)
FAIL: c-c++-common/Wrestrict-2.c  -Wc++-compat  strncat (test for warnings, line 51)
FAIL: c-c++-common/Wrestrict-2.c  -Wc++-compat  strncpy (test for warnings, line 63)
FAIL: gcc.dg/Wnonnull.c  (test for warnings, line 21)
FAIL: gcc.dg/Wnonnull.c  (test for warnings, line 24)
FAIL: gcc.dg/darwin-weakimport-3.c scan-assembler-not coalesced
FAIL: gcc.dg/memcmp-1.c (test for excess errors)
UNRESOLVED: gcc.dg/memcmp-1.c compilation failed to produce executable
FAIL: gcc.dg/pie-7.c (test for excess errors)
UNRESOLVED: gcc.dg/pie-7.c compilation failed to produce executable
FAIL: gcc.dg/pr57438-2.c scan-assembler nop\\\\nLFE.*
FAIL: gcc.dg/pubtypes-2.c scan-assembler long+[ \\t]+0x13b+[ \\t]+[#;]+[ \\t]+Pub Info Length
FAIL: gcc.dg/pubtypes-3.c scan-assembler long+[ \\t]+0x13b+[ \\t]+[#;]+[ \\t]+Pub Info Length
FAIL: gcc.dg/pubtypes-4.c scan-assembler long+[ \\t]+0x172+[ \\t]+[#;]+[ \\t]+Pub Info Length
FAIL: gcc.dg/stack-layout-dynamic-1.c (test for excess errors)
UNRESOLVED: gcc.dg/stack-layout-dynamic-1.c scan-assembler-not cfi_def_cfa_register
FAIL: gcc.dg/uninit-19.c  (test for warnings, line 24)
FAIL: gcc.dg/uninit-19.c (test for excess errors)
FAIL: gcc.dg/graphite/scop-19.c scan-tree-dump-times graphite "number of SCoPs: 0" 1
FAIL: gcc.dg/ipa/iinline-attr.c scan-ipa-dump inline "hooray[^\\\\n]*inline copy in test"
FAIL: gcc.dg/lto/pr83719 c_lto_pr83719_0.o assemble,  -flto -g -gsplit-dwarf  (internal compiler error)
FAIL: gcc.dg/lto/pr85248 c_lto_pr85248_0.o assemble,  -flto -O2 
UNRESOLVED: gcc.dg/lto/pr85248 c_lto_pr85248_0.o-c_lto_pr85248_1.o execute  -flto -O2 
UNRESOLVED: gcc.dg/lto/pr85248 c_lto_pr85248_0.o-c_lto_pr85248_1.o link  -flto -O2 
FAIL: gcc.dg/plugin/plugindir1.c (test for excess errors)
FAIL: gcc.dg/plugin/plugindir2.c (test for excess errors)
FAIL: gcc.dg/plugin/plugindir3.c (test for excess errors)
FAIL: gcc.dg/plugin/plugindir4.c (test for excess errors)
FAIL: gcc.dg/torture/builtin-self.c   -O0   scan-assembler-not \\tcall
FAIL: gcc.dg/torture/pr25967-1.c   -O0  execution test
FAIL: gcc.dg/torture/pr25967-1.c   -O1  execution test
FAIL: gcc.dg/torture/pr25967-1.c   -O2  execution test
FAIL: gcc.dg/torture/pr25967-1.c   -O2 -flto  execution test
FAIL: gcc.dg/torture/pr25967-1.c   -O2 -flto -flto-partition=none  execution test
FAIL: gcc.dg/torture/pr25967-1.c   -O3 -g  execution test
FAIL: gcc.dg/torture/pr25967-1.c   -Os  execution test
FAIL: gcc.dg/torture/pr25967-2.c   -O0  execution test
FAIL: gcc.dg/torture/pr25967-2.c   -O1  execution test
FAIL: gcc.dg/torture/pr25967-2.c   -O2  execution test
FAIL: gcc.dg/torture/pr25967-2.c   -O2 -flto  execution test
FAIL: gcc.dg/torture/pr25967-2.c   -O2 -flto -flto-partition=none  execution test
FAIL: gcc.dg/torture/pr25967-2.c   -O3 -g  execution test
FAIL: gcc.dg/torture/pr25967-2.c   -Os  execution test
FAIL: gcc.dg/torture/pr68264.c   -O0  execution test
FAIL: gcc.dg/torture/pr68264.c   -O1  execution test
FAIL: gcc.dg/torture/pr68264.c   -O2  execution test
FAIL: gcc.dg/torture/pr68264.c   -O2 -flto  execution test
FAIL: gcc.dg/torture/pr68264.c   -O2 -flto -flto-partition=none  execution test
FAIL: gcc.dg/torture/pr68264.c   -O3 -g  execution test
FAIL: gcc.dg/torture/pr68264.c   -Os  execution test
FAIL: gcc.dg/tree-prof/section-attr-1.c compilation,  -fprofile-generate -D_PROFILE_GENERATE
UNRESOLVED: gcc.dg/tree-prof/section-attr-1.c compilation,  -fprofile-use -D_PROFILE_USE
UNRESOLVED: gcc.dg/tree-prof/section-attr-1.c execution,    -fprofile-generate -D_PROFILE_GENERATE
UNRESOLVED: gcc.dg/tree-prof/section-attr-1.c execution,    -fprofile-use -D_PROFILE_USE
FAIL: gcc.dg/tree-prof/section-attr-2.c compilation,  -fprofile-generate -D_PROFILE_GENERATE
UNRESOLVED: gcc.dg/tree-prof/section-attr-2.c compilation,  -fprofile-use -D_PROFILE_USE
UNRESOLVED: gcc.dg/tree-prof/section-attr-2.c execution,    -fprofile-generate -D_PROFILE_GENERATE
UNRESOLVED: gcc.dg/tree-prof/section-attr-2.c execution,    -fprofile-use -D_PROFILE_USE
FAIL: gcc.dg/tree-prof/section-attr-3.c compilation,  -fprofile-generate -D_PROFILE_GENERATE
UNRESOLVED: gcc.dg/tree-prof/section-attr-3.c compilation,  -fprofile-use -D_PROFILE_USE
UNRESOLVED: gcc.dg/tree-prof/section-attr-3.c execution,    -fprofile-generate -D_PROFILE_GENERATE
UNRESOLVED: gcc.dg/tree-prof/section-attr-3.c execution,    -fprofile-use -D_PROFILE_USE
FAIL: gcc.target/i386/align-limit.c scan-assembler .p2align 6,,1
FAIL: gcc.target/i386/avx512bw-vpmovswb-1.c scan-assembler-times vpmovswb[ \\\\t]+[^{\\n]*%xmm[0-9]+[^\\n]*res1[^\\n]*{%k[1-7]}(?:\\n|[ \\\\t]+#) 1
FAIL: gcc.target/i386/avx512bw-vpmovswb-1.c scan-assembler-times vpmovswb[ \\\\t]+[^{\\n]*%ymm[0-9]+[^\\n]*res2[^\\n]*{%k[1-7]}(?:\\n|[ \\\\t]+#) 1
FAIL: gcc.target/i386/avx512bw-vpmovswb-1.c scan-assembler-times vpmovswb[ \\\\t]+[^{\\n]*%zmm[0-9]+[^\\n]*res3[^\\n]*{%k[1-7]}(?:\\n|[ \\\\t]+#) 1
FAIL: gcc.target/i386/avx512bw-vpmovuswb-1.c scan-assembler-times vpmovuswb[ \\\\t]+[^{\\n]*%xmm[0-9]+[^\\n]*res1[^\\n]*{%k[1-7]}(?:\\n|[ \\\\t]+#) 1
FAIL: gcc.target/i386/avx512bw-vpmovuswb-1.c scan-assembler-times vpmovuswb[ \\\\t]+[^{\\n]*%ymm[0-9]+[^\\n]*res2[^\\n]*{%k[1-7]}(?:\\n|[ \\\\t]+#) 1
FAIL: gcc.target/i386/avx512bw-vpmovuswb-1.c scan-assembler-times vpmovuswb[ \\\\t]+[^{\\n]*%zmm[0-9]+[^\\n]*res3[^\\n]*{%k[1-7]}(?:\\n|[ \\\\t]+#) 1
FAIL: gcc.target/i386/avx512bw-vpmovwb-1.c scan-assembler-times vpmovwb[ \\\\t]+[^{\\n]*%xmm[0-9]+[^\\n]*res1[^\\n]*{%k[1-7]}(?:\\n|[ \\\\t]+#) 1
FAIL: gcc.target/i386/avx512bw-vpmovwb-1.c scan-assembler-times vpmovwb[ \\\\t]+[^{\\n]*%ymm[0-9]+[^\\n]*res2[^\\n]*{%k[1-7]}(?:\\n|[ \\\\t]+#) 1
FAIL: gcc.target/i386/avx512bw-vpmovwb-1.c scan-assembler-times vpmovwb[ \\\\t]+[^{\\n]*%zmm[0-9]+[^\\n]*res3[^\\n]*{%k[1-7]}(?:\\n|[ \\\\t]+#) 1
FAIL: gcc.target/i386/cet-notrack-5a.c scan-assembler-not \\tcall[ \\t]+
FAIL: gcc.target/i386/cet-notrack-5b.c scan-assembler-times \\tcall[ \\t]+ 1
FAIL: gcc.target/i386/cet-notrack-6b.c scan-assembler-not \\tcall[ \\t]+
FAIL: gcc.target/i386/cet-notrack-icf-1.c scan-assembler set[ \\t]+fn2,fn1
FAIL: gcc.target/i386/cet-notrack-icf-1.c scan-assembler set[ \\t]+fn3,fn1
FAIL: gcc.target/i386/cet-notrack-icf-2.c scan-assembler set[ \\t]+fn2,fn1
FAIL: gcc.target/i386/cet-notrack-icf-3.c scan-assembler set[ \\t]+fn2,fn1
FAIL: gcc.target/i386/cet-notrack-icf-3.c scan-assembler set[ \\t]+fn3,fn1
FAIL: gcc.target/i386/cet-notrack-icf-4.c scan-assembler set[ \\t]+fn3,fn1
FAIL: gcc.target/i386/cet-sjlj-3.c scan-assembler-times call\\tlongjmp 1
FAIL: gcc.target/i386/cet-sjlj-5.c scan-assembler-times call\\tlongjmp 1
FAIL: gcc.target/i386/darwin-fpmath.c scan-assembler addsd
XPASS: gcc.target/i386/fuse-caller-save-rec.c scan-assembler-not pop
XPASS: gcc.target/i386/fuse-caller-save-rec.c scan-assembler-not push
XPASS: gcc.target/i386/fuse-caller-save-rec.c scan-assembler-times addl\\t%[re]?dx, %[re]?ax 1
XPASS: gcc.target/i386/fuse-caller-save-xmm.c scan-assembler-times addpd\\t%xmm1, %xmm0 1
FAIL: gcc.target/i386/fuse-caller-save-xmm.c scan-assembler-times addpd\\t\\\\.?LC0.*, %xmm0 1
XPASS: gcc.target/i386/fuse-caller-save.c scan-assembler-not pop
XPASS: gcc.target/i386/fuse-caller-save.c scan-assembler-not push
XPASS: gcc.target/i386/fuse-caller-save.c scan-assembler-times addl\\t%[re]?d[ix], %[re]?ax 1
FAIL: gcc.target/i386/iinline-attr-2.c scan-assembler p2align
FAIL: gcc.target/i386/memcpy-strategy-3.c scan-assembler-times memcpy 2
FAIL: gcc.target/i386/memset-strategy-1.c scan-assembler-times memset 2
FAIL: gcc.target/i386/pconfig-1.c scan-assembler-times pconfig 5
FAIL: gcc.target/i386/pr22076.c scan-assembler-times movq 3
FAIL: gcc.target/i386/pr24414.c (test for excess errors)
UNRESOLVED: gcc.target/i386/pr24414.c compilation failed to produce executable
FAIL: gcc.target/i386/pr32219-1.c scan-assembler movl[ \\t]xxx@GOTOFF\\\\(%[^,]*\\\\), %eax
FAIL: gcc.target/i386/pr32219-2.c scan-assembler movl[ \\t]xxx@GOT\\\\(%[^,]*\\\\), %
FAIL: gcc.target/i386/pr32219-3.c scan-assembler movl[ \\t]xxx@GOTOFF\\\\(%[^,]*\\\\), %eax
FAIL: gcc.target/i386/pr32219-4.c scan-assembler movl[ \\t]xxx@GOT\\\\(%[^,]*\\\\), %
FAIL: gcc.target/i386/pr32219-5.c scan-assembler movl[ \\t]xxx@GOTOFF\\\\(%[^,]*\\\\), %eax
FAIL: gcc.target/i386/pr32219-6.c scan-assembler movl[ \\t]xxx@GOT\\\\(%[^,]*\\\\), %
FAIL: gcc.target/i386/pr32219-7.c scan-assembler movl[ \\t]xxx@GOTOFF\\\\(%[^,]*\\\\), %eax
FAIL: gcc.target/i386/pr32219-8.c scan-assembler movl[ \\t]xxx@GOT\\\\(%[^,]*\\\\), %
FAIL: gcc.target/i386/pr39013-1.c scan-assembler bar@PLT
FAIL: gcc.target/i386/pr39013-1.c scan-assembler foo@PLT
FAIL: gcc.target/i386/pr39013-2.c scan-assembler bar@PLT
FAIL: gcc.target/i386/pr39013-2.c scan-assembler foo@PLT
FAIL: gcc.target/i386/pr59874-3.c scan-assembler popcntw
FAIL: gcc.target/i386/pr64317.c scan-assembler addl[ \\\\t]+[\$]_GLOBAL_OFFSET_TABLE_, %ebx
FAIL: gcc.target/i386/pr64317.c scan-assembler movl[ \\\\t]+c@GOTOFF[(]%ebx[)]
FAIL: gcc.target/i386/pr66334.c scan-assembler movl[ \\\\t].+, %ebx
FAIL: gcc.target/i386/pr66819-3.c scan-assembler-not call
FAIL: gcc.target/i386/pr66819-4.c scan-assembler-not call
FAIL: gcc.target/i386/pr67985-2.c scan-assembler call[ \\t]__mulsf3
FAIL: gcc.target/i386/pr70738-7.c scan-assembler call[ \\t]__mulsf3
FAIL: gcc.target/i386/pr71245-1.c scan-assembler-not (fistp|fild)
FAIL: gcc.target/i386/pr71245-2.c scan-assembler-not movlps
FAIL: gcc.target/i386/pr77881.c scan-assembler jne[ \\t].L
FAIL: gcc.target/i386/pr77881.c scan-assembler js[ \\t].L
FAIL: gcc.target/i386/pr78035.c scan-assembler-times cmp 2
FAIL: gcc.target/i386/pr81736-5.c scan-assembler-not %[re]bp
FAIL: gcc.target/i386/pr82659-3.c (test for excess errors)
UNRESOLVED: gcc.target/i386/pr82659-3.c scan-assembler-times \\\\mendbr 2
FAIL: gcc.target/i386/pr82662.c scan-assembler-times \\\\mset 12
FAIL: gcc.target/i386/pr84278.c scan-assembler-not \\\\(%.sp\\\\)
FAIL: gcc.target/i386/ret-thunk-22.c scan-assembler jmp[ \\t]*__x86_return_thunk_ecx
FAIL: gcc.target/i386/ret-thunk-22.c scan-assembler-times popl[\\\\t ]*%ecx 1
FAIL: gcc.target/i386/ret-thunk-23.c scan-assembler jmp[ \\t]*__x86_return_thunk_ecx
FAIL: gcc.target/i386/ret-thunk-23.c scan-assembler lea[l]?[\\\\t ]*4\\\\(%esp\\\\), %esp
FAIL: gcc.target/i386/ret-thunk-23.c scan-assembler-times popl[\\\\t ]*%ecx 1
FAIL: gcc.target/i386/ret-thunk-24.c scan-assembler-times popl[\\\\t ]*%ecx 1
FAIL: gcc.target/i386/ret-thunk-25.c scan-assembler jmp[ \\t]*__x86_return_thunk_bnd_ecx
FAIL: gcc.target/i386/ret-thunk-25.c scan-assembler-times popl[\\\\t ]*%ecx 1
FAIL: gcc.target/i386/ret-thunk-26.c (test for excess errors)
UNRESOLVED: gcc.target/i386/ret-thunk-26.c compilation failed to produce executable
FAIL: gcc.target/i386/stack-prot-sym.c scan-assembler gs:my_guard
FAIL: gcc.target/i386/wbinvd-1.c scan-assembler-times wbinvd 2
FAIL: gcc.target/i386/wbnoinvd-1.c scan-assembler-times wbnoinvd 2

		=== gcc Summary for unix/-m32 ===

# of expected passes		122257
# of unexpected failures	177
# of unexpected successes	7
# of expected failures		402
# of unresolved testcases	31
# of unsupported tests		4870

		=== gcc Summary ===

# of expected passes		246211
# of unexpected failures	335
# of unexpected successes	7
# of expected failures		794
# of unresolved testcases	67
# of unsupported tests		9613
/private/var/gcc/gcc-8.1.0/10.7-gcc/gcc/xgcc  version 8.1.0 (GCC) 

		=== gfortran tests ===


Running target unix

		=== gfortran Summary for unix ===

# of expected passes		47233
# of expected failures		93
# of unsupported tests		92

Running target unix/-m32

		=== gfortran Summary for unix/-m32 ===

# of expected passes		47016
# of expected failures		93
# of unsupported tests		195

		=== gfortran Summary ===

# of expected passes		94249
# of expected failures		186
# of unsupported tests		287
/private/var/gcc/gcc-8.1.0/10.7-gcc/gcc/gfortran  version 8.1.0 (GCC) 

		=== gnat tests ===


Running target unix

		=== gnat Summary for unix ===

# of expected passes		2695
# of expected failures		23
# of unsupported tests		7

Running target unix/-m32

		=== gnat Summary for unix/-m32 ===

# of expected passes		2695
# of expected failures		23
# of unsupported tests		7

		=== gnat Summary ===

# of expected passes		5390
# of expected failures		46
# of unsupported tests		14
/private/var/gcc/gcc-8.1.0/10.7-gcc/gcc/gnatmake version 8.1.0

		=== obj-c++ tests ===


Running target unix
FAIL: obj-c++.dg/bitfield-2.mm -fnext-runtime execution test
FAIL: obj-c++.dg/plugin/diagnostic-test-expressions-1.mm -fplugin=./diagnostic_plugin_test_tree_expression_range.so  (test for warnings, line 60)
FAIL: obj-c++.dg/plugin/diagnostic-test-expressions-1.mm -fplugin=./diagnostic_plugin_test_tree_expression_range.so  (test for warnings, line 68)
FAIL: obj-c++.dg/plugin/diagnostic-test-expressions-1.mm -fplugin=./diagnostic_plugin_test_tree_expression_range.so  expected multiline pattern lines 62-63 not found: "   __emit_expression_range \\( 0, @selector\\(func0\\) \\);.*\\n                                \\^~~~~~~~~~~~~~~~\\n"
FAIL: obj-c++.dg/plugin/diagnostic-test-expressions-1.mm -fplugin=./diagnostic_plugin_test_tree_expression_range.so  expected multiline pattern lines 70-71 not found: "   __emit_expression_range \\( 0, @protocol\\(prot\\) \\);.*\\n                                \\^~~~~~~~~~~~~~~\\n"
FAIL: obj-c++.dg/plugin/diagnostic-test-expressions-1.mm -fplugin=./diagnostic_plugin_test_tree_expression_range.so (test for excess errors)
FAIL: obj-c++.dg/property/synthesize-10.mm -fnext-runtime execution test

		=== obj-c++ Summary for unix ===

# of expected passes		3077
# of unexpected failures	7
# of expected failures		19
# of unsupported tests		68

Running target unix/-m32
FAIL: obj-c++.dg/cxx-ivars-3.mm -fnext-runtime execution test
FAIL: obj-c++.dg/stubify-1.mm -fnext-runtime (test for excess errors)
FAIL: obj-c++.dg/stubify-2.mm -fnext-runtime (test for excess errors)
FAIL: obj-c++.dg/stubify-2.mm -fnext-runtime  scan-rtl-dump-not jump "symbol_ref.*"objc_msgSend""
FAIL: obj-c++.dg/try-catch-1.mm -fnext-runtime (test for excess errors)
FAIL: obj-c++.dg/try-catch-3.mm -fnext-runtime (test for excess errors)
FAIL: obj-c++.dg/plugin/diagnostic-test-expressions-1.mm -fplugin=./diagnostic_plugin_test_tree_expression_range.so  (test for warnings, line 60)
FAIL: obj-c++.dg/plugin/diagnostic-test-expressions-1.mm -fplugin=./diagnostic_plugin_test_tree_expression_range.so  expected multiline pattern lines 62-63 not found: "   __emit_expression_range \\( 0, @selector\\(func0\\) \\);.*\\n                                \\^~~~~~~~~~~~~~~~\\n"
FAIL: obj-c++.dg/plugin/diagnostic-test-expressions-1.mm -fplugin=./diagnostic_plugin_test_tree_expression_range.so (test for excess errors)

		=== obj-c++ Summary for unix/-m32 ===

# of expected passes		3134
# of unexpected failures	9
# of expected failures		2
# of unsupported tests		62

		=== obj-c++ Summary ===

# of expected passes		6211
# of unexpected failures	16
# of expected failures		21
# of unsupported tests		130
/private/var/gcc/gcc-8.1.0/10.7-gcc/gcc/xg++  version 8.1.0 (GCC) 

		=== objc tests ===


Running target unix
FAIL: objc.dg/pr23214.m -fnext-runtime (test for excess errors)
UNRESOLVED: objc.dg/pr23214.m -fnext-runtime compilation failed to produce executable
FAIL: objc.dg/plugin/diagnostic-test-expressions-1.m -fplugin=./diagnostic_plugin_test_tree_expression_range.so  (test for warnings, line 60)
FAIL: objc.dg/plugin/diagnostic-test-expressions-1.m -fplugin=./diagnostic_plugin_test_tree_expression_range.so  (test for warnings, line 68)
FAIL: objc.dg/plugin/diagnostic-test-expressions-1.m -fplugin=./diagnostic_plugin_test_tree_expression_range.so  expected multiline pattern lines 62-63 not found: "   __emit_expression_range \\( 0, @selector\\(func0\\) \\);.*\\n                                \\^~~~~~~~~~~~~~~~\\n"
FAIL: objc.dg/plugin/diagnostic-test-expressions-1.m -fplugin=./diagnostic_plugin_test_tree_expression_range.so  expected multiline pattern lines 70-71 not found: "   __emit_expression_range \\( 0, @protocol\\(prot\\) \\);.*\\n                                ~~~~~~~~~~~~~~~\\n"
FAIL: objc.dg/plugin/diagnostic-test-expressions-1.m -fplugin=./diagnostic_plugin_test_tree_expression_range.so (test for excess errors)

		=== objc Summary for unix ===

# of expected passes		5633
# of unexpected failures	6
# of expected failures		12
# of unresolved testcases	1
# of unsupported tests		85

Running target unix/-m32
FAIL: objc.dg/ivar-scope-4.m -fnext-runtime execution test
FAIL: objc.dg/plugin/diagnostic-test-expressions-1.m -fplugin=./diagnostic_plugin_test_tree_expression_range.so  (test for warnings, line 60)
FAIL: objc.dg/plugin/diagnostic-test-expressions-1.m -fplugin=./diagnostic_plugin_test_tree_expression_range.so  expected multiline pattern lines 62-63 not found: "   __emit_expression_range \\( 0, @selector\\(func0\\) \\);.*\\n                                \\^~~~~~~~~~~~~~~~\\n"
FAIL: objc.dg/plugin/diagnostic-test-expressions-1.m -fplugin=./diagnostic_plugin_test_tree_expression_range.so (test for excess errors)

		=== objc Summary for unix/-m32 ===

# of expected passes		5682
# of unexpected failures	4
# of expected failures		6
# of unsupported tests		79

		=== objc Summary ===

# of expected passes		11315
# of unexpected failures	10
# of expected failures		18
# of unresolved testcases	1
# of unsupported tests		164
/private/var/gcc/gcc-8.1.0/10.7-gcc/gcc/xgcc  version 8.1.0 (GCC) 

		=== libatomic tests ===


Running target unix

		=== libatomic Summary for unix ===

# of expected passes		54

Running target unix/-m32

		=== libatomic Summary for unix/-m32 ===

# of expected passes		44
# of unsupported tests		5

		=== libatomic Summary ===

# of expected passes		98
# of unsupported tests		5
		=== libgomp tests ===


Running target unix
FAIL: libgomp.c/pr46032-2.c (test for excess errors)
UNRESOLVED: libgomp.c/pr46032-2.c compilation failed to produce executable
FAIL: libgomp.c/pr46032.c (test for excess errors)
UNRESOLVED: libgomp.c/pr46032.c compilation failed to produce executable

		=== libgomp Summary for unix ===

# of expected passes		5432
# of unexpected failures	2
# of expected failures		1
# of unresolved testcases	2
# of unsupported tests		364

Running target unix/-m32

		=== libgomp Summary for unix/-m32 ===

# of expected passes		5436
# of expected failures		1
# of unsupported tests		364

		=== libgomp Summary ===

# of expected passes		10868
# of unexpected failures	2
# of expected failures		2
# of unresolved testcases	2
# of unsupported tests		728
		=== libitm tests ===


Running target unix

		=== libitm Summary for unix ===

# of expected passes		40
# of expected failures		3
# of unsupported tests		2

Running target unix/-m32

		=== libitm Summary for unix/-m32 ===

# of expected passes		40
# of expected failures		3
# of unsupported tests		2

		=== libitm Summary ===

# of expected passes		80
# of expected failures		6
# of unsupported tests		4
		=== libstdc++ tests ===


Running target unix
FAIL: 17_intro/headers/c++1998/all_attributes.cc (test for excess errors)
FAIL: 17_intro/headers/c++2011/all_attributes.cc (test for excess errors)
FAIL: 17_intro/headers/c++2014/all_attributes.cc (test for excess errors)
FAIL: 27_io/basic_filebuf/open/char/2.cc execution test
FAIL: 27_io/filesystem/operations/last_write_time.cc execution test
FAIL: 30_threads/thread/native_handle/typesizes.cc execution test
FAIL: experimental/filesystem/operations/last_write_time.cc execution test
FAIL: ext/stdio_filebuf/char/10063-2.cc execution test
FAIL: ext/stdio_filebuf/char/81751.cc execution test
FAIL: libstdc++-prettyprinters/whatis.cc whatis assoc1_holder
FAIL: libstdc++-prettyprinters/whatis.cc whatis assoc1_holder
FAIL: libstdc++-prettyprinters/whatis.cc whatis assoc2_holder
FAIL: libstdc++-prettyprinters/whatis.cc whatis assoc2_holder
FAIL: libstdc++-prettyprinters/whatis.cc whatis cmatch_holder
FAIL: libstdc++-prettyprinters/whatis.cc whatis cmatch_holder
FAIL: libstdc++-prettyprinters/whatis.cc whatis cregex_iterator_holder
FAIL: libstdc++-prettyprinters/whatis.cc whatis cregex_iterator_holder
FAIL: libstdc++-prettyprinters/whatis.cc whatis cregex_token_iterator_holder
FAIL: libstdc++-prettyprinters/whatis.cc whatis cregex_token_iterator_holder
FAIL: libstdc++-prettyprinters/whatis.cc whatis csub_match_holder
FAIL: libstdc++-prettyprinters/whatis.cc whatis csub_match_holder
FAIL: libstdc++-prettyprinters/whatis.cc whatis filebuf_holder
FAIL: libstdc++-prettyprinters/whatis.cc whatis filebuf_holder
FAIL: libstdc++-prettyprinters/whatis.cc whatis fstream_holder
FAIL: libstdc++-prettyprinters/whatis.cc whatis fstream_holder
FAIL: libstdc++-prettyprinters/whatis.cc whatis ifstream_holder
FAIL: libstdc++-prettyprinters/whatis.cc whatis ifstream_holder
FAIL: libstdc++-prettyprinters/whatis.cc whatis ios_holder
FAIL: libstdc++-prettyprinters/whatis.cc whatis ios_holder
FAIL: libstdc++-prettyprinters/whatis.cc whatis iostream_holder
FAIL: libstdc++-prettyprinters/whatis.cc whatis iostream_holder
FAIL: libstdc++-prettyprinters/whatis.cc whatis istream_holder
FAIL: libstdc++-prettyprinters/whatis.cc whatis istream_holder
FAIL: libstdc++-prettyprinters/whatis.cc whatis istringstream_holder
FAIL: libstdc++-prettyprinters/whatis.cc whatis istringstream_holder
FAIL: libstdc++-prettyprinters/whatis.cc whatis knuth_b_holder
FAIL: libstdc++-prettyprinters/whatis.cc whatis knuth_b_holder
FAIL: libstdc++-prettyprinters/whatis.cc whatis minstd_rand0_holder
FAIL: libstdc++-prettyprinters/whatis.cc whatis minstd_rand0_holder
FAIL: libstdc++-prettyprinters/whatis.cc whatis minstd_rand_holder
FAIL: libstdc++-prettyprinters/whatis.cc whatis minstd_rand_holder
FAIL: libstdc++-prettyprinters/whatis.cc whatis mt19937_64_holder
FAIL: libstdc++-prettyprinters/whatis.cc whatis mt19937_64_holder
FAIL: libstdc++-prettyprinters/whatis.cc whatis mt19937_holder
FAIL: libstdc++-prettyprinters/whatis.cc whatis mt19937_holder
FAIL: libstdc++-prettyprinters/whatis.cc whatis ofstream_holder
FAIL: libstdc++-prettyprinters/whatis.cc whatis ofstream_holder
FAIL: libstdc++-prettyprinters/whatis.cc whatis ostream_holder
FAIL: libstdc++-prettyprinters/whatis.cc whatis ostream_holder
FAIL: libstdc++-prettyprinters/whatis.cc whatis ostringstream_holder
FAIL: libstdc++-prettyprinters/whatis.cc whatis ostringstream_holder
FAIL: libstdc++-prettyprinters/whatis.cc whatis ranlux24_base_holder
FAIL: libstdc++-prettyprinters/whatis.cc whatis ranlux24_base_holder
FAIL: libstdc++-prettyprinters/whatis.cc whatis ranlux24_holder
FAIL: libstdc++-prettyprinters/whatis.cc whatis ranlux24_holder
FAIL: libstdc++-prettyprinters/whatis.cc whatis ranlux48_base_holder
FAIL: libstdc++-prettyprinters/whatis.cc whatis ranlux48_base_holder
FAIL: libstdc++-prettyprinters/whatis.cc whatis ranlux48_holder
FAIL: libstdc++-prettyprinters/whatis.cc whatis ranlux48_holder
FAIL: libstdc++-prettyprinters/whatis.cc whatis regex_holder
FAIL: libstdc++-prettyprinters/whatis.cc whatis regex_holder
FAIL: libstdc++-prettyprinters/whatis.cc whatis seq1_holder
FAIL: libstdc++-prettyprinters/whatis.cc whatis seq1_holder
FAIL: libstdc++-prettyprinters/whatis.cc whatis seq2_holder
FAIL: libstdc++-prettyprinters/whatis.cc whatis seq2_holder
FAIL: libstdc++-prettyprinters/whatis.cc whatis smatch_holder
FAIL: libstdc++-prettyprinters/whatis.cc whatis smatch_holder
FAIL: libstdc++-prettyprinters/whatis.cc whatis sregex_iterator_holder
FAIL: libstdc++-prettyprinters/whatis.cc whatis sregex_iterator_holder
FAIL: libstdc++-prettyprinters/whatis.cc whatis sregex_token_iterator_holder
FAIL: libstdc++-prettyprinters/whatis.cc whatis sregex_token_iterator_holder
FAIL: libstdc++-prettyprinters/whatis.cc whatis ssub_match_holder
FAIL: libstdc++-prettyprinters/whatis.cc whatis ssub_match_holder
FAIL: libstdc++-prettyprinters/whatis.cc whatis streambuf_holder
FAIL: libstdc++-prettyprinters/whatis.cc whatis streambuf_holder
FAIL: libstdc++-prettyprinters/whatis.cc whatis streampos_holder
FAIL: libstdc++-prettyprinters/whatis.cc whatis streampos_holder
FAIL: libstdc++-prettyprinters/whatis.cc whatis string_holder
FAIL: libstdc++-prettyprinters/whatis.cc whatis string_holder
FAIL: libstdc++-prettyprinters/whatis.cc whatis stringbuf_holder
FAIL: libstdc++-prettyprinters/whatis.cc whatis stringbuf_holder
FAIL: libstdc++-prettyprinters/whatis.cc whatis stringstream_holder
FAIL: libstdc++-prettyprinters/whatis.cc whatis stringstream_holder
FAIL: libstdc++-prettyprinters/whatis.cc whatis u16string_holder
FAIL: libstdc++-prettyprinters/whatis.cc whatis u16string_holder
FAIL: libstdc++-prettyprinters/whatis.cc whatis u32string_holder
FAIL: libstdc++-prettyprinters/whatis.cc whatis u32string_holder
FAIL: libstdc++-prettyprinters/whatis.cc whatis unord1_holder
FAIL: libstdc++-prettyprinters/whatis.cc whatis unord1_holder
FAIL: libstdc++-prettyprinters/whatis.cc whatis unord2_holder
FAIL: libstdc++-prettyprinters/whatis.cc whatis unord2_holder
FAIL: libstdc++-prettyprinters/whatis2.cc whatis assoc1_holder
FAIL: libstdc++-prettyprinters/whatis2.cc whatis assoc1_holder
FAIL: libstdc++-prettyprinters/whatis2.cc whatis assoc2_holder
FAIL: libstdc++-prettyprinters/whatis2.cc whatis assoc2_holder
FAIL: libstdc++-prettyprinters/whatis2.cc whatis cmatch_holder
FAIL: libstdc++-prettyprinters/whatis2.cc whatis cmatch_holder
FAIL: libstdc++-prettyprinters/whatis2.cc whatis cregex_iterator_holder
FAIL: libstdc++-prettyprinters/whatis2.cc whatis cregex_iterator_holder
FAIL: libstdc++-prettyprinters/whatis2.cc whatis cregex_token_iterator_holder
FAIL: libstdc++-prettyprinters/whatis2.cc whatis cregex_token_iterator_holder
FAIL: libstdc++-prettyprinters/whatis2.cc whatis csub_match_holder
FAIL: libstdc++-prettyprinters/whatis2.cc whatis csub_match_holder
FAIL: libstdc++-prettyprinters/whatis2.cc whatis filebuf_holder
FAIL: libstdc++-prettyprinters/whatis2.cc whatis filebuf_holder
FAIL: libstdc++-prettyprinters/whatis2.cc whatis fstream_holder
FAIL: libstdc++-prettyprinters/whatis2.cc whatis fstream_holder
FAIL: libstdc++-prettyprinters/whatis2.cc whatis ifstream_holder
FAIL: libstdc++-prettyprinters/whatis2.cc whatis ifstream_holder
FAIL: libstdc++-prettyprinters/whatis2.cc whatis ios_holder
FAIL: libstdc++-prettyprinters/whatis2.cc whatis ios_holder
FAIL: libstdc++-prettyprinters/whatis2.cc whatis iostream_holder
FAIL: libstdc++-prettyprinters/whatis2.cc whatis iostream_holder
FAIL: libstdc++-prettyprinters/whatis2.cc whatis istream_holder
FAIL: libstdc++-prettyprinters/whatis2.cc whatis istream_holder
FAIL: libstdc++-prettyprinters/whatis2.cc whatis istringstream_holder
FAIL: libstdc++-prettyprinters/whatis2.cc whatis istringstream_holder
FAIL: libstdc++-prettyprinters/whatis2.cc whatis knuth_b_holder
FAIL: libstdc++-prettyprinters/whatis2.cc whatis knuth_b_holder
FAIL: libstdc++-prettyprinters/whatis2.cc whatis minstd_rand0_holder
FAIL: libstdc++-prettyprinters/whatis2.cc whatis minstd_rand0_holder
FAIL: libstdc++-prettyprinters/whatis2.cc whatis minstd_rand_holder
FAIL: libstdc++-prettyprinters/whatis2.cc whatis minstd_rand_holder
FAIL: libstdc++-prettyprinters/whatis2.cc whatis mt19937_64_holder
FAIL: libstdc++-prettyprinters/whatis2.cc whatis mt19937_64_holder
FAIL: libstdc++-prettyprinters/whatis2.cc whatis mt19937_holder
FAIL: libstdc++-prettyprinters/whatis2.cc whatis mt19937_holder
FAIL: libstdc++-prettyprinters/whatis2.cc whatis ofstream_holder
FAIL: libstdc++-prettyprinters/whatis2.cc whatis ofstream_holder
FAIL: libstdc++-prettyprinters/whatis2.cc whatis ostream_holder
FAIL: libstdc++-prettyprinters/whatis2.cc whatis ostream_holder
FAIL: libstdc++-prettyprinters/whatis2.cc whatis ostringstream_holder
FAIL: libstdc++-prettyprinters/whatis2.cc whatis ostringstream_holder
FAIL: libstdc++-prettyprinters/whatis2.cc whatis ranlux24_base_holder
FAIL: libstdc++-prettyprinters/whatis2.cc whatis ranlux24_base_holder
FAIL: libstdc++-prettyprinters/whatis2.cc whatis ranlux24_holder
FAIL: libstdc++-prettyprinters/whatis2.cc whatis ranlux24_holder
FAIL: libstdc++-prettyprinters/whatis2.cc whatis ranlux48_base_holder
FAIL: libstdc++-prettyprinters/whatis2.cc whatis ranlux48_base_holder
FAIL: libstdc++-prettyprinters/whatis2.cc whatis ranlux48_holder
FAIL: libstdc++-prettyprinters/whatis2.cc whatis ranlux48_holder
FAIL: libstdc++-prettyprinters/whatis2.cc whatis regex_holder
FAIL: libstdc++-prettyprinters/whatis2.cc whatis regex_holder
FAIL: libstdc++-prettyprinters/whatis2.cc whatis seq1_holder
FAIL: libstdc++-prettyprinters/whatis2.cc whatis seq1_holder
FAIL: libstdc++-prettyprinters/whatis2.cc whatis seq2_holder
FAIL: libstdc++-prettyprinters/whatis2.cc whatis seq2_holder
FAIL: libstdc++-prettyprinters/whatis2.cc whatis smatch_holder
FAIL: libstdc++-prettyprinters/whatis2.cc whatis smatch_holder
FAIL: libstdc++-prettyprinters/whatis2.cc whatis sregex_iterator_holder
FAIL: libstdc++-prettyprinters/whatis2.cc whatis sregex_iterator_holder
FAIL: libstdc++-prettyprinters/whatis2.cc whatis sregex_token_iterator_holder
FAIL: libstdc++-prettyprinters/whatis2.cc whatis sregex_token_iterator_holder
FAIL: libstdc++-prettyprinters/whatis2.cc whatis ssub_match_holder
FAIL: libstdc++-prettyprinters/whatis2.cc whatis ssub_match_holder
FAIL: libstdc++-prettyprinters/whatis2.cc whatis streambuf_holder
FAIL: libstdc++-prettyprinters/whatis2.cc whatis streambuf_holder
FAIL: libstdc++-prettyprinters/whatis2.cc whatis streampos_holder
FAIL: libstdc++-prettyprinters/whatis2.cc whatis streampos_holder
FAIL: libstdc++-prettyprinters/whatis2.cc whatis string_holder
FAIL: libstdc++-prettyprinters/whatis2.cc whatis string_holder
FAIL: libstdc++-prettyprinters/whatis2.cc whatis stringbuf_holder
FAIL: libstdc++-prettyprinters/whatis2.cc whatis stringbuf_holder
FAIL: libstdc++-prettyprinters/whatis2.cc whatis stringstream_holder
FAIL: libstdc++-prettyprinters/whatis2.cc whatis stringstream_holder
FAIL: libstdc++-prettyprinters/whatis2.cc whatis u16string_holder
FAIL: libstdc++-prettyprinters/whatis2.cc whatis u16string_holder
FAIL: libstdc++-prettyprinters/whatis2.cc whatis u32string_holder
FAIL: libstdc++-prettyprinters/whatis2.cc whatis u32string_holder
FAIL: libstdc++-prettyprinters/whatis2.cc whatis unord1_holder
FAIL: libstdc++-prettyprinters/whatis2.cc whatis unord1_holder
FAIL: libstdc++-prettyprinters/whatis2.cc whatis unord2_holder
FAIL: libstdc++-prettyprinters/whatis2.cc whatis unord2_holder

		=== libstdc++ Summary for unix ===

# of expected passes		11249
# of unexpected failures	173
# of expected failures		71
# of unsupported tests		696

Running target unix/-m32
FAIL: 17_intro/headers/c++1998/all_attributes.cc (test for excess errors)
FAIL: 17_intro/headers/c++2011/all_attributes.cc (test for excess errors)
FAIL: 17_intro/headers/c++2014/all_attributes.cc (test for excess errors)
FAIL: 27_io/basic_filebuf/open/char/2.cc execution test
FAIL: 27_io/basic_stringbuf/overflow/wchar_t/26250.cc (test for excess errors)
FAIL: 30_threads/thread/native_handle/typesizes.cc execution test
FAIL: ext/stdio_filebuf/char/10063-2.cc execution test
FAIL: ext/stdio_filebuf/char/81751.cc execution test
WARNING: program timed out
FAIL: libstdc++-prettyprinters/whatis.cc whatis assoc1_holder
FAIL: libstdc++-prettyprinters/whatis.cc whatis assoc1_holder
FAIL: libstdc++-prettyprinters/whatis.cc whatis assoc2_holder
FAIL: libstdc++-prettyprinters/whatis.cc whatis assoc2_holder
FAIL: libstdc++-prettyprinters/whatis.cc whatis cmatch_holder
FAIL: libstdc++-prettyprinters/whatis.cc whatis cmatch_holder
FAIL: libstdc++-prettyprinters/whatis.cc whatis cregex_iterator_holder
FAIL: libstdc++-prettyprinters/whatis.cc whatis cregex_iterator_holder
FAIL: libstdc++-prettyprinters/whatis.cc whatis cregex_token_iterator_holder
FAIL: libstdc++-prettyprinters/whatis.cc whatis cregex_token_iterator_holder
FAIL: libstdc++-prettyprinters/whatis.cc whatis csub_match_holder
FAIL: libstdc++-prettyprinters/whatis.cc whatis csub_match_holder
FAIL: libstdc++-prettyprinters/whatis.cc whatis filebuf_holder
FAIL: libstdc++-prettyprinters/whatis.cc whatis filebuf_holder
FAIL: libstdc++-prettyprinters/whatis.cc whatis fstream_holder
FAIL: libstdc++-prettyprinters/whatis.cc whatis fstream_holder
FAIL: libstdc++-prettyprinters/whatis.cc whatis ifstream_holder
FAIL: libstdc++-prettyprinters/whatis.cc whatis ifstream_holder
FAIL: libstdc++-prettyprinters/whatis.cc whatis ios_holder
FAIL: libstdc++-prettyprinters/whatis.cc whatis ios_holder
FAIL: libstdc++-prettyprinters/whatis.cc whatis iostream_holder
FAIL: libstdc++-prettyprinters/whatis.cc whatis iostream_holder
FAIL: libstdc++-prettyprinters/whatis.cc whatis istream_holder
FAIL: libstdc++-prettyprinters/whatis.cc whatis istream_holder
FAIL: libstdc++-prettyprinters/whatis.cc whatis istringstream_holder
FAIL: libstdc++-prettyprinters/whatis.cc whatis istringstream_holder
FAIL: libstdc++-prettyprinters/whatis.cc whatis knuth_b_holder
FAIL: libstdc++-prettyprinters/whatis.cc whatis knuth_b_holder
FAIL: libstdc++-prettyprinters/whatis.cc whatis minstd_rand0_holder
FAIL: libstdc++-prettyprinters/whatis.cc whatis minstd_rand0_holder
FAIL: libstdc++-prettyprinters/whatis.cc whatis minstd_rand_holder
FAIL: libstdc++-prettyprinters/whatis.cc whatis minstd_rand_holder
FAIL: libstdc++-prettyprinters/whatis.cc whatis mt19937_64_holder
FAIL: libstdc++-prettyprinters/whatis.cc whatis mt19937_64_holder
FAIL: libstdc++-prettyprinters/whatis.cc whatis mt19937_holder
FAIL: libstdc++-prettyprinters/whatis.cc whatis mt19937_holder
FAIL: libstdc++-prettyprinters/whatis.cc whatis ofstream_holder
FAIL: libstdc++-prettyprinters/whatis.cc whatis ofstream_holder
FAIL: libstdc++-prettyprinters/whatis.cc whatis ostream_holder
FAIL: libstdc++-prettyprinters/whatis.cc whatis ostream_holder
FAIL: libstdc++-prettyprinters/whatis.cc whatis ostringstream_holder
FAIL: libstdc++-prettyprinters/whatis.cc whatis ostringstream_holder
FAIL: libstdc++-prettyprinters/whatis.cc whatis ranlux24_base_holder
FAIL: libstdc++-prettyprinters/whatis.cc whatis ranlux24_base_holder
FAIL: libstdc++-prettyprinters/whatis.cc whatis ranlux24_holder
FAIL: libstdc++-prettyprinters/whatis.cc whatis ranlux24_holder
FAIL: libstdc++-prettyprinters/whatis.cc whatis ranlux48_base_holder
FAIL: libstdc++-prettyprinters/whatis.cc whatis ranlux48_base_holder
FAIL: libstdc++-prettyprinters/whatis.cc whatis ranlux48_holder
FAIL: libstdc++-prettyprinters/whatis.cc whatis ranlux48_holder
FAIL: libstdc++-prettyprinters/whatis.cc whatis regex_holder
FAIL: libstdc++-prettyprinters/whatis.cc whatis regex_holder
FAIL: libstdc++-prettyprinters/whatis.cc whatis seq1_holder
FAIL: libstdc++-prettyprinters/whatis.cc whatis seq1_holder
FAIL: libstdc++-prettyprinters/whatis.cc whatis seq2_holder
FAIL: libstdc++-prettyprinters/whatis.cc whatis seq2_holder
FAIL: libstdc++-prettyprinters/whatis.cc whatis smatch_holder
FAIL: libstdc++-prettyprinters/whatis.cc whatis smatch_holder
FAIL: libstdc++-prettyprinters/whatis.cc whatis sregex_iterator_holder
FAIL: libstdc++-prettyprinters/whatis.cc whatis sregex_iterator_holder
FAIL: libstdc++-prettyprinters/whatis.cc whatis sregex_token_iterator_holder
FAIL: libstdc++-prettyprinters/whatis.cc whatis sregex_token_iterator_holder
FAIL: libstdc++-prettyprinters/whatis.cc whatis ssub_match_holder
FAIL: libstdc++-prettyprinters/whatis.cc whatis ssub_match_holder
FAIL: libstdc++-prettyprinters/whatis.cc whatis streambuf_holder
FAIL: libstdc++-prettyprinters/whatis.cc whatis streambuf_holder
FAIL: libstdc++-prettyprinters/whatis.cc whatis streampos_holder
FAIL: libstdc++-prettyprinters/whatis.cc whatis streampos_holder
FAIL: libstdc++-prettyprinters/whatis.cc whatis string_holder
FAIL: libstdc++-prettyprinters/whatis.cc whatis string_holder
FAIL: libstdc++-prettyprinters/whatis.cc whatis stringbuf_holder
FAIL: libstdc++-prettyprinters/whatis.cc whatis stringbuf_holder
FAIL: libstdc++-prettyprinters/whatis.cc whatis stringstream_holder
FAIL: libstdc++-prettyprinters/whatis.cc whatis stringstream_holder
FAIL: libstdc++-prettyprinters/whatis.cc whatis u16string_holder
FAIL: libstdc++-prettyprinters/whatis.cc whatis u16string_holder
FAIL: libstdc++-prettyprinters/whatis.cc whatis u32string_holder
FAIL: libstdc++-prettyprinters/whatis.cc whatis u32string_holder
FAIL: libstdc++-prettyprinters/whatis.cc whatis unord1_holder
FAIL: libstdc++-prettyprinters/whatis.cc whatis unord1_holder
FAIL: libstdc++-prettyprinters/whatis.cc whatis unord2_holder
FAIL: libstdc++-prettyprinters/whatis.cc whatis unord2_holder
FAIL: libstdc++-prettyprinters/whatis2.cc whatis assoc1_holder
FAIL: libstdc++-prettyprinters/whatis2.cc whatis assoc1_holder
FAIL: libstdc++-prettyprinters/whatis2.cc whatis assoc2_holder
FAIL: libstdc++-prettyprinters/whatis2.cc whatis assoc2_holder
FAIL: libstdc++-prettyprinters/whatis2.cc whatis cmatch_holder
FAIL: libstdc++-prettyprinters/whatis2.cc whatis cmatch_holder
FAIL: libstdc++-prettyprinters/whatis2.cc whatis cregex_iterator_holder
FAIL: libstdc++-prettyprinters/whatis2.cc whatis cregex_iterator_holder
FAIL: libstdc++-prettyprinters/whatis2.cc whatis cregex_token_iterator_holder
FAIL: libstdc++-prettyprinters/whatis2.cc whatis cregex_token_iterator_holder
FAIL: libstdc++-prettyprinters/whatis2.cc whatis csub_match_holder
FAIL: libstdc++-prettyprinters/whatis2.cc whatis csub_match_holder
FAIL: libstdc++-prettyprinters/whatis2.cc whatis filebuf_holder
FAIL: libstdc++-prettyprinters/whatis2.cc whatis filebuf_holder
FAIL: libstdc++-prettyprinters/whatis2.cc whatis fstream_holder
FAIL: libstdc++-prettyprinters/whatis2.cc whatis fstream_holder
FAIL: libstdc++-prettyprinters/whatis2.cc whatis ifstream_holder
FAIL: libstdc++-prettyprinters/whatis2.cc whatis ifstream_holder
FAIL: libstdc++-prettyprinters/whatis2.cc whatis ios_holder
FAIL: libstdc++-prettyprinters/whatis2.cc whatis ios_holder
FAIL: libstdc++-prettyprinters/whatis2.cc whatis iostream_holder
FAIL: libstdc++-prettyprinters/whatis2.cc whatis iostream_holder
FAIL: libstdc++-prettyprinters/whatis2.cc whatis istream_holder
FAIL: libstdc++-prettyprinters/whatis2.cc whatis istream_holder
FAIL: libstdc++-prettyprinters/whatis2.cc whatis istringstream_holder
FAIL: libstdc++-prettyprinters/whatis2.cc whatis istringstream_holder
FAIL: libstdc++-prettyprinters/whatis2.cc whatis knuth_b_holder
FAIL: libstdc++-prettyprinters/whatis2.cc whatis knuth_b_holder
FAIL: libstdc++-prettyprinters/whatis2.cc whatis minstd_rand0_holder
FAIL: libstdc++-prettyprinters/whatis2.cc whatis minstd_rand0_holder
FAIL: libstdc++-prettyprinters/whatis2.cc whatis minstd_rand_holder
FAIL: libstdc++-prettyprinters/whatis2.cc whatis minstd_rand_holder
FAIL: libstdc++-prettyprinters/whatis2.cc whatis mt19937_64_holder
FAIL: libstdc++-prettyprinters/whatis2.cc whatis mt19937_64_holder
FAIL: libstdc++-prettyprinters/whatis2.cc whatis mt19937_holder
FAIL: libstdc++-prettyprinters/whatis2.cc whatis mt19937_holder
FAIL: libstdc++-prettyprinters/whatis2.cc whatis ofstream_holder
FAIL: libstdc++-prettyprinters/whatis2.cc whatis ofstream_holder
FAIL: libstdc++-prettyprinters/whatis2.cc whatis ostream_holder
FAIL: libstdc++-prettyprinters/whatis2.cc whatis ostream_holder
FAIL: libstdc++-prettyprinters/whatis2.cc whatis ostringstream_holder
FAIL: libstdc++-prettyprinters/whatis2.cc whatis ostringstream_holder
FAIL: libstdc++-prettyprinters/whatis2.cc whatis ranlux24_base_holder
FAIL: libstdc++-prettyprinters/whatis2.cc whatis ranlux24_base_holder
FAIL: libstdc++-prettyprinters/whatis2.cc whatis ranlux24_holder
FAIL: libstdc++-prettyprinters/whatis2.cc whatis ranlux24_holder
FAIL: libstdc++-prettyprinters/whatis2.cc whatis ranlux48_base_holder
FAIL: libstdc++-prettyprinters/whatis2.cc whatis ranlux48_base_holder
FAIL: libstdc++-prettyprinters/whatis2.cc whatis ranlux48_holder
FAIL: libstdc++-prettyprinters/whatis2.cc whatis ranlux48_holder
FAIL: libstdc++-prettyprinters/whatis2.cc whatis regex_holder
FAIL: libstdc++-prettyprinters/whatis2.cc whatis regex_holder
FAIL: libstdc++-prettyprinters/whatis2.cc whatis seq1_holder
FAIL: libstdc++-prettyprinters/whatis2.cc whatis seq1_holder
FAIL: libstdc++-prettyprinters/whatis2.cc whatis seq2_holder
FAIL: libstdc++-prettyprinters/whatis2.cc whatis seq2_holder
FAIL: libstdc++-prettyprinters/whatis2.cc whatis smatch_holder
FAIL: libstdc++-prettyprinters/whatis2.cc whatis smatch_holder
FAIL: libstdc++-prettyprinters/whatis2.cc whatis sregex_iterator_holder
FAIL: libstdc++-prettyprinters/whatis2.cc whatis sregex_iterator_holder
FAIL: libstdc++-prettyprinters/whatis2.cc whatis sregex_token_iterator_holder
FAIL: libstdc++-prettyprinters/whatis2.cc whatis sregex_token_iterator_holder
FAIL: libstdc++-prettyprinters/whatis2.cc whatis ssub_match_holder
FAIL: libstdc++-prettyprinters/whatis2.cc whatis ssub_match_holder
FAIL: libstdc++-prettyprinters/whatis2.cc whatis streambuf_holder
FAIL: libstdc++-prettyprinters/whatis2.cc whatis streambuf_holder
FAIL: libstdc++-prettyprinters/whatis2.cc whatis streampos_holder
FAIL: libstdc++-prettyprinters/whatis2.cc whatis streampos_holder
FAIL: libstdc++-prettyprinters/whatis2.cc whatis string_holder
FAIL: libstdc++-prettyprinters/whatis2.cc whatis string_holder
FAIL: libstdc++-prettyprinters/whatis2.cc whatis stringbuf_holder
FAIL: libstdc++-prettyprinters/whatis2.cc whatis stringbuf_holder
FAIL: libstdc++-prettyprinters/whatis2.cc whatis stringstream_holder
FAIL: libstdc++-prettyprinters/whatis2.cc whatis stringstream_holder
FAIL: libstdc++-prettyprinters/whatis2.cc whatis u16string_holder
FAIL: libstdc++-prettyprinters/whatis2.cc whatis u16string_holder
FAIL: libstdc++-prettyprinters/whatis2.cc whatis u32string_holder
FAIL: libstdc++-prettyprinters/whatis2.cc whatis u32string_holder
FAIL: libstdc++-prettyprinters/whatis2.cc whatis unord1_holder
FAIL: libstdc++-prettyprinters/whatis2.cc whatis unord1_holder
FAIL: libstdc++-prettyprinters/whatis2.cc whatis unord2_holder
FAIL: libstdc++-prettyprinters/whatis2.cc whatis unord2_holder

		=== libstdc++ Summary for unix/-m32 ===

# of expected passes		11252
# of unexpected failures	172
# of expected failures		71
# of unsupported tests		695

		=== libstdc++ Summary ===

# of expected passes		22501
# of unexpected failures	345
# of expected failures		142
# of unsupported tests		1391

Compiler version: 8.1.0 (GCC) 
Platform: x86_64-apple-darwin11.4.2
configure flags: --prefix=/vol/gcc-8 --enable-objc-gc --with-gmp-include=/vol/gcc/include --with-gmp-lib=/vol/gcc/lib/amd64 --with-mpfr-include=/vol/gcc/include --with-mpfr-lib=/vol/gcc/lib/amd64 --with-mpc-include=/vol/gcc/include --with-mpc-lib=/vol/gcc/lib/amd64 --enable-languages=all,ada,obj-c++ --with-target-bdw-gc-include=/vol/gcc/include --with-target-bdw-gc-lib=/vol/gcc/lib/amd64,i386=/vol/gcc/lib
BOOT_CFLAGS=-g -O2 \`case x86_64-apple-darwin11.4.2 in i?86-*-darwin* | powerpc-*-darwin*) gcc -S -xc /dev/null -o /dev/null -mno-dynamic-no-pic 2>/dev/null && echo -mdynamic-no-pic ;; esac\`



More information about the Gcc-testresults mailing list