Results for 8.0.1 20180323 (experimental) [trunk revision 258796] (GCC) testsuite on sparcv9-sun-solaris2.10
Rainer Orth
ro@CeBiTec.Uni-Bielefeld.DE
Sat Mar 24 16:54:00 GMT 2018
LAST_UPDATED: Fri Mar 23 10:25:43 UTC 2018 (revision 258796)
=== acats tests ===
=== acats Summary ===
# of expected passes 2320
# of unexpected failures 0
Native configuration is sparcv9-sun-solaris2.10
=== g++ tests ===
Running target unix
FAIL: g++.dg/lto/pr83121 (test for LTO warnings, pr83121_0.C line 8)
FAIL: g++.dg/lto/pr83121 (test for LTO warnings, pr83121_1.C line 2)
FAIL: g++.dg/lto/pr83121 (test for LTO warnings, pr83121_1.C line 3)
FAIL: g++.dg/lto/pr83121 cp_lto_pr83121_0.o-cp_lto_pr83121_1.o link, -O0 -flto
=== g++ Summary for unix ===
# of expected passes 113789
# of unexpected failures 4
# of expected failures 511
# of unsupported tests 5099
Running target unix/-m32
FAIL: g++.dg/lto/pr83121 (test for LTO warnings, pr83121_0.C line 8)
FAIL: g++.dg/lto/pr83121 (test for LTO warnings, pr83121_1.C line 2)
FAIL: g++.dg/lto/pr83121 (test for LTO warnings, pr83121_1.C line 3)
FAIL: g++.dg/lto/pr83121 cp_lto_pr83121_0.o-cp_lto_pr83121_1.o link, -O0 -flto
=== g++ Summary for unix/-m32 ===
# of expected passes 111879
# of unexpected failures 4
# of expected failures 508
# of unsupported tests 5140
=== g++ Summary ===
# of expected passes 225668
# of unexpected failures 8
# of expected failures 1019
# of unsupported tests 10239
/var/gcc/regression/trunk/10-gcc-gas-64/build/gcc/xg++ version 8.0.1 20180323 (experimental) [trunk revision 258796] (GCC)
=== gcc tests ===
Running target unix
FAIL: gcc.dg/visibility-22.c execution test
FAIL: gcc.dg/vect/bb-slp-1.c -flto -ffat-lto-objects scan-tree-dump-times slp1 "basic block vectorized" 1
FAIL: gcc.dg/vect/bb-slp-1.c scan-tree-dump-times slp1 "basic block vectorized" 1
FAIL: gcc.dg/vect/bb-slp-16.c -flto -ffat-lto-objects scan-tree-dump-times slp1 "basic block vectorized" 1
FAIL: gcc.dg/vect/bb-slp-16.c scan-tree-dump-times slp1 "basic block vectorized" 1
FAIL: gcc.dg/vect/bb-slp-2.c -flto -ffat-lto-objects scan-tree-dump-times slp1 "basic block vectorized" 1
FAIL: gcc.dg/vect/bb-slp-2.c scan-tree-dump-times slp1 "basic block vectorized" 1
FAIL: gcc.dg/vect/no-section-anchors-vect-69.c scan-tree-dump-times vect "vectorized 4 loops" 1
FAIL: gcc.dg/vect/pr79347.c -flto -ffat-lto-objects scan-tree-dump-not vect "Invalid sum of "
FAIL: gcc.dg/vect/pr79347.c scan-tree-dump-not vect "Invalid sum of "
=== gcc Summary for unix ===
# of expected passes 103068
# of unexpected failures 10
# of expected failures 463
# of unsupported tests 2503
Running target unix/-m32
FAIL: gcc.dg/visibility-22.c execution test
FAIL: gcc.dg/plugin/poly-int-07_plugin.c compilation
WARNING: program timed out
FAIL: gcc.dg/simulate-thread/atomic-other-int.c -O2 -g thread simulation test
FAIL: gcc.dg/simulate-thread/atomic-other-int.c -O3 -g thread simulation test
FAIL: gcc.dg/simulate-thread/speculative-store-4.c -O0 -g thread simulation test
FAIL: gcc.dg/simulate-thread/speculative-store-4.c -O2 -g thread simulation test
FAIL: gcc.dg/simulate-thread/speculative-store-4.c -O3 -g thread simulation test
FAIL: gcc.dg/simulate-thread/speculative-store.c -O0 -g thread simulation test
FAIL: gcc.dg/vect/bb-slp-1.c -flto -ffat-lto-objects scan-tree-dump-times slp1 "basic block vectorized" 1
FAIL: gcc.dg/vect/bb-slp-1.c scan-tree-dump-times slp1 "basic block vectorized" 1
FAIL: gcc.dg/vect/bb-slp-16.c -flto -ffat-lto-objects scan-tree-dump-times slp1 "basic block vectorized" 1
FAIL: gcc.dg/vect/bb-slp-16.c scan-tree-dump-times slp1 "basic block vectorized" 1
FAIL: gcc.dg/vect/bb-slp-2.c -flto -ffat-lto-objects scan-tree-dump-times slp1 "basic block vectorized" 1
FAIL: gcc.dg/vect/bb-slp-2.c scan-tree-dump-times slp1 "basic block vectorized" 1
FAIL: gcc.dg/vect/no-section-anchors-vect-69.c scan-tree-dump-times vect "vectorized 4 loops" 1
FAIL: gcc.dg/vect/pr79347.c -flto -ffat-lto-objects scan-tree-dump-not vect "Invalid sum of "
FAIL: gcc.dg/vect/pr79347.c scan-tree-dump-not vect "Invalid sum of "
=== gcc Summary for unix/-m32 ===
# of expected passes 101953
# of unexpected failures 17
# of expected failures 473
# of unsupported tests 2746
=== gcc Summary ===
# of expected passes 205021
# of unexpected failures 27
# of expected failures 936
# of unsupported tests 5249
/var/gcc/regression/trunk/10-gcc-gas-64/build/gcc/xgcc version 8.0.1 20180323 (experimental) [trunk revision 258796] (GCC)
=== gfortran tests ===
Running target unix
FAIL: gfortran.dg/elemental_subroutine_3.f90 -O1 (test for excess errors)
FAIL: gfortran.dg/elemental_subroutine_3.f90 -O2 (test for excess errors)
FAIL: gfortran.dg/elemental_subroutine_3.f90 -O3 -fomit-frame-pointer -funroll-loops -fpeel-loops -ftracer -finline-functions (test for excess errors)
FAIL: gfortran.dg/elemental_subroutine_3.f90 -O3 -g (test for excess errors)
FAIL: gfortran.dg/elemental_subroutine_3.f90 -Os (test for excess errors)
=== gfortran Summary for unix ===
# of expected passes 47062
# of unexpected failures 5
# of expected failures 91
# of unsupported tests 141
Running target unix/-m32
FAIL: gfortran.dg/elemental_subroutine_3.f90 -O1 (test for excess errors)
FAIL: gfortran.dg/elemental_subroutine_3.f90 -O2 (test for excess errors)
FAIL: gfortran.dg/elemental_subroutine_3.f90 -O3 -fomit-frame-pointer -funroll-loops -fpeel-loops -ftracer -finline-functions (test for excess errors)
FAIL: gfortran.dg/elemental_subroutine_3.f90 -O3 -g (test for excess errors)
FAIL: gfortran.dg/elemental_subroutine_3.f90 -Os (test for excess errors)
=== gfortran Summary for unix/-m32 ===
# of expected passes 46815
# of unexpected failures 5
# of expected failures 91
# of unsupported tests 262
=== gfortran Summary ===
# of expected passes 93877
# of unexpected failures 10
# of expected failures 182
# of unsupported tests 403
/var/gcc/regression/trunk/10-gcc-gas-64/build/gcc/gfortran version 8.0.1 20180323 (experimental) [trunk revision 258796] (GCC)
=== gnat tests ===
Running target unix
=== gnat Summary for unix ===
# of expected passes 2659
# of expected failures 23
# of unsupported tests 23
Running target unix/-m32
=== gnat Summary for unix/-m32 ===
# of expected passes 2659
# of expected failures 23
# of unsupported tests 23
=== gnat Summary ===
# of expected passes 5318
# of expected failures 46
# of unsupported tests 46
/var/gcc/regression/trunk/10-gcc-gas-64/build/gcc/gnatmake version 8.0.1 20180323 (experimental) [trunk revision 258796]
=== go tests ===
Running target unix
FAIL: go.go-torture/execute/printnil.go execution, -O0
FAIL: go.go-torture/execute/printnil.go execution, -O1
FAIL: go.go-torture/execute/printnil.go execution, -O2
FAIL: go.go-torture/execute/printnil.go execution, -O2 -fbounds-check
FAIL: go.go-torture/execute/printnil.go execution, -O2 -fomit-frame-pointer -finline-functions
FAIL: go.go-torture/execute/printnil.go execution, -O2 -fomit-frame-pointer -finline-functions -funroll-loops
FAIL: go.go-torture/execute/printnil.go execution, -O3 -g
FAIL: go.go-torture/execute/printnil.go execution, -Os
FAIL: ./index0-out.go execution, -O0 -g -fno-var-tracking-assignments
FAIL: ./slice3-out.go execution, -O0 -g -fno-var-tracking-assignments
FAIL: go.test/test/closedchan.go execution, -O2 -g
FAIL: go.test/test/cmp.go execution, -O2 -g
FAIL: go.test/test/divmod.go execution, -O2 -g
FAIL: go.test/test/fixedbugs/bug113.go execution, -O2 -g
FAIL: go.test/test/fixedbugs/bug148.go execution, -O2 -g
FAIL: go.test/test/fixedbugs/bug266.go execution, -O2 -g
FAIL: go.test/test/fixedbugs/bug272.go execution, -O2 -g
FAIL: go.test/test/fixedbugs/bug273.go execution, -O2 -g
FAIL: go.test/test/fixedbugs/bug324.dir/prog.go execution, -O2 -g
FAIL: go.test/test/fixedbugs/bug347.go execution, -O0 -g
FAIL: go.test/test/fixedbugs/bug348.go execution, -O0 -g
FAIL: go.test/test/fixedbugs/bug444.go execution, -O2 -g
FAIL: go.test/test/fixedbugs/issue4066.go execution, -O2 -g
FAIL: go.test/test/fixedbugs/issue4353.go execution, -O2 -g
FAIL: go.test/test/fixedbugs/issue4562.go execution, -O2 -g
FAIL: go.test/test/fixedbugs/issue6055.go execution, -O2 -g
FAIL: go.test/test/interface/fail.go execution, -O2 -g
FAIL: go.test/test/interface/noeq.go execution, -O2 -g
FAIL: go.test/test/interface/returntype.go execution, -O2 -g
FAIL: go.test/test/method.go execution, -O2 -g
FAIL: go.test/test/method5.go execution, -O2 -g
FAIL: go.test/test/nil.go execution, -O2 -g
FAIL: go.test/test/recover.go execution, -O2 -g
FAIL: go.test/test/recover1.go execution, -O2 -g
FAIL: go.test/test/recover2.go execution, -O2 -g
=== go Summary for unix ===
# of expected passes 7239
# of unexpected failures 35
# of expected failures 1
# of untested testcases 11
# of unsupported tests 3
Running target unix/-m32
FAIL: go.go-torture/execute/printnil.go execution, -O0
FAIL: go.go-torture/execute/printnil.go execution, -O1
FAIL: go.go-torture/execute/printnil.go execution, -O2
FAIL: go.go-torture/execute/printnil.go execution, -O2 -fbounds-check
FAIL: go.go-torture/execute/printnil.go execution, -O2 -fomit-frame-pointer -finline-functions
FAIL: go.go-torture/execute/printnil.go execution, -O2 -fomit-frame-pointer -finline-functions -funroll-loops
FAIL: go.go-torture/execute/printnil.go execution, -O3 -g
FAIL: go.go-torture/execute/printnil.go execution, -Os
FAIL: ./index0-out.go execution, -O0 -g -fno-var-tracking-assignments
FAIL: ./slice3-out.go execution, -O0 -g -fno-var-tracking-assignments
FAIL: go.test/test/closedchan.go execution, -O2 -g
FAIL: go.test/test/cmp.go execution, -O2 -g
FAIL: go.test/test/divmod.go execution, -O2 -g
FAIL: go.test/test/fixedbugs/bug113.go execution, -O2 -g
FAIL: go.test/test/fixedbugs/bug148.go execution, -O2 -g
FAIL: go.test/test/fixedbugs/bug266.go execution, -O2 -g
FAIL: go.test/test/fixedbugs/bug272.go execution, -O2 -g
FAIL: go.test/test/fixedbugs/bug273.go execution, -O2 -g
FAIL: go.test/test/fixedbugs/bug324.dir/prog.go execution, -O2 -g
FAIL: go.test/test/fixedbugs/bug347.go execution, -O0 -g
FAIL: go.test/test/fixedbugs/bug348.go execution, -O0 -g
FAIL: go.test/test/fixedbugs/bug444.go execution, -O2 -g
FAIL: go.test/test/fixedbugs/issue4066.go execution, -O2 -g
FAIL: go.test/test/fixedbugs/issue4353.go execution, -O2 -g
FAIL: go.test/test/fixedbugs/issue4562.go execution, -O2 -g
FAIL: go.test/test/fixedbugs/issue6055.go execution, -O2 -g
FAIL: go.test/test/interface/fail.go execution, -O2 -g
FAIL: go.test/test/interface/noeq.go execution, -O2 -g
FAIL: go.test/test/interface/returntype.go execution, -O2 -g
FAIL: go.test/test/method.go execution, -O2 -g
FAIL: go.test/test/method5.go execution, -O2 -g
FAIL: go.test/test/nil.go execution, -O2 -g
FAIL: go.test/test/recover.go execution, -O2 -g
FAIL: go.test/test/recover1.go execution, -O2 -g
FAIL: go.test/test/recover2.go execution, -O2 -g
=== go Summary for unix/-m32 ===
# of expected passes 7359
# of unexpected failures 35
# of expected failures 1
# of untested testcases 11
# of unsupported tests 3
=== go Summary ===
# of expected passes 14598
# of unexpected failures 70
# of expected failures 2
# of untested testcases 22
# of unsupported tests 6
=== obj-c++ tests ===
Running target unix/-m32
=== obj-c++ Summary for unix/-m32 ===
# of expected passes 1464
# of expected failures 2
# of unsupported tests 77
Running target unix
=== obj-c++ Summary for unix ===
# of expected passes 1456
# of expected failures 10
# of unsupported tests 77
=== obj-c++ Summary ===
# of expected passes 2920
# of expected failures 12
# of unsupported tests 154
/var/gcc/regression/trunk/10-gcc-gas-64/build/gcc/xg++ version 8.0.1 20180323 (experimental) [trunk revision 258796] (GCC)
=== objc tests ===
Running target unix
=== objc Summary for unix ===
# of expected passes 2803
# of unsupported tests 68
Running target unix/-m32
=== objc Summary for unix/-m32 ===
# of expected passes 2803
# of unsupported tests 68
=== objc Summary ===
# of expected passes 5606
# of unsupported tests 136
/var/gcc/regression/trunk/10-gcc-gas-64/build/gcc/xgcc version 8.0.1 20180323 (experimental) [trunk revision 258796] (GCC)
=== gotools tests ===
FAIL: go test cmd/go
FAIL: go test runtime
FAIL: go test misc/cgo/test
FAIL: TestCompileWithoutShared
FAIL: TestEarlySignalHandler
FAIL: TestInstall
FAIL: TestOsSignal
FAIL: TestPIE
FAIL: TestSIGPROF
FAIL: TestSigaltstack
FAIL: TestSignalForwarding
FAIL: TestSignalForwardingExternal
FAIL: go test misc/cgo/testcarchive
=== gotools Summary ===
# of expected passes 61
# of unexpected failures 13
# of untested testcases 24
=== libatomic tests ===
Running target unix/-m32
=== libatomic Summary for unix/-m32 ===
# of expected passes 44
# of unsupported tests 5
Running target unix
=== libatomic Summary for unix ===
# of expected passes 54
=== libatomic Summary ===
# of expected passes 98
# of unsupported tests 5
=== libffi tests ===
Running target unix/-m32
=== libffi Summary for unix/-m32 ===
# of expected passes 2214
Running target unix
=== libffi Summary for unix ===
# of expected passes 2214
=== libffi Summary ===
# of expected passes 4428
=== libgo tests ===
Running target unix
FAIL: fmt
FAIL: math
FAIL: net
FAIL: reflect
FAIL: time
FAIL: encoding/gob
FAIL: html/template
FAIL: go/build
FAIL: go/constant
FAIL: golang_org/x/crypto/cryptobyte
FAIL: math/big
FAIL: net/http
FAIL: net/rpc
FAIL: runtime/debug
FAIL: runtime/pprof
FAIL: sync/atomic
FAIL: text/tabwriter
FAIL: text/template
FAIL: text/template/parse
=== libgo Summary for unix ===
# of expected passes 144
# of unexpected failures 19
Running target unix/-m32
FAIL: fmt
FAIL: math
FAIL: net
FAIL: reflect
FAIL: runtime
FAIL: time
FAIL: encoding/gob
FAIL: html/template
FAIL: go/build
FAIL: go/constant
FAIL: golang_org/x/crypto/cryptobyte
FAIL: math/big
FAIL: net/http
FAIL: net/rpc
FAIL: os/signal
FAIL: runtime/debug
FAIL: runtime/pprof
FAIL: sync/atomic
FAIL: text/tabwriter
FAIL: text/template
FAIL: text/template/parse
=== libgo Summary for unix/-m32 ===
# of expected passes 142
# of unexpected failures 21
=== libgo Summary ===
# of expected passes 286
# of unexpected failures 40
=== libgomp tests ===
Running target unix/-m32
=== libgomp Summary for unix/-m32 ===
# of expected passes 5303
# of expected failures 1
# of unsupported tests 365
Running target unix
=== libgomp Summary for unix ===
# of expected passes 5303
# of expected failures 1
# of unsupported tests 365
=== libgomp Summary ===
# of expected passes 10606
# of expected failures 2
# of unsupported tests 730
=== libitm tests ===
Running target unix/-m32
=== libitm Summary for unix/-m32 ===
# of expected passes 42
# of expected failures 3
# of unsupported tests 1
Running target unix
=== libitm Summary for unix ===
# of expected passes 42
# of expected failures 3
# of unsupported tests 1
=== libitm Summary ===
# of expected passes 84
# of expected failures 6
# of unsupported tests 2
=== libstdc++ tests ===
Running target unix
FAIL: 27_io/filesystem/operations/last_write_time.cc execution test
FAIL: experimental/filesystem/operations/last_write_time.cc execution test
=== libstdc++ Summary for unix ===
# of expected passes 11277
# of unexpected failures 2
# of expected failures 72
# of unsupported tests 645
Running target unix/-m32
=== libstdc++ Summary for unix/-m32 ===
# of expected passes 11279
# of expected failures 72
# of unsupported tests 645
=== libstdc++ Summary ===
# of expected passes 22556
# of unexpected failures 2
# of expected failures 144
# of unsupported tests 1290
Compiler version: 8.0.1 20180323 (experimental) [trunk revision 258796] (GCC)
Platform: sparcv9-sun-solaris2.10
configure flags: --prefix=/vol/gcc --target=sparcv9-sun-solaris2.10 --enable-objc-gc --with-target-bdw-gc-include=/vol/gcc/include --with-target-bdw-gc-lib=/vol/gcc/lib/sparcv9,sparcv8plus=/vol/gcc/lib --with-as=/vol/gcc/bin/sparcv9/gas-2.30 --with-gnu-as --with-gmp-include=/vol/gcc/include --with-gmp-lib=/vol/gcc/lib/sparcv9 --with-mpfr-include=/vol/gcc/include --with-mpfr-lib=/vol/gcc/lib/sparcv9 --with-mpc-include=/vol/gcc/include --with-mpc-lib=/vol/gcc/lib/sparcv9 --enable-languages=all,ada,obj-c++,go --with-isl-include=/vol/gcc/include --with-isl-lib=/vol/gcc/lib/sparcv9 --build=sparcv9-sun-solaris2.10 --host=sparcv9-sun-solaris2.10
BOOT_CFLAGS=-g -O2
More information about the Gcc-testresults
mailing list