Results for 6.4.1 20180323 [gcc-6-branch revision 258787] (GCC) testsuite on sparc-sun-solaris2.10
Rainer Orth
ro@CeBiTec.Uni-Bielefeld.DE
Sat Mar 24 07:09:00 GMT 2018
LAST_UPDATED: Fri Mar 23 10:34:39 UTC 2018 (revision 258787)
=== acats tests ===
=== acats Summary ===
# of expected passes 2320
# of unexpected failures 0
Native configuration is sparc-sun-solaris2.10
=== g++ tests ===
Running target unix
=== g++ Summary for unix ===
# of expected passes 93633
# of expected failures 320
# of unsupported tests 4085
Running target unix/-m64
=== g++ Summary for unix/-m64 ===
# of expected passes 95486
# of expected failures 320
# of unsupported tests 4075
=== g++ Summary ===
# of expected passes 189119
# of expected failures 640
# of unsupported tests 8160
/var/gcc/regression/gcc-6-branch/10-gcc-gas/build/gcc/xg++ version 6.4.1 20180323 [gcc-6-branch revision 258787] (GCC)
=== gcc tests ===
Running target unix
FAIL: gcc.dg/visibility-22.c execution test
FAIL: gcc.dg/simulate-thread/atomic-other-int.c -O2 -g thread simulation test
FAIL: gcc.dg/simulate-thread/atomic-other-int.c -O3 -g thread simulation test
FAIL: gcc.dg/simulate-thread/speculative-store-4.c -O0 -g thread simulation test
FAIL: gcc.dg/simulate-thread/speculative-store-4.c -O2 -g thread simulation test
FAIL: gcc.dg/simulate-thread/speculative-store-4.c -O3 -g thread simulation test
FAIL: gcc.dg/simulate-thread/speculative-store.c -O0 -g thread simulation test
WARNING: profopt.exp does not support dg-error
FAIL: gcc.dg/vect/pr71264.c -flto -ffat-lto-objects scan-tree-dump vect "vectorized 1 loops in function"
FAIL: gcc.dg/vect/pr71264.c scan-tree-dump vect "vectorized 1 loops in function"
=== gcc Summary for unix ===
# of expected passes 88812
# of unexpected failures 9
# of expected failures 345
# of unsupported tests 2186
Running target unix/-m64
FAIL: gcc.dg/visibility-22.c execution test
WARNING: profopt.exp does not support dg-error
FAIL: gcc.dg/vect/pr71264.c -flto -ffat-lto-objects scan-tree-dump vect "vectorized 1 loops in function"
FAIL: gcc.dg/vect/pr71264.c scan-tree-dump vect "vectorized 1 loops in function"
=== gcc Summary for unix/-m64 ===
# of expected passes 89781
# of unexpected failures 3
# of expected failures 333
# of unsupported tests 2022
=== gcc Summary ===
# of expected passes 178593
# of unexpected failures 12
# of expected failures 678
# of unsupported tests 4208
/var/gcc/regression/gcc-6-branch/10-gcc-gas/build/gcc/xgcc version 6.4.1 20180323 [gcc-6-branch revision 258787] (GCC)
=== gfortran tests ===
Running target unix
FAIL: gfortran.dg/execute_command_line_3.f90 -O execution test
=== gfortran Summary for unix ===
# of expected passes 42832
# of unexpected failures 1
# of expected failures 86
# of unsupported tests 229
Running target unix/-m64
FAIL: gfortran.dg/execute_command_line_3.f90 -O execution test
=== gfortran Summary for unix/-m64 ===
# of expected passes 43079
# of unexpected failures 1
# of expected failures 86
# of unsupported tests 108
=== gfortran Summary ===
# of expected passes 85911
# of unexpected failures 2
# of expected failures 172
# of unsupported tests 337
/var/gcc/regression/gcc-6-branch/10-gcc-gas/build/gcc/gfortran version 6.4.1 20180323 [gcc-6-branch revision 258787] (GCC)
=== gnat tests ===
Running target unix
=== gnat Summary for unix ===
# of expected passes 2499
# of expected failures 22
# of unsupported tests 21
Running target unix/-m64
=== gnat Summary for unix/-m64 ===
# of expected passes 2499
# of expected failures 22
# of unsupported tests 21
=== gnat Summary ===
# of expected passes 4998
# of expected failures 44
# of unsupported tests 42
/var/gcc/regression/gcc-6-branch/10-gcc-gas/build/gcc/gnatmake version 6.4.1 20180323 [gcc-6-branch revision 258787]
=== go tests ===
Running target unix
FAIL: ./index0-out.go execution, -O0 -g -fno-var-tracking-assignments
FAIL: ./slice3-out.go execution, -O0 -g -fno-var-tracking-assignments
FAIL: go.test/test/fixedbugs/bug347.go execution, -O0 -g
FAIL: go.test/test/fixedbugs/bug348.go execution, -O0 -g
FAIL: go.test/test/fixedbugs/issue4562.go execution, -O2 -g
FAIL: go.test/test/nil.go execution, -O2 -g
FAIL: go.test/test/recover.go execution, -O2 -g
=== go Summary for unix ===
# of expected passes 7356
# of unexpected failures 7
# of expected failures 1
# of untested testcases 11
# of unsupported tests 3
Running target unix/-m64
FAIL: ./index0-out.go execution, -O0 -g -fno-var-tracking-assignments
FAIL: ./slice3-out.go execution, -O0 -g -fno-var-tracking-assignments
FAIL: go.test/test/fixedbugs/bug347.go execution, -O0 -g
FAIL: go.test/test/fixedbugs/bug348.go execution, -O0 -g
FAIL: go.test/test/fixedbugs/issue4562.go execution, -O2 -g
FAIL: go.test/test/nil.go execution, -O2 -g
FAIL: go.test/test/recover.go execution, -O2 -g
=== go Summary for unix/-m64 ===
# of expected passes 7236
# of unexpected failures 7
# of expected failures 1
# of untested testcases 11
# of unsupported tests 3
=== go Summary ===
# of expected passes 14592
# of unexpected failures 14
# of expected failures 2
# of untested testcases 22
# of unsupported tests 6
=== obj-c++ tests ===
Running target unix
=== obj-c++ Summary for unix ===
# of expected passes 1438
# of expected failures 2
# of unsupported tests 77
Running target unix/-m64
=== obj-c++ Summary for unix/-m64 ===
# of expected passes 1430
# of expected failures 10
# of unsupported tests 77
=== obj-c++ Summary ===
# of expected passes 2868
# of expected failures 12
# of unsupported tests 154
/var/gcc/regression/gcc-6-branch/10-gcc-gas/build/gcc/xg++ version 6.4.1 20180323 [gcc-6-branch revision 258787] (GCC)
=== objc tests ===
Running target unix
=== objc Summary for unix ===
# of expected passes 2773
# of unsupported tests 68
Running target unix/-m64
=== objc Summary for unix/-m64 ===
# of expected passes 2773
# of unsupported tests 68
=== objc Summary ===
# of expected passes 5546
# of unsupported tests 136
/var/gcc/regression/gcc-6-branch/10-gcc-gas/build/gcc/xgcc version 6.4.1 20180323 [gcc-6-branch revision 258787] (GCC)
=== boehm-gc tests ===
Running target unix
=== boehm-gc Summary for unix ===
# of expected passes 12
# of unsupported tests 1
Running target unix/-m64
=== boehm-gc Summary for unix/-m64 ===
# of expected passes 12
# of unsupported tests 1
=== boehm-gc Summary ===
# of expected passes 24
# of unsupported tests 2
=== libatomic tests ===
Running target unix
=== libatomic Summary for unix ===
# of expected passes 44
# of unsupported tests 5
Running target unix/-m64
=== libatomic Summary for unix/-m64 ===
# of expected passes 54
=== libatomic Summary ===
# of expected passes 98
# of unsupported tests 5
=== libffi tests ===
Running target unix
=== libffi Summary for unix ===
# of expected passes 2214
Running target unix/-m64
=== libffi Summary for unix/-m64 ===
# of expected passes 2214
=== libffi Summary ===
# of expected passes 4428
=== libgo tests ===
Running target unix
FAIL: reflect
FAIL: runtime
FAIL: go/build
=== libgo Summary for unix ===
# of expected passes 131
# of unexpected failures 3
Running target unix/-m64
FAIL: net
FAIL: encoding/json
FAIL: go/build
=== libgo Summary for unix/-m64 ===
# of expected passes 131
# of unexpected failures 3
=== libgo Summary ===
# of expected passes 262
# of unexpected failures 6
=== libgomp tests ===
Running target unix
=== libgomp Summary for unix ===
# of expected passes 5075
# of unsupported tests 322
Running target unix/-m64
=== libgomp Summary for unix/-m64 ===
# of expected passes 5075
# of unsupported tests 322
=== libgomp Summary ===
# of expected passes 10150
# of unsupported tests 644
=== libitm tests ===
Running target unix
=== libitm Summary for unix ===
# of expected passes 42
# of expected failures 3
# of unsupported tests 1
Running target unix/-m64
=== libitm Summary for unix/-m64 ===
# of expected passes 42
# of expected failures 3
# of unsupported tests 1
=== libitm Summary ===
# of expected passes 84
# of expected failures 6
# of unsupported tests 2
=== libjava tests ===
Running target unix
=== libjava Summary for unix ===
# of expected passes 2582
# of expected failures 4
Running target unix/-m64
=== libjava Summary for unix/-m64 ===
# of expected passes 2582
# of expected failures 4
=== libjava Summary ===
# of expected passes 5164
# of expected failures 8
=== libstdc++ tests ===
Running target unix
FAIL: experimental/filesystem/operations/absolute.cc (test for excess errors)
FAIL: experimental/filesystem/operations/canonical.cc (test for excess errors)
FAIL: experimental/filesystem/operations/copy.cc (test for excess errors)
FAIL: experimental/filesystem/operations/copy_file.cc (test for excess errors)
FAIL: experimental/filesystem/operations/create_directories.cc (test for excess errors)
FAIL: experimental/filesystem/operations/create_directory.cc (test for excess errors)
FAIL: experimental/filesystem/operations/create_symlink.cc (test for excess errors)
FAIL: experimental/filesystem/operations/current_path.cc (test for excess errors)
FAIL: experimental/filesystem/operations/equivalent.cc (test for excess errors)
FAIL: experimental/filesystem/operations/exists.cc (test for excess errors)
FAIL: experimental/filesystem/operations/file_size.cc (test for excess errors)
FAIL: experimental/filesystem/operations/is_empty.cc (test for excess errors)
FAIL: experimental/filesystem/operations/last_write_time.cc (test for excess errors)
FAIL: experimental/filesystem/operations/permissions.cc (test for excess errors)
FAIL: experimental/filesystem/operations/read_symlink.cc (test for excess errors)
FAIL: experimental/filesystem/operations/remove.cc (test for excess errors)
FAIL: experimental/filesystem/operations/remove_all.cc (test for excess errors)
FAIL: experimental/filesystem/operations/status.cc (test for excess errors)
FAIL: experimental/filesystem/operations/temp_directory_path.cc (test for excess errors)
=== libstdc++ Summary for unix ===
# of expected passes 10182
# of unexpected failures 19
# of expected failures 68
# of unsupported tests 625
Running target unix/-m64
FAIL: experimental/filesystem/operations/absolute.cc (test for excess errors)
FAIL: experimental/filesystem/operations/canonical.cc (test for excess errors)
FAIL: experimental/filesystem/operations/copy.cc (test for excess errors)
FAIL: experimental/filesystem/operations/copy_file.cc (test for excess errors)
FAIL: experimental/filesystem/operations/create_directories.cc (test for excess errors)
FAIL: experimental/filesystem/operations/create_directory.cc (test for excess errors)
FAIL: experimental/filesystem/operations/create_symlink.cc (test for excess errors)
FAIL: experimental/filesystem/operations/current_path.cc (test for excess errors)
FAIL: experimental/filesystem/operations/equivalent.cc (test for excess errors)
FAIL: experimental/filesystem/operations/exists.cc (test for excess errors)
FAIL: experimental/filesystem/operations/file_size.cc (test for excess errors)
FAIL: experimental/filesystem/operations/is_empty.cc (test for excess errors)
FAIL: experimental/filesystem/operations/last_write_time.cc (test for excess errors)
FAIL: experimental/filesystem/operations/last_write_time.cc execution test
FAIL: experimental/filesystem/operations/permissions.cc (test for excess errors)
FAIL: experimental/filesystem/operations/read_symlink.cc (test for excess errors)
FAIL: experimental/filesystem/operations/remove.cc (test for excess errors)
FAIL: experimental/filesystem/operations/remove_all.cc (test for excess errors)
FAIL: experimental/filesystem/operations/status.cc (test for excess errors)
FAIL: experimental/filesystem/operations/temp_directory_path.cc (test for excess errors)
=== libstdc++ Summary for unix/-m64 ===
# of expected passes 10181
# of unexpected failures 20
# of expected failures 68
# of unsupported tests 625
=== libstdc++ Summary ===
# of expected passes 20363
# of unexpected failures 39
# of expected failures 136
# of unsupported tests 1250
Compiler version: 6.4.1 20180323 [gcc-6-branch revision 258787] (GCC)
Platform: sparc-sun-solaris2.10
configure flags: --prefix=/vol/gcc --target=sparc-sun-solaris2.10 --enable-objc-gc --with-as=/vol/gcc/bin/gas-2.30 --with-gnu-as --with-gmp-include=/vol/gcc/include --with-gmp-lib=/vol/gcc/lib --with-mpfr-include=/vol/gcc/include --with-mpfr-lib=/vol/gcc/lib --with-mpc-include=/vol/gcc/include --with-mpc-lib=/vol/gcc/lib --enable-languages=all,ada,obj-c++,go --with-isl-include=/vol/gcc/include --with-isl-lib=/vol/gcc/lib --build=sparc-sun-solaris2.10 --host=sparc-sun-solaris2.10
BOOT_CFLAGS=-g -O2
More information about the Gcc-testresults
mailing list