Results for 7.3.1 20180323 [gcc-7-branch revision 258788] (GCC) testsuite on sparc-sun-solaris2.10
Rainer Orth
ro@CeBiTec.Uni-Bielefeld.DE
Sat Mar 24 01:07:00 GMT 2018
LAST_UPDATED: Fri Mar 23 10:28:38 UTC 2018 (revision 258788)
=== acats tests ===
=== acats Summary ===
# of expected passes 2320
# of unexpected failures 0
Native configuration is sparc-sun-solaris2.10
=== g++ tests ===
Running target unix
=== g++ Summary for unix ===
# of expected passes 103707
# of expected failures 395
# of unsupported tests 4667
Running target unix/-m64
=== g++ Summary for unix/-m64 ===
# of expected passes 105588
# of expected failures 395
# of unsupported tests 4649
=== g++ Summary ===
# of expected passes 209295
# of expected failures 790
# of unsupported tests 9316
/var/gcc/regression/gcc-7-branch/10-gcc/build/gcc/xg++ version 7.3.1 20180323 [gcc-7-branch revision 258788] (GCC)
=== gcc tests ===
Running target unix
XPASS: gcc.dg/pr78768.c -Wformat-overflow (test for warnings, line 11)
FAIL: gcc.dg/visibility-22.c execution test
FAIL: gcc.dg/simulate-thread/atomic-other-int.c -O2 -g thread simulation test
FAIL: gcc.dg/simulate-thread/atomic-other-int.c -O3 -g thread simulation test
FAIL: gcc.dg/simulate-thread/speculative-store-4.c -O0 -g thread simulation test
FAIL: gcc.dg/simulate-thread/speculative-store.c -O0 -g thread simulation test
=== gcc Summary for unix ===
# of expected passes 99687
# of unexpected failures 5
# of unexpected successes 1
# of expected failures 405
# of unsupported tests 2637
Running target unix/-m64
XPASS: gcc.dg/pr78768.c -Wformat-overflow (test for warnings, line 11)
FAIL: gcc.dg/visibility-22.c execution test
=== gcc Summary for unix/-m64 ===
# of expected passes 100731
# of unexpected failures 1
# of unexpected successes 1
# of expected failures 390
# of unsupported tests 2440
=== gcc Summary ===
# of expected passes 200418
# of unexpected failures 6
# of unexpected successes 2
# of expected failures 795
# of unsupported tests 5077
/var/gcc/regression/gcc-7-branch/10-gcc/build/gcc/xgcc version 7.3.1 20180323 [gcc-7-branch revision 258788] (GCC)
=== gfortran tests ===
Running target unix
FAIL: gfortran.dg/execute_command_line_3.f90 -O execution test
=== gfortran Summary for unix ===
# of expected passes 45145
# of unexpected failures 1
# of expected failures 95
# of unsupported tests 243
Running target unix/-m64
FAIL: gfortran.dg/execute_command_line_3.f90 -O execution test
=== gfortran Summary for unix/-m64 ===
# of expected passes 45392
# of unexpected failures 1
# of expected failures 95
# of unsupported tests 122
=== gfortran Summary ===
# of expected passes 90537
# of unexpected failures 2
# of expected failures 190
# of unsupported tests 365
/var/gcc/regression/gcc-7-branch/10-gcc/build/gcc/gfortran version 7.3.1 20180323 [gcc-7-branch revision 258788] (GCC)
=== gnat tests ===
Running target unix
=== gnat Summary for unix ===
# of expected passes 2551
# of expected failures 24
# of unsupported tests 23
Running target unix/-m64
=== gnat Summary for unix/-m64 ===
# of expected passes 2551
# of expected failures 24
# of unsupported tests 23
=== gnat Summary ===
# of expected passes 5102
# of expected failures 48
# of unsupported tests 46
/var/gcc/regression/gcc-7-branch/10-gcc/build/gcc/gnatmake version 7.3.1 20180323 [gcc-7-branch revision 258788]
=== go tests ===
Running target unix
FAIL: ./index0-out.go execution, -O0 -g -fno-var-tracking-assignments
FAIL: ./slice3-out.go execution, -O0 -g -fno-var-tracking-assignments
FAIL: go.test/test/fixedbugs/bug347.go execution, -O0 -g
FAIL: go.test/test/fixedbugs/bug348.go execution, -O0 -g
FAIL: go.test/test/recover.go execution, -O2 -g
=== go Summary for unix ===
# of expected passes 7357
# of unexpected failures 5
# of expected failures 1
# of untested testcases 11
# of unsupported tests 3
Running target unix/-m64
FAIL: ./index0-out.go execution, -O0 -g -fno-var-tracking-assignments
FAIL: ./slice3-out.go execution, -O0 -g -fno-var-tracking-assignments
FAIL: go.test/test/fixedbugs/bug347.go execution, -O0 -g
FAIL: go.test/test/fixedbugs/bug348.go execution, -O0 -g
FAIL: go.test/test/recover.go execution, -O2 -g
=== go Summary for unix/-m64 ===
# of expected passes 7237
# of unexpected failures 5
# of expected failures 1
# of untested testcases 11
# of unsupported tests 3
=== go Summary ===
# of expected passes 14594
# of unexpected failures 10
# of expected failures 2
# of untested testcases 22
# of unsupported tests 6
=== obj-c++ tests ===
Running target unix
=== obj-c++ Summary for unix ===
# of expected passes 1443
# of expected failures 2
# of unsupported tests 77
Running target unix/-m64
=== obj-c++ Summary for unix/-m64 ===
# of expected passes 1435
# of expected failures 10
# of unsupported tests 77
=== obj-c++ Summary ===
# of expected passes 2878
# of expected failures 12
# of unsupported tests 154
/var/gcc/regression/gcc-7-branch/10-gcc/build/gcc/xg++ version 7.3.1 20180323 [gcc-7-branch revision 258788] (GCC)
=== objc tests ===
Running target unix
=== objc Summary for unix ===
# of expected passes 2787
# of unsupported tests 68
Running target unix/-m64
=== objc Summary for unix/-m64 ===
# of expected passes 2787
# of unsupported tests 68
=== objc Summary ===
# of expected passes 5574
# of unsupported tests 136
/var/gcc/regression/gcc-7-branch/10-gcc/build/gcc/xgcc version 7.3.1 20180323 [gcc-7-branch revision 258788] (GCC)
=== libatomic tests ===
Running target unix
=== libatomic Summary for unix ===
# of expected passes 44
# of unsupported tests 5
Running target unix/-m64
=== libatomic Summary for unix/-m64 ===
# of expected passes 54
=== libatomic Summary ===
# of expected passes 98
# of unsupported tests 5
=== libffi tests ===
Running target unix
=== libffi Summary for unix ===
# of expected passes 2214
Running target unix/-m64
=== libffi Summary for unix/-m64 ===
# of expected passes 2214
=== libffi Summary ===
# of expected passes 4428
=== libgo tests ===
Running target unix
FAIL: net
FAIL: runtime
FAIL: go/build
FAIL: net/http
FAIL: os/signal
FAIL: runtime/debug
=== libgo Summary for unix ===
# of expected passes 140
# of unexpected failures 6
Running target unix/-m64
FAIL: net
FAIL: go/build
FAIL: os/signal
FAIL: runtime/debug
=== libgo Summary for unix/-m64 ===
# of expected passes 142
# of unexpected failures 4
=== libgo Summary ===
# of expected passes 282
# of unexpected failures 10
=== libgomp tests ===
Running target unix
=== libgomp Summary for unix ===
# of expected passes 5109
# of unsupported tests 394
Running target unix/-m64
=== libgomp Summary for unix/-m64 ===
# of expected passes 5109
# of unsupported tests 394
=== libgomp Summary ===
# of expected passes 10218
# of unsupported tests 788
=== libitm tests ===
Running target unix
=== libitm Summary for unix ===
# of expected passes 42
# of expected failures 3
# of unsupported tests 1
Running target unix/-m64
=== libitm Summary for unix/-m64 ===
# of expected passes 42
# of expected failures 3
# of unsupported tests 1
=== libitm Summary ===
# of expected passes 84
# of expected failures 6
# of unsupported tests 2
=== libstdc++ tests ===
Running target unix
=== libstdc++ Summary for unix ===
# of expected passes 10869
# of expected failures 68
# of unsupported tests 638
Running target unix/-m64
FAIL: experimental/filesystem/operations/last_write_time.cc execution test
=== libstdc++ Summary for unix/-m64 ===
# of expected passes 10868
# of unexpected failures 1
# of expected failures 68
# of unsupported tests 638
=== libstdc++ Summary ===
# of expected passes 21737
# of unexpected failures 1
# of expected failures 136
# of unsupported tests 1276
Compiler version: 7.3.1 20180323 [gcc-7-branch revision 258788] (GCC)
Platform: sparc-sun-solaris2.10
configure flags: --prefix=/vol/gcc --target=sparc-sun-solaris2.10 --enable-objc-gc --with-target-bdw-gc-include=/vol/gcc/include --with-target-bdw-gc-lib=/vol/gcc/lib,sparcv9=/vol/gcc/lib/sparcv9 --with-as=/usr/ccs/bin/as --without-gnu-as --with-gmp-include=/vol/gcc/include --with-gmp-lib=/vol/gcc/lib --with-mpfr-include=/vol/gcc/include --with-mpfr-lib=/vol/gcc/lib --with-mpc-include=/vol/gcc/include --with-mpc-lib=/vol/gcc/lib --enable-languages=all,ada,obj-c++,go --with-isl-include=/vol/gcc/include --with-isl-lib=/vol/gcc/lib --build=sparc-sun-solaris2.10 --host=sparc-sun-solaris2.10
BOOT_CFLAGS=-g -O2
More information about the Gcc-testresults
mailing list