Results for 8.0.1 20180320 (experimental) (GCC) testsuite on x86_64-unknown-cygwin
Tim Prince
tprince818.tp@gmail.com
Thu Mar 22 05:01:00 GMT 2018
Native configuration is x86_64-unknown-cygwin
=== g++ tests ===
Running target unix
FAIL: tmpdir-g++.dg-struct-layout-1/t001
cp_compat_x_tst.o-cp_compat_y_tst.o execute
....
FAIL: g++.old-deja/g++.robertl/eb8.C -std=c++14 (test for errors, line 6)
=== g++ Summary ===
# of expected passes 113429
# of unexpected failures 642
# of unexpected successes 3
# of expected failures 500
# of unresolved testcases 30
# of unsupported tests 4967
/cygdrive/c/users/tim/tim/tim/src/gnu/gcc2/cyg64/gcc/testsuite/g++/../../xg++
version 8.0.1 20180320 (experimental) (GCC)
=== gcc tests ===
Running target unix
FAIL: gcc.c-torture/compile/limits-exprparen.c -O0 (internal compiler
error)
FAIL: gcc.c-torture/compile/limits-exprparen.c -O0 (test for excess
errors)
...
FAIL: gcc.target/x86_64/abi/callabi/vaarg-5a.c (internal compiler error)
FAIL: gcc.target/x86_64/abi/callabi/vaarg-5a.c (test for excess errors)
UNRESOLVED: gcc.target/x86_64/abi/callabi/vaarg-5a.c compilation failed
to produce executable
FAIL: gcc.target/x86_64/abi/callabi/vaarg-5b.c (internal compiler error)
FAIL: gcc.target/x86_64/abi/callabi/vaarg-5b.c (test for excess errors)
=== gcc Summary ===
# of expected passes 123381
# of unexpected failures 1141
# of unexpected successes 23
# of expected failures 422
# of unresolved testcases 427
# of unsupported tests 2666
/cygdrive/c/users/tim/tim/tim/src/gnu/gcc2/cyg64/gcc/xgcc version 8.0.1
20180320 (experimental) (GCC)
=== gfortran tests ===
Running target unix
FAIL: gfortran.dg/array_temporaries_3.f90 -O1 execution test
FAIL: gfortran.dg/array_temporaries_3.f90 -O2 execution test
FAIL: gfortran.dg/array_temporaries_3.f90 -Os execution test
XPASS: gfortran.dg/default_format_denormal_1.f90 -O0 execution test
XPASS: gfortran.dg/default_format_denormal_1.f90 -O1 execution test
XPASS: gfortran.dg/default_format_denormal_1.f90 -O2 execution test
XPASS: gfortran.dg/default_format_denormal_1.f90 -O3
-fomit-frame-pointer -funroll-loops -fpeel-loops -ftracer
-finline-functions execution test
XPASS: gfortran.dg/default_format_denormal_1.f90 -O3 -g execution test
XPASS: gfortran.dg/default_format_denormal_1.f90 -Os execution test
FAIL: gfortran.dg/round_4.f90 -O0 execution test
FAIL: gfortran.dg/round_4.f90 -O1 execution test
FAIL: gfortran.dg/round_4.f90 -O2 execution test
FAIL: gfortran.dg/round_4.f90 -O3 -fomit-frame-pointer -funroll-loops
-fpeel-loops -ftracer -finline-functions execution test
FAIL: gfortran.dg/round_4.f90 -O3 -g execution test
FAIL: gfortran.dg/round_4.f90 -Os execution test
FAIL: gfortran.dg/save_6.f90 -O0 (test for excess errors)
UNRESOLVED: gfortran.dg/save_6.f90 -O0 compilation failed to produce
executable
FAIL: gfortran.dg/save_6.f90 -O1 (test for excess errors)
UNRESOLVED: gfortran.dg/save_6.f90 -O1 compilation failed to produce
executable
FAIL: gfortran.dg/save_6.f90 -O2 (test for excess errors)
UNRESOLVED: gfortran.dg/save_6.f90 -O2 compilation failed to produce
executable
FAIL: gfortran.dg/save_6.f90 -O3 -fomit-frame-pointer -funroll-loops
-fpeel-loops -ftracer -finline-functions (test for excess errors)
UNRESOLVED: gfortran.dg/save_6.f90 -O3 -fomit-frame-pointer
-funroll-loops -fpeel-loops -ftracer -finline-functions compilation
failed to produce executable
FAIL: gfortran.dg/save_6.f90 -O3 -g (test for excess errors)
UNRESOLVED: gfortran.dg/save_6.f90 -O3 -g compilation failed to
produce executable
FAIL: gfortran.dg/save_6.f90 -Os (test for excess errors)
UNRESOLVED: gfortran.dg/save_6.f90 -Os compilation failed to produce
executable
FAIL: gfortran.dg/submodule_6.f08 -O3 -g (test for excess errors)
UNRESOLVED: gfortran.dg/submodule_6.f08 -O3 -g compilation failed to
produce executable
FAIL: gfortran.dg/lto/20091016-1
f_lto_20091016-1_0.o-f_lto_20091016-1_0.o link, -flto -g -fPIC -r -nostdlib
FAIL: gfortran.dg/lto/20091016-1
f_lto_20091016-1_0.o-f_lto_20091016-1_0.o link, -O -flto -g -fPIC -r
-nostdlib
FAIL: gfortran.dg/lto/pr41521 f_lto_pr41521_0.o-f_lto_pr41521_1.o link,
-g -flto -Wno-lto-type-mismatch
FAIL: gfortran.dg/lto/pr41521 f_lto_pr41521_0.o-f_lto_pr41521_1.o link,
-g -O -flto -Wno-lto-type-mismatch
FAIL: gfortran.dg/lto/pr46911 f_lto_pr46911_0.o-f_lto_pr46911_0.o link,
-O2 -flto -g
FAIL: gfortran.dg/lto/pr47839 f_lto_pr47839_0.o-f_lto_pr47839_1.o link,
-g -flto
=== gfortran Summary ===
# of expected passes 46813
# of unexpected failures 22
# of unexpected successes 6
# of expected failures 79
# of unresolved testcases 7
# of unsupported tests 173
/cygdrive/c/users/tim/tim/tim/src/gnu/gcc2/cyg64/gcc/testsuite/gfortran/../../gfortran
version 8.0.1 20180320 (experimental) (GCC)
=== libatomic tests ===
Running target unix
=== libatomic Summary ===
# of expected passes 54
=== libgomp tests ===
Running target unix
FAIL: libgomp.c/examples-4/target-1.c execution test
FAIL: libgomp.c/examples-4/target-3.c execution test
FAIL: libgomp.c/examples-4/target-4.c execution test
FAIL: libgomp.c++/member-5.C execution test
FAIL: libgomp.c++/pr69393.C 1 blank line(s) in output
FAIL: libgomp.c++/pr69393.C (test for excess errors)
UNRESOLVED: libgomp.c++/pr69393.C compilation failed to produce executable
FAIL: libgomp.fortran/declare-simd-1.f90 -O1 execution test
FAIL: libgomp.fortran/declare-simd-1.f90 -Os execution test
FAIL: libgomp.fortran/declare-simd-4.f90 -O3 -g 1 blank line(s) in
output
FAIL: libgomp.fortran/declare-simd-4.f90 -O3 -g (test for excess errors)
FAIL: libgomp.oacc-c/../libgomp.oacc-c-c++-common/kernels-loop-nest.c
-DACC_DEVICE_TYPE_host=1 -DACC_MEM_SHARED=1 -O2 execution test
FAIL: libgomp.oacc-c++/../libgomp.oacc-c-c++-common/kernels-loop-nest.c
-DACC_DEVICE_TYPE_host=1 -DACC_MEM_SHARED=1 -O2 execution test
=== libgomp Summary ===
# of expected passes 5392
# of unexpected failures 12
# of unresolved testcases 1
# of unsupported tests 292
=== libstdc++ tests ===
Running target unix
FAIL: 22_locale/ctype/scan/wchar_t/1.cc execution test
XPASS: 23_containers/array/element_access/at_neg.cc execution test
FAIL: 30_threads/call_once/constexpr.cc (test for excess errors)
FAIL: 30_threads/mutex/cons/constexpr.cc (test for excess errors)
FAIL: 30_threads/once_flag/cons/constexpr.cc (test for excess errors)
FAIL: 30_threads/this_thread/60421.cc execution test
FAIL: ext/codecvt/wchar_t.cc execution test
UNRESOLVED: libstdc++-prettyprinters/48362.cc compilation failed to
produce executable
UNRESOLVED: libstdc++-prettyprinters/59161.cc compilation failed to
produce executable
UNRESOLVED: libstdc++-prettyprinters/80276.cc compilation failed to
produce executable
UNRESOLVED: libstdc++-prettyprinters/cxx11.cc compilation failed to
produce executable
UNRESOLVED: libstdc++-prettyprinters/cxx17.cc compilation failed to
produce executable
UNRESOLVED: libstdc++-prettyprinters/debug.cc compilation failed to
produce executable
UNRESOLVED: libstdc++-prettyprinters/debug_cxx11.cc compilation failed
to produce executable
UNRESOLVED: libstdc++-prettyprinters/libfundts.cc compilation failed to
produce executable
UNRESOLVED: libstdc++-prettyprinters/shared_ptr.cc compilation failed to
produce executable
UNRESOLVED: libstdc++-prettyprinters/simple.cc compilation failed to
produce executable
UNRESOLVED: libstdc++-prettyprinters/simple11.cc compilation failed to
produce executable
UNRESOLVED: libstdc++-prettyprinters/tr1.cc compilation failed to
produce executable
UNRESOLVED: libstdc++-prettyprinters/whatis.cc compilation failed to
produce executable
UNRESOLVED: libstdc++-prettyprinters/whatis2.cc compilation failed to
produce executable
=== libstdc++ Summary ===
# of expected passes 11631
# of unexpected failures 6
# of unexpected successes 1
# of expected failures 70
# of unresolved testcases 14
# of unsupported tests 789
Compiler version: 8.0.1 20180320 (experimental) (GCC)
Platform: x86_64-unknown-cygwin
configure flags: --prefix=/usr/local/gcc8 --enable-languages='c c++
fortran' --enable-libgomp --enable-threads=posix --with-dwarf2
--without-libiconv-prefix --without-libintl-prefix --with-system-zlib
--disable-werror --without-cloog --without-isl --disable-multilib
More information about the Gcc-testresults
mailing list