Results for 8.0.1 20180321 (experimental) [trunk revision 258703] (GCC) testsuite on powerpc64le-unknown-linux-gnu
Bill Seurer (POWER8)
seurer@linux.vnet.ibm.com
Wed Mar 21 09:58:00 GMT 2018
Linux 4.4.0-105-generic ppc64le
GNU C Library (Ubuntu GLIBC 2.23-0ubuntu10) stable release version 2.23
GNU ld (GNU Binutils for Ubuntu) 2.26.1
GNU assembler (GNU Binutils for Ubuntu) 2.26.1
GNU Make 4.1
DejaGnu:
DejaGnu version 1.6
Expect version 5.45
Tcl version 8.6
64-bit
LAST_UPDATED: Wed Mar 21 07:43:28 UTC 2018 (revision 258703)
Native configuration is powerpc64le-unknown-linux-gnu
=== gcc tests ===
Running target unix
FAIL: c-c++-common/asan/aggressive-opts.c -O3 -fomit-frame-pointer -funroll-loops -fpeel-loops -ftracer -finline-functions (internal compiler error)
FAIL: c-c++-common/asan/aggressive-opts.c -O3 -fomit-frame-pointer -funroll-loops -fpeel-loops -ftracer -finline-functions (test for excess errors)
FAIL: c-c++-common/asan/aggressive-opts.c -O3 -g (internal compiler error)
FAIL: c-c++-common/asan/aggressive-opts.c -O3 -g (test for excess errors)
FAIL: c-c++-common/asan/alloca_loop_unpoisoning.c -O1 (internal compiler error)
FAIL: c-c++-common/asan/alloca_loop_unpoisoning.c -O1 (test for excess errors)
UNRESOLVED: c-c++-common/asan/alloca_loop_unpoisoning.c -O1 compilation failed to produce executable
FAIL: c-c++-common/asan/alloca_loop_unpoisoning.c -O2 (internal compiler error)
FAIL: c-c++-common/asan/alloca_loop_unpoisoning.c -O2 (test for excess errors)
UNRESOLVED: c-c++-common/asan/alloca_loop_unpoisoning.c -O2 compilation failed to produce executable
FAIL: c-c++-common/asan/alloca_loop_unpoisoning.c -O2 -flto -fno-use-linker-plugin -flto-partition=none (internal compiler error)
FAIL: c-c++-common/asan/alloca_loop_unpoisoning.c -O2 -flto -fno-use-linker-plugin -flto-partition=none (test for excess errors)
UNRESOLVED: c-c++-common/asan/alloca_loop_unpoisoning.c -O2 -flto -fno-use-linker-plugin -flto-partition=none compilation failed to produce executable
FAIL: c-c++-common/asan/alloca_loop_unpoisoning.c -O2 -flto -fuse-linker-plugin -fno-fat-lto-objects (internal compiler error)
FAIL: c-c++-common/asan/alloca_loop_unpoisoning.c -O2 -flto -fuse-linker-plugin -fno-fat-lto-objects (test for excess errors)
UNRESOLVED: c-c++-common/asan/alloca_loop_unpoisoning.c -O2 -flto -fuse-linker-plugin -fno-fat-lto-objects compilation failed to produce executable
FAIL: c-c++-common/asan/alloca_loop_unpoisoning.c -O3 -fomit-frame-pointer -funroll-loops -fpeel-loops -ftracer -finline-functions (internal compiler error)
FAIL: c-c++-common/asan/alloca_loop_unpoisoning.c -O3 -fomit-frame-pointer -funroll-loops -fpeel-loops -ftracer -finline-functions (test for excess errors)
UNRESOLVED: c-c++-common/asan/alloca_loop_unpoisoning.c -O3 -fomit-frame-pointer -funroll-loops -fpeel-loops -ftracer -finline-functions compilation failed to produce executable
FAIL: c-c++-common/asan/alloca_loop_unpoisoning.c -O3 -g (internal compiler error)
FAIL: c-c++-common/asan/alloca_loop_unpoisoning.c -O3 -g (test for excess errors)
UNRESOLVED: c-c++-common/asan/alloca_loop_unpoisoning.c -O3 -g compilation failed to produce executable
FAIL: c-c++-common/asan/alloca_loop_unpoisoning.c -Os (internal compiler error)
FAIL: c-c++-common/asan/alloca_loop_unpoisoning.c -Os (test for excess errors)
UNRESOLVED: c-c++-common/asan/alloca_loop_unpoisoning.c -Os compilation failed to produce executable
FAIL: c-c++-common/asan/asan-interface-1.c -O1 (internal compiler error)
FAIL: c-c++-common/asan/asan-interface-1.c -O1 (test for excess errors)
UNRESOLVED: c-c++-common/asan/asan-interface-1.c -O1 compilation failed to produce executable
FAIL: c-c++-common/asan/asan-interface-1.c -O2 (internal compiler error)
FAIL: c-c++-common/asan/asan-interface-1.c -O2 (test for excess errors)
UNRESOLVED: c-c++-common/asan/asan-interface-1.c -O2 compilation failed to produce executable
FAIL: c-c++-common/asan/asan-interface-1.c -O2 -flto -fno-use-linker-plugin -flto-partition=none (internal compiler error)
FAIL: c-c++-common/asan/asan-interface-1.c -O2 -flto -fno-use-linker-plugin -flto-partition=none (test for excess errors)
UNRESOLVED: c-c++-common/asan/asan-interface-1.c -O2 -flto -fno-use-linker-plugin -flto-partition=none compilation failed to produce executable
FAIL: c-c++-common/asan/asan-interface-1.c -O2 -flto -fuse-linker-plugin -fno-fat-lto-objects (internal compiler error)
FAIL: c-c++-common/asan/asan-interface-1.c -O2 -flto -fuse-linker-plugin -fno-fat-lto-objects (test for excess errors)
UNRESOLVED: c-c++-common/asan/asan-interface-1.c -O2 -flto -fuse-linker-plugin -fno-fat-lto-objects compilation failed to produce executable
FAIL: c-c++-common/asan/asan-interface-1.c -O3 -g (internal compiler error)
FAIL: c-c++-common/asan/asan-interface-1.c -O3 -g (test for excess errors)
UNRESOLVED: c-c++-common/asan/asan-interface-1.c -O3 -g compilation failed to produce executable
FAIL: c-c++-common/asan/asan-interface-1.c -Os (internal compiler error)
FAIL: c-c++-common/asan/asan-interface-1.c -Os (test for excess errors)
UNRESOLVED: c-c++-common/asan/asan-interface-1.c -Os compilation failed to produce executable
FAIL: c-c++-common/asan/bitfield-1.c -O1 (internal compiler error)
FAIL: c-c++-common/asan/bitfield-1.c -O1 (test for excess errors)
UNRESOLVED: c-c++-common/asan/bitfield-1.c -O1 compilation failed to produce executable
FAIL: c-c++-common/asan/bitfield-1.c -O2 (internal compiler error)
FAIL: c-c++-common/asan/bitfield-1.c -O2 (test for excess errors)
UNRESOLVED: c-c++-common/asan/bitfield-1.c -O2 compilation failed to produce executable
FAIL: c-c++-common/asan/bitfield-1.c -O2 -flto -fno-use-linker-plugin -flto-partition=none (internal compiler error)
FAIL: c-c++-common/asan/bitfield-1.c -O2 -flto -fno-use-linker-plugin -flto-partition=none (test for excess errors)
UNRESOLVED: c-c++-common/asan/bitfield-1.c -O2 -flto -fno-use-linker-plugin -flto-partition=none compilation failed to produce executable
FAIL: c-c++-common/asan/bitfield-1.c -O2 -flto -fuse-linker-plugin -fno-fat-lto-objects (internal compiler error)
FAIL: c-c++-common/asan/bitfield-1.c -O2 -flto -fuse-linker-plugin -fno-fat-lto-objects (test for excess errors)
UNRESOLVED: c-c++-common/asan/bitfield-1.c -O2 -flto -fuse-linker-plugin -fno-fat-lto-objects compilation failed to produce executable
FAIL: c-c++-common/asan/bitfield-1.c -O3 -g (internal compiler error)
FAIL: c-c++-common/asan/bitfield-1.c -O3 -g (test for excess errors)
UNRESOLVED: c-c++-common/asan/bitfield-1.c -O3 -g compilation failed to produce executable
FAIL: c-c++-common/asan/bitfield-1.c -Os (internal compiler error)
FAIL: c-c++-common/asan/bitfield-1.c -Os (test for excess errors)
UNRESOLVED: c-c++-common/asan/bitfield-1.c -Os compilation failed to produce executable
FAIL: c-c++-common/asan/bitfield-2.c -O1 (internal compiler error)
FAIL: c-c++-common/asan/bitfield-2.c -O1 (test for excess errors)
UNRESOLVED: c-c++-common/asan/bitfield-2.c -O1 compilation failed to produce executable
FAIL: c-c++-common/asan/bitfield-2.c -O2 (internal compiler error)
FAIL: c-c++-common/asan/bitfield-2.c -O2 (test for excess errors)
UNRESOLVED: c-c++-common/asan/bitfield-2.c -O2 compilation failed to produce executable
FAIL: c-c++-common/asan/bitfield-2.c -O2 -flto -fno-use-linker-plugin -flto-partition=none (internal compiler error)
FAIL: c-c++-common/asan/bitfield-2.c -O2 -flto -fno-use-linker-plugin -flto-partition=none (test for excess errors)
UNRESOLVED: c-c++-common/asan/bitfield-2.c -O2 -flto -fno-use-linker-plugin -flto-partition=none compilation failed to produce executable
FAIL: c-c++-common/asan/bitfield-2.c -O2 -flto -fuse-linker-plugin -fno-fat-lto-objects (internal compiler error)
FAIL: c-c++-common/asan/bitfield-2.c -O2 -flto -fuse-linker-plugin -fno-fat-lto-objects (test for excess errors)
UNRESOLVED: c-c++-common/asan/bitfield-2.c -O2 -flto -fuse-linker-plugin -fno-fat-lto-objects compilation failed to produce executable
FAIL: c-c++-common/asan/bitfield-2.c -O3 -g (internal compiler error)
FAIL: c-c++-common/asan/bitfield-2.c -O3 -g (test for excess errors)
UNRESOLVED: c-c++-common/asan/bitfield-2.c -O3 -g compilation failed to produce executable
FAIL: c-c++-common/asan/bitfield-2.c -Os (internal compiler error)
FAIL: c-c++-common/asan/bitfield-2.c -Os (test for excess errors)
UNRESOLVED: c-c++-common/asan/bitfield-2.c -Os compilation failed to produce executable
FAIL: c-c++-common/asan/bitfield-3.c -O1 (internal compiler error)
FAIL: c-c++-common/asan/bitfield-3.c -O1 (test for excess errors)
UNRESOLVED: c-c++-common/asan/bitfield-3.c -O1 compilation failed to produce executable
FAIL: c-c++-common/asan/bitfield-3.c -O2 (internal compiler error)
FAIL: c-c++-common/asan/bitfield-3.c -O2 (test for excess errors)
UNRESOLVED: c-c++-common/asan/bitfield-3.c -O2 compilation failed to produce executable
FAIL: c-c++-common/asan/bitfield-3.c -O2 -flto -fno-use-linker-plugin -flto-partition=none (internal compiler error)
FAIL: c-c++-common/asan/bitfield-3.c -O2 -flto -fno-use-linker-plugin -flto-partition=none (test for excess errors)
UNRESOLVED: c-c++-common/asan/bitfield-3.c -O2 -flto -fno-use-linker-plugin -flto-partition=none compilation failed to produce executable
FAIL: c-c++-common/asan/bitfield-3.c -O2 -flto -fuse-linker-plugin -fno-fat-lto-objects (internal compiler error)
FAIL: c-c++-common/asan/bitfield-3.c -O2 -flto -fuse-linker-plugin -fno-fat-lto-objects (test for excess errors)
UNRESOLVED: c-c++-common/asan/bitfield-3.c -O2 -flto -fuse-linker-plugin -fno-fat-lto-objects compilation failed to produce executable
FAIL: c-c++-common/asan/bitfield-3.c -O3 -g (internal compiler error)
FAIL: c-c++-common/asan/bitfield-3.c -O3 -g (test for excess errors)
UNRESOLVED: c-c++-common/asan/bitfield-3.c -O3 -g compilation failed to produce executable
FAIL: c-c++-common/asan/bitfield-3.c -Os (internal compiler error)
FAIL: c-c++-common/asan/bitfield-3.c -Os (test for excess errors)
UNRESOLVED: c-c++-common/asan/bitfield-3.c -Os compilation failed to produce executable
FAIL: c-c++-common/asan/bitfield-4.c -O1 (internal compiler error)
FAIL: c-c++-common/asan/bitfield-4.c -O1 (test for excess errors)
UNRESOLVED: c-c++-common/asan/bitfield-4.c -O1 compilation failed to produce executable
FAIL: c-c++-common/asan/bitfield-4.c -O2 (internal compiler error)
FAIL: c-c++-common/asan/bitfield-4.c -O2 (test for excess errors)
UNRESOLVED: c-c++-common/asan/bitfield-4.c -O2 compilation failed to produce executable
FAIL: c-c++-common/asan/bitfield-4.c -O2 -flto -fno-use-linker-plugin -flto-partition=none (internal compiler error)
FAIL: c-c++-common/asan/bitfield-4.c -O2 -flto -fno-use-linker-plugin -flto-partition=none (test for excess errors)
UNRESOLVED: c-c++-common/asan/bitfield-4.c -O2 -flto -fno-use-linker-plugin -flto-partition=none compilation failed to produce executable
FAIL: c-c++-common/asan/bitfield-4.c -O2 -flto -fuse-linker-plugin -fno-fat-lto-objects (internal compiler error)
FAIL: c-c++-common/asan/bitfield-4.c -O2 -flto -fuse-linker-plugin -fno-fat-lto-objects (test for excess errors)
UNRESOLVED: c-c++-common/asan/bitfield-4.c -O2 -flto -fuse-linker-plugin -fno-fat-lto-objects compilation failed to produce executable
FAIL: c-c++-common/asan/bitfield-4.c -O3 -g (internal compiler error)
FAIL: c-c++-common/asan/bitfield-4.c -O3 -g (test for excess errors)
UNRESOLVED: c-c++-common/asan/bitfield-4.c -O3 -g compilation failed to produce executable
FAIL: c-c++-common/asan/bitfield-4.c -Os (internal compiler error)
FAIL: c-c++-common/asan/bitfield-4.c -Os (test for excess errors)
UNRESOLVED: c-c++-common/asan/bitfield-4.c -Os compilation failed to produce executable
FAIL: c-c++-common/asan/bitfield-5.c -O1 (internal compiler error)
FAIL: c-c++-common/asan/bitfield-5.c -O1 (test for excess errors)
UNRESOLVED: c-c++-common/asan/bitfield-5.c -O1 compilation failed to produce executable
FAIL: c-c++-common/asan/bitfield-5.c -O2 (internal compiler error)
FAIL: c-c++-common/asan/bitfield-5.c -O2 (test for excess errors)
UNRESOLVED: c-c++-common/asan/bitfield-5.c -O2 compilation failed to produce executable
FAIL: c-c++-common/asan/bitfield-5.c -O2 -flto -fno-use-linker-plugin -flto-partition=none (internal compiler error)
FAIL: c-c++-common/asan/bitfield-5.c -O2 -flto -fno-use-linker-plugin -flto-partition=none (test for excess errors)
UNRESOLVED: c-c++-common/asan/bitfield-5.c -O2 -flto -fno-use-linker-plugin -flto-partition=none compilation failed to produce executable
FAIL: c-c++-common/asan/bitfield-5.c -O2 -flto -fuse-linker-plugin -fno-fat-lto-objects (internal compiler error)
FAIL: c-c++-common/asan/bitfield-5.c -O2 -flto -fuse-linker-plugin -fno-fat-lto-objects (test for excess errors)
UNRESOLVED: c-c++-common/asan/bitfield-5.c -O2 -flto -fuse-linker-plugin -fno-fat-lto-objects compilation failed to produce executable
FAIL: c-c++-common/asan/bitfield-5.c -O3 -g (internal compiler error)
FAIL: c-c++-common/asan/bitfield-5.c -O3 -g (test for excess errors)
UNRESOLVED: c-c++-common/asan/bitfield-5.c -O3 -g compilation failed to produce executable
FAIL: c-c++-common/asan/bitfield-5.c -Os (internal compiler error)
FAIL: c-c++-common/asan/bitfield-5.c -Os (test for excess errors)
UNRESOLVED: c-c++-common/asan/bitfield-5.c -Os compilation failed to produce executable
FAIL: c-c++-common/asan/clone-test-1.c -O1 (internal compiler error)
FAIL: c-c++-common/asan/clone-test-1.c -O1 (test for excess errors)
UNRESOLVED: c-c++-common/asan/clone-test-1.c -O1 compilation failed to produce executable
FAIL: c-c++-common/asan/clone-test-1.c -O2 (internal compiler error)
FAIL: c-c++-common/asan/clone-test-1.c -O2 (test for excess errors)
UNRESOLVED: c-c++-common/asan/clone-test-1.c -O2 compilation failed to produce executable
FAIL: c-c++-common/asan/clone-test-1.c -O2 -flto -fno-use-linker-plugin -flto-partition=none (internal compiler error)
FAIL: c-c++-common/asan/clone-test-1.c -O2 -flto -fno-use-linker-plugin -flto-partition=none (test for excess errors)
UNRESOLVED: c-c++-common/asan/clone-test-1.c -O2 -flto -fno-use-linker-plugin -flto-partition=none compilation failed to produce executable
FAIL: c-c++-common/asan/clone-test-1.c -O2 -flto -fuse-linker-plugin -fno-fat-lto-objects (internal compiler error)
FAIL: c-c++-common/asan/clone-test-1.c -O2 -flto -fuse-linker-plugin -fno-fat-lto-objects (test for excess errors)
UNRESOLVED: c-c++-common/asan/clone-test-1.c -O2 -flto -fuse-linker-plugin -fno-fat-lto-objects compilation failed to produce executable
FAIL: c-c++-common/asan/clone-test-1.c -O3 -fomit-frame-pointer -funroll-loops -fpeel-loops -ftracer -finline-functions (internal compiler error)
FAIL: c-c++-common/asan/clone-test-1.c -O3 -fomit-frame-pointer -funroll-loops -fpeel-loops -ftracer -finline-functions (test for excess errors)
UNRESOLVED: c-c++-common/asan/clone-test-1.c -O3 -fomit-frame-pointer -funroll-loops -fpeel-loops -ftracer -finline-functions compilation failed to produce executable
FAIL: c-c++-common/asan/clone-test-1.c -O3 -g (internal compiler error)
FAIL: c-c++-common/asan/clone-test-1.c -O3 -g (test for excess errors)
UNRESOLVED: c-c++-common/asan/clone-test-1.c -O3 -g compilation failed to produce executable
FAIL: c-c++-common/asan/clone-test-1.c -Os (internal compiler error)
FAIL: c-c++-common/asan/clone-test-1.c -Os (test for excess errors)
UNRESOLVED: c-c++-common/asan/clone-test-1.c -Os compilation failed to produce executable
FAIL: c-c++-common/asan/halt_on_error-1.c -O1 (internal compiler error)
FAIL: c-c++-common/asan/halt_on_error-1.c -O1 (test for excess errors)
UNRESOLVED: c-c++-common/asan/halt_on_error-1.c -O1 compilation failed to produce executable
FAIL: c-c++-common/asan/halt_on_error-1.c -O2 (internal compiler error)
FAIL: c-c++-common/asan/halt_on_error-1.c -O2 (test for excess errors)
UNRESOLVED: c-c++-common/asan/halt_on_error-1.c -O2 compilation failed to produce executable
FAIL: c-c++-common/asan/halt_on_error-1.c -O2 -flto -fno-use-linker-plugin -flto-partition=none (internal compiler error)
FAIL: c-c++-common/asan/halt_on_error-1.c -O2 -flto -fno-use-linker-plugin -flto-partition=none (test for excess errors)
UNRESOLVED: c-c++-common/asan/halt_on_error-1.c -O2 -flto -fno-use-linker-plugin -flto-partition=none compilation failed to produce executable
FAIL: c-c++-common/asan/halt_on_error-1.c -O2 -flto -fuse-linker-plugin -fno-fat-lto-objects (internal compiler error)
FAIL: c-c++-common/asan/halt_on_error-1.c -O2 -flto -fuse-linker-plugin -fno-fat-lto-objects (test for excess errors)
UNRESOLVED: c-c++-common/asan/halt_on_error-1.c -O2 -flto -fuse-linker-plugin -fno-fat-lto-objects compilation failed to produce executable
FAIL: c-c++-common/asan/halt_on_error-1.c -O3 -g (internal compiler error)
FAIL: c-c++-common/asan/halt_on_error-1.c -O3 -g (test for excess errors)
UNRESOLVED: c-c++-common/asan/halt_on_error-1.c -O3 -g compilation failed to produce executable
FAIL: c-c++-common/asan/halt_on_error-1.c -Os (internal compiler error)
FAIL: c-c++-common/asan/halt_on_error-1.c -Os (test for excess errors)
UNRESOLVED: c-c++-common/asan/halt_on_error-1.c -Os compilation failed to produce executable
FAIL: c-c++-common/asan/halt_on_error-2.c -O1 (internal compiler error)
FAIL: c-c++-common/asan/halt_on_error-2.c -O1 (test for excess errors)
UNRESOLVED: c-c++-common/asan/halt_on_error-2.c -O1 compilation failed to produce executable
FAIL: c-c++-common/asan/halt_on_error-2.c -O2 (internal compiler error)
FAIL: c-c++-common/asan/halt_on_error-2.c -O2 (test for excess errors)
UNRESOLVED: c-c++-common/asan/halt_on_error-2.c -O2 compilation failed to produce executable
FAIL: c-c++-common/asan/halt_on_error-2.c -O2 -flto -fno-use-linker-plugin -flto-partition=none (internal compiler error)
FAIL: c-c++-common/asan/halt_on_error-2.c -O2 -flto -fno-use-linker-plugin -flto-partition=none (test for excess errors)
UNRESOLVED: c-c++-common/asan/halt_on_error-2.c -O2 -flto -fno-use-linker-plugin -flto-partition=none compilation failed to produce executable
FAIL: c-c++-common/asan/halt_on_error-2.c -O2 -flto -fuse-linker-plugin -fno-fat-lto-objects (internal compiler error)
FAIL: c-c++-common/asan/halt_on_error-2.c -O2 -flto -fuse-linker-plugin -fno-fat-lto-objects (test for excess errors)
UNRESOLVED: c-c++-common/asan/halt_on_error-2.c -O2 -flto -fuse-linker-plugin -fno-fat-lto-objects compilation failed to produce executable
FAIL: c-c++-common/asan/halt_on_error-2.c -O3 -g (internal compiler error)
FAIL: c-c++-common/asan/halt_on_error-2.c -O3 -g (test for excess errors)
UNRESOLVED: c-c++-common/asan/halt_on_error-2.c -O3 -g compilation failed to produce executable
FAIL: c-c++-common/asan/halt_on_error-2.c -Os (internal compiler error)
FAIL: c-c++-common/asan/halt_on_error-2.c -Os (test for excess errors)
UNRESOLVED: c-c++-common/asan/halt_on_error-2.c -Os compilation failed to produce executable
FAIL: c-c++-common/asan/memcmp-1.c -O1 (internal compiler error)
FAIL: c-c++-common/asan/memcmp-1.c -O1 (test for excess errors)
UNRESOLVED: c-c++-common/asan/memcmp-1.c -O1 compilation failed to produce executable
FAIL: c-c++-common/asan/memcmp-1.c -O2 (internal compiler error)
FAIL: c-c++-common/asan/memcmp-1.c -O2 (test for excess errors)
UNRESOLVED: c-c++-common/asan/memcmp-1.c -O2 compilation failed to produce executable
FAIL: c-c++-common/asan/memcmp-1.c -O2 -flto -fno-use-linker-plugin -flto-partition=none (internal compiler error)
FAIL: c-c++-common/asan/memcmp-1.c -O2 -flto -fno-use-linker-plugin -flto-partition=none (test for excess errors)
UNRESOLVED: c-c++-common/asan/memcmp-1.c -O2 -flto -fno-use-linker-plugin -flto-partition=none compilation failed to produce executable
FAIL: c-c++-common/asan/memcmp-1.c -O2 -flto -fuse-linker-plugin -fno-fat-lto-objects (internal compiler error)
FAIL: c-c++-common/asan/memcmp-1.c -O2 -flto -fuse-linker-plugin -fno-fat-lto-objects (test for excess errors)
UNRESOLVED: c-c++-common/asan/memcmp-1.c -O2 -flto -fuse-linker-plugin -fno-fat-lto-objects compilation failed to produce executable
FAIL: c-c++-common/asan/memcmp-1.c -O3 -g (internal compiler error)
FAIL: c-c++-common/asan/memcmp-1.c -O3 -g (test for excess errors)
UNRESOLVED: c-c++-common/asan/memcmp-1.c -O3 -g compilation failed to produce executable
FAIL: c-c++-common/asan/memcmp-1.c -Os (internal compiler error)
FAIL: c-c++-common/asan/memcmp-1.c -Os (test for excess errors)
UNRESOLVED: c-c++-common/asan/memcmp-1.c -Os compilation failed to produce executable
FAIL: c-c++-common/asan/memcmp-2.c -O1 (internal compiler error)
FAIL: c-c++-common/asan/memcmp-2.c -O1 (test for excess errors)
FAIL: c-c++-common/asan/memcmp-2.c -O2 (internal compiler error)
FAIL: c-c++-common/asan/memcmp-2.c -O2 (test for excess errors)
FAIL: c-c++-common/asan/memcmp-2.c -O2 -flto -fno-use-linker-plugin -flto-partition=none (internal compiler error)
FAIL: c-c++-common/asan/memcmp-2.c -O2 -flto -fno-use-linker-plugin -flto-partition=none (test for excess errors)
FAIL: c-c++-common/asan/memcmp-2.c -O3 -g (internal compiler error)
FAIL: c-c++-common/asan/memcmp-2.c -O3 -g (test for excess errors)
FAIL: c-c++-common/asan/memcmp-2.c -Os (internal compiler error)
FAIL: c-c++-common/asan/memcmp-2.c -Os (test for excess errors)
FAIL: c-c++-common/asan/misalign-1.c -O2 (internal compiler error)
FAIL: c-c++-common/asan/misalign-1.c -O2 (test for excess errors)
UNRESOLVED: c-c++-common/asan/misalign-1.c -O2 compilation failed to produce executable
FAIL: c-c++-common/asan/misalign-1.c -O2 -flto -fno-use-linker-plugin -flto-partition=none (internal compiler error)
FAIL: c-c++-common/asan/misalign-1.c -O2 -flto -fno-use-linker-plugin -flto-partition=none (test for excess errors)
UNRESOLVED: c-c++-common/asan/misalign-1.c -O2 -flto -fno-use-linker-plugin -flto-partition=none compilation failed to produce executable
FAIL: c-c++-common/asan/misalign-1.c -O2 -flto -fuse-linker-plugin -fno-fat-lto-objects (internal compiler error)
FAIL: c-c++-common/asan/misalign-1.c -O2 -flto -fuse-linker-plugin -fno-fat-lto-objects (test for excess errors)
UNRESOLVED: c-c++-common/asan/misalign-1.c -O2 -flto -fuse-linker-plugin -fno-fat-lto-objects compilation failed to produce executable
FAIL: c-c++-common/asan/misalign-2.c -O2 (internal compiler error)
FAIL: c-c++-common/asan/misalign-2.c -O2 (test for excess errors)
UNRESOLVED: c-c++-common/asan/misalign-2.c -O2 compilation failed to produce executable
FAIL: c-c++-common/asan/misalign-2.c -O2 -flto -fno-use-linker-plugin -flto-partition=none (internal compiler error)
FAIL: c-c++-common/asan/misalign-2.c -O2 -flto -fno-use-linker-plugin -flto-partition=none (test for excess errors)
UNRESOLVED: c-c++-common/asan/misalign-2.c -O2 -flto -fno-use-linker-plugin -flto-partition=none compilation failed to produce executable
FAIL: c-c++-common/asan/misalign-2.c -O2 -flto -fuse-linker-plugin -fno-fat-lto-objects (internal compiler error)
FAIL: c-c++-common/asan/misalign-2.c -O2 -flto -fuse-linker-plugin -fno-fat-lto-objects (test for excess errors)
UNRESOLVED: c-c++-common/asan/misalign-2.c -O2 -flto -fuse-linker-plugin -fno-fat-lto-objects compilation failed to produce executable
UNRESOLVED: c-c++-common/asan/no-instrument-reads.c -O1 scan-assembler-not __asan_load
FAIL: c-c++-common/asan/no-instrument-reads.c -O1 (internal compiler error)
FAIL: c-c++-common/asan/no-instrument-reads.c -O1 (test for excess errors)
UNRESOLVED: c-c++-common/asan/no-instrument-reads.c -O2 scan-assembler-not __asan_load
FAIL: c-c++-common/asan/no-instrument-reads.c -O2 (internal compiler error)
FAIL: c-c++-common/asan/no-instrument-reads.c -O2 (test for excess errors)
UNRESOLVED: c-c++-common/asan/no-instrument-reads.c -O2 -flto -fno-use-linker-plugin -flto-partition=none scan-assembler-not __asan_load
FAIL: c-c++-common/asan/no-instrument-reads.c -O2 -flto -fno-use-linker-plugin -flto-partition=none (internal compiler error)
FAIL: c-c++-common/asan/no-instrument-reads.c -O2 -flto -fno-use-linker-plugin -flto-partition=none (test for excess errors)
UNRESOLVED: c-c++-common/asan/no-instrument-reads.c -O2 -flto -fuse-linker-plugin -fno-fat-lto-objects scan-assembler-not __asan_load
FAIL: c-c++-common/asan/no-instrument-reads.c -O2 -flto -fuse-linker-plugin -fno-fat-lto-objects (internal compiler error)
FAIL: c-c++-common/asan/no-instrument-reads.c -O2 -flto -fuse-linker-plugin -fno-fat-lto-objects (test for excess errors)
UNRESOLVED: c-c++-common/asan/no-instrument-reads.c -O3 -g scan-assembler-not __asan_load
FAIL: c-c++-common/asan/no-instrument-reads.c -O3 -g (internal compiler error)
FAIL: c-c++-common/asan/no-instrument-reads.c -O3 -g (test for excess errors)
UNRESOLVED: c-c++-common/asan/no-instrument-reads.c -Os scan-assembler-not __asan_load
FAIL: c-c++-common/asan/no-instrument-reads.c -Os (internal compiler error)
FAIL: c-c++-common/asan/no-instrument-reads.c -Os (test for excess errors)
UNRESOLVED: c-c++-common/asan/no-instrument-writes.c -O1 scan-assembler-not __asan_store
FAIL: c-c++-common/asan/no-instrument-writes.c -O1 (internal compiler error)
FAIL: c-c++-common/asan/no-instrument-writes.c -O1 (test for excess errors)
UNRESOLVED: c-c++-common/asan/no-instrument-writes.c -O2 scan-assembler-not __asan_store
FAIL: c-c++-common/asan/no-instrument-writes.c -O2 (internal compiler error)
FAIL: c-c++-common/asan/no-instrument-writes.c -O2 (test for excess errors)
UNRESOLVED: c-c++-common/asan/no-instrument-writes.c -O2 -flto -fno-use-linker-plugin -flto-partition=none scan-assembler-not __asan_store
FAIL: c-c++-common/asan/no-instrument-writes.c -O2 -flto -fno-use-linker-plugin -flto-partition=none (internal compiler error)
FAIL: c-c++-common/asan/no-instrument-writes.c -O2 -flto -fno-use-linker-plugin -flto-partition=none (test for excess errors)
UNRESOLVED: c-c++-common/asan/no-instrument-writes.c -O2 -flto -fuse-linker-plugin -fno-fat-lto-objects scan-assembler-not __asan_store
FAIL: c-c++-common/asan/no-instrument-writes.c -O2 -flto -fuse-linker-plugin -fno-fat-lto-objects (internal compiler error)
FAIL: c-c++-common/asan/no-instrument-writes.c -O2 -flto -fuse-linker-plugin -fno-fat-lto-objects (test for excess errors)
UNRESOLVED: c-c++-common/asan/no-instrument-writes.c -O3 -g scan-assembler-not __asan_store
FAIL: c-c++-common/asan/no-instrument-writes.c -O3 -g (internal compiler error)
FAIL: c-c++-common/asan/no-instrument-writes.c -O3 -g (test for excess errors)
UNRESOLVED: c-c++-common/asan/no-instrument-writes.c -Os scan-assembler-not __asan_store
FAIL: c-c++-common/asan/no-instrument-writes.c -Os (internal compiler error)
FAIL: c-c++-common/asan/no-instrument-writes.c -Os (test for excess errors)
FAIL: c-c++-common/asan/no-redundant-instrumentation-12.c -O1 (internal compiler error)
FAIL: c-c++-common/asan/no-redundant-instrumentation-12.c -O1 (test for excess errors)
FAIL: c-c++-common/asan/no-redundant-instrumentation-12.c -O2 (internal compiler error)
FAIL: c-c++-common/asan/no-redundant-instrumentation-12.c -O2 (test for excess errors)
FAIL: c-c++-common/asan/no-redundant-instrumentation-12.c -O3 -g (internal compiler error)
FAIL: c-c++-common/asan/no-redundant-instrumentation-12.c -O3 -g (test for excess errors)
FAIL: c-c++-common/asan/no-redundant-instrumentation-12.c -Os (internal compiler error)
FAIL: c-c++-common/asan/no-redundant-instrumentation-12.c -Os (test for excess errors)
FAIL: c-c++-common/asan/no-redundant-instrumentation-15.c -O1 (internal compiler error)
FAIL: c-c++-common/asan/no-redundant-instrumentation-15.c -O1 (test for excess errors)
FAIL: c-c++-common/asan/no-redundant-instrumentation-15.c -O2 (internal compiler error)
FAIL: c-c++-common/asan/no-redundant-instrumentation-15.c -O2 (test for excess errors)
FAIL: c-c++-common/asan/no-redundant-instrumentation-15.c -O3 -g (internal compiler error)
FAIL: c-c++-common/asan/no-redundant-instrumentation-15.c -O3 -g (test for excess errors)
FAIL: c-c++-common/asan/no-redundant-instrumentation-15.c -Os (internal compiler error)
FAIL: c-c++-common/asan/no-redundant-instrumentation-15.c -Os (test for excess errors)
UNRESOLVED: c-c++-common/asan/no-use-after-return.c -O1 scan-assembler-not __asan_option_detect_stack_use_after_return
FAIL: c-c++-common/asan/no-use-after-return.c -O1 (internal compiler error)
FAIL: c-c++-common/asan/no-use-after-return.c -O1 (test for excess errors)
UNRESOLVED: c-c++-common/asan/no-use-after-return.c -O2 scan-assembler-not __asan_option_detect_stack_use_after_return
FAIL: c-c++-common/asan/no-use-after-return.c -O2 (internal compiler error)
FAIL: c-c++-common/asan/no-use-after-return.c -O2 (test for excess errors)
UNRESOLVED: c-c++-common/asan/no-use-after-return.c -O2 -flto -fno-use-linker-plugin -flto-partition=none scan-assembler-not __asan_option_detect_stack_use_after_return
FAIL: c-c++-common/asan/no-use-after-return.c -O2 -flto -fno-use-linker-plugin -flto-partition=none (internal compiler error)
FAIL: c-c++-common/asan/no-use-after-return.c -O2 -flto -fno-use-linker-plugin -flto-partition=none (test for excess errors)
UNRESOLVED: c-c++-common/asan/no-use-after-return.c -O2 -flto -fuse-linker-plugin -fno-fat-lto-objects scan-assembler-not __asan_option_detect_stack_use_after_return
FAIL: c-c++-common/asan/no-use-after-return.c -O2 -flto -fuse-linker-plugin -fno-fat-lto-objects (internal compiler error)
FAIL: c-c++-common/asan/no-use-after-return.c -O2 -flto -fuse-linker-plugin -fno-fat-lto-objects (test for excess errors)
UNRESOLVED: c-c++-common/asan/no-use-after-return.c -O3 -g scan-assembler-not __asan_option_detect_stack_use_after_return
FAIL: c-c++-common/asan/no-use-after-return.c -O3 -g (internal compiler error)
FAIL: c-c++-common/asan/no-use-after-return.c -O3 -g (test for excess errors)
UNRESOLVED: c-c++-common/asan/no-use-after-return.c -Os scan-assembler-not __asan_option_detect_stack_use_after_return
FAIL: c-c++-common/asan/no-use-after-return.c -Os (internal compiler error)
FAIL: c-c++-common/asan/no-use-after-return.c -Os (test for excess errors)
FAIL: c-c++-common/asan/pointer-compare-1.c -O1 (internal compiler error)
FAIL: c-c++-common/asan/pointer-compare-1.c -O1 (test for excess errors)
UNRESOLVED: c-c++-common/asan/pointer-compare-1.c -O1 compilation failed to produce executable
FAIL: c-c++-common/asan/pointer-compare-1.c -O2 (internal compiler error)
FAIL: c-c++-common/asan/pointer-compare-1.c -O2 (test for excess errors)
UNRESOLVED: c-c++-common/asan/pointer-compare-1.c -O2 compilation failed to produce executable
FAIL: c-c++-common/asan/pointer-compare-1.c -O2 -flto -fno-use-linker-plugin -flto-partition=none (internal compiler error)
FAIL: c-c++-common/asan/pointer-compare-1.c -O2 -flto -fno-use-linker-plugin -flto-partition=none (test for excess errors)
UNRESOLVED: c-c++-common/asan/pointer-compare-1.c -O2 -flto -fno-use-linker-plugin -flto-partition=none compilation failed to produce executable
FAIL: c-c++-common/asan/pointer-compare-1.c -O2 -flto -fuse-linker-plugin -fno-fat-lto-objects (internal compiler error)
FAIL: c-c++-common/asan/pointer-compare-1.c -O2 -flto -fuse-linker-plugin -fno-fat-lto-objects (test for excess errors)
UNRESOLVED: c-c++-common/asan/pointer-compare-1.c -O2 -flto -fuse-linker-plugin -fno-fat-lto-objects compilation failed to produce executable
FAIL: c-c++-common/asan/pointer-compare-1.c -O3 -g (internal compiler error)
FAIL: c-c++-common/asan/pointer-compare-1.c -O3 -g (test for excess errors)
UNRESOLVED: c-c++-common/asan/pointer-compare-1.c -O3 -g compilation failed to produce executable
FAIL: c-c++-common/asan/pointer-compare-1.c -Os (internal compiler error)
FAIL: c-c++-common/asan/pointer-compare-1.c -Os (test for excess errors)
UNRESOLVED: c-c++-common/asan/pointer-compare-1.c -Os compilation failed to produce executable
FAIL: c-c++-common/asan/pointer-compare-2.c -O1 (internal compiler error)
FAIL: c-c++-common/asan/pointer-compare-2.c -O1 (test for excess errors)
UNRESOLVED: c-c++-common/asan/pointer-compare-2.c -O1 compilation failed to produce executable
FAIL: c-c++-common/asan/pointer-compare-2.c -O2 (internal compiler error)
FAIL: c-c++-common/asan/pointer-compare-2.c -O2 (test for excess errors)
UNRESOLVED: c-c++-common/asan/pointer-compare-2.c -O2 compilation failed to produce executable
FAIL: c-c++-common/asan/pointer-compare-2.c -O2 -flto -fno-use-linker-plugin -flto-partition=none (internal compiler error)
FAIL: c-c++-common/asan/pointer-compare-2.c -O2 -flto -fno-use-linker-plugin -flto-partition=none (test for excess errors)
UNRESOLVED: c-c++-common/asan/pointer-compare-2.c -O2 -flto -fno-use-linker-plugin -flto-partition=none compilation failed to produce executable
FAIL: c-c++-common/asan/pointer-compare-2.c -O2 -flto -fuse-linker-plugin -fno-fat-lto-objects (internal compiler error)
FAIL: c-c++-common/asan/pointer-compare-2.c -O2 -flto -fuse-linker-plugin -fno-fat-lto-objects (test for excess errors)
UNRESOLVED: c-c++-common/asan/pointer-compare-2.c -O2 -flto -fuse-linker-plugin -fno-fat-lto-objects compilation failed to produce executable
FAIL: c-c++-common/asan/pointer-compare-2.c -O3 -g (internal compiler error)
FAIL: c-c++-common/asan/pointer-compare-2.c -O3 -g (test for excess errors)
UNRESOLVED: c-c++-common/asan/pointer-compare-2.c -O3 -g compilation failed to produce executable
FAIL: c-c++-common/asan/pointer-compare-2.c -Os (internal compiler error)
FAIL: c-c++-common/asan/pointer-compare-2.c -Os (test for excess errors)
UNRESOLVED: c-c++-common/asan/pointer-compare-2.c -Os compilation failed to produce executable
FAIL: c-c++-common/asan/pointer-compare-3.c -O1 (internal compiler error)
FAIL: c-c++-common/asan/pointer-compare-3.c -O1 (test for excess errors)
UNRESOLVED: c-c++-common/asan/pointer-compare-3.c -O1 compilation failed to produce executable
FAIL: c-c++-common/asan/pointer-compare-3.c -O2 (internal compiler error)
FAIL: c-c++-common/asan/pointer-compare-3.c -O2 (test for excess errors)
UNRESOLVED: c-c++-common/asan/pointer-compare-3.c -O2 compilation failed to produce executable
FAIL: c-c++-common/asan/pointer-compare-3.c -O2 -flto -fno-use-linker-plugin -flto-partition=none (internal compiler error)
FAIL: c-c++-common/asan/pointer-compare-3.c -O2 -flto -fno-use-linker-plugin -flto-partition=none (test for excess errors)
UNRESOLVED: c-c++-common/asan/pointer-compare-3.c -O2 -flto -fno-use-linker-plugin -flto-partition=none compilation failed to produce executable
FAIL: c-c++-common/asan/pointer-compare-3.c -O2 -flto -fuse-linker-plugin -fno-fat-lto-objects (internal compiler error)
FAIL: c-c++-common/asan/pointer-compare-3.c -O2 -flto -fuse-linker-plugin -fno-fat-lto-objects (test for excess errors)
UNRESOLVED: c-c++-common/asan/pointer-compare-3.c -O2 -flto -fuse-linker-plugin -fno-fat-lto-objects compilation failed to produce executable
FAIL: c-c++-common/asan/pointer-compare-3.c -O3 -g (internal compiler error)
FAIL: c-c++-common/asan/pointer-compare-3.c -O3 -g (test for excess errors)
UNRESOLVED: c-c++-common/asan/pointer-compare-3.c -O3 -g compilation failed to produce executable
FAIL: c-c++-common/asan/pointer-compare-3.c -Os (internal compiler error)
FAIL: c-c++-common/asan/pointer-compare-3.c -Os (test for excess errors)
UNRESOLVED: c-c++-common/asan/pointer-compare-3.c -Os compilation failed to produce executable
FAIL: c-c++-common/asan/pointer-subtract-1.c -O1 (internal compiler error)
FAIL: c-c++-common/asan/pointer-subtract-1.c -O1 (test for excess errors)
UNRESOLVED: c-c++-common/asan/pointer-subtract-1.c -O1 compilation failed to produce executable
FAIL: c-c++-common/asan/pointer-subtract-1.c -O2 (internal compiler error)
FAIL: c-c++-common/asan/pointer-subtract-1.c -O2 (test for excess errors)
UNRESOLVED: c-c++-common/asan/pointer-subtract-1.c -O2 compilation failed to produce executable
FAIL: c-c++-common/asan/pointer-subtract-1.c -O2 -flto -fno-use-linker-plugin -flto-partition=none (internal compiler error)
FAIL: c-c++-common/asan/pointer-subtract-1.c -O2 -flto -fno-use-linker-plugin -flto-partition=none (test for excess errors)
UNRESOLVED: c-c++-common/asan/pointer-subtract-1.c -O2 -flto -fno-use-linker-plugin -flto-partition=none compilation failed to produce executable
FAIL: c-c++-common/asan/pointer-subtract-1.c -O2 -flto -fuse-linker-plugin -fno-fat-lto-objects (internal compiler error)
FAIL: c-c++-common/asan/pointer-subtract-1.c -O2 -flto -fuse-linker-plugin -fno-fat-lto-objects (test for excess errors)
UNRESOLVED: c-c++-common/asan/pointer-subtract-1.c -O2 -flto -fuse-linker-plugin -fno-fat-lto-objects compilation failed to produce executable
FAIL: c-c++-common/asan/pointer-subtract-1.c -O3 -g (internal compiler error)
FAIL: c-c++-common/asan/pointer-subtract-1.c -O3 -g (test for excess errors)
UNRESOLVED: c-c++-common/asan/pointer-subtract-1.c -O3 -g compilation failed to produce executable
FAIL: c-c++-common/asan/pointer-subtract-1.c -Os (internal compiler error)
FAIL: c-c++-common/asan/pointer-subtract-1.c -Os (test for excess errors)
UNRESOLVED: c-c++-common/asan/pointer-subtract-1.c -Os compilation failed to produce executable
FAIL: c-c++-common/asan/pointer-subtract-2.c -O1 (internal compiler error)
FAIL: c-c++-common/asan/pointer-subtract-2.c -O1 (test for excess errors)
UNRESOLVED: c-c++-common/asan/pointer-subtract-2.c -O1 compilation failed to produce executable
FAIL: c-c++-common/asan/pointer-subtract-2.c -O2 (internal compiler error)
FAIL: c-c++-common/asan/pointer-subtract-2.c -O2 (test for excess errors)
UNRESOLVED: c-c++-common/asan/pointer-subtract-2.c -O2 compilation failed to produce executable
FAIL: c-c++-common/asan/pointer-subtract-2.c -O2 -flto -fno-use-linker-plugin -flto-partition=none (internal compiler error)
FAIL: c-c++-common/asan/pointer-subtract-2.c -O2 -flto -fno-use-linker-plugin -flto-partition=none (test for excess errors)
UNRESOLVED: c-c++-common/asan/pointer-subtract-2.c -O2 -flto -fno-use-linker-plugin -flto-partition=none compilation failed to produce executable
FAIL: c-c++-common/asan/pointer-subtract-2.c -O2 -flto -fuse-linker-plugin -fno-fat-lto-objects (internal compiler error)
FAIL: c-c++-common/asan/pointer-subtract-2.c -O2 -flto -fuse-linker-plugin -fno-fat-lto-objects (test for excess errors)
UNRESOLVED: c-c++-common/asan/pointer-subtract-2.c -O2 -flto -fuse-linker-plugin -fno-fat-lto-objects compilation failed to produce executable
FAIL: c-c++-common/asan/pointer-subtract-2.c -O3 -g (internal compiler error)
FAIL: c-c++-common/asan/pointer-subtract-2.c -O3 -g (test for excess errors)
UNRESOLVED: c-c++-common/asan/pointer-subtract-2.c -O3 -g compilation failed to produce executable
FAIL: c-c++-common/asan/pointer-subtract-2.c -Os (internal compiler error)
FAIL: c-c++-common/asan/pointer-subtract-2.c -Os (test for excess errors)
UNRESOLVED: c-c++-common/asan/pointer-subtract-2.c -Os compilation failed to produce executable
FAIL: c-c++-common/asan/pointer-subtract-3.c -O1 (internal compiler error)
FAIL: c-c++-common/asan/pointer-subtract-3.c -O1 (test for excess errors)
UNRESOLVED: c-c++-common/asan/pointer-subtract-3.c -O1 compilation failed to produce executable
FAIL: c-c++-common/asan/pointer-subtract-3.c -O2 (internal compiler error)
FAIL: c-c++-common/asan/pointer-subtract-3.c -O2 (test for excess errors)
UNRESOLVED: c-c++-common/asan/pointer-subtract-3.c -O2 compilation failed to produce executable
FAIL: c-c++-common/asan/pointer-subtract-3.c -O2 -flto -fno-use-linker-plugin -flto-partition=none (internal compiler error)
FAIL: c-c++-common/asan/pointer-subtract-3.c -O2 -flto -fno-use-linker-plugin -flto-partition=none (test for excess errors)
UNRESOLVED: c-c++-common/asan/pointer-subtract-3.c -O2 -flto -fno-use-linker-plugin -flto-partition=none compilation failed to produce executable
FAIL: c-c++-common/asan/pointer-subtract-3.c -O2 -flto -fuse-linker-plugin -fno-fat-lto-objects (internal compiler error)
FAIL: c-c++-common/asan/pointer-subtract-3.c -O2 -flto -fuse-linker-plugin -fno-fat-lto-objects (test for excess errors)
UNRESOLVED: c-c++-common/asan/pointer-subtract-3.c -O2 -flto -fuse-linker-plugin -fno-fat-lto-objects compilation failed to produce executable
FAIL: c-c++-common/asan/pointer-subtract-3.c -O3 -g (internal compiler error)
FAIL: c-c++-common/asan/pointer-subtract-3.c -O3 -g (test for excess errors)
UNRESOLVED: c-c++-common/asan/pointer-subtract-3.c -O3 -g compilation failed to produce executable
FAIL: c-c++-common/asan/pointer-subtract-3.c -Os (internal compiler error)
FAIL: c-c++-common/asan/pointer-subtract-3.c -Os (test for excess errors)
UNRESOLVED: c-c++-common/asan/pointer-subtract-3.c -Os compilation failed to produce executable
FAIL: c-c++-common/asan/pointer-subtract-4.c -O1 (internal compiler error)
FAIL: c-c++-common/asan/pointer-subtract-4.c -O1 (test for excess errors)
UNRESOLVED: c-c++-common/asan/pointer-subtract-4.c -O1 compilation failed to produce executable
FAIL: c-c++-common/asan/pointer-subtract-4.c -O2 (internal compiler error)
FAIL: c-c++-common/asan/pointer-subtract-4.c -O2 (test for excess errors)
UNRESOLVED: c-c++-common/asan/pointer-subtract-4.c -O2 compilation failed to produce executable
FAIL: c-c++-common/asan/pointer-subtract-4.c -O2 -flto -fno-use-linker-plugin -flto-partition=none (internal compiler error)
FAIL: c-c++-common/asan/pointer-subtract-4.c -O2 -flto -fno-use-linker-plugin -flto-partition=none (test for excess errors)
UNRESOLVED: c-c++-common/asan/pointer-subtract-4.c -O2 -flto -fno-use-linker-plugin -flto-partition=none compilation failed to produce executable
FAIL: c-c++-common/asan/pointer-subtract-4.c -O2 -flto -fuse-linker-plugin -fno-fat-lto-objects (internal compiler error)
FAIL: c-c++-common/asan/pointer-subtract-4.c -O2 -flto -fuse-linker-plugin -fno-fat-lto-objects (test for excess errors)
UNRESOLVED: c-c++-common/asan/pointer-subtract-4.c -O2 -flto -fuse-linker-plugin -fno-fat-lto-objects compilation failed to produce executable
FAIL: c-c++-common/asan/pointer-subtract-4.c -O3 -g (internal compiler error)
FAIL: c-c++-common/asan/pointer-subtract-4.c -O3 -g (test for excess errors)
UNRESOLVED: c-c++-common/asan/pointer-subtract-4.c -O3 -g compilation failed to produce executable
FAIL: c-c++-common/asan/pointer-subtract-4.c -Os (internal compiler error)
FAIL: c-c++-common/asan/pointer-subtract-4.c -Os (test for excess errors)
UNRESOLVED: c-c++-common/asan/pointer-subtract-4.c -Os compilation failed to produce executable
FAIL: c-c++-common/asan/pr59063-1.c -O1 (internal compiler error)
FAIL: c-c++-common/asan/pr59063-1.c -O1 (test for excess errors)
UNRESOLVED: c-c++-common/asan/pr59063-1.c -O1 compilation failed to produce executable
FAIL: c-c++-common/asan/pr59063-1.c -O2 (internal compiler error)
FAIL: c-c++-common/asan/pr59063-1.c -O2 (test for excess errors)
UNRESOLVED: c-c++-common/asan/pr59063-1.c -O2 compilation failed to produce executable
FAIL: c-c++-common/asan/pr59063-1.c -O2 -flto -fno-use-linker-plugin -flto-partition=none (internal compiler error)
FAIL: c-c++-common/asan/pr59063-1.c -O2 -flto -fno-use-linker-plugin -flto-partition=none (test for excess errors)
UNRESOLVED: c-c++-common/asan/pr59063-1.c -O2 -flto -fno-use-linker-plugin -flto-partition=none compilation failed to produce executable
FAIL: c-c++-common/asan/pr59063-1.c -O2 -flto -fuse-linker-plugin -fno-fat-lto-objects (internal compiler error)
FAIL: c-c++-common/asan/pr59063-1.c -O2 -flto -fuse-linker-plugin -fno-fat-lto-objects (test for excess errors)
UNRESOLVED: c-c++-common/asan/pr59063-1.c -O2 -flto -fuse-linker-plugin -fno-fat-lto-objects compilation failed to produce executable
FAIL: c-c++-common/asan/pr59063-1.c -O3 -g (internal compiler error)
FAIL: c-c++-common/asan/pr59063-1.c -O3 -g (test for excess errors)
UNRESOLVED: c-c++-common/asan/pr59063-1.c -O3 -g compilation failed to produce executable
FAIL: c-c++-common/asan/pr59063-1.c -Os (internal compiler error)
FAIL: c-c++-common/asan/pr59063-1.c -Os (test for excess errors)
UNRESOLVED: c-c++-common/asan/pr59063-1.c -Os compilation failed to produce executable
FAIL: c-c++-common/asan/pr59063-2.c -O1 (internal compiler error)
FAIL: c-c++-common/asan/pr59063-2.c -O1 (test for excess errors)
UNRESOLVED: c-c++-common/asan/pr59063-2.c -O1 compilation failed to produce executable
FAIL: c-c++-common/asan/pr59063-2.c -O2 (internal compiler error)
FAIL: c-c++-common/asan/pr59063-2.c -O2 (test for excess errors)
UNRESOLVED: c-c++-common/asan/pr59063-2.c -O2 compilation failed to produce executable
FAIL: c-c++-common/asan/pr59063-2.c -O2 -flto -fno-use-linker-plugin -flto-partition=none (internal compiler error)
FAIL: c-c++-common/asan/pr59063-2.c -O2 -flto -fno-use-linker-plugin -flto-partition=none (test for excess errors)
UNRESOLVED: c-c++-common/asan/pr59063-2.c -O2 -flto -fno-use-linker-plugin -flto-partition=none compilation failed to produce executable
FAIL: c-c++-common/asan/pr59063-2.c -O2 -flto -fuse-linker-plugin -fno-fat-lto-objects (internal compiler error)
FAIL: c-c++-common/asan/pr59063-2.c -O2 -flto -fuse-linker-plugin -fno-fat-lto-objects (test for excess errors)
UNRESOLVED: c-c++-common/asan/pr59063-2.c -O2 -flto -fuse-linker-plugin -fno-fat-lto-objects compilation failed to produce executable
FAIL: c-c++-common/asan/pr59063-2.c -O3 -g (internal compiler error)
FAIL: c-c++-common/asan/pr59063-2.c -O3 -g (test for excess errors)
UNRESOLVED: c-c++-common/asan/pr59063-2.c -O3 -g compilation failed to produce executable
FAIL: c-c++-common/asan/pr59063-2.c -Os (internal compiler error)
FAIL: c-c++-common/asan/pr59063-2.c -Os (test for excess errors)
UNRESOLVED: c-c++-common/asan/pr59063-2.c -Os compilation failed to produce executable
FAIL: c-c++-common/asan/pr61530.c -O1 (internal compiler error)
FAIL: c-c++-common/asan/pr61530.c -O1 (test for excess errors)
UNRESOLVED: c-c++-common/asan/pr61530.c -O1 compilation failed to produce executable
FAIL: c-c++-common/asan/pr61530.c -O2 (internal compiler error)
FAIL: c-c++-common/asan/pr61530.c -O2 (test for excess errors)
UNRESOLVED: c-c++-common/asan/pr61530.c -O2 compilation failed to produce executable
FAIL: c-c++-common/asan/pr61530.c -O2 -flto -fno-use-linker-plugin -flto-partition=none (internal compiler error)
FAIL: c-c++-common/asan/pr61530.c -O2 -flto -fno-use-linker-plugin -flto-partition=none (test for excess errors)
UNRESOLVED: c-c++-common/asan/pr61530.c -O2 -flto -fno-use-linker-plugin -flto-partition=none compilation failed to produce executable
FAIL: c-c++-common/asan/pr61530.c -O2 -flto -fuse-linker-plugin -fno-fat-lto-objects (internal compiler error)
FAIL: c-c++-common/asan/pr61530.c -O2 -flto -fuse-linker-plugin -fno-fat-lto-objects (test for excess errors)
UNRESOLVED: c-c++-common/asan/pr61530.c -O2 -flto -fuse-linker-plugin -fno-fat-lto-objects compilation failed to produce executable
FAIL: c-c++-common/asan/pr61530.c -O3 -g (internal compiler error)
FAIL: c-c++-common/asan/pr61530.c -O3 -g (test for excess errors)
UNRESOLVED: c-c++-common/asan/pr61530.c -O3 -g compilation failed to produce executable
FAIL: c-c++-common/asan/pr61530.c -Os (internal compiler error)
FAIL: c-c++-common/asan/pr61530.c -Os (test for excess errors)
UNRESOLVED: c-c++-common/asan/pr61530.c -Os compilation failed to produce executable
FAIL: c-c++-common/asan/pr64820.c -O1 (internal compiler error)
FAIL: c-c++-common/asan/pr64820.c -O1 (test for excess errors)
UNRESOLVED: c-c++-common/asan/pr64820.c -O1 compilation failed to produce executable
FAIL: c-c++-common/asan/pr64820.c -O2 (internal compiler error)
FAIL: c-c++-common/asan/pr64820.c -O2 (test for excess errors)
UNRESOLVED: c-c++-common/asan/pr64820.c -O2 compilation failed to produce executable
FAIL: c-c++-common/asan/pr64820.c -O2 -flto -fno-use-linker-plugin -flto-partition=none (internal compiler error)
FAIL: c-c++-common/asan/pr64820.c -O2 -flto -fno-use-linker-plugin -flto-partition=none (test for excess errors)
UNRESOLVED: c-c++-common/asan/pr64820.c -O2 -flto -fno-use-linker-plugin -flto-partition=none compilation failed to produce executable
FAIL: c-c++-common/asan/pr64820.c -O2 -flto -fuse-linker-plugin -fno-fat-lto-objects (internal compiler error)
FAIL: c-c++-common/asan/pr64820.c -O2 -flto -fuse-linker-plugin -fno-fat-lto-objects (test for excess errors)
UNRESOLVED: c-c++-common/asan/pr64820.c -O2 -flto -fuse-linker-plugin -fno-fat-lto-objects compilation failed to produce executable
FAIL: c-c++-common/asan/pr64820.c -O3 -g (internal compiler error)
FAIL: c-c++-common/asan/pr64820.c -O3 -g (test for excess errors)
UNRESOLVED: c-c++-common/asan/pr64820.c -O3 -g compilation failed to produce executable
FAIL: c-c++-common/asan/pr64820.c -Os (internal compiler error)
FAIL: c-c++-common/asan/pr64820.c -Os (test for excess errors)
UNRESOLVED: c-c++-common/asan/pr64820.c -Os compilation failed to produce executable
FAIL: c-c++-common/asan/pr70712.c -O1 (internal compiler error)
FAIL: c-c++-common/asan/pr70712.c -O1 (test for excess errors)
UNRESOLVED: c-c++-common/asan/pr70712.c -O1 compilation failed to produce executable
FAIL: c-c++-common/asan/pr70712.c -O2 (internal compiler error)
FAIL: c-c++-common/asan/pr70712.c -O2 (test for excess errors)
UNRESOLVED: c-c++-common/asan/pr70712.c -O2 compilation failed to produce executable
FAIL: c-c++-common/asan/pr70712.c -O2 -flto -fno-use-linker-plugin -flto-partition=none (internal compiler error)
FAIL: c-c++-common/asan/pr70712.c -O2 -flto -fno-use-linker-plugin -flto-partition=none (test for excess errors)
UNRESOLVED: c-c++-common/asan/pr70712.c -O2 -flto -fno-use-linker-plugin -flto-partition=none compilation failed to produce executable
FAIL: c-c++-common/asan/pr70712.c -O2 -flto -fuse-linker-plugin -fno-fat-lto-objects (internal compiler error)
FAIL: c-c++-common/asan/pr70712.c -O2 -flto -fuse-linker-plugin -fno-fat-lto-objects (test for excess errors)
UNRESOLVED: c-c++-common/asan/pr70712.c -O2 -flto -fuse-linker-plugin -fno-fat-lto-objects compilation failed to produce executable
FAIL: c-c++-common/asan/pr70712.c -O3 -g (internal compiler error)
FAIL: c-c++-common/asan/pr70712.c -O3 -g (test for excess errors)
UNRESOLVED: c-c++-common/asan/pr70712.c -O3 -g compilation failed to produce executable
FAIL: c-c++-common/asan/pr70712.c -Os (internal compiler error)
FAIL: c-c++-common/asan/pr70712.c -Os (test for excess errors)
UNRESOLVED: c-c++-common/asan/pr70712.c -Os compilation failed to produce executable
FAIL: c-c++-common/asan/pr71480.c -O1 (internal compiler error)
FAIL: c-c++-common/asan/pr71480.c -O1 (test for excess errors)
UNRESOLVED: c-c++-common/asan/pr71480.c -O1 compilation failed to produce executable
FAIL: c-c++-common/asan/pr71480.c -O2 (internal compiler error)
FAIL: c-c++-common/asan/pr71480.c -O2 (test for excess errors)
UNRESOLVED: c-c++-common/asan/pr71480.c -O2 compilation failed to produce executable
FAIL: c-c++-common/asan/pr71480.c -O2 -flto -fno-use-linker-plugin -flto-partition=none (internal compiler error)
FAIL: c-c++-common/asan/pr71480.c -O2 -flto -fno-use-linker-plugin -flto-partition=none (test for excess errors)
UNRESOLVED: c-c++-common/asan/pr71480.c -O2 -flto -fno-use-linker-plugin -flto-partition=none compilation failed to produce executable
FAIL: c-c++-common/asan/pr71480.c -O2 -flto -fuse-linker-plugin -fno-fat-lto-objects (internal compiler error)
FAIL: c-c++-common/asan/pr71480.c -O2 -flto -fuse-linker-plugin -fno-fat-lto-objects (test for excess errors)
UNRESOLVED: c-c++-common/asan/pr71480.c -O2 -flto -fuse-linker-plugin -fno-fat-lto-objects compilation failed to produce executable
FAIL: c-c++-common/asan/pr71480.c -O3 -g (internal compiler error)
FAIL: c-c++-common/asan/pr71480.c -O3 -g (test for excess errors)
UNRESOLVED: c-c++-common/asan/pr71480.c -O3 -g compilation failed to produce executable
FAIL: c-c++-common/asan/pr71480.c -Os (internal compiler error)
FAIL: c-c++-common/asan/pr71480.c -Os (test for excess errors)
UNRESOLVED: c-c++-common/asan/pr71480.c -Os compilation failed to produce executable
FAIL: c-c++-common/asan/pr80308.c -O1 (internal compiler error)
FAIL: c-c++-common/asan/pr80308.c -O1 (test for excess errors)
UNRESOLVED: c-c++-common/asan/pr80308.c -O1 compilation failed to produce executable
FAIL: c-c++-common/asan/pr80308.c -O2 (internal compiler error)
FAIL: c-c++-common/asan/pr80308.c -O2 (test for excess errors)
UNRESOLVED: c-c++-common/asan/pr80308.c -O2 compilation failed to produce executable
FAIL: c-c++-common/asan/pr80308.c -O2 -flto -fno-use-linker-plugin -flto-partition=none (internal compiler error)
FAIL: c-c++-common/asan/pr80308.c -O2 -flto -fno-use-linker-plugin -flto-partition=none (test for excess errors)
UNRESOLVED: c-c++-common/asan/pr80308.c -O2 -flto -fno-use-linker-plugin -flto-partition=none compilation failed to produce executable
FAIL: c-c++-common/asan/pr80308.c -O2 -flto -fuse-linker-plugin -fno-fat-lto-objects (internal compiler error)
FAIL: c-c++-common/asan/pr80308.c -O2 -flto -fuse-linker-plugin -fno-fat-lto-objects (test for excess errors)
UNRESOLVED: c-c++-common/asan/pr80308.c -O2 -flto -fuse-linker-plugin -fno-fat-lto-objects compilation failed to produce executable
FAIL: c-c++-common/asan/pr80308.c -O3 -fomit-frame-pointer -funroll-loops -fpeel-loops -ftracer -finline-functions (internal compiler error)
FAIL: c-c++-common/asan/pr80308.c -O3 -fomit-frame-pointer -funroll-loops -fpeel-loops -ftracer -finline-functions (test for excess errors)
UNRESOLVED: c-c++-common/asan/pr80308.c -O3 -fomit-frame-pointer -funroll-loops -fpeel-loops -ftracer -finline-functions compilation failed to produce executable
FAIL: c-c++-common/asan/pr80308.c -O3 -g (internal compiler error)
FAIL: c-c++-common/asan/pr80308.c -O3 -g (test for excess errors)
UNRESOLVED: c-c++-common/asan/pr80308.c -O3 -g compilation failed to produce executable
FAIL: c-c++-common/asan/pr80308.c -Os (internal compiler error)
FAIL: c-c++-common/asan/pr80308.c -Os (test for excess errors)
UNRESOLVED: c-c++-common/asan/pr80308.c -Os compilation failed to produce executable
FAIL: c-c++-common/asan/stack-overflow-1.c -O1 (internal compiler error)
FAIL: c-c++-common/asan/stack-overflow-1.c -O1 (test for excess errors)
UNRESOLVED: c-c++-common/asan/stack-overflow-1.c -O1 compilation failed to produce executable
FAIL: c-c++-common/asan/stack-overflow-1.c -O2 (internal compiler error)
FAIL: c-c++-common/asan/stack-overflow-1.c -O2 (test for excess errors)
UNRESOLVED: c-c++-common/asan/stack-overflow-1.c -O2 compilation failed to produce executable
FAIL: c-c++-common/asan/stack-overflow-1.c -O2 -flto -fno-use-linker-plugin -flto-partition=none (internal compiler error)
FAIL: c-c++-common/asan/stack-overflow-1.c -O2 -flto -fno-use-linker-plugin -flto-partition=none (test for excess errors)
UNRESOLVED: c-c++-common/asan/stack-overflow-1.c -O2 -flto -fno-use-linker-plugin -flto-partition=none compilation failed to produce executable
FAIL: c-c++-common/asan/stack-overflow-1.c -O2 -flto -fuse-linker-plugin -fno-fat-lto-objects (internal compiler error)
FAIL: c-c++-common/asan/stack-overflow-1.c -O2 -flto -fuse-linker-plugin -fno-fat-lto-objects (test for excess errors)
UNRESOLVED: c-c++-common/asan/stack-overflow-1.c -O2 -flto -fuse-linker-plugin -fno-fat-lto-objects compilation failed to produce executable
FAIL: c-c++-common/asan/stack-overflow-1.c -O3 -g (internal compiler error)
FAIL: c-c++-common/asan/stack-overflow-1.c -O3 -g (test for excess errors)
UNRESOLVED: c-c++-common/asan/stack-overflow-1.c -O3 -g compilation failed to produce executable
FAIL: c-c++-common/asan/stack-overflow-1.c -Os (internal compiler error)
FAIL: c-c++-common/asan/stack-overflow-1.c -Os (test for excess errors)
UNRESOLVED: c-c++-common/asan/stack-overflow-1.c -Os compilation failed to produce executable
FAIL: c-c++-common/asan/swapcontext-test-1.c -O1 (internal compiler error)
FAIL: c-c++-common/asan/swapcontext-test-1.c -O1 (test for excess errors)
UNRESOLVED: c-c++-common/asan/swapcontext-test-1.c -O1 compilation failed to produce executable
FAIL: c-c++-common/asan/swapcontext-test-1.c -O2 (internal compiler error)
FAIL: c-c++-common/asan/swapcontext-test-1.c -O2 (test for excess errors)
UNRESOLVED: c-c++-common/asan/swapcontext-test-1.c -O2 compilation failed to produce executable
FAIL: c-c++-common/asan/swapcontext-test-1.c -O2 -flto -fno-use-linker-plugin -flto-partition=none (internal compiler error)
FAIL: c-c++-common/asan/swapcontext-test-1.c -O2 -flto -fno-use-linker-plugin -flto-partition=none (test for excess errors)
UNRESOLVED: c-c++-common/asan/swapcontext-test-1.c -O2 -flto -fno-use-linker-plugin -flto-partition=none compilation failed to produce executable
FAIL: c-c++-common/asan/swapcontext-test-1.c -O2 -flto -fuse-linker-plugin -fno-fat-lto-objects (internal compiler error)
FAIL: c-c++-common/asan/swapcontext-test-1.c -O2 -flto -fuse-linker-plugin -fno-fat-lto-objects (test for excess errors)
UNRESOLVED: c-c++-common/asan/swapcontext-test-1.c -O2 -flto -fuse-linker-plugin -fno-fat-lto-objects compilation failed to produce executable
FAIL: c-c++-common/asan/swapcontext-test-1.c -O3 -fomit-frame-pointer -funroll-loops -fpeel-loops -ftracer -finline-functions (internal compiler error)
FAIL: c-c++-common/asan/swapcontext-test-1.c -O3 -fomit-frame-pointer -funroll-loops -fpeel-loops -ftracer -finline-functions (test for excess errors)
UNRESOLVED: c-c++-common/asan/swapcontext-test-1.c -O3 -fomit-frame-pointer -funroll-loops -fpeel-loops -ftracer -finline-functions compilation failed to produce executable
FAIL: c-c++-common/asan/swapcontext-test-1.c -O3 -g (internal compiler error)
FAIL: c-c++-common/asan/swapcontext-test-1.c -O3 -g (test for excess errors)
UNRESOLVED: c-c++-common/asan/swapcontext-test-1.c -O3 -g compilation failed to produce executable
FAIL: c-c++-common/asan/swapcontext-test-1.c -Os (internal compiler error)
FAIL: c-c++-common/asan/swapcontext-test-1.c -Os (test for excess errors)
UNRESOLVED: c-c++-common/asan/swapcontext-test-1.c -Os compilation failed to produce executable
FAIL: c-c++-common/asan/use-after-return-1.c -O1 (internal compiler error)
FAIL: c-c++-common/asan/use-after-return-1.c -O1 (test for excess errors)
UNRESOLVED: c-c++-common/asan/use-after-return-1.c -O1 compilation failed to produce executable
FAIL: c-c++-common/asan/use-after-return-1.c -O2 (internal compiler error)
FAIL: c-c++-common/asan/use-after-return-1.c -O2 (test for excess errors)
UNRESOLVED: c-c++-common/asan/use-after-return-1.c -O2 compilation failed to produce executable
FAIL: c-c++-common/asan/use-after-return-1.c -O2 -flto -fno-use-linker-plugin -flto-partition=none (internal compiler error)
FAIL: c-c++-common/asan/use-after-return-1.c -O2 -flto -fno-use-linker-plugin -flto-partition=none (test for excess errors)
UNRESOLVED: c-c++-common/asan/use-after-return-1.c -O2 -flto -fno-use-linker-plugin -flto-partition=none compilation failed to produce executable
FAIL: c-c++-common/asan/use-after-return-1.c -O2 -flto -fuse-linker-plugin -fno-fat-lto-objects (internal compiler error)
FAIL: c-c++-common/asan/use-after-return-1.c -O2 -flto -fuse-linker-plugin -fno-fat-lto-objects (test for excess errors)
UNRESOLVED: c-c++-common/asan/use-after-return-1.c -O2 -flto -fuse-linker-plugin -fno-fat-lto-objects compilation failed to produce executable
FAIL: c-c++-common/asan/use-after-return-1.c -O3 -g (internal compiler error)
FAIL: c-c++-common/asan/use-after-return-1.c -O3 -g (test for excess errors)
UNRESOLVED: c-c++-common/asan/use-after-return-1.c -O3 -g compilation failed to produce executable
FAIL: c-c++-common/asan/use-after-return-1.c -Os (internal compiler error)
FAIL: c-c++-common/asan/use-after-return-1.c -Os (test for excess errors)
UNRESOLVED: c-c++-common/asan/use-after-return-1.c -Os compilation failed to produce executable
FAIL: gcc.dg/asan/nosanitize-and-inline.c -O1 (internal compiler error)
FAIL: gcc.dg/asan/nosanitize-and-inline.c -O1 (test for excess errors)
UNRESOLVED: gcc.dg/asan/nosanitize-and-inline.c -O1 compilation failed to produce executable
FAIL: gcc.dg/asan/nosanitize-and-inline.c -O2 (internal compiler error)
FAIL: gcc.dg/asan/nosanitize-and-inline.c -O2 (test for excess errors)
UNRESOLVED: gcc.dg/asan/nosanitize-and-inline.c -O2 compilation failed to produce executable
FAIL: gcc.dg/asan/nosanitize-and-inline.c -O2 -flto -fno-use-linker-plugin -flto-partition=none (internal compiler error)
FAIL: gcc.dg/asan/nosanitize-and-inline.c -O2 -flto -fno-use-linker-plugin -flto-partition=none (test for excess errors)
UNRESOLVED: gcc.dg/asan/nosanitize-and-inline.c -O2 -flto -fno-use-linker-plugin -flto-partition=none compilation failed to produce executable
FAIL: gcc.dg/asan/nosanitize-and-inline.c -O2 -flto -fuse-linker-plugin -fno-fat-lto-objects (internal compiler error)
FAIL: gcc.dg/asan/nosanitize-and-inline.c -O2 -flto -fuse-linker-plugin -fno-fat-lto-objects (test for excess errors)
UNRESOLVED: gcc.dg/asan/nosanitize-and-inline.c -O2 -flto -fuse-linker-plugin -fno-fat-lto-objects compilation failed to produce executable
FAIL: gcc.dg/asan/nosanitize-and-inline.c -O3 -fomit-frame-pointer -funroll-loops -fpeel-loops -ftracer -finline-functions (internal compiler error)
FAIL: gcc.dg/asan/nosanitize-and-inline.c -O3 -fomit-frame-pointer -funroll-loops -fpeel-loops -ftracer -finline-functions (test for excess errors)
UNRESOLVED: gcc.dg/asan/nosanitize-and-inline.c -O3 -fomit-frame-pointer -funroll-loops -fpeel-loops -ftracer -finline-functions compilation failed to produce executable
FAIL: gcc.dg/asan/nosanitize-and-inline.c -O3 -g (internal compiler error)
FAIL: gcc.dg/asan/nosanitize-and-inline.c -O3 -g (test for excess errors)
UNRESOLVED: gcc.dg/asan/nosanitize-and-inline.c -O3 -g compilation failed to produce executable
FAIL: gcc.dg/asan/nosanitize-and-inline.c -Os (internal compiler error)
FAIL: gcc.dg/asan/nosanitize-and-inline.c -Os (test for excess errors)
UNRESOLVED: gcc.dg/asan/nosanitize-and-inline.c -Os compilation failed to produce executable
FAIL: gcc.dg/asan/pr63845.c -O1 (internal compiler error)
FAIL: gcc.dg/asan/pr63845.c -O1 (test for excess errors)
FAIL: gcc.dg/asan/pr63845.c -O2 (internal compiler error)
FAIL: gcc.dg/asan/pr63845.c -O2 (test for excess errors)
FAIL: gcc.dg/asan/pr63845.c -O2 -flto -fno-use-linker-plugin -flto-partition=none (internal compiler error)
FAIL: gcc.dg/asan/pr63845.c -O2 -flto -fno-use-linker-plugin -flto-partition=none (test for excess errors)
FAIL: gcc.dg/asan/pr63845.c -O3 -g (internal compiler error)
FAIL: gcc.dg/asan/pr63845.c -O3 -g (test for excess errors)
FAIL: gcc.dg/asan/pr63845.c -Os (internal compiler error)
FAIL: gcc.dg/asan/pr63845.c -Os (test for excess errors)
FAIL: gcc.dg/asan/pr78541-2.c -O1 (internal compiler error)
FAIL: gcc.dg/asan/pr78541-2.c -O1 (test for excess errors)
FAIL: gcc.dg/asan/pr78541-2.c -O2 (internal compiler error)
FAIL: gcc.dg/asan/pr78541-2.c -O2 (test for excess errors)
FAIL: gcc.dg/asan/pr78541-2.c -O2 -flto -fno-use-linker-plugin -flto-partition=none (internal compiler error)
FAIL: gcc.dg/asan/pr78541-2.c -O2 -flto -fno-use-linker-plugin -flto-partition=none (test for excess errors)
FAIL: gcc.dg/asan/pr78541-2.c -O3 -g (internal compiler error)
FAIL: gcc.dg/asan/pr78541-2.c -O3 -g (test for excess errors)
FAIL: gcc.dg/asan/pr78541-2.c -Os (internal compiler error)
FAIL: gcc.dg/asan/pr78541-2.c -Os (test for excess errors)
FAIL: gcc.dg/asan/pr78541.c -O1 (internal compiler error)
FAIL: gcc.dg/asan/pr78541.c -O1 (test for excess errors)
UNRESOLVED: gcc.dg/asan/pr78541.c -O1 compilation failed to produce executable
FAIL: gcc.dg/asan/pr78541.c -O2 (internal compiler error)
FAIL: gcc.dg/asan/pr78541.c -O2 (test for excess errors)
UNRESOLVED: gcc.dg/asan/pr78541.c -O2 compilation failed to produce executable
FAIL: gcc.dg/asan/pr78541.c -O2 -flto -fno-use-linker-plugin -flto-partition=none (internal compiler error)
FAIL: gcc.dg/asan/pr78541.c -O2 -flto -fno-use-linker-plugin -flto-partition=none (test for excess errors)
UNRESOLVED: gcc.dg/asan/pr78541.c -O2 -flto -fno-use-linker-plugin -flto-partition=none compilation failed to produce executable
FAIL: gcc.dg/asan/pr78541.c -O2 -flto -fuse-linker-plugin -fno-fat-lto-objects (internal compiler error)
FAIL: gcc.dg/asan/pr78541.c -O2 -flto -fuse-linker-plugin -fno-fat-lto-objects (test for excess errors)
UNRESOLVED: gcc.dg/asan/pr78541.c -O2 -flto -fuse-linker-plugin -fno-fat-lto-objects compilation failed to produce executable
FAIL: gcc.dg/asan/pr78541.c -O3 -g (internal compiler error)
FAIL: gcc.dg/asan/pr78541.c -O3 -g (test for excess errors)
UNRESOLVED: gcc.dg/asan/pr78541.c -O3 -g compilation failed to produce executable
FAIL: gcc.dg/asan/pr78541.c -Os (internal compiler error)
FAIL: gcc.dg/asan/pr78541.c -Os (test for excess errors)
UNRESOLVED: gcc.dg/asan/pr78541.c -Os compilation failed to produce executable
FAIL: gcc.dg/asan/pr78832.c -O1 (internal compiler error)
FAIL: gcc.dg/asan/pr78832.c -O1 (test for excess errors)
FAIL: gcc.dg/asan/pr78832.c -O2 (internal compiler error)
FAIL: gcc.dg/asan/pr78832.c -O2 (test for excess errors)
FAIL: gcc.dg/asan/pr78832.c -O2 -flto -fno-use-linker-plugin -flto-partition=none (internal compiler error)
FAIL: gcc.dg/asan/pr78832.c -O2 -flto -fno-use-linker-plugin -flto-partition=none (test for excess errors)
FAIL: gcc.dg/asan/pr78832.c -O3 -g (internal compiler error)
FAIL: gcc.dg/asan/pr78832.c -O3 -g (test for excess errors)
FAIL: gcc.dg/asan/pr78832.c -Os (internal compiler error)
FAIL: gcc.dg/asan/pr78832.c -Os (test for excess errors)
FAIL: gcc.dg/asan/pr80166.c -O1 (internal compiler error)
FAIL: gcc.dg/asan/pr80166.c -O1 (test for excess errors)
UNRESOLVED: gcc.dg/asan/pr80166.c -O1 compilation failed to produce executable
FAIL: gcc.dg/asan/pr80166.c -O2 (internal compiler error)
FAIL: gcc.dg/asan/pr80166.c -O2 (test for excess errors)
UNRESOLVED: gcc.dg/asan/pr80166.c -O2 compilation failed to produce executable
FAIL: gcc.dg/asan/pr80166.c -O2 -flto -fno-use-linker-plugin -flto-partition=none (internal compiler error)
FAIL: gcc.dg/asan/pr80166.c -O2 -flto -fno-use-linker-plugin -flto-partition=none (test for excess errors)
UNRESOLVED: gcc.dg/asan/pr80166.c -O2 -flto -fno-use-linker-plugin -flto-partition=none compilation failed to produce executable
FAIL: gcc.dg/asan/pr80166.c -O2 -flto -fuse-linker-plugin -fno-fat-lto-objects (internal compiler error)
FAIL: gcc.dg/asan/pr80166.c -O2 -flto -fuse-linker-plugin -fno-fat-lto-objects (test for excess errors)
UNRESOLVED: gcc.dg/asan/pr80166.c -O2 -flto -fuse-linker-plugin -fno-fat-lto-objects compilation failed to produce executable
FAIL: gcc.dg/asan/pr80166.c -O3 -g (internal compiler error)
FAIL: gcc.dg/asan/pr80166.c -O3 -g (test for excess errors)
UNRESOLVED: gcc.dg/asan/pr80166.c -O3 -g compilation failed to produce executable
FAIL: gcc.dg/asan/pr80166.c -Os (internal compiler error)
FAIL: gcc.dg/asan/pr80166.c -Os (test for excess errors)
UNRESOLVED: gcc.dg/asan/pr80166.c -Os compilation failed to produce executable
FAIL: gcc.dg/asan/pr81186.c -O1 (internal compiler error)
FAIL: gcc.dg/asan/pr81186.c -O1 (test for excess errors)
UNRESOLVED: gcc.dg/asan/pr81186.c -O1 compilation failed to produce executable
FAIL: gcc.dg/asan/pr81186.c -O2 (internal compiler error)
FAIL: gcc.dg/asan/pr81186.c -O2 (test for excess errors)
UNRESOLVED: gcc.dg/asan/pr81186.c -O2 compilation failed to produce executable
FAIL: gcc.dg/asan/pr81186.c -O2 -flto -fno-use-linker-plugin -flto-partition=none (internal compiler error)
FAIL: gcc.dg/asan/pr81186.c -O2 -flto -fno-use-linker-plugin -flto-partition=none (test for excess errors)
UNRESOLVED: gcc.dg/asan/pr81186.c -O2 -flto -fno-use-linker-plugin -flto-partition=none compilation failed to produce executable
FAIL: gcc.dg/asan/pr81186.c -O2 -flto -fuse-linker-plugin -fno-fat-lto-objects (internal compiler error)
FAIL: gcc.dg/asan/pr81186.c -O2 -flto -fuse-linker-plugin -fno-fat-lto-objects (test for excess errors)
UNRESOLVED: gcc.dg/asan/pr81186.c -O2 -flto -fuse-linker-plugin -fno-fat-lto-objects compilation failed to produce executable
FAIL: gcc.dg/asan/pr81186.c -O3 -g (internal compiler error)
FAIL: gcc.dg/asan/pr81186.c -O3 -g (test for excess errors)
UNRESOLVED: gcc.dg/asan/pr81186.c -O3 -g compilation failed to produce executable
FAIL: gcc.dg/asan/pr81186.c -Os (internal compiler error)
FAIL: gcc.dg/asan/pr81186.c -Os (test for excess errors)
UNRESOLVED: gcc.dg/asan/pr81186.c -Os compilation failed to produce executable
FAIL: gcc.dg/asan/pr82545.c -O1 (internal compiler error)
FAIL: gcc.dg/asan/pr82545.c -O1 (test for excess errors)
FAIL: gcc.dg/asan/pr82545.c -O2 (internal compiler error)
FAIL: gcc.dg/asan/pr82545.c -O2 (test for excess errors)
FAIL: gcc.dg/asan/pr82545.c -O2 -flto -fno-use-linker-plugin -flto-partition=none (internal compiler error)
FAIL: gcc.dg/asan/pr82545.c -O2 -flto -fno-use-linker-plugin -flto-partition=none (test for excess errors)
FAIL: gcc.dg/asan/pr82545.c -O3 -g (internal compiler error)
FAIL: gcc.dg/asan/pr82545.c -O3 -g (test for excess errors)
FAIL: gcc.dg/asan/pr82545.c -Os (internal compiler error)
FAIL: gcc.dg/asan/pr82545.c -Os (test for excess errors)
FAIL: gcc.dg/asan/use-after-scope-1.c -O1 (internal compiler error)
FAIL: gcc.dg/asan/use-after-scope-1.c -O1 (test for excess errors)
UNRESOLVED: gcc.dg/asan/use-after-scope-1.c -O1 compilation failed to produce executable
FAIL: gcc.dg/asan/use-after-scope-1.c -O2 (internal compiler error)
FAIL: gcc.dg/asan/use-after-scope-1.c -O2 (test for excess errors)
UNRESOLVED: gcc.dg/asan/use-after-scope-1.c -O2 compilation failed to produce executable
FAIL: gcc.dg/asan/use-after-scope-1.c -O2 -flto -fno-use-linker-plugin -flto-partition=none (internal compiler error)
FAIL: gcc.dg/asan/use-after-scope-1.c -O2 -flto -fno-use-linker-plugin -flto-partition=none (test for excess errors)
UNRESOLVED: gcc.dg/asan/use-after-scope-1.c -O2 -flto -fno-use-linker-plugin -flto-partition=none compilation failed to produce executable
FAIL: gcc.dg/asan/use-after-scope-1.c -O2 -flto -fuse-linker-plugin -fno-fat-lto-objects (internal compiler error)
FAIL: gcc.dg/asan/use-after-scope-1.c -O2 -flto -fuse-linker-plugin -fno-fat-lto-objects (test for excess errors)
UNRESOLVED: gcc.dg/asan/use-after-scope-1.c -O2 -flto -fuse-linker-plugin -fno-fat-lto-objects compilation failed to produce executable
FAIL: gcc.dg/asan/use-after-scope-1.c -O3 -g (internal compiler error)
FAIL: gcc.dg/asan/use-after-scope-1.c -O3 -g (test for excess errors)
UNRESOLVED: gcc.dg/asan/use-after-scope-1.c -O3 -g compilation failed to produce executable
FAIL: gcc.dg/asan/use-after-scope-1.c -Os (internal compiler error)
FAIL: gcc.dg/asan/use-after-scope-1.c -Os (test for excess errors)
UNRESOLVED: gcc.dg/asan/use-after-scope-1.c -Os compilation failed to produce executable
FAIL: gcc.dg/asan/use-after-scope-10.c -O2 (internal compiler error)
FAIL: gcc.dg/asan/use-after-scope-10.c -O2 (test for excess errors)
UNRESOLVED: gcc.dg/asan/use-after-scope-10.c -O2 compilation failed to produce executable
FAIL: gcc.dg/asan/use-after-scope-10.c -O2 -flto -fno-use-linker-plugin -flto-partition=none (internal compiler error)
FAIL: gcc.dg/asan/use-after-scope-10.c -O2 -flto -fno-use-linker-plugin -flto-partition=none (test for excess errors)
UNRESOLVED: gcc.dg/asan/use-after-scope-10.c -O2 -flto -fno-use-linker-plugin -flto-partition=none compilation failed to produce executable
FAIL: gcc.dg/asan/use-after-scope-10.c -O2 -flto -fuse-linker-plugin -fno-fat-lto-objects (internal compiler error)
FAIL: gcc.dg/asan/use-after-scope-10.c -O2 -flto -fuse-linker-plugin -fno-fat-lto-objects (test for excess errors)
UNRESOLVED: gcc.dg/asan/use-after-scope-10.c -O2 -flto -fuse-linker-plugin -fno-fat-lto-objects compilation failed to produce executable
FAIL: gcc.dg/asan/use-after-scope-11.c -O1 (internal compiler error)
FAIL: gcc.dg/asan/use-after-scope-11.c -O1 (test for excess errors)
UNRESOLVED: gcc.dg/asan/use-after-scope-11.c -O1 compilation failed to produce executable
FAIL: gcc.dg/asan/use-after-scope-11.c -O2 (internal compiler error)
FAIL: gcc.dg/asan/use-after-scope-11.c -O2 (test for excess errors)
UNRESOLVED: gcc.dg/asan/use-after-scope-11.c -O2 compilation failed to produce executable
FAIL: gcc.dg/asan/use-after-scope-11.c -O2 -flto -fno-use-linker-plugin -flto-partition=none (internal compiler error)
FAIL: gcc.dg/asan/use-after-scope-11.c -O2 -flto -fno-use-linker-plugin -flto-partition=none (test for excess errors)
UNRESOLVED: gcc.dg/asan/use-after-scope-11.c -O2 -flto -fno-use-linker-plugin -flto-partition=none compilation failed to produce executable
FAIL: gcc.dg/asan/use-after-scope-11.c -O2 -flto -fuse-linker-plugin -fno-fat-lto-objects (internal compiler error)
FAIL: gcc.dg/asan/use-after-scope-11.c -O2 -flto -fuse-linker-plugin -fno-fat-lto-objects (test for excess errors)
UNRESOLVED: gcc.dg/asan/use-after-scope-11.c -O2 -flto -fuse-linker-plugin -fno-fat-lto-objects compilation failed to produce executable
FAIL: gcc.dg/asan/use-after-scope-11.c -O3 -fomit-frame-pointer -funroll-loops -fpeel-loops -ftracer -finline-functions (internal compiler error)
FAIL: gcc.dg/asan/use-after-scope-11.c -O3 -fomit-frame-pointer -funroll-loops -fpeel-loops -ftracer -finline-functions (test for excess errors)
UNRESOLVED: gcc.dg/asan/use-after-scope-11.c -O3 -fomit-frame-pointer -funroll-loops -fpeel-loops -ftracer -finline-functions compilation failed to produce executable
FAIL: gcc.dg/asan/use-after-scope-11.c -O3 -g (internal compiler error)
FAIL: gcc.dg/asan/use-after-scope-11.c -O3 -g (test for excess errors)
UNRESOLVED: gcc.dg/asan/use-after-scope-11.c -O3 -g compilation failed to produce executable
FAIL: gcc.dg/asan/use-after-scope-11.c -Os (internal compiler error)
FAIL: gcc.dg/asan/use-after-scope-11.c -Os (test for excess errors)
UNRESOLVED: gcc.dg/asan/use-after-scope-11.c -Os compilation failed to produce executable
FAIL: gcc.dg/asan/use-after-scope-2.c -O1 (internal compiler error)
FAIL: gcc.dg/asan/use-after-scope-2.c -O1 (test for excess errors)
UNRESOLVED: gcc.dg/asan/use-after-scope-2.c -O1 compilation failed to produce executable
FAIL: gcc.dg/asan/use-after-scope-2.c -O2 (internal compiler error)
FAIL: gcc.dg/asan/use-after-scope-2.c -O2 (test for excess errors)
UNRESOLVED: gcc.dg/asan/use-after-scope-2.c -O2 compilation failed to produce executable
FAIL: gcc.dg/asan/use-after-scope-2.c -O2 -flto -fno-use-linker-plugin -flto-partition=none (internal compiler error)
FAIL: gcc.dg/asan/use-after-scope-2.c -O2 -flto -fno-use-linker-plugin -flto-partition=none (test for excess errors)
UNRESOLVED: gcc.dg/asan/use-after-scope-2.c -O2 -flto -fno-use-linker-plugin -flto-partition=none compilation failed to produce executable
FAIL: gcc.dg/asan/use-after-scope-2.c -O2 -flto -fuse-linker-plugin -fno-fat-lto-objects (internal compiler error)
FAIL: gcc.dg/asan/use-after-scope-2.c -O2 -flto -fuse-linker-plugin -fno-fat-lto-objects (test for excess errors)
UNRESOLVED: gcc.dg/asan/use-after-scope-2.c -O2 -flto -fuse-linker-plugin -fno-fat-lto-objects compilation failed to produce executable
FAIL: gcc.dg/asan/use-after-scope-2.c -O3 -g (internal compiler error)
FAIL: gcc.dg/asan/use-after-scope-2.c -O3 -g (test for excess errors)
UNRESOLVED: gcc.dg/asan/use-after-scope-2.c -O3 -g compilation failed to produce executable
FAIL: gcc.dg/asan/use-after-scope-2.c -Os (internal compiler error)
FAIL: gcc.dg/asan/use-after-scope-2.c -Os (test for excess errors)
UNRESOLVED: gcc.dg/asan/use-after-scope-2.c -Os compilation failed to produce executable
FAIL: gcc.dg/asan/use-after-scope-5.c -O1 (internal compiler error)
FAIL: gcc.dg/asan/use-after-scope-5.c -O1 (test for excess errors)
UNRESOLVED: gcc.dg/asan/use-after-scope-5.c -O1 compilation failed to produce executable
FAIL: gcc.dg/asan/use-after-scope-5.c -O2 (internal compiler error)
FAIL: gcc.dg/asan/use-after-scope-5.c -O2 (test for excess errors)
UNRESOLVED: gcc.dg/asan/use-after-scope-5.c -O2 compilation failed to produce executable
FAIL: gcc.dg/asan/use-after-scope-5.c -O2 -flto -fno-use-linker-plugin -flto-partition=none (internal compiler error)
FAIL: gcc.dg/asan/use-after-scope-5.c -O2 -flto -fno-use-linker-plugin -flto-partition=none (test for excess errors)
UNRESOLVED: gcc.dg/asan/use-after-scope-5.c -O2 -flto -fno-use-linker-plugin -flto-partition=none compilation failed to produce executable
FAIL: gcc.dg/asan/use-after-scope-5.c -O2 -flto -fuse-linker-plugin -fno-fat-lto-objects (internal compiler error)
FAIL: gcc.dg/asan/use-after-scope-5.c -O2 -flto -fuse-linker-plugin -fno-fat-lto-objects (test for excess errors)
UNRESOLVED: gcc.dg/asan/use-after-scope-5.c -O2 -flto -fuse-linker-plugin -fno-fat-lto-objects compilation failed to produce executable
FAIL: gcc.dg/asan/use-after-scope-5.c -O3 -fomit-frame-pointer -funroll-loops -fpeel-loops -ftracer -finline-functions (internal compiler error)
FAIL: gcc.dg/asan/use-after-scope-5.c -O3 -fomit-frame-pointer -funroll-loops -fpeel-loops -ftracer -finline-functions (test for excess errors)
UNRESOLVED: gcc.dg/asan/use-after-scope-5.c -O3 -fomit-frame-pointer -funroll-loops -fpeel-loops -ftracer -finline-functions compilation failed to produce executable
FAIL: gcc.dg/asan/use-after-scope-5.c -O3 -g (internal compiler error)
FAIL: gcc.dg/asan/use-after-scope-5.c -O3 -g (test for excess errors)
UNRESOLVED: gcc.dg/asan/use-after-scope-5.c -O3 -g compilation failed to produce executable
FAIL: gcc.dg/asan/use-after-scope-5.c -Os (internal compiler error)
FAIL: gcc.dg/asan/use-after-scope-5.c -Os (test for excess errors)
UNRESOLVED: gcc.dg/asan/use-after-scope-5.c -Os compilation failed to produce executable
FAIL: gcc.dg/asan/use-after-scope-9.c -O2 (internal compiler error)
FAIL: gcc.dg/asan/use-after-scope-9.c -O2 (test for excess errors)
UNRESOLVED: gcc.dg/asan/use-after-scope-9.c -O2 compilation failed to produce executable
FAIL: gcc.dg/asan/use-after-scope-9.c -O2 -flto -fno-use-linker-plugin -flto-partition=none (internal compiler error)
FAIL: gcc.dg/asan/use-after-scope-9.c -O2 -flto -fno-use-linker-plugin -flto-partition=none (test for excess errors)
UNRESOLVED: gcc.dg/asan/use-after-scope-9.c -O2 -flto -fno-use-linker-plugin -flto-partition=none compilation failed to produce executable
FAIL: gcc.dg/asan/use-after-scope-9.c -O2 -flto -fuse-linker-plugin -fno-fat-lto-objects (internal compiler error)
FAIL: gcc.dg/asan/use-after-scope-9.c -O2 -flto -fuse-linker-plugin -fno-fat-lto-objects (test for excess errors)
UNRESOLVED: gcc.dg/asan/use-after-scope-9.c -O2 -flto -fuse-linker-plugin -fno-fat-lto-objects compilation failed to produce executable
FAIL: gcc.dg/asan/use-after-scope-switch-1.c -O1 (internal compiler error)
FAIL: gcc.dg/asan/use-after-scope-switch-1.c -O1 (test for excess errors)
UNRESOLVED: gcc.dg/asan/use-after-scope-switch-1.c -O1 compilation failed to produce executable
FAIL: gcc.dg/asan/use-after-scope-switch-1.c -O2 (internal compiler error)
FAIL: gcc.dg/asan/use-after-scope-switch-1.c -O2 (test for excess errors)
UNRESOLVED: gcc.dg/asan/use-after-scope-switch-1.c -O2 compilation failed to produce executable
FAIL: gcc.dg/asan/use-after-scope-switch-1.c -O2 -flto -fno-use-linker-plugin -flto-partition=none (internal compiler error)
FAIL: gcc.dg/asan/use-after-scope-switch-1.c -O2 -flto -fno-use-linker-plugin -flto-partition=none (test for excess errors)
UNRESOLVED: gcc.dg/asan/use-after-scope-switch-1.c -O2 -flto -fno-use-linker-plugin -flto-partition=none compilation failed to produce executable
FAIL: gcc.dg/asan/use-after-scope-switch-1.c -O2 -flto -fuse-linker-plugin -fno-fat-lto-objects (internal compiler error)
FAIL: gcc.dg/asan/use-after-scope-switch-1.c -O2 -flto -fuse-linker-plugin -fno-fat-lto-objects (test for excess errors)
UNRESOLVED: gcc.dg/asan/use-after-scope-switch-1.c -O2 -flto -fuse-linker-plugin -fno-fat-lto-objects compilation failed to produce executable
FAIL: gcc.dg/asan/use-after-scope-switch-1.c -O3 -fomit-frame-pointer -funroll-loops -fpeel-loops -ftracer -finline-functions (internal compiler error)
FAIL: gcc.dg/asan/use-after-scope-switch-1.c -O3 -fomit-frame-pointer -funroll-loops -fpeel-loops -ftracer -finline-functions (test for excess errors)
UNRESOLVED: gcc.dg/asan/use-after-scope-switch-1.c -O3 -fomit-frame-pointer -funroll-loops -fpeel-loops -ftracer -finline-functions compilation failed to produce executable
FAIL: gcc.dg/asan/use-after-scope-switch-1.c -O3 -g (internal compiler error)
FAIL: gcc.dg/asan/use-after-scope-switch-1.c -O3 -g (test for excess errors)
UNRESOLVED: gcc.dg/asan/use-after-scope-switch-1.c -O3 -g compilation failed to produce executable
FAIL: gcc.dg/asan/use-after-scope-switch-1.c -Os (internal compiler error)
FAIL: gcc.dg/asan/use-after-scope-switch-1.c -Os (test for excess errors)
UNRESOLVED: gcc.dg/asan/use-after-scope-switch-1.c -Os compilation failed to produce executable
FAIL: gcc.dg/asan/use-after-scope-switch-2.c -O1 (internal compiler error)
FAIL: gcc.dg/asan/use-after-scope-switch-2.c -O1 (test for excess errors)
UNRESOLVED: gcc.dg/asan/use-after-scope-switch-2.c -O1 compilation failed to produce executable
FAIL: gcc.dg/asan/use-after-scope-switch-2.c -O2 (internal compiler error)
FAIL: gcc.dg/asan/use-after-scope-switch-2.c -O2 (test for excess errors)
UNRESOLVED: gcc.dg/asan/use-after-scope-switch-2.c -O2 compilation failed to produce executable
FAIL: gcc.dg/asan/use-after-scope-switch-2.c -O2 -flto -fno-use-linker-plugin -flto-partition=none (internal compiler error)
FAIL: gcc.dg/asan/use-after-scope-switch-2.c -O2 -flto -fno-use-linker-plugin -flto-partition=none (test for excess errors)
UNRESOLVED: gcc.dg/asan/use-after-scope-switch-2.c -O2 -flto -fno-use-linker-plugin -flto-partition=none compilation failed to produce executable
FAIL: gcc.dg/asan/use-after-scope-switch-2.c -O2 -flto -fuse-linker-plugin -fno-fat-lto-objects (internal compiler error)
FAIL: gcc.dg/asan/use-after-scope-switch-2.c -O2 -flto -fuse-linker-plugin -fno-fat-lto-objects (test for excess errors)
UNRESOLVED: gcc.dg/asan/use-after-scope-switch-2.c -O2 -flto -fuse-linker-plugin -fno-fat-lto-objects compilation failed to produce executable
FAIL: gcc.dg/asan/use-after-scope-switch-2.c -O3 -fomit-frame-pointer -funroll-loops -fpeel-loops -ftracer -finline-functions (internal compiler error)
FAIL: gcc.dg/asan/use-after-scope-switch-2.c -O3 -fomit-frame-pointer -funroll-loops -fpeel-loops -ftracer -finline-functions (test for excess errors)
UNRESOLVED: gcc.dg/asan/use-after-scope-switch-2.c -O3 -fomit-frame-pointer -funroll-loops -fpeel-loops -ftracer -finline-functions compilation failed to produce executable
FAIL: gcc.dg/asan/use-after-scope-switch-2.c -O3 -g (internal compiler error)
FAIL: gcc.dg/asan/use-after-scope-switch-2.c -O3 -g (test for excess errors)
UNRESOLVED: gcc.dg/asan/use-after-scope-switch-2.c -O3 -g compilation failed to produce executable
FAIL: gcc.dg/asan/use-after-scope-switch-2.c -Os (internal compiler error)
FAIL: gcc.dg/asan/use-after-scope-switch-2.c -Os (test for excess errors)
UNRESOLVED: gcc.dg/asan/use-after-scope-switch-2.c -Os compilation failed to produce executable
FAIL: gcc.dg/asan/use-after-scope-switch-3.c -O1 (internal compiler error)
FAIL: gcc.dg/asan/use-after-scope-switch-3.c -O1 (test for excess errors)
UNRESOLVED: gcc.dg/asan/use-after-scope-switch-3.c -O1 compilation failed to produce executable
FAIL: gcc.dg/asan/use-after-scope-switch-3.c -O2 (internal compiler error)
FAIL: gcc.dg/asan/use-after-scope-switch-3.c -O2 (test for excess errors)
UNRESOLVED: gcc.dg/asan/use-after-scope-switch-3.c -O2 compilation failed to produce executable
FAIL: gcc.dg/asan/use-after-scope-switch-3.c -O2 -flto -fno-use-linker-plugin -flto-partition=none (internal compiler error)
FAIL: gcc.dg/asan/use-after-scope-switch-3.c -O2 -flto -fno-use-linker-plugin -flto-partition=none (test for excess errors)
UNRESOLVED: gcc.dg/asan/use-after-scope-switch-3.c -O2 -flto -fno-use-linker-plugin -flto-partition=none compilation failed to produce executable
FAIL: gcc.dg/asan/use-after-scope-switch-3.c -O2 -flto -fuse-linker-plugin -fno-fat-lto-objects (internal compiler error)
FAIL: gcc.dg/asan/use-after-scope-switch-3.c -O2 -flto -fuse-linker-plugin -fno-fat-lto-objects (test for excess errors)
UNRESOLVED: gcc.dg/asan/use-after-scope-switch-3.c -O2 -flto -fuse-linker-plugin -fno-fat-lto-objects compilation failed to produce executable
FAIL: gcc.dg/asan/use-after-scope-switch-3.c -O3 -fomit-frame-pointer -funroll-loops -fpeel-loops -ftracer -finline-functions (internal compiler error)
FAIL: gcc.dg/asan/use-after-scope-switch-3.c -O3 -fomit-frame-pointer -funroll-loops -fpeel-loops -ftracer -finline-functions (test for excess errors)
UNRESOLVED: gcc.dg/asan/use-after-scope-switch-3.c -O3 -fomit-frame-pointer -funroll-loops -fpeel-loops -ftracer -finline-functions compilation failed to produce executable
FAIL: gcc.dg/asan/use-after-scope-switch-3.c -O3 -g (internal compiler error)
FAIL: gcc.dg/asan/use-after-scope-switch-3.c -O3 -g (test for excess errors)
UNRESOLVED: gcc.dg/asan/use-after-scope-switch-3.c -O3 -g compilation failed to produce executable
FAIL: gcc.dg/asan/use-after-scope-switch-3.c -Os (internal compiler error)
FAIL: gcc.dg/asan/use-after-scope-switch-3.c -Os (test for excess errors)
UNRESOLVED: gcc.dg/asan/use-after-scope-switch-3.c -Os compilation failed to produce executable
FAIL: gcc.dg/asan/use-after-scope-switch-4.c -O1 (internal compiler error)
FAIL: gcc.dg/asan/use-after-scope-switch-4.c -O1 (test for excess errors)
UNRESOLVED: gcc.dg/asan/use-after-scope-switch-4.c -O1 compilation failed to produce executable
FAIL: gcc.dg/asan/use-after-scope-switch-4.c -O2 (internal compiler error)
FAIL: gcc.dg/asan/use-after-scope-switch-4.c -O2 (test for excess errors)
UNRESOLVED: gcc.dg/asan/use-after-scope-switch-4.c -O2 compilation failed to produce executable
FAIL: gcc.dg/asan/use-after-scope-switch-4.c -O2 -flto -fno-use-linker-plugin -flto-partition=none (internal compiler error)
FAIL: gcc.dg/asan/use-after-scope-switch-4.c -O2 -flto -fno-use-linker-plugin -flto-partition=none (test for excess errors)
UNRESOLVED: gcc.dg/asan/use-after-scope-switch-4.c -O2 -flto -fno-use-linker-plugin -flto-partition=none compilation failed to produce executable
FAIL: gcc.dg/asan/use-after-scope-switch-4.c -O2 -flto -fuse-linker-plugin -fno-fat-lto-objects (internal compiler error)
FAIL: gcc.dg/asan/use-after-scope-switch-4.c -O2 -flto -fuse-linker-plugin -fno-fat-lto-objects (test for excess errors)
UNRESOLVED: gcc.dg/asan/use-after-scope-switch-4.c -O2 -flto -fuse-linker-plugin -fno-fat-lto-objects compilation failed to produce executable
FAIL: gcc.dg/asan/use-after-scope-switch-4.c -O3 -fomit-frame-pointer -funroll-loops -fpeel-loops -ftracer -finline-functions (internal compiler error)
FAIL: gcc.dg/asan/use-after-scope-switch-4.c -O3 -fomit-frame-pointer -funroll-loops -fpeel-loops -ftracer -finline-functions (test for excess errors)
UNRESOLVED: gcc.dg/asan/use-after-scope-switch-4.c -O3 -fomit-frame-pointer -funroll-loops -fpeel-loops -ftracer -finline-functions compilation failed to produce executable
FAIL: gcc.dg/asan/use-after-scope-switch-4.c -O3 -g (internal compiler error)
FAIL: gcc.dg/asan/use-after-scope-switch-4.c -O3 -g (test for excess errors)
UNRESOLVED: gcc.dg/asan/use-after-scope-switch-4.c -O3 -g compilation failed to produce executable
FAIL: gcc.dg/asan/use-after-scope-switch-4.c -Os (internal compiler error)
FAIL: gcc.dg/asan/use-after-scope-switch-4.c -Os (test for excess errors)
UNRESOLVED: gcc.dg/asan/use-after-scope-switch-4.c -Os compilation failed to produce executable
FAIL: c-c++-common/Warray-bounds-4.c -Wc++-compat strcpy (test for warnings, line 67)
XPASS: gcc.dg/Wtrampolines.c standard descriptors (test for warnings, line 29)
FAIL: gcc.dg/sms-1.c scan-rtl-dump-times sms "SMS succeeded" 1
FAIL: gcc.dg/ipa/iinline-attr.c scan-ipa-dump inline "hooray[^\\\\n]*inline copy in test"
FAIL: gcc.dg/simulate-thread/atomic-other-short.c -O0 -g thread simulation test
FAIL: gcc.dg/simulate-thread/atomic-other-short.c -O2 -g thread simulation test
FAIL: gcc.dg/simulate-thread/atomic-other-short.c -O3 -g thread simulation test
FAIL: gcc.dg/torture/pr52451.c -O0 execution test
FAIL: gcc.dg/torture/pr52451.c -O1 execution test
FAIL: gcc.dg/torture/pr52451.c -O2 execution test
FAIL: gcc.dg/torture/pr52451.c -O2 -flto -fno-use-linker-plugin -flto-partition=none execution test
FAIL: gcc.dg/torture/pr52451.c -O2 -flto -fuse-linker-plugin -fno-fat-lto-objects execution test
FAIL: gcc.dg/torture/pr52451.c -O3 -g execution test
FAIL: gcc.dg/torture/pr52451.c -Os execution test
XPASS: gcc.dg/tree-ssa/ssa-dom-cse-2.c scan-tree-dump optimized "return 28;"
FAIL: gcc.dg/vect/costmodel/ppc/costmodel-pr37194.c scan-tree-dump-times vect "vectorization not profitable" 1
FAIL: gcc.dg/vect/costmodel/ppc/costmodel-pr37194.c scan-tree-dump-times vect "vectorized 1 loops" 1
XPASS: gcc.dg/vect/vect-24.c -flto -ffat-lto-objects scan-tree-dump-times vect "vectorized 3 loops" 1
XPASS: gcc.dg/vect/vect-24.c scan-tree-dump-times vect "vectorized 3 loops" 1
XPASS: gcc.dg/vect/vect-95.c -flto -ffat-lto-objects scan-tree-dump-times vect "Alignment of access forced using peeling" 0
XPASS: gcc.dg/vect/vect-95.c scan-tree-dump-times vect "Alignment of access forced using peeling" 0
XPASS: gcc.target/powerpc/20050603-3.c scan-assembler-not \\\\mrlwinm
XPASS: gcc.target/powerpc/20050603-3.c scan-assembler-times \\\\mrl[wd]imi 1
FAIL: gcc.target/powerpc/bool3-p7.c scan-assembler-not [ \\t]xxlnor
FAIL: gcc.target/powerpc/bool3-p8.c scan-assembler-not [ \\t]xxlnor
FAIL: gcc.target/powerpc/builtins-1-le.c (test for excess errors)
FAIL: gcc.target/powerpc/builtins-1-le.c scan-assembler-times xxlnor 19
FAIL: gcc.target/powerpc/builtins-1-le.c scan-assembler-times xxlor 14
=== gcc Summary ===
# of expected passes 117347
# of unexpected failures 652
# of unexpected successes 8
# of expected failures 422
# of unresolved testcases 281
# of unsupported tests 2423
/home/gccbuild/build/nightly/build-gcc-trunk/gcc/xgcc version 8.0.1 20180321 (experimental) [trunk revision 258703] (GCC)
=== gfortran tests ===
Running target unix
FAIL: gfortran.dg/elemental_subroutine_3.f90 -O1 (test for excess errors)
FAIL: gfortran.dg/elemental_subroutine_3.f90 -O2 (test for excess errors)
FAIL: gfortran.dg/elemental_subroutine_3.f90 -O3 -fomit-frame-pointer -funroll-loops -fpeel-loops -ftracer -finline-functions (test for excess errors)
FAIL: gfortran.dg/elemental_subroutine_3.f90 -O3 -g (test for excess errors)
FAIL: gfortran.dg/elemental_subroutine_3.f90 -Os (test for excess errors)
FAIL: gfortran.dg/ieee/large_2.f90 -O0 execution test
FAIL: gfortran.dg/ieee/large_2.f90 -O1 execution test
FAIL: gfortran.dg/ieee/large_2.f90 -O2 execution test
FAIL: gfortran.dg/ieee/large_2.f90 -O3 -fomit-frame-pointer -funroll-loops -fpeel-loops -ftracer -finline-functions execution test
FAIL: gfortran.dg/ieee/large_2.f90 -O3 -g execution test
FAIL: gfortran.dg/ieee/large_2.f90 -Os execution test
=== gfortran Summary ===
# of expected passes 46997
# of unexpected failures 11
# of expected failures 100
# of unsupported tests 100
/home/gccbuild/build/nightly/build-gcc-trunk/gcc/gfortran version 8.0.1 20180321 (experimental) [trunk revision 258703] (GCC)
=== g++ tests ===
Running target unix
FAIL: c-c++-common/asan/aggressive-opts.c -O3 -fomit-frame-pointer -funroll-loops -fpeel-loops -ftracer -finline-functions (internal compiler error)
FAIL: c-c++-common/asan/aggressive-opts.c -O3 -fomit-frame-pointer -funroll-loops -fpeel-loops -ftracer -finline-functions (test for excess errors)
FAIL: c-c++-common/asan/aggressive-opts.c -O3 -g (internal compiler error)
FAIL: c-c++-common/asan/aggressive-opts.c -O3 -g (test for excess errors)
FAIL: c-c++-common/asan/alloca_loop_unpoisoning.c -O1 (internal compiler error)
FAIL: c-c++-common/asan/alloca_loop_unpoisoning.c -O1 (test for excess errors)
UNRESOLVED: c-c++-common/asan/alloca_loop_unpoisoning.c -O1 compilation failed to produce executable
FAIL: c-c++-common/asan/alloca_loop_unpoisoning.c -O2 (internal compiler error)
FAIL: c-c++-common/asan/alloca_loop_unpoisoning.c -O2 (test for excess errors)
UNRESOLVED: c-c++-common/asan/alloca_loop_unpoisoning.c -O2 compilation failed to produce executable
FAIL: c-c++-common/asan/alloca_loop_unpoisoning.c -O2 -flto -fno-use-linker-plugin -flto-partition=none (internal compiler error)
FAIL: c-c++-common/asan/alloca_loop_unpoisoning.c -O2 -flto -fno-use-linker-plugin -flto-partition=none (test for excess errors)
UNRESOLVED: c-c++-common/asan/alloca_loop_unpoisoning.c -O2 -flto -fno-use-linker-plugin -flto-partition=none compilation failed to produce executable
FAIL: c-c++-common/asan/alloca_loop_unpoisoning.c -O2 -flto -fuse-linker-plugin -fno-fat-lto-objects (internal compiler error)
FAIL: c-c++-common/asan/alloca_loop_unpoisoning.c -O2 -flto -fuse-linker-plugin -fno-fat-lto-objects (test for excess errors)
UNRESOLVED: c-c++-common/asan/alloca_loop_unpoisoning.c -O2 -flto -fuse-linker-plugin -fno-fat-lto-objects compilation failed to produce executable
FAIL: c-c++-common/asan/alloca_loop_unpoisoning.c -O3 -fomit-frame-pointer -funroll-loops -fpeel-loops -ftracer -finline-functions (internal compiler error)
FAIL: c-c++-common/asan/alloca_loop_unpoisoning.c -O3 -fomit-frame-pointer -funroll-loops -fpeel-loops -ftracer -finline-functions (test for excess errors)
UNRESOLVED: c-c++-common/asan/alloca_loop_unpoisoning.c -O3 -fomit-frame-pointer -funroll-loops -fpeel-loops -ftracer -finline-functions compilation failed to produce executable
FAIL: c-c++-common/asan/alloca_loop_unpoisoning.c -O3 -g (internal compiler error)
FAIL: c-c++-common/asan/alloca_loop_unpoisoning.c -O3 -g (test for excess errors)
UNRESOLVED: c-c++-common/asan/alloca_loop_unpoisoning.c -O3 -g compilation failed to produce executable
FAIL: c-c++-common/asan/alloca_loop_unpoisoning.c -Os (internal compiler error)
FAIL: c-c++-common/asan/alloca_loop_unpoisoning.c -Os (test for excess errors)
UNRESOLVED: c-c++-common/asan/alloca_loop_unpoisoning.c -Os compilation failed to produce executable
FAIL: c-c++-common/asan/asan-interface-1.c -O1 (internal compiler error)
FAIL: c-c++-common/asan/asan-interface-1.c -O1 (test for excess errors)
UNRESOLVED: c-c++-common/asan/asan-interface-1.c -O1 compilation failed to produce executable
FAIL: c-c++-common/asan/asan-interface-1.c -O2 (internal compiler error)
FAIL: c-c++-common/asan/asan-interface-1.c -O2 (test for excess errors)
UNRESOLVED: c-c++-common/asan/asan-interface-1.c -O2 compilation failed to produce executable
FAIL: c-c++-common/asan/asan-interface-1.c -O2 -flto -fno-use-linker-plugin -flto-partition=none (internal compiler error)
FAIL: c-c++-common/asan/asan-interface-1.c -O2 -flto -fno-use-linker-plugin -flto-partition=none (test for excess errors)
UNRESOLVED: c-c++-common/asan/asan-interface-1.c -O2 -flto -fno-use-linker-plugin -flto-partition=none compilation failed to produce executable
FAIL: c-c++-common/asan/asan-interface-1.c -O2 -flto -fuse-linker-plugin -fno-fat-lto-objects (internal compiler error)
FAIL: c-c++-common/asan/asan-interface-1.c -O2 -flto -fuse-linker-plugin -fno-fat-lto-objects (test for excess errors)
UNRESOLVED: c-c++-common/asan/asan-interface-1.c -O2 -flto -fuse-linker-plugin -fno-fat-lto-objects compilation failed to produce executable
FAIL: c-c++-common/asan/asan-interface-1.c -O3 -g (internal compiler error)
FAIL: c-c++-common/asan/asan-interface-1.c -O3 -g (test for excess errors)
UNRESOLVED: c-c++-common/asan/asan-interface-1.c -O3 -g compilation failed to produce executable
FAIL: c-c++-common/asan/asan-interface-1.c -Os (internal compiler error)
FAIL: c-c++-common/asan/asan-interface-1.c -Os (test for excess errors)
UNRESOLVED: c-c++-common/asan/asan-interface-1.c -Os compilation failed to produce executable
FAIL: c-c++-common/asan/bitfield-1.c -O1 (internal compiler error)
FAIL: c-c++-common/asan/bitfield-1.c -O1 (test for excess errors)
UNRESOLVED: c-c++-common/asan/bitfield-1.c -O1 compilation failed to produce executable
FAIL: c-c++-common/asan/bitfield-1.c -O2 (internal compiler error)
FAIL: c-c++-common/asan/bitfield-1.c -O2 (test for excess errors)
UNRESOLVED: c-c++-common/asan/bitfield-1.c -O2 compilation failed to produce executable
FAIL: c-c++-common/asan/bitfield-1.c -O2 -flto -fno-use-linker-plugin -flto-partition=none (internal compiler error)
FAIL: c-c++-common/asan/bitfield-1.c -O2 -flto -fno-use-linker-plugin -flto-partition=none (test for excess errors)
UNRESOLVED: c-c++-common/asan/bitfield-1.c -O2 -flto -fno-use-linker-plugin -flto-partition=none compilation failed to produce executable
FAIL: c-c++-common/asan/bitfield-1.c -O2 -flto -fuse-linker-plugin -fno-fat-lto-objects (internal compiler error)
FAIL: c-c++-common/asan/bitfield-1.c -O2 -flto -fuse-linker-plugin -fno-fat-lto-objects (test for excess errors)
UNRESOLVED: c-c++-common/asan/bitfield-1.c -O2 -flto -fuse-linker-plugin -fno-fat-lto-objects compilation failed to produce executable
FAIL: c-c++-common/asan/bitfield-1.c -O3 -g (internal compiler error)
FAIL: c-c++-common/asan/bitfield-1.c -O3 -g (test for excess errors)
UNRESOLVED: c-c++-common/asan/bitfield-1.c -O3 -g compilation failed to produce executable
FAIL: c-c++-common/asan/bitfield-1.c -Os (internal compiler error)
FAIL: c-c++-common/asan/bitfield-1.c -Os (test for excess errors)
UNRESOLVED: c-c++-common/asan/bitfield-1.c -Os compilation failed to produce executable
FAIL: c-c++-common/asan/bitfield-2.c -O1 (internal compiler error)
FAIL: c-c++-common/asan/bitfield-2.c -O1 (test for excess errors)
UNRESOLVED: c-c++-common/asan/bitfield-2.c -O1 compilation failed to produce executable
FAIL: c-c++-common/asan/bitfield-2.c -O2 (internal compiler error)
FAIL: c-c++-common/asan/bitfield-2.c -O2 (test for excess errors)
UNRESOLVED: c-c++-common/asan/bitfield-2.c -O2 compilation failed to produce executable
FAIL: c-c++-common/asan/bitfield-2.c -O2 -flto -fno-use-linker-plugin -flto-partition=none (internal compiler error)
FAIL: c-c++-common/asan/bitfield-2.c -O2 -flto -fno-use-linker-plugin -flto-partition=none (test for excess errors)
UNRESOLVED: c-c++-common/asan/bitfield-2.c -O2 -flto -fno-use-linker-plugin -flto-partition=none compilation failed to produce executable
FAIL: c-c++-common/asan/bitfield-2.c -O2 -flto -fuse-linker-plugin -fno-fat-lto-objects (internal compiler error)
FAIL: c-c++-common/asan/bitfield-2.c -O2 -flto -fuse-linker-plugin -fno-fat-lto-objects (test for excess errors)
UNRESOLVED: c-c++-common/asan/bitfield-2.c -O2 -flto -fuse-linker-plugin -fno-fat-lto-objects compilation failed to produce executable
FAIL: c-c++-common/asan/bitfield-2.c -O3 -g (internal compiler error)
FAIL: c-c++-common/asan/bitfield-2.c -O3 -g (test for excess errors)
UNRESOLVED: c-c++-common/asan/bitfield-2.c -O3 -g compilation failed to produce executable
FAIL: c-c++-common/asan/bitfield-2.c -Os (internal compiler error)
FAIL: c-c++-common/asan/bitfield-2.c -Os (test for excess errors)
UNRESOLVED: c-c++-common/asan/bitfield-2.c -Os compilation failed to produce executable
FAIL: c-c++-common/asan/bitfield-3.c -O1 (internal compiler error)
FAIL: c-c++-common/asan/bitfield-3.c -O1 (test for excess errors)
UNRESOLVED: c-c++-common/asan/bitfield-3.c -O1 compilation failed to produce executable
FAIL: c-c++-common/asan/bitfield-3.c -O2 (internal compiler error)
FAIL: c-c++-common/asan/bitfield-3.c -O2 (test for excess errors)
UNRESOLVED: c-c++-common/asan/bitfield-3.c -O2 compilation failed to produce executable
FAIL: c-c++-common/asan/bitfield-3.c -O2 -flto -fno-use-linker-plugin -flto-partition=none (internal compiler error)
FAIL: c-c++-common/asan/bitfield-3.c -O2 -flto -fno-use-linker-plugin -flto-partition=none (test for excess errors)
UNRESOLVED: c-c++-common/asan/bitfield-3.c -O2 -flto -fno-use-linker-plugin -flto-partition=none compilation failed to produce executable
FAIL: c-c++-common/asan/bitfield-3.c -O2 -flto -fuse-linker-plugin -fno-fat-lto-objects (internal compiler error)
FAIL: c-c++-common/asan/bitfield-3.c -O2 -flto -fuse-linker-plugin -fno-fat-lto-objects (test for excess errors)
UNRESOLVED: c-c++-common/asan/bitfield-3.c -O2 -flto -fuse-linker-plugin -fno-fat-lto-objects compilation failed to produce executable
FAIL: c-c++-common/asan/bitfield-3.c -O3 -g (internal compiler error)
FAIL: c-c++-common/asan/bitfield-3.c -O3 -g (test for excess errors)
UNRESOLVED: c-c++-common/asan/bitfield-3.c -O3 -g compilation failed to produce executable
FAIL: c-c++-common/asan/bitfield-3.c -Os (internal compiler error)
FAIL: c-c++-common/asan/bitfield-3.c -Os (test for excess errors)
UNRESOLVED: c-c++-common/asan/bitfield-3.c -Os compilation failed to produce executable
FAIL: c-c++-common/asan/bitfield-4.c -O1 (internal compiler error)
FAIL: c-c++-common/asan/bitfield-4.c -O1 (test for excess errors)
UNRESOLVED: c-c++-common/asan/bitfield-4.c -O1 compilation failed to produce executable
FAIL: c-c++-common/asan/bitfield-4.c -O2 (internal compiler error)
FAIL: c-c++-common/asan/bitfield-4.c -O2 (test for excess errors)
UNRESOLVED: c-c++-common/asan/bitfield-4.c -O2 compilation failed to produce executable
FAIL: c-c++-common/asan/bitfield-4.c -O2 -flto -fno-use-linker-plugin -flto-partition=none (internal compiler error)
FAIL: c-c++-common/asan/bitfield-4.c -O2 -flto -fno-use-linker-plugin -flto-partition=none (test for excess errors)
UNRESOLVED: c-c++-common/asan/bitfield-4.c -O2 -flto -fno-use-linker-plugin -flto-partition=none compilation failed to produce executable
FAIL: c-c++-common/asan/bitfield-4.c -O2 -flto -fuse-linker-plugin -fno-fat-lto-objects (internal compiler error)
FAIL: c-c++-common/asan/bitfield-4.c -O2 -flto -fuse-linker-plugin -fno-fat-lto-objects (test for excess errors)
UNRESOLVED: c-c++-common/asan/bitfield-4.c -O2 -flto -fuse-linker-plugin -fno-fat-lto-objects compilation failed to produce executable
FAIL: c-c++-common/asan/bitfield-4.c -O3 -g (internal compiler error)
FAIL: c-c++-common/asan/bitfield-4.c -O3 -g (test for excess errors)
UNRESOLVED: c-c++-common/asan/bitfield-4.c -O3 -g compilation failed to produce executable
FAIL: c-c++-common/asan/bitfield-4.c -Os (internal compiler error)
FAIL: c-c++-common/asan/bitfield-4.c -Os (test for excess errors)
UNRESOLVED: c-c++-common/asan/bitfield-4.c -Os compilation failed to produce executable
FAIL: c-c++-common/asan/bitfield-5.c -O1 (internal compiler error)
FAIL: c-c++-common/asan/bitfield-5.c -O1 (test for excess errors)
UNRESOLVED: c-c++-common/asan/bitfield-5.c -O1 compilation failed to produce executable
FAIL: c-c++-common/asan/bitfield-5.c -O2 (internal compiler error)
FAIL: c-c++-common/asan/bitfield-5.c -O2 (test for excess errors)
UNRESOLVED: c-c++-common/asan/bitfield-5.c -O2 compilation failed to produce executable
FAIL: c-c++-common/asan/bitfield-5.c -O2 -flto -fno-use-linker-plugin -flto-partition=none (internal compiler error)
FAIL: c-c++-common/asan/bitfield-5.c -O2 -flto -fno-use-linker-plugin -flto-partition=none (test for excess errors)
UNRESOLVED: c-c++-common/asan/bitfield-5.c -O2 -flto -fno-use-linker-plugin -flto-partition=none compilation failed to produce executable
FAIL: c-c++-common/asan/bitfield-5.c -O2 -flto -fuse-linker-plugin -fno-fat-lto-objects (internal compiler error)
FAIL: c-c++-common/asan/bitfield-5.c -O2 -flto -fuse-linker-plugin -fno-fat-lto-objects (test for excess errors)
UNRESOLVED: c-c++-common/asan/bitfield-5.c -O2 -flto -fuse-linker-plugin -fno-fat-lto-objects compilation failed to produce executable
FAIL: c-c++-common/asan/bitfield-5.c -O3 -g (internal compiler error)
FAIL: c-c++-common/asan/bitfield-5.c -O3 -g (test for excess errors)
UNRESOLVED: c-c++-common/asan/bitfield-5.c -O3 -g compilation failed to produce executable
FAIL: c-c++-common/asan/bitfield-5.c -Os (internal compiler error)
FAIL: c-c++-common/asan/bitfield-5.c -Os (test for excess errors)
UNRESOLVED: c-c++-common/asan/bitfield-5.c -Os compilation failed to produce executable
FAIL: c-c++-common/asan/clone-test-1.c -O1 (internal compiler error)
FAIL: c-c++-common/asan/clone-test-1.c -O1 (test for excess errors)
UNRESOLVED: c-c++-common/asan/clone-test-1.c -O1 compilation failed to produce executable
FAIL: c-c++-common/asan/clone-test-1.c -O2 (internal compiler error)
FAIL: c-c++-common/asan/clone-test-1.c -O2 (test for excess errors)
UNRESOLVED: c-c++-common/asan/clone-test-1.c -O2 compilation failed to produce executable
FAIL: c-c++-common/asan/clone-test-1.c -O2 -flto -fno-use-linker-plugin -flto-partition=none (internal compiler error)
FAIL: c-c++-common/asan/clone-test-1.c -O2 -flto -fno-use-linker-plugin -flto-partition=none (test for excess errors)
UNRESOLVED: c-c++-common/asan/clone-test-1.c -O2 -flto -fno-use-linker-plugin -flto-partition=none compilation failed to produce executable
FAIL: c-c++-common/asan/clone-test-1.c -O2 -flto -fuse-linker-plugin -fno-fat-lto-objects (internal compiler error)
FAIL: c-c++-common/asan/clone-test-1.c -O2 -flto -fuse-linker-plugin -fno-fat-lto-objects (test for excess errors)
UNRESOLVED: c-c++-common/asan/clone-test-1.c -O2 -flto -fuse-linker-plugin -fno-fat-lto-objects compilation failed to produce executable
FAIL: c-c++-common/asan/clone-test-1.c -O3 -fomit-frame-pointer -funroll-loops -fpeel-loops -ftracer -finline-functions (internal compiler error)
FAIL: c-c++-common/asan/clone-test-1.c -O3 -fomit-frame-pointer -funroll-loops -fpeel-loops -ftracer -finline-functions (test for excess errors)
UNRESOLVED: c-c++-common/asan/clone-test-1.c -O3 -fomit-frame-pointer -funroll-loops -fpeel-loops -ftracer -finline-functions compilation failed to produce executable
FAIL: c-c++-common/asan/clone-test-1.c -O3 -g (internal compiler error)
FAIL: c-c++-common/asan/clone-test-1.c -O3 -g (test for excess errors)
UNRESOLVED: c-c++-common/asan/clone-test-1.c -O3 -g compilation failed to produce executable
FAIL: c-c++-common/asan/clone-test-1.c -Os (internal compiler error)
FAIL: c-c++-common/asan/clone-test-1.c -Os (test for excess errors)
UNRESOLVED: c-c++-common/asan/clone-test-1.c -Os compilation failed to produce executable
FAIL: c-c++-common/asan/halt_on_error-1.c -O1 (internal compiler error)
FAIL: c-c++-common/asan/halt_on_error-1.c -O1 (test for excess errors)
UNRESOLVED: c-c++-common/asan/halt_on_error-1.c -O1 compilation failed to produce executable
FAIL: c-c++-common/asan/halt_on_error-1.c -O2 (internal compiler error)
FAIL: c-c++-common/asan/halt_on_error-1.c -O2 (test for excess errors)
UNRESOLVED: c-c++-common/asan/halt_on_error-1.c -O2 compilation failed to produce executable
FAIL: c-c++-common/asan/halt_on_error-1.c -O2 -flto -fno-use-linker-plugin -flto-partition=none (internal compiler error)
FAIL: c-c++-common/asan/halt_on_error-1.c -O2 -flto -fno-use-linker-plugin -flto-partition=none (test for excess errors)
UNRESOLVED: c-c++-common/asan/halt_on_error-1.c -O2 -flto -fno-use-linker-plugin -flto-partition=none compilation failed to produce executable
FAIL: c-c++-common/asan/halt_on_error-1.c -O2 -flto -fuse-linker-plugin -fno-fat-lto-objects (internal compiler error)
FAIL: c-c++-common/asan/halt_on_error-1.c -O2 -flto -fuse-linker-plugin -fno-fat-lto-objects (test for excess errors)
UNRESOLVED: c-c++-common/asan/halt_on_error-1.c -O2 -flto -fuse-linker-plugin -fno-fat-lto-objects compilation failed to produce executable
FAIL: c-c++-common/asan/halt_on_error-1.c -O3 -g (internal compiler error)
FAIL: c-c++-common/asan/halt_on_error-1.c -O3 -g (test for excess errors)
UNRESOLVED: c-c++-common/asan/halt_on_error-1.c -O3 -g compilation failed to produce executable
FAIL: c-c++-common/asan/halt_on_error-1.c -Os (internal compiler error)
FAIL: c-c++-common/asan/halt_on_error-1.c -Os (test for excess errors)
UNRESOLVED: c-c++-common/asan/halt_on_error-1.c -Os compilation failed to produce executable
FAIL: c-c++-common/asan/halt_on_error-2.c -O1 (internal compiler error)
FAIL: c-c++-common/asan/halt_on_error-2.c -O1 (test for excess errors)
UNRESOLVED: c-c++-common/asan/halt_on_error-2.c -O1 compilation failed to produce executable
FAIL: c-c++-common/asan/halt_on_error-2.c -O2 (internal compiler error)
FAIL: c-c++-common/asan/halt_on_error-2.c -O2 (test for excess errors)
UNRESOLVED: c-c++-common/asan/halt_on_error-2.c -O2 compilation failed to produce executable
FAIL: c-c++-common/asan/halt_on_error-2.c -O2 -flto -fno-use-linker-plugin -flto-partition=none (internal compiler error)
FAIL: c-c++-common/asan/halt_on_error-2.c -O2 -flto -fno-use-linker-plugin -flto-partition=none (test for excess errors)
UNRESOLVED: c-c++-common/asan/halt_on_error-2.c -O2 -flto -fno-use-linker-plugin -flto-partition=none compilation failed to produce executable
FAIL: c-c++-common/asan/halt_on_error-2.c -O2 -flto -fuse-linker-plugin -fno-fat-lto-objects (internal compiler error)
FAIL: c-c++-common/asan/halt_on_error-2.c -O2 -flto -fuse-linker-plugin -fno-fat-lto-objects (test for excess errors)
UNRESOLVED: c-c++-common/asan/halt_on_error-2.c -O2 -flto -fuse-linker-plugin -fno-fat-lto-objects compilation failed to produce executable
FAIL: c-c++-common/asan/halt_on_error-2.c -O3 -g (internal compiler error)
FAIL: c-c++-common/asan/halt_on_error-2.c -O3 -g (test for excess errors)
UNRESOLVED: c-c++-common/asan/halt_on_error-2.c -O3 -g compilation failed to produce executable
FAIL: c-c++-common/asan/halt_on_error-2.c -Os (internal compiler error)
FAIL: c-c++-common/asan/halt_on_error-2.c -Os (test for excess errors)
UNRESOLVED: c-c++-common/asan/halt_on_error-2.c -Os compilation failed to produce executable
FAIL: c-c++-common/asan/memcmp-1.c -O1 (internal compiler error)
FAIL: c-c++-common/asan/memcmp-1.c -O1 (test for excess errors)
UNRESOLVED: c-c++-common/asan/memcmp-1.c -O1 compilation failed to produce executable
FAIL: c-c++-common/asan/memcmp-1.c -O2 (internal compiler error)
FAIL: c-c++-common/asan/memcmp-1.c -O2 (test for excess errors)
UNRESOLVED: c-c++-common/asan/memcmp-1.c -O2 compilation failed to produce executable
FAIL: c-c++-common/asan/memcmp-1.c -O2 -flto -fno-use-linker-plugin -flto-partition=none (internal compiler error)
FAIL: c-c++-common/asan/memcmp-1.c -O2 -flto -fno-use-linker-plugin -flto-partition=none (test for excess errors)
UNRESOLVED: c-c++-common/asan/memcmp-1.c -O2 -flto -fno-use-linker-plugin -flto-partition=none compilation failed to produce executable
FAIL: c-c++-common/asan/memcmp-1.c -O2 -flto -fuse-linker-plugin -fno-fat-lto-objects (internal compiler error)
FAIL: c-c++-common/asan/memcmp-1.c -O2 -flto -fuse-linker-plugin -fno-fat-lto-objects (test for excess errors)
UNRESOLVED: c-c++-common/asan/memcmp-1.c -O2 -flto -fuse-linker-plugin -fno-fat-lto-objects compilation failed to produce executable
FAIL: c-c++-common/asan/memcmp-1.c -O3 -g (internal compiler error)
FAIL: c-c++-common/asan/memcmp-1.c -O3 -g (test for excess errors)
UNRESOLVED: c-c++-common/asan/memcmp-1.c -O3 -g compilation failed to produce executable
FAIL: c-c++-common/asan/memcmp-1.c -Os (internal compiler error)
FAIL: c-c++-common/asan/memcmp-1.c -Os (test for excess errors)
UNRESOLVED: c-c++-common/asan/memcmp-1.c -Os compilation failed to produce executable
FAIL: c-c++-common/asan/memcmp-2.c -O1 (internal compiler error)
FAIL: c-c++-common/asan/memcmp-2.c -O1 (test for excess errors)
FAIL: c-c++-common/asan/memcmp-2.c -O2 (internal compiler error)
FAIL: c-c++-common/asan/memcmp-2.c -O2 (test for excess errors)
FAIL: c-c++-common/asan/memcmp-2.c -O2 -flto -fno-use-linker-plugin -flto-partition=none (internal compiler error)
FAIL: c-c++-common/asan/memcmp-2.c -O2 -flto -fno-use-linker-plugin -flto-partition=none (test for excess errors)
FAIL: c-c++-common/asan/memcmp-2.c -O3 -g (internal compiler error)
FAIL: c-c++-common/asan/memcmp-2.c -O3 -g (test for excess errors)
FAIL: c-c++-common/asan/memcmp-2.c -Os (internal compiler error)
FAIL: c-c++-common/asan/memcmp-2.c -Os (test for excess errors)
FAIL: c-c++-common/asan/misalign-1.c -O2 (internal compiler error)
FAIL: c-c++-common/asan/misalign-1.c -O2 (test for excess errors)
UNRESOLVED: c-c++-common/asan/misalign-1.c -O2 compilation failed to produce executable
FAIL: c-c++-common/asan/misalign-1.c -O2 -flto -fno-use-linker-plugin -flto-partition=none (internal compiler error)
FAIL: c-c++-common/asan/misalign-1.c -O2 -flto -fno-use-linker-plugin -flto-partition=none (test for excess errors)
UNRESOLVED: c-c++-common/asan/misalign-1.c -O2 -flto -fno-use-linker-plugin -flto-partition=none compilation failed to produce executable
FAIL: c-c++-common/asan/misalign-1.c -O2 -flto -fuse-linker-plugin -fno-fat-lto-objects (internal compiler error)
FAIL: c-c++-common/asan/misalign-1.c -O2 -flto -fuse-linker-plugin -fno-fat-lto-objects (test for excess errors)
UNRESOLVED: c-c++-common/asan/misalign-1.c -O2 -flto -fuse-linker-plugin -fno-fat-lto-objects compilation failed to produce executable
FAIL: c-c++-common/asan/misalign-2.c -O2 (internal compiler error)
FAIL: c-c++-common/asan/misalign-2.c -O2 (test for excess errors)
UNRESOLVED: c-c++-common/asan/misalign-2.c -O2 compilation failed to produce executable
FAIL: c-c++-common/asan/misalign-2.c -O2 -flto -fno-use-linker-plugin -flto-partition=none (internal compiler error)
FAIL: c-c++-common/asan/misalign-2.c -O2 -flto -fno-use-linker-plugin -flto-partition=none (test for excess errors)
UNRESOLVED: c-c++-common/asan/misalign-2.c -O2 -flto -fno-use-linker-plugin -flto-partition=none compilation failed to produce executable
FAIL: c-c++-common/asan/misalign-2.c -O2 -flto -fuse-linker-plugin -fno-fat-lto-objects (internal compiler error)
FAIL: c-c++-common/asan/misalign-2.c -O2 -flto -fuse-linker-plugin -fno-fat-lto-objects (test for excess errors)
UNRESOLVED: c-c++-common/asan/misalign-2.c -O2 -flto -fuse-linker-plugin -fno-fat-lto-objects compilation failed to produce executable
UNRESOLVED: c-c++-common/asan/no-instrument-reads.c -O1 scan-assembler-not __asan_load
FAIL: c-c++-common/asan/no-instrument-reads.c -O1 (internal compiler error)
FAIL: c-c++-common/asan/no-instrument-reads.c -O1 (test for excess errors)
UNRESOLVED: c-c++-common/asan/no-instrument-reads.c -O2 scan-assembler-not __asan_load
FAIL: c-c++-common/asan/no-instrument-reads.c -O2 (internal compiler error)
FAIL: c-c++-common/asan/no-instrument-reads.c -O2 (test for excess errors)
UNRESOLVED: c-c++-common/asan/no-instrument-reads.c -O2 -flto -fno-use-linker-plugin -flto-partition=none scan-assembler-not __asan_load
FAIL: c-c++-common/asan/no-instrument-reads.c -O2 -flto -fno-use-linker-plugin -flto-partition=none (internal compiler error)
FAIL: c-c++-common/asan/no-instrument-reads.c -O2 -flto -fno-use-linker-plugin -flto-partition=none (test for excess errors)
UNRESOLVED: c-c++-common/asan/no-instrument-reads.c -O2 -flto -fuse-linker-plugin -fno-fat-lto-objects scan-assembler-not __asan_load
FAIL: c-c++-common/asan/no-instrument-reads.c -O2 -flto -fuse-linker-plugin -fno-fat-lto-objects (internal compiler error)
FAIL: c-c++-common/asan/no-instrument-reads.c -O2 -flto -fuse-linker-plugin -fno-fat-lto-objects (test for excess errors)
UNRESOLVED: c-c++-common/asan/no-instrument-reads.c -O3 -g scan-assembler-not __asan_load
FAIL: c-c++-common/asan/no-instrument-reads.c -O3 -g (internal compiler error)
FAIL: c-c++-common/asan/no-instrument-reads.c -O3 -g (test for excess errors)
UNRESOLVED: c-c++-common/asan/no-instrument-reads.c -Os scan-assembler-not __asan_load
FAIL: c-c++-common/asan/no-instrument-reads.c -Os (internal compiler error)
FAIL: c-c++-common/asan/no-instrument-reads.c -Os (test for excess errors)
UNRESOLVED: c-c++-common/asan/no-instrument-writes.c -O1 scan-assembler-not __asan_store
FAIL: c-c++-common/asan/no-instrument-writes.c -O1 (internal compiler error)
FAIL: c-c++-common/asan/no-instrument-writes.c -O1 (test for excess errors)
UNRESOLVED: c-c++-common/asan/no-instrument-writes.c -O2 scan-assembler-not __asan_store
FAIL: c-c++-common/asan/no-instrument-writes.c -O2 (internal compiler error)
FAIL: c-c++-common/asan/no-instrument-writes.c -O2 (test for excess errors)
UNRESOLVED: c-c++-common/asan/no-instrument-writes.c -O2 -flto -fno-use-linker-plugin -flto-partition=none scan-assembler-not __asan_store
FAIL: c-c++-common/asan/no-instrument-writes.c -O2 -flto -fno-use-linker-plugin -flto-partition=none (internal compiler error)
FAIL: c-c++-common/asan/no-instrument-writes.c -O2 -flto -fno-use-linker-plugin -flto-partition=none (test for excess errors)
UNRESOLVED: c-c++-common/asan/no-instrument-writes.c -O2 -flto -fuse-linker-plugin -fno-fat-lto-objects scan-assembler-not __asan_store
FAIL: c-c++-common/asan/no-instrument-writes.c -O2 -flto -fuse-linker-plugin -fno-fat-lto-objects (internal compiler error)
FAIL: c-c++-common/asan/no-instrument-writes.c -O2 -flto -fuse-linker-plugin -fno-fat-lto-objects (test for excess errors)
UNRESOLVED: c-c++-common/asan/no-instrument-writes.c -O3 -g scan-assembler-not __asan_store
FAIL: c-c++-common/asan/no-instrument-writes.c -O3 -g (internal compiler error)
FAIL: c-c++-common/asan/no-instrument-writes.c -O3 -g (test for excess errors)
UNRESOLVED: c-c++-common/asan/no-instrument-writes.c -Os scan-assembler-not __asan_store
FAIL: c-c++-common/asan/no-instrument-writes.c -Os (internal compiler error)
FAIL: c-c++-common/asan/no-instrument-writes.c -Os (test for excess errors)
FAIL: c-c++-common/asan/no-redundant-instrumentation-12.c -O1 (internal compiler error)
FAIL: c-c++-common/asan/no-redundant-instrumentation-12.c -O1 (test for excess errors)
FAIL: c-c++-common/asan/no-redundant-instrumentation-12.c -O2 (internal compiler error)
FAIL: c-c++-common/asan/no-redundant-instrumentation-12.c -O2 (test for excess errors)
FAIL: c-c++-common/asan/no-redundant-instrumentation-12.c -O3 -g (internal compiler error)
FAIL: c-c++-common/asan/no-redundant-instrumentation-12.c -O3 -g (test for excess errors)
FAIL: c-c++-common/asan/no-redundant-instrumentation-12.c -Os (internal compiler error)
FAIL: c-c++-common/asan/no-redundant-instrumentation-12.c -Os (test for excess errors)
FAIL: c-c++-common/asan/no-redundant-instrumentation-15.c -O1 (internal compiler error)
FAIL: c-c++-common/asan/no-redundant-instrumentation-15.c -O1 (test for excess errors)
FAIL: c-c++-common/asan/no-redundant-instrumentation-15.c -O2 (internal compiler error)
FAIL: c-c++-common/asan/no-redundant-instrumentation-15.c -O2 (test for excess errors)
FAIL: c-c++-common/asan/no-redundant-instrumentation-15.c -O3 -g (internal compiler error)
FAIL: c-c++-common/asan/no-redundant-instrumentation-15.c -O3 -g (test for excess errors)
FAIL: c-c++-common/asan/no-redundant-instrumentation-15.c -Os (internal compiler error)
FAIL: c-c++-common/asan/no-redundant-instrumentation-15.c -Os (test for excess errors)
UNRESOLVED: c-c++-common/asan/no-use-after-return.c -O1 scan-assembler-not __asan_option_detect_stack_use_after_return
FAIL: c-c++-common/asan/no-use-after-return.c -O1 (internal compiler error)
FAIL: c-c++-common/asan/no-use-after-return.c -O1 (test for excess errors)
UNRESOLVED: c-c++-common/asan/no-use-after-return.c -O2 scan-assembler-not __asan_option_detect_stack_use_after_return
FAIL: c-c++-common/asan/no-use-after-return.c -O2 (internal compiler error)
FAIL: c-c++-common/asan/no-use-after-return.c -O2 (test for excess errors)
UNRESOLVED: c-c++-common/asan/no-use-after-return.c -O2 -flto -fno-use-linker-plugin -flto-partition=none scan-assembler-not __asan_option_detect_stack_use_after_return
FAIL: c-c++-common/asan/no-use-after-return.c -O2 -flto -fno-use-linker-plugin -flto-partition=none (internal compiler error)
FAIL: c-c++-common/asan/no-use-after-return.c -O2 -flto -fno-use-linker-plugin -flto-partition=none (test for excess errors)
UNRESOLVED: c-c++-common/asan/no-use-after-return.c -O2 -flto -fuse-linker-plugin -fno-fat-lto-objects scan-assembler-not __asan_option_detect_stack_use_after_return
FAIL: c-c++-common/asan/no-use-after-return.c -O2 -flto -fuse-linker-plugin -fno-fat-lto-objects (internal compiler error)
FAIL: c-c++-common/asan/no-use-after-return.c -O2 -flto -fuse-linker-plugin -fno-fat-lto-objects (test for excess errors)
UNRESOLVED: c-c++-common/asan/no-use-after-return.c -O3 -g scan-assembler-not __asan_option_detect_stack_use_after_return
FAIL: c-c++-common/asan/no-use-after-return.c -O3 -g (internal compiler error)
FAIL: c-c++-common/asan/no-use-after-return.c -O3 -g (test for excess errors)
UNRESOLVED: c-c++-common/asan/no-use-after-return.c -Os scan-assembler-not __asan_option_detect_stack_use_after_return
FAIL: c-c++-common/asan/no-use-after-return.c -Os (internal compiler error)
FAIL: c-c++-common/asan/no-use-after-return.c -Os (test for excess errors)
FAIL: c-c++-common/asan/pointer-compare-1.c -O1 (internal compiler error)
FAIL: c-c++-common/asan/pointer-compare-1.c -O1 (test for excess errors)
UNRESOLVED: c-c++-common/asan/pointer-compare-1.c -O1 compilation failed to produce executable
FAIL: c-c++-common/asan/pointer-compare-1.c -O2 (internal compiler error)
FAIL: c-c++-common/asan/pointer-compare-1.c -O2 (test for excess errors)
UNRESOLVED: c-c++-common/asan/pointer-compare-1.c -O2 compilation failed to produce executable
FAIL: c-c++-common/asan/pointer-compare-1.c -O2 -flto -fno-use-linker-plugin -flto-partition=none (internal compiler error)
FAIL: c-c++-common/asan/pointer-compare-1.c -O2 -flto -fno-use-linker-plugin -flto-partition=none (test for excess errors)
UNRESOLVED: c-c++-common/asan/pointer-compare-1.c -O2 -flto -fno-use-linker-plugin -flto-partition=none compilation failed to produce executable
FAIL: c-c++-common/asan/pointer-compare-1.c -O2 -flto -fuse-linker-plugin -fno-fat-lto-objects (internal compiler error)
FAIL: c-c++-common/asan/pointer-compare-1.c -O2 -flto -fuse-linker-plugin -fno-fat-lto-objects (test for excess errors)
UNRESOLVED: c-c++-common/asan/pointer-compare-1.c -O2 -flto -fuse-linker-plugin -fno-fat-lto-objects compilation failed to produce executable
FAIL: c-c++-common/asan/pointer-compare-1.c -O3 -g (internal compiler error)
FAIL: c-c++-common/asan/pointer-compare-1.c -O3 -g (test for excess errors)
UNRESOLVED: c-c++-common/asan/pointer-compare-1.c -O3 -g compilation failed to produce executable
FAIL: c-c++-common/asan/pointer-compare-1.c -Os (internal compiler error)
FAIL: c-c++-common/asan/pointer-compare-1.c -Os (test for excess errors)
UNRESOLVED: c-c++-common/asan/pointer-compare-1.c -Os compilation failed to produce executable
FAIL: c-c++-common/asan/pointer-compare-2.c -O1 (internal compiler error)
FAIL: c-c++-common/asan/pointer-compare-2.c -O1 (test for excess errors)
UNRESOLVED: c-c++-common/asan/pointer-compare-2.c -O1 compilation failed to produce executable
FAIL: c-c++-common/asan/pointer-compare-2.c -O2 (internal compiler error)
FAIL: c-c++-common/asan/pointer-compare-2.c -O2 (test for excess errors)
UNRESOLVED: c-c++-common/asan/pointer-compare-2.c -O2 compilation failed to produce executable
FAIL: c-c++-common/asan/pointer-compare-2.c -O2 -flto -fno-use-linker-plugin -flto-partition=none (internal compiler error)
FAIL: c-c++-common/asan/pointer-compare-2.c -O2 -flto -fno-use-linker-plugin -flto-partition=none (test for excess errors)
UNRESOLVED: c-c++-common/asan/pointer-compare-2.c -O2 -flto -fno-use-linker-plugin -flto-partition=none compilation failed to produce executable
FAIL: c-c++-common/asan/pointer-compare-2.c -O2 -flto -fuse-linker-plugin -fno-fat-lto-objects (internal compiler error)
FAIL: c-c++-common/asan/pointer-compare-2.c -O2 -flto -fuse-linker-plugin -fno-fat-lto-objects (test for excess errors)
UNRESOLVED: c-c++-common/asan/pointer-compare-2.c -O2 -flto -fuse-linker-plugin -fno-fat-lto-objects compilation failed to produce executable
FAIL: c-c++-common/asan/pointer-compare-2.c -O3 -g (internal compiler error)
FAIL: c-c++-common/asan/pointer-compare-2.c -O3 -g (test for excess errors)
UNRESOLVED: c-c++-common/asan/pointer-compare-2.c -O3 -g compilation failed to produce executable
FAIL: c-c++-common/asan/pointer-compare-2.c -Os (internal compiler error)
FAIL: c-c++-common/asan/pointer-compare-2.c -Os (test for excess errors)
UNRESOLVED: c-c++-common/asan/pointer-compare-2.c -Os compilation failed to produce executable
FAIL: c-c++-common/asan/pointer-compare-3.c -O1 (internal compiler error)
FAIL: c-c++-common/asan/pointer-compare-3.c -O1 (test for excess errors)
UNRESOLVED: c-c++-common/asan/pointer-compare-3.c -O1 compilation failed to produce executable
FAIL: c-c++-common/asan/pointer-compare-3.c -O2 (internal compiler error)
FAIL: c-c++-common/asan/pointer-compare-3.c -O2 (test for excess errors)
UNRESOLVED: c-c++-common/asan/pointer-compare-3.c -O2 compilation failed to produce executable
FAIL: c-c++-common/asan/pointer-compare-3.c -O2 -flto -fno-use-linker-plugin -flto-partition=none (internal compiler error)
FAIL: c-c++-common/asan/pointer-compare-3.c -O2 -flto -fno-use-linker-plugin -flto-partition=none (test for excess errors)
UNRESOLVED: c-c++-common/asan/pointer-compare-3.c -O2 -flto -fno-use-linker-plugin -flto-partition=none compilation failed to produce executable
FAIL: c-c++-common/asan/pointer-compare-3.c -O2 -flto -fuse-linker-plugin -fno-fat-lto-objects (internal compiler error)
FAIL: c-c++-common/asan/pointer-compare-3.c -O2 -flto -fuse-linker-plugin -fno-fat-lto-objects (test for excess errors)
UNRESOLVED: c-c++-common/asan/pointer-compare-3.c -O2 -flto -fuse-linker-plugin -fno-fat-lto-objects compilation failed to produce executable
FAIL: c-c++-common/asan/pointer-compare-3.c -O3 -g (internal compiler error)
FAIL: c-c++-common/asan/pointer-compare-3.c -O3 -g (test for excess errors)
UNRESOLVED: c-c++-common/asan/pointer-compare-3.c -O3 -g compilation failed to produce executable
FAIL: c-c++-common/asan/pointer-compare-3.c -Os (internal compiler error)
FAIL: c-c++-common/asan/pointer-compare-3.c -Os (test for excess errors)
UNRESOLVED: c-c++-common/asan/pointer-compare-3.c -Os compilation failed to produce executable
FAIL: c-c++-common/asan/pointer-subtract-1.c -O1 (internal compiler error)
FAIL: c-c++-common/asan/pointer-subtract-1.c -O1 (test for excess errors)
UNRESOLVED: c-c++-common/asan/pointer-subtract-1.c -O1 compilation failed to produce executable
FAIL: c-c++-common/asan/pointer-subtract-1.c -O2 (internal compiler error)
FAIL: c-c++-common/asan/pointer-subtract-1.c -O2 (test for excess errors)
UNRESOLVED: c-c++-common/asan/pointer-subtract-1.c -O2 compilation failed to produce executable
FAIL: c-c++-common/asan/pointer-subtract-1.c -O2 -flto -fno-use-linker-plugin -flto-partition=none (internal compiler error)
FAIL: c-c++-common/asan/pointer-subtract-1.c -O2 -flto -fno-use-linker-plugin -flto-partition=none (test for excess errors)
UNRESOLVED: c-c++-common/asan/pointer-subtract-1.c -O2 -flto -fno-use-linker-plugin -flto-partition=none compilation failed to produce executable
FAIL: c-c++-common/asan/pointer-subtract-1.c -O2 -flto -fuse-linker-plugin -fno-fat-lto-objects (internal compiler error)
FAIL: c-c++-common/asan/pointer-subtract-1.c -O2 -flto -fuse-linker-plugin -fno-fat-lto-objects (test for excess errors)
UNRESOLVED: c-c++-common/asan/pointer-subtract-1.c -O2 -flto -fuse-linker-plugin -fno-fat-lto-objects compilation failed to produce executable
FAIL: c-c++-common/asan/pointer-subtract-1.c -O3 -g (internal compiler error)
FAIL: c-c++-common/asan/pointer-subtract-1.c -O3 -g (test for excess errors)
UNRESOLVED: c-c++-common/asan/pointer-subtract-1.c -O3 -g compilation failed to produce executable
FAIL: c-c++-common/asan/pointer-subtract-1.c -Os (internal compiler error)
FAIL: c-c++-common/asan/pointer-subtract-1.c -Os (test for excess errors)
UNRESOLVED: c-c++-common/asan/pointer-subtract-1.c -Os compilation failed to produce executable
FAIL: c-c++-common/asan/pointer-subtract-2.c -O1 (internal compiler error)
FAIL: c-c++-common/asan/pointer-subtract-2.c -O1 (test for excess errors)
UNRESOLVED: c-c++-common/asan/pointer-subtract-2.c -O1 compilation failed to produce executable
FAIL: c-c++-common/asan/pointer-subtract-2.c -O2 (internal compiler error)
FAIL: c-c++-common/asan/pointer-subtract-2.c -O2 (test for excess errors)
UNRESOLVED: c-c++-common/asan/pointer-subtract-2.c -O2 compilation failed to produce executable
FAIL: c-c++-common/asan/pointer-subtract-2.c -O2 -flto -fno-use-linker-plugin -flto-partition=none (internal compiler error)
FAIL: c-c++-common/asan/pointer-subtract-2.c -O2 -flto -fno-use-linker-plugin -flto-partition=none (test for excess errors)
UNRESOLVED: c-c++-common/asan/pointer-subtract-2.c -O2 -flto -fno-use-linker-plugin -flto-partition=none compilation failed to produce executable
FAIL: c-c++-common/asan/pointer-subtract-2.c -O2 -flto -fuse-linker-plugin -fno-fat-lto-objects (internal compiler error)
FAIL: c-c++-common/asan/pointer-subtract-2.c -O2 -flto -fuse-linker-plugin -fno-fat-lto-objects (test for excess errors)
UNRESOLVED: c-c++-common/asan/pointer-subtract-2.c -O2 -flto -fuse-linker-plugin -fno-fat-lto-objects compilation failed to produce executable
FAIL: c-c++-common/asan/pointer-subtract-2.c -O3 -g (internal compiler error)
FAIL: c-c++-common/asan/pointer-subtract-2.c -O3 -g (test for excess errors)
UNRESOLVED: c-c++-common/asan/pointer-subtract-2.c -O3 -g compilation failed to produce executable
FAIL: c-c++-common/asan/pointer-subtract-2.c -Os (internal compiler error)
FAIL: c-c++-common/asan/pointer-subtract-2.c -Os (test for excess errors)
UNRESOLVED: c-c++-common/asan/pointer-subtract-2.c -Os compilation failed to produce executable
FAIL: c-c++-common/asan/pointer-subtract-3.c -O1 (internal compiler error)
FAIL: c-c++-common/asan/pointer-subtract-3.c -O1 (test for excess errors)
UNRESOLVED: c-c++-common/asan/pointer-subtract-3.c -O1 compilation failed to produce executable
FAIL: c-c++-common/asan/pointer-subtract-3.c -O2 (internal compiler error)
FAIL: c-c++-common/asan/pointer-subtract-3.c -O2 (test for excess errors)
UNRESOLVED: c-c++-common/asan/pointer-subtract-3.c -O2 compilation failed to produce executable
FAIL: c-c++-common/asan/pointer-subtract-3.c -O2 -flto -fno-use-linker-plugin -flto-partition=none (internal compiler error)
FAIL: c-c++-common/asan/pointer-subtract-3.c -O2 -flto -fno-use-linker-plugin -flto-partition=none (test for excess errors)
UNRESOLVED: c-c++-common/asan/pointer-subtract-3.c -O2 -flto -fno-use-linker-plugin -flto-partition=none compilation failed to produce executable
FAIL: c-c++-common/asan/pointer-subtract-3.c -O2 -flto -fuse-linker-plugin -fno-fat-lto-objects (internal compiler error)
FAIL: c-c++-common/asan/pointer-subtract-3.c -O2 -flto -fuse-linker-plugin -fno-fat-lto-objects (test for excess errors)
UNRESOLVED: c-c++-common/asan/pointer-subtract-3.c -O2 -flto -fuse-linker-plugin -fno-fat-lto-objects compilation failed to produce executable
FAIL: c-c++-common/asan/pointer-subtract-3.c -O3 -g (internal compiler error)
FAIL: c-c++-common/asan/pointer-subtract-3.c -O3 -g (test for excess errors)
UNRESOLVED: c-c++-common/asan/pointer-subtract-3.c -O3 -g compilation failed to produce executable
FAIL: c-c++-common/asan/pointer-subtract-3.c -Os (internal compiler error)
FAIL: c-c++-common/asan/pointer-subtract-3.c -Os (test for excess errors)
UNRESOLVED: c-c++-common/asan/pointer-subtract-3.c -Os compilation failed to produce executable
FAIL: c-c++-common/asan/pointer-subtract-4.c -O1 (internal compiler error)
FAIL: c-c++-common/asan/pointer-subtract-4.c -O1 (test for excess errors)
UNRESOLVED: c-c++-common/asan/pointer-subtract-4.c -O1 compilation failed to produce executable
FAIL: c-c++-common/asan/pointer-subtract-4.c -O2 (internal compiler error)
FAIL: c-c++-common/asan/pointer-subtract-4.c -O2 (test for excess errors)
UNRESOLVED: c-c++-common/asan/pointer-subtract-4.c -O2 compilation failed to produce executable
FAIL: c-c++-common/asan/pointer-subtract-4.c -O2 -flto -fno-use-linker-plugin -flto-partition=none (internal compiler error)
FAIL: c-c++-common/asan/pointer-subtract-4.c -O2 -flto -fno-use-linker-plugin -flto-partition=none (test for excess errors)
UNRESOLVED: c-c++-common/asan/pointer-subtract-4.c -O2 -flto -fno-use-linker-plugin -flto-partition=none compilation failed to produce executable
FAIL: c-c++-common/asan/pointer-subtract-4.c -O2 -flto -fuse-linker-plugin -fno-fat-lto-objects (internal compiler error)
FAIL: c-c++-common/asan/pointer-subtract-4.c -O2 -flto -fuse-linker-plugin -fno-fat-lto-objects (test for excess errors)
UNRESOLVED: c-c++-common/asan/pointer-subtract-4.c -O2 -flto -fuse-linker-plugin -fno-fat-lto-objects compilation failed to produce executable
FAIL: c-c++-common/asan/pointer-subtract-4.c -O3 -g (internal compiler error)
FAIL: c-c++-common/asan/pointer-subtract-4.c -O3 -g (test for excess errors)
UNRESOLVED: c-c++-common/asan/pointer-subtract-4.c -O3 -g compilation failed to produce executable
FAIL: c-c++-common/asan/pointer-subtract-4.c -Os (internal compiler error)
FAIL: c-c++-common/asan/pointer-subtract-4.c -Os (test for excess errors)
UNRESOLVED: c-c++-common/asan/pointer-subtract-4.c -Os compilation failed to produce executable
FAIL: c-c++-common/asan/pr59063-1.c -O1 (internal compiler error)
FAIL: c-c++-common/asan/pr59063-1.c -O1 (test for excess errors)
UNRESOLVED: c-c++-common/asan/pr59063-1.c -O1 compilation failed to produce executable
FAIL: c-c++-common/asan/pr59063-1.c -O2 (internal compiler error)
FAIL: c-c++-common/asan/pr59063-1.c -O2 (test for excess errors)
UNRESOLVED: c-c++-common/asan/pr59063-1.c -O2 compilation failed to produce executable
FAIL: c-c++-common/asan/pr59063-1.c -O2 -flto -fno-use-linker-plugin -flto-partition=none (internal compiler error)
FAIL: c-c++-common/asan/pr59063-1.c -O2 -flto -fno-use-linker-plugin -flto-partition=none (test for excess errors)
UNRESOLVED: c-c++-common/asan/pr59063-1.c -O2 -flto -fno-use-linker-plugin -flto-partition=none compilation failed to produce executable
FAIL: c-c++-common/asan/pr59063-1.c -O2 -flto -fuse-linker-plugin -fno-fat-lto-objects (internal compiler error)
FAIL: c-c++-common/asan/pr59063-1.c -O2 -flto -fuse-linker-plugin -fno-fat-lto-objects (test for excess errors)
UNRESOLVED: c-c++-common/asan/pr59063-1.c -O2 -flto -fuse-linker-plugin -fno-fat-lto-objects compilation failed to produce executable
FAIL: c-c++-common/asan/pr59063-1.c -O3 -g (internal compiler error)
FAIL: c-c++-common/asan/pr59063-1.c -O3 -g (test for excess errors)
UNRESOLVED: c-c++-common/asan/pr59063-1.c -O3 -g compilation failed to produce executable
FAIL: c-c++-common/asan/pr59063-1.c -Os (internal compiler error)
FAIL: c-c++-common/asan/pr59063-1.c -Os (test for excess errors)
UNRESOLVED: c-c++-common/asan/pr59063-1.c -Os compilation failed to produce executable
FAIL: c-c++-common/asan/pr59063-2.c -O1 (internal compiler error)
FAIL: c-c++-common/asan/pr59063-2.c -O1 (test for excess errors)
UNRESOLVED: c-c++-common/asan/pr59063-2.c -O1 compilation failed to produce executable
FAIL: c-c++-common/asan/pr59063-2.c -O2 (internal compiler error)
FAIL: c-c++-common/asan/pr59063-2.c -O2 (test for excess errors)
UNRESOLVED: c-c++-common/asan/pr59063-2.c -O2 compilation failed to produce executable
FAIL: c-c++-common/asan/pr59063-2.c -O2 -flto -fno-use-linker-plugin -flto-partition=none (internal compiler error)
FAIL: c-c++-common/asan/pr59063-2.c -O2 -flto -fno-use-linker-plugin -flto-partition=none (test for excess errors)
UNRESOLVED: c-c++-common/asan/pr59063-2.c -O2 -flto -fno-use-linker-plugin -flto-partition=none compilation failed to produce executable
FAIL: c-c++-common/asan/pr59063-2.c -O2 -flto -fuse-linker-plugin -fno-fat-lto-objects (internal compiler error)
FAIL: c-c++-common/asan/pr59063-2.c -O2 -flto -fuse-linker-plugin -fno-fat-lto-objects (test for excess errors)
UNRESOLVED: c-c++-common/asan/pr59063-2.c -O2 -flto -fuse-linker-plugin -fno-fat-lto-objects compilation failed to produce executable
FAIL: c-c++-common/asan/pr59063-2.c -O3 -g (internal compiler error)
FAIL: c-c++-common/asan/pr59063-2.c -O3 -g (test for excess errors)
UNRESOLVED: c-c++-common/asan/pr59063-2.c -O3 -g compilation failed to produce executable
FAIL: c-c++-common/asan/pr59063-2.c -Os (internal compiler error)
FAIL: c-c++-common/asan/pr59063-2.c -Os (test for excess errors)
UNRESOLVED: c-c++-common/asan/pr59063-2.c -Os compilation failed to produce executable
FAIL: c-c++-common/asan/pr61530.c -O1 (internal compiler error)
FAIL: c-c++-common/asan/pr61530.c -O1 (test for excess errors)
UNRESOLVED: c-c++-common/asan/pr61530.c -O1 compilation failed to produce executable
FAIL: c-c++-common/asan/pr61530.c -O2 (internal compiler error)
FAIL: c-c++-common/asan/pr61530.c -O2 (test for excess errors)
UNRESOLVED: c-c++-common/asan/pr61530.c -O2 compilation failed to produce executable
FAIL: c-c++-common/asan/pr61530.c -O2 -flto -fno-use-linker-plugin -flto-partition=none (internal compiler error)
FAIL: c-c++-common/asan/pr61530.c -O2 -flto -fno-use-linker-plugin -flto-partition=none (test for excess errors)
UNRESOLVED: c-c++-common/asan/pr61530.c -O2 -flto -fno-use-linker-plugin -flto-partition=none compilation failed to produce executable
FAIL: c-c++-common/asan/pr61530.c -O2 -flto -fuse-linker-plugin -fno-fat-lto-objects (internal compiler error)
FAIL: c-c++-common/asan/pr61530.c -O2 -flto -fuse-linker-plugin -fno-fat-lto-objects (test for excess errors)
UNRESOLVED: c-c++-common/asan/pr61530.c -O2 -flto -fuse-linker-plugin -fno-fat-lto-objects compilation failed to produce executable
FAIL: c-c++-common/asan/pr61530.c -O3 -g (internal compiler error)
FAIL: c-c++-common/asan/pr61530.c -O3 -g (test for excess errors)
UNRESOLVED: c-c++-common/asan/pr61530.c -O3 -g compilation failed to produce executable
FAIL: c-c++-common/asan/pr61530.c -Os (internal compiler error)
FAIL: c-c++-common/asan/pr61530.c -Os (test for excess errors)
UNRESOLVED: c-c++-common/asan/pr61530.c -Os compilation failed to produce executable
FAIL: c-c++-common/asan/pr64820.c -O1 (internal compiler error)
FAIL: c-c++-common/asan/pr64820.c -O1 (test for excess errors)
UNRESOLVED: c-c++-common/asan/pr64820.c -O1 compilation failed to produce executable
FAIL: c-c++-common/asan/pr64820.c -O2 (internal compiler error)
FAIL: c-c++-common/asan/pr64820.c -O2 (test for excess errors)
UNRESOLVED: c-c++-common/asan/pr64820.c -O2 compilation failed to produce executable
FAIL: c-c++-common/asan/pr64820.c -O2 -flto -fno-use-linker-plugin -flto-partition=none (internal compiler error)
FAIL: c-c++-common/asan/pr64820.c -O2 -flto -fno-use-linker-plugin -flto-partition=none (test for excess errors)
UNRESOLVED: c-c++-common/asan/pr64820.c -O2 -flto -fno-use-linker-plugin -flto-partition=none compilation failed to produce executable
FAIL: c-c++-common/asan/pr64820.c -O2 -flto -fuse-linker-plugin -fno-fat-lto-objects (internal compiler error)
FAIL: c-c++-common/asan/pr64820.c -O2 -flto -fuse-linker-plugin -fno-fat-lto-objects (test for excess errors)
UNRESOLVED: c-c++-common/asan/pr64820.c -O2 -flto -fuse-linker-plugin -fno-fat-lto-objects compilation failed to produce executable
FAIL: c-c++-common/asan/pr64820.c -O3 -g (internal compiler error)
FAIL: c-c++-common/asan/pr64820.c -O3 -g (test for excess errors)
UNRESOLVED: c-c++-common/asan/pr64820.c -O3 -g compilation failed to produce executable
FAIL: c-c++-common/asan/pr64820.c -Os (internal compiler error)
FAIL: c-c++-common/asan/pr64820.c -Os (test for excess errors)
UNRESOLVED: c-c++-common/asan/pr64820.c -Os compilation failed to produce executable
FAIL: c-c++-common/asan/pr70712.c -O1 (internal compiler error)
FAIL: c-c++-common/asan/pr70712.c -O1 (test for excess errors)
UNRESOLVED: c-c++-common/asan/pr70712.c -O1 compilation failed to produce executable
FAIL: c-c++-common/asan/pr70712.c -O2 (internal compiler error)
FAIL: c-c++-common/asan/pr70712.c -O2 (test for excess errors)
UNRESOLVED: c-c++-common/asan/pr70712.c -O2 compilation failed to produce executable
FAIL: c-c++-common/asan/pr70712.c -O2 -flto -fno-use-linker-plugin -flto-partition=none (internal compiler error)
FAIL: c-c++-common/asan/pr70712.c -O2 -flto -fno-use-linker-plugin -flto-partition=none (test for excess errors)
UNRESOLVED: c-c++-common/asan/pr70712.c -O2 -flto -fno-use-linker-plugin -flto-partition=none compilation failed to produce executable
FAIL: c-c++-common/asan/pr70712.c -O2 -flto -fuse-linker-plugin -fno-fat-lto-objects (internal compiler error)
FAIL: c-c++-common/asan/pr70712.c -O2 -flto -fuse-linker-plugin -fno-fat-lto-objects (test for excess errors)
UNRESOLVED: c-c++-common/asan/pr70712.c -O2 -flto -fuse-linker-plugin -fno-fat-lto-objects compilation failed to produce executable
FAIL: c-c++-common/asan/pr70712.c -O3 -g (internal compiler error)
FAIL: c-c++-common/asan/pr70712.c -O3 -g (test for excess errors)
UNRESOLVED: c-c++-common/asan/pr70712.c -O3 -g compilation failed to produce executable
FAIL: c-c++-common/asan/pr70712.c -Os (internal compiler error)
FAIL: c-c++-common/asan/pr70712.c -Os (test for excess errors)
UNRESOLVED: c-c++-common/asan/pr70712.c -Os compilation failed to produce executable
FAIL: c-c++-common/asan/pr71480.c -O1 (internal compiler error)
FAIL: c-c++-common/asan/pr71480.c -O1 (test for excess errors)
UNRESOLVED: c-c++-common/asan/pr71480.c -O1 compilation failed to produce executable
FAIL: c-c++-common/asan/pr71480.c -O2 (internal compiler error)
FAIL: c-c++-common/asan/pr71480.c -O2 (test for excess errors)
UNRESOLVED: c-c++-common/asan/pr71480.c -O2 compilation failed to produce executable
FAIL: c-c++-common/asan/pr71480.c -O2 -flto -fno-use-linker-plugin -flto-partition=none (internal compiler error)
FAIL: c-c++-common/asan/pr71480.c -O2 -flto -fno-use-linker-plugin -flto-partition=none (test for excess errors)
UNRESOLVED: c-c++-common/asan/pr71480.c -O2 -flto -fno-use-linker-plugin -flto-partition=none compilation failed to produce executable
FAIL: c-c++-common/asan/pr71480.c -O2 -flto -fuse-linker-plugin -fno-fat-lto-objects (internal compiler error)
FAIL: c-c++-common/asan/pr71480.c -O2 -flto -fuse-linker-plugin -fno-fat-lto-objects (test for excess errors)
UNRESOLVED: c-c++-common/asan/pr71480.c -O2 -flto -fuse-linker-plugin -fno-fat-lto-objects compilation failed to produce executable
FAIL: c-c++-common/asan/pr71480.c -O3 -g (internal compiler error)
FAIL: c-c++-common/asan/pr71480.c -O3 -g (test for excess errors)
UNRESOLVED: c-c++-common/asan/pr71480.c -O3 -g compilation failed to produce executable
FAIL: c-c++-common/asan/pr71480.c -Os (internal compiler error)
FAIL: c-c++-common/asan/pr71480.c -Os (test for excess errors)
UNRESOLVED: c-c++-common/asan/pr71480.c -Os compilation failed to produce executable
FAIL: c-c++-common/asan/pr80308.c -O1 (internal compiler error)
FAIL: c-c++-common/asan/pr80308.c -O1 (test for excess errors)
UNRESOLVED: c-c++-common/asan/pr80308.c -O1 compilation failed to produce executable
FAIL: c-c++-common/asan/pr80308.c -O2 (internal compiler error)
FAIL: c-c++-common/asan/pr80308.c -O2 (test for excess errors)
UNRESOLVED: c-c++-common/asan/pr80308.c -O2 compilation failed to produce executable
FAIL: c-c++-common/asan/pr80308.c -O2 -flto -fno-use-linker-plugin -flto-partition=none (internal compiler error)
FAIL: c-c++-common/asan/pr80308.c -O2 -flto -fno-use-linker-plugin -flto-partition=none (test for excess errors)
UNRESOLVED: c-c++-common/asan/pr80308.c -O2 -flto -fno-use-linker-plugin -flto-partition=none compilation failed to produce executable
FAIL: c-c++-common/asan/pr80308.c -O2 -flto -fuse-linker-plugin -fno-fat-lto-objects (internal compiler error)
FAIL: c-c++-common/asan/pr80308.c -O2 -flto -fuse-linker-plugin -fno-fat-lto-objects (test for excess errors)
UNRESOLVED: c-c++-common/asan/pr80308.c -O2 -flto -fuse-linker-plugin -fno-fat-lto-objects compilation failed to produce executable
FAIL: c-c++-common/asan/pr80308.c -O3 -fomit-frame-pointer -funroll-loops -fpeel-loops -ftracer -finline-functions (internal compiler error)
FAIL: c-c++-common/asan/pr80308.c -O3 -fomit-frame-pointer -funroll-loops -fpeel-loops -ftracer -finline-functions (test for excess errors)
UNRESOLVED: c-c++-common/asan/pr80308.c -O3 -fomit-frame-pointer -funroll-loops -fpeel-loops -ftracer -finline-functions compilation failed to produce executable
FAIL: c-c++-common/asan/pr80308.c -O3 -g (internal compiler error)
FAIL: c-c++-common/asan/pr80308.c -O3 -g (test for excess errors)
UNRESOLVED: c-c++-common/asan/pr80308.c -O3 -g compilation failed to produce executable
FAIL: c-c++-common/asan/pr80308.c -Os (internal compiler error)
FAIL: c-c++-common/asan/pr80308.c -Os (test for excess errors)
UNRESOLVED: c-c++-common/asan/pr80308.c -Os compilation failed to produce executable
FAIL: c-c++-common/asan/stack-overflow-1.c -O1 (internal compiler error)
FAIL: c-c++-common/asan/stack-overflow-1.c -O1 (test for excess errors)
UNRESOLVED: c-c++-common/asan/stack-overflow-1.c -O1 compilation failed to produce executable
FAIL: c-c++-common/asan/stack-overflow-1.c -O2 (internal compiler error)
FAIL: c-c++-common/asan/stack-overflow-1.c -O2 (test for excess errors)
UNRESOLVED: c-c++-common/asan/stack-overflow-1.c -O2 compilation failed to produce executable
FAIL: c-c++-common/asan/stack-overflow-1.c -O2 -flto -fno-use-linker-plugin -flto-partition=none (internal compiler error)
FAIL: c-c++-common/asan/stack-overflow-1.c -O2 -flto -fno-use-linker-plugin -flto-partition=none (test for excess errors)
UNRESOLVED: c-c++-common/asan/stack-overflow-1.c -O2 -flto -fno-use-linker-plugin -flto-partition=none compilation failed to produce executable
FAIL: c-c++-common/asan/stack-overflow-1.c -O2 -flto -fuse-linker-plugin -fno-fat-lto-objects (internal compiler error)
FAIL: c-c++-common/asan/stack-overflow-1.c -O2 -flto -fuse-linker-plugin -fno-fat-lto-objects (test for excess errors)
UNRESOLVED: c-c++-common/asan/stack-overflow-1.c -O2 -flto -fuse-linker-plugin -fno-fat-lto-objects compilation failed to produce executable
FAIL: c-c++-common/asan/stack-overflow-1.c -O3 -g (internal compiler error)
FAIL: c-c++-common/asan/stack-overflow-1.c -O3 -g (test for excess errors)
UNRESOLVED: c-c++-common/asan/stack-overflow-1.c -O3 -g compilation failed to produce executable
FAIL: c-c++-common/asan/stack-overflow-1.c -Os (internal compiler error)
FAIL: c-c++-common/asan/stack-overflow-1.c -Os (test for excess errors)
UNRESOLVED: c-c++-common/asan/stack-overflow-1.c -Os compilation failed to produce executable
FAIL: c-c++-common/asan/swapcontext-test-1.c -O1 (internal compiler error)
FAIL: c-c++-common/asan/swapcontext-test-1.c -O1 (test for excess errors)
UNRESOLVED: c-c++-common/asan/swapcontext-test-1.c -O1 compilation failed to produce executable
FAIL: c-c++-common/asan/swapcontext-test-1.c -O2 (internal compiler error)
FAIL: c-c++-common/asan/swapcontext-test-1.c -O2 (test for excess errors)
UNRESOLVED: c-c++-common/asan/swapcontext-test-1.c -O2 compilation failed to produce executable
FAIL: c-c++-common/asan/swapcontext-test-1.c -O2 -flto -fno-use-linker-plugin -flto-partition=none (internal compiler error)
FAIL: c-c++-common/asan/swapcontext-test-1.c -O2 -flto -fno-use-linker-plugin -flto-partition=none (test for excess errors)
UNRESOLVED: c-c++-common/asan/swapcontext-test-1.c -O2 -flto -fno-use-linker-plugin -flto-partition=none compilation failed to produce executable
FAIL: c-c++-common/asan/swapcontext-test-1.c -O2 -flto -fuse-linker-plugin -fno-fat-lto-objects (internal compiler error)
FAIL: c-c++-common/asan/swapcontext-test-1.c -O2 -flto -fuse-linker-plugin -fno-fat-lto-objects (test for excess errors)
UNRESOLVED: c-c++-common/asan/swapcontext-test-1.c -O2 -flto -fuse-linker-plugin -fno-fat-lto-objects compilation failed to produce executable
FAIL: c-c++-common/asan/swapcontext-test-1.c -O3 -fomit-frame-pointer -funroll-loops -fpeel-loops -ftracer -finline-functions (internal compiler error)
FAIL: c-c++-common/asan/swapcontext-test-1.c -O3 -fomit-frame-pointer -funroll-loops -fpeel-loops -ftracer -finline-functions (test for excess errors)
UNRESOLVED: c-c++-common/asan/swapcontext-test-1.c -O3 -fomit-frame-pointer -funroll-loops -fpeel-loops -ftracer -finline-functions compilation failed to produce executable
FAIL: c-c++-common/asan/swapcontext-test-1.c -O3 -g (internal compiler error)
FAIL: c-c++-common/asan/swapcontext-test-1.c -O3 -g (test for excess errors)
UNRESOLVED: c-c++-common/asan/swapcontext-test-1.c -O3 -g compilation failed to produce executable
FAIL: c-c++-common/asan/swapcontext-test-1.c -Os (internal compiler error)
FAIL: c-c++-common/asan/swapcontext-test-1.c -Os (test for excess errors)
UNRESOLVED: c-c++-common/asan/swapcontext-test-1.c -Os compilation failed to produce executable
FAIL: c-c++-common/asan/use-after-return-1.c -O1 (internal compiler error)
FAIL: c-c++-common/asan/use-after-return-1.c -O1 (test for excess errors)
UNRESOLVED: c-c++-common/asan/use-after-return-1.c -O1 compilation failed to produce executable
FAIL: c-c++-common/asan/use-after-return-1.c -O2 (internal compiler error)
FAIL: c-c++-common/asan/use-after-return-1.c -O2 (test for excess errors)
UNRESOLVED: c-c++-common/asan/use-after-return-1.c -O2 compilation failed to produce executable
FAIL: c-c++-common/asan/use-after-return-1.c -O2 -flto -fno-use-linker-plugin -flto-partition=none (internal compiler error)
FAIL: c-c++-common/asan/use-after-return-1.c -O2 -flto -fno-use-linker-plugin -flto-partition=none (test for excess errors)
UNRESOLVED: c-c++-common/asan/use-after-return-1.c -O2 -flto -fno-use-linker-plugin -flto-partition=none compilation failed to produce executable
FAIL: c-c++-common/asan/use-after-return-1.c -O2 -flto -fuse-linker-plugin -fno-fat-lto-objects (internal compiler error)
FAIL: c-c++-common/asan/use-after-return-1.c -O2 -flto -fuse-linker-plugin -fno-fat-lto-objects (test for excess errors)
UNRESOLVED: c-c++-common/asan/use-after-return-1.c -O2 -flto -fuse-linker-plugin -fno-fat-lto-objects compilation failed to produce executable
FAIL: c-c++-common/asan/use-after-return-1.c -O3 -g (internal compiler error)
FAIL: c-c++-common/asan/use-after-return-1.c -O3 -g (test for excess errors)
UNRESOLVED: c-c++-common/asan/use-after-return-1.c -O3 -g compilation failed to produce executable
FAIL: c-c++-common/asan/use-after-return-1.c -Os (internal compiler error)
FAIL: c-c++-common/asan/use-after-return-1.c -Os (test for excess errors)
UNRESOLVED: c-c++-common/asan/use-after-return-1.c -Os compilation failed to produce executable
FAIL: g++.dg/asan/asan_test.C -O2 (internal compiler error)
FAIL: g++.dg/asan/asan_test.C -O2 (test for excess errors)
UNRESOLVED: g++.dg/asan/asan_test.C -O2 compilation failed to produce executable
FAIL: g++.dg/asan/deep-thread-stack-1.C -O1 (internal compiler error)
FAIL: g++.dg/asan/deep-thread-stack-1.C -O1 (test for excess errors)
UNRESOLVED: g++.dg/asan/deep-thread-stack-1.C -O1 compilation failed to produce executable
FAIL: g++.dg/asan/deep-thread-stack-1.C -O2 (internal compiler error)
FAIL: g++.dg/asan/deep-thread-stack-1.C -O2 (test for excess errors)
UNRESOLVED: g++.dg/asan/deep-thread-stack-1.C -O2 compilation failed to produce executable
FAIL: g++.dg/asan/deep-thread-stack-1.C -O2 -flto -fno-use-linker-plugin -flto-partition=none (internal compiler error)
FAIL: g++.dg/asan/deep-thread-stack-1.C -O2 -flto -fno-use-linker-plugin -flto-partition=none (test for excess errors)
UNRESOLVED: g++.dg/asan/deep-thread-stack-1.C -O2 -flto -fno-use-linker-plugin -flto-partition=none compilation failed to produce executable
FAIL: g++.dg/asan/deep-thread-stack-1.C -O2 -flto -fuse-linker-plugin -fno-fat-lto-objects (internal compiler error)
FAIL: g++.dg/asan/deep-thread-stack-1.C -O2 -flto -fuse-linker-plugin -fno-fat-lto-objects (test for excess errors)
UNRESOLVED: g++.dg/asan/deep-thread-stack-1.C -O2 -flto -fuse-linker-plugin -fno-fat-lto-objects compilation failed to produce executable
FAIL: g++.dg/asan/deep-thread-stack-1.C -O3 -g (internal compiler error)
FAIL: g++.dg/asan/deep-thread-stack-1.C -O3 -g (test for excess errors)
UNRESOLVED: g++.dg/asan/deep-thread-stack-1.C -O3 -g compilation failed to produce executable
FAIL: g++.dg/asan/deep-thread-stack-1.C -Os (internal compiler error)
FAIL: g++.dg/asan/deep-thread-stack-1.C -Os (test for excess errors)
UNRESOLVED: g++.dg/asan/deep-thread-stack-1.C -Os compilation failed to produce executable
FAIL: g++.dg/asan/function-argument-1.C -O1 (internal compiler error)
FAIL: g++.dg/asan/function-argument-1.C -O1 (test for excess errors)
UNRESOLVED: g++.dg/asan/function-argument-1.C -O1 compilation failed to produce executable
FAIL: g++.dg/asan/function-argument-1.C -O2 (internal compiler error)
FAIL: g++.dg/asan/function-argument-1.C -O2 (test for excess errors)
UNRESOLVED: g++.dg/asan/function-argument-1.C -O2 compilation failed to produce executable
FAIL: g++.dg/asan/function-argument-1.C -O2 -flto -fno-use-linker-plugin -flto-partition=none (internal compiler error)
FAIL: g++.dg/asan/function-argument-1.C -O2 -flto -fno-use-linker-plugin -flto-partition=none (test for excess errors)
UNRESOLVED: g++.dg/asan/function-argument-1.C -O2 -flto -fno-use-linker-plugin -flto-partition=none compilation failed to produce executable
FAIL: g++.dg/asan/function-argument-1.C -O2 -flto -fuse-linker-plugin -fno-fat-lto-objects (internal compiler error)
FAIL: g++.dg/asan/function-argument-1.C -O2 -flto -fuse-linker-plugin -fno-fat-lto-objects (test for excess errors)
UNRESOLVED: g++.dg/asan/function-argument-1.C -O2 -flto -fuse-linker-plugin -fno-fat-lto-objects compilation failed to produce executable
FAIL: g++.dg/asan/function-argument-1.C -O3 -g (internal compiler error)
FAIL: g++.dg/asan/function-argument-1.C -O3 -g (test for excess errors)
UNRESOLVED: g++.dg/asan/function-argument-1.C -O3 -g compilation failed to produce executable
FAIL: g++.dg/asan/function-argument-1.C -Os (internal compiler error)
FAIL: g++.dg/asan/function-argument-1.C -Os (test for excess errors)
UNRESOLVED: g++.dg/asan/function-argument-1.C -Os compilation failed to produce executable
FAIL: g++.dg/asan/function-argument-2.C -O1 (internal compiler error)
FAIL: g++.dg/asan/function-argument-2.C -O1 (test for excess errors)
UNRESOLVED: g++.dg/asan/function-argument-2.C -O1 compilation failed to produce executable
FAIL: g++.dg/asan/function-argument-2.C -O2 (internal compiler error)
FAIL: g++.dg/asan/function-argument-2.C -O2 (test for excess errors)
UNRESOLVED: g++.dg/asan/function-argument-2.C -O2 compilation failed to produce executable
FAIL: g++.dg/asan/function-argument-2.C -O2 -flto -fno-use-linker-plugin -flto-partition=none (internal compiler error)
FAIL: g++.dg/asan/function-argument-2.C -O2 -flto -fno-use-linker-plugin -flto-partition=none (test for excess errors)
UNRESOLVED: g++.dg/asan/function-argument-2.C -O2 -flto -fno-use-linker-plugin -flto-partition=none compilation failed to produce executable
FAIL: g++.dg/asan/function-argument-2.C -O2 -flto -fuse-linker-plugin -fno-fat-lto-objects (internal compiler error)
FAIL: g++.dg/asan/function-argument-2.C -O2 -flto -fuse-linker-plugin -fno-fat-lto-objects (test for excess errors)
UNRESOLVED: g++.dg/asan/function-argument-2.C -O2 -flto -fuse-linker-plugin -fno-fat-lto-objects compilation failed to produce executable
FAIL: g++.dg/asan/function-argument-2.C -O3 -g (internal compiler error)
FAIL: g++.dg/asan/function-argument-2.C -O3 -g (test for excess errors)
UNRESOLVED: g++.dg/asan/function-argument-2.C -O3 -g compilation failed to produce executable
FAIL: g++.dg/asan/function-argument-2.C -Os (internal compiler error)
FAIL: g++.dg/asan/function-argument-2.C -Os (test for excess errors)
UNRESOLVED: g++.dg/asan/function-argument-2.C -Os compilation failed to produce executable
FAIL: g++.dg/asan/function-argument-3.C -O1 (internal compiler error)
FAIL: g++.dg/asan/function-argument-3.C -O1 (test for excess errors)
UNRESOLVED: g++.dg/asan/function-argument-3.C -O1 compilation failed to produce executable
FAIL: g++.dg/asan/function-argument-3.C -O2 (internal compiler error)
FAIL: g++.dg/asan/function-argument-3.C -O2 (test for excess errors)
UNRESOLVED: g++.dg/asan/function-argument-3.C -O2 compilation failed to produce executable
FAIL: g++.dg/asan/function-argument-3.C -O2 -flto -fno-use-linker-plugin -flto-partition=none (internal compiler error)
FAIL: g++.dg/asan/function-argument-3.C -O2 -flto -fno-use-linker-plugin -flto-partition=none (test for excess errors)
UNRESOLVED: g++.dg/asan/function-argument-3.C -O2 -flto -fno-use-linker-plugin -flto-partition=none compilation failed to produce executable
FAIL: g++.dg/asan/function-argument-3.C -O2 -flto -fuse-linker-plugin -fno-fat-lto-objects (internal compiler error)
FAIL: g++.dg/asan/function-argument-3.C -O2 -flto -fuse-linker-plugin -fno-fat-lto-objects (test for excess errors)
UNRESOLVED: g++.dg/asan/function-argument-3.C -O2 -flto -fuse-linker-plugin -fno-fat-lto-objects compilation failed to produce executable
FAIL: g++.dg/asan/function-argument-3.C -O3 -g (internal compiler error)
FAIL: g++.dg/asan/function-argument-3.C -O3 -g (test for excess errors)
UNRESOLVED: g++.dg/asan/function-argument-3.C -O3 -g compilation failed to produce executable
FAIL: g++.dg/asan/function-argument-3.C -Os (internal compiler error)
FAIL: g++.dg/asan/function-argument-3.C -Os (test for excess errors)
UNRESOLVED: g++.dg/asan/function-argument-3.C -Os compilation failed to produce executable
FAIL: g++.dg/asan/pr62017.C -Os (internal compiler error)
FAIL: g++.dg/asan/pr62017.C -Os (test for excess errors)
UNRESOLVED: g++.dg/asan/pr62017.C -Os compilation failed to produce executable
FAIL: g++.dg/asan/pr81021.C -O1 (internal compiler error)
FAIL: g++.dg/asan/pr81021.C -O1 (test for excess errors)
UNRESOLVED: g++.dg/asan/pr81021.C -O1 compilation failed to produce executable
FAIL: g++.dg/asan/pr81021.C -O2 (internal compiler error)
FAIL: g++.dg/asan/pr81021.C -O2 (test for excess errors)
UNRESOLVED: g++.dg/asan/pr81021.C -O2 compilation failed to produce executable
FAIL: g++.dg/asan/pr81021.C -O2 -flto -fno-use-linker-plugin -flto-partition=none (internal compiler error)
FAIL: g++.dg/asan/pr81021.C -O2 -flto -fno-use-linker-plugin -flto-partition=none (test for excess errors)
UNRESOLVED: g++.dg/asan/pr81021.C -O2 -flto -fno-use-linker-plugin -flto-partition=none compilation failed to produce executable
FAIL: g++.dg/asan/pr81021.C -O2 -flto -fuse-linker-plugin -fno-fat-lto-objects (internal compiler error)
FAIL: g++.dg/asan/pr81021.C -O2 -flto -fuse-linker-plugin -fno-fat-lto-objects (test for excess errors)
UNRESOLVED: g++.dg/asan/pr81021.C -O2 -flto -fuse-linker-plugin -fno-fat-lto-objects compilation failed to produce executable
FAIL: g++.dg/asan/pr81021.C -O3 -g (internal compiler error)
FAIL: g++.dg/asan/pr81021.C -O3 -g (test for excess errors)
UNRESOLVED: g++.dg/asan/pr81021.C -O3 -g compilation failed to produce executable
FAIL: g++.dg/asan/pr81021.C -Os (internal compiler error)
FAIL: g++.dg/asan/pr81021.C -Os (test for excess errors)
UNRESOLVED: g++.dg/asan/pr81021.C -Os compilation failed to produce executable
FAIL: g++.dg/asan/pr81340.C -O0 (internal compiler error)
FAIL: g++.dg/asan/pr81340.C -O0 (test for excess errors)
FAIL: g++.dg/asan/pr81340.C -O1 (internal compiler error)
FAIL: g++.dg/asan/pr81340.C -O1 (test for excess errors)
FAIL: g++.dg/asan/pr81340.C -O2 (internal compiler error)
FAIL: g++.dg/asan/pr81340.C -O2 (test for excess errors)
FAIL: g++.dg/asan/pr81340.C -O2 -flto -fno-use-linker-plugin -flto-partition=none (internal compiler error)
FAIL: g++.dg/asan/pr81340.C -O2 -flto -fno-use-linker-plugin -flto-partition=none (test for excess errors)
FAIL: g++.dg/asan/pr81340.C -O3 -g (internal compiler error)
FAIL: g++.dg/asan/pr81340.C -O3 -g (test for excess errors)
FAIL: g++.dg/asan/pr81340.C -Os (internal compiler error)
FAIL: g++.dg/asan/pr81340.C -Os (test for excess errors)
FAIL: g++.dg/asan/pr82792.C -O1 (internal compiler error)
FAIL: g++.dg/asan/pr82792.C -O1 (test for excess errors)
FAIL: g++.dg/asan/pr82792.C -O2 (internal compiler error)
FAIL: g++.dg/asan/pr82792.C -O2 (test for excess errors)
FAIL: g++.dg/asan/pr82792.C -O2 -flto -fno-use-linker-plugin -flto-partition=none (internal compiler error)
FAIL: g++.dg/asan/pr82792.C -O2 -flto -fno-use-linker-plugin -flto-partition=none (test for excess errors)
FAIL: g++.dg/asan/pr82792.C -O3 -g (internal compiler error)
FAIL: g++.dg/asan/pr82792.C -O3 -g (test for excess errors)
FAIL: g++.dg/asan/pr82792.C -Os (internal compiler error)
FAIL: g++.dg/asan/pr82792.C -Os (test for excess errors)
FAIL: g++.dg/asan/use-after-scope-1.C -O1 (internal compiler error)
FAIL: g++.dg/asan/use-after-scope-1.C -O1 (test for excess errors)
UNRESOLVED: g++.dg/asan/use-after-scope-1.C -O1 compilation failed to produce executable
FAIL: g++.dg/asan/use-after-scope-1.C -O2 (internal compiler error)
FAIL: g++.dg/asan/use-after-scope-1.C -O2 (test for excess errors)
UNRESOLVED: g++.dg/asan/use-after-scope-1.C -O2 compilation failed to produce executable
FAIL: g++.dg/asan/use-after-scope-1.C -O2 -flto -fno-use-linker-plugin -flto-partition=none (internal compiler error)
FAIL: g++.dg/asan/use-after-scope-1.C -O2 -flto -fno-use-linker-plugin -flto-partition=none (test for excess errors)
UNRESOLVED: g++.dg/asan/use-after-scope-1.C -O2 -flto -fno-use-linker-plugin -flto-partition=none compilation failed to produce executable
FAIL: g++.dg/asan/use-after-scope-1.C -O2 -flto -fuse-linker-plugin -fno-fat-lto-objects (internal compiler error)
FAIL: g++.dg/asan/use-after-scope-1.C -O2 -flto -fuse-linker-plugin -fno-fat-lto-objects (test for excess errors)
UNRESOLVED: g++.dg/asan/use-after-scope-1.C -O2 -flto -fuse-linker-plugin -fno-fat-lto-objects compilation failed to produce executable
FAIL: g++.dg/asan/use-after-scope-1.C -O3 -g (internal compiler error)
FAIL: g++.dg/asan/use-after-scope-1.C -O3 -g (test for excess errors)
UNRESOLVED: g++.dg/asan/use-after-scope-1.C -O3 -g compilation failed to produce executable
FAIL: g++.dg/asan/use-after-scope-1.C -Os (internal compiler error)
FAIL: g++.dg/asan/use-after-scope-1.C -Os (test for excess errors)
UNRESOLVED: g++.dg/asan/use-after-scope-1.C -Os compilation failed to produce executable
FAIL: g++.dg/asan/use-after-scope-2.C -O1 (internal compiler error)
FAIL: g++.dg/asan/use-after-scope-2.C -O1 (test for excess errors)
UNRESOLVED: g++.dg/asan/use-after-scope-2.C -O1 compilation failed to produce executable
FAIL: g++.dg/asan/use-after-scope-2.C -O2 (internal compiler error)
FAIL: g++.dg/asan/use-after-scope-2.C -O2 (test for excess errors)
UNRESOLVED: g++.dg/asan/use-after-scope-2.C -O2 compilation failed to produce executable
FAIL: g++.dg/asan/use-after-scope-2.C -O2 -flto -fno-use-linker-plugin -flto-partition=none (internal compiler error)
FAIL: g++.dg/asan/use-after-scope-2.C -O2 -flto -fno-use-linker-plugin -flto-partition=none (test for excess errors)
UNRESOLVED: g++.dg/asan/use-after-scope-2.C -O2 -flto -fno-use-linker-plugin -flto-partition=none compilation failed to produce executable
FAIL: g++.dg/asan/use-after-scope-2.C -O2 -flto -fuse-linker-plugin -fno-fat-lto-objects (internal compiler error)
FAIL: g++.dg/asan/use-after-scope-2.C -O2 -flto -fuse-linker-plugin -fno-fat-lto-objects (test for excess errors)
UNRESOLVED: g++.dg/asan/use-after-scope-2.C -O2 -flto -fuse-linker-plugin -fno-fat-lto-objects compilation failed to produce executable
FAIL: g++.dg/asan/use-after-scope-2.C -O3 -g (internal compiler error)
FAIL: g++.dg/asan/use-after-scope-2.C -O3 -g (test for excess errors)
UNRESOLVED: g++.dg/asan/use-after-scope-2.C -O3 -g compilation failed to produce executable
FAIL: g++.dg/asan/use-after-scope-2.C -Os (internal compiler error)
FAIL: g++.dg/asan/use-after-scope-2.C -Os (test for excess errors)
UNRESOLVED: g++.dg/asan/use-after-scope-2.C -Os compilation failed to produce executable
FAIL: g++.dg/asan/use-after-scope-3.C -O1 (internal compiler error)
FAIL: g++.dg/asan/use-after-scope-3.C -O1 (test for excess errors)
UNRESOLVED: g++.dg/asan/use-after-scope-3.C -O1 compilation failed to produce executable
FAIL: g++.dg/asan/use-after-scope-3.C -O2 (internal compiler error)
FAIL: g++.dg/asan/use-after-scope-3.C -O2 (test for excess errors)
UNRESOLVED: g++.dg/asan/use-after-scope-3.C -O2 compilation failed to produce executable
FAIL: g++.dg/asan/use-after-scope-3.C -O2 -flto -fno-use-linker-plugin -flto-partition=none (internal compiler error)
FAIL: g++.dg/asan/use-after-scope-3.C -O2 -flto -fno-use-linker-plugin -flto-partition=none (test for excess errors)
UNRESOLVED: g++.dg/asan/use-after-scope-3.C -O2 -flto -fno-use-linker-plugin -flto-partition=none compilation failed to produce executable
FAIL: g++.dg/asan/use-after-scope-3.C -O2 -flto -fuse-linker-plugin -fno-fat-lto-objects (internal compiler error)
FAIL: g++.dg/asan/use-after-scope-3.C -O2 -flto -fuse-linker-plugin -fno-fat-lto-objects (test for excess errors)
UNRESOLVED: g++.dg/asan/use-after-scope-3.C -O2 -flto -fuse-linker-plugin -fno-fat-lto-objects compilation failed to produce executable
FAIL: g++.dg/asan/use-after-scope-3.C -O3 -g (internal compiler error)
FAIL: g++.dg/asan/use-after-scope-3.C -O3 -g (test for excess errors)
UNRESOLVED: g++.dg/asan/use-after-scope-3.C -O3 -g compilation failed to produce executable
FAIL: g++.dg/asan/use-after-scope-3.C -Os (internal compiler error)
FAIL: g++.dg/asan/use-after-scope-3.C -Os (test for excess errors)
UNRESOLVED: g++.dg/asan/use-after-scope-3.C -Os compilation failed to produce executable
FAIL: g++.dg/asan/use-after-scope-4.C -O1 (internal compiler error)
FAIL: g++.dg/asan/use-after-scope-4.C -O1 (test for excess errors)
FAIL: g++.dg/asan/use-after-scope-4.C -O2 (internal compiler error)
FAIL: g++.dg/asan/use-after-scope-4.C -O2 (test for excess errors)
FAIL: g++.dg/asan/use-after-scope-4.C -O2 -flto -fno-use-linker-plugin -flto-partition=none (internal compiler error)
FAIL: g++.dg/asan/use-after-scope-4.C -O2 -flto -fno-use-linker-plugin -flto-partition=none (test for excess errors)
FAIL: g++.dg/asan/use-after-scope-4.C -O3 -g (internal compiler error)
FAIL: g++.dg/asan/use-after-scope-4.C -O3 -g (test for excess errors)
FAIL: g++.dg/asan/use-after-scope-4.C -Os (internal compiler error)
FAIL: g++.dg/asan/use-after-scope-4.C -Os (test for excess errors)
FAIL: g++.dg/asan/use-after-scope-types-1.C -O1 (internal compiler error)
FAIL: g++.dg/asan/use-after-scope-types-1.C -O1 (test for excess errors)
UNRESOLVED: g++.dg/asan/use-after-scope-types-1.C -O1 compilation failed to produce executable
FAIL: g++.dg/asan/use-after-scope-types-1.C -O2 (internal compiler error)
FAIL: g++.dg/asan/use-after-scope-types-1.C -O2 (test for excess errors)
UNRESOLVED: g++.dg/asan/use-after-scope-types-1.C -O2 compilation failed to produce executable
FAIL: g++.dg/asan/use-after-scope-types-1.C -O2 -flto -fno-use-linker-plugin -flto-partition=none (internal compiler error)
FAIL: g++.dg/asan/use-after-scope-types-1.C -O2 -flto -fno-use-linker-plugin -flto-partition=none (test for excess errors)
UNRESOLVED: g++.dg/asan/use-after-scope-types-1.C -O2 -flto -fno-use-linker-plugin -flto-partition=none compilation failed to produce executable
FAIL: g++.dg/asan/use-after-scope-types-1.C -O2 -flto -fuse-linker-plugin -fno-fat-lto-objects (internal compiler error)
FAIL: g++.dg/asan/use-after-scope-types-1.C -O2 -flto -fuse-linker-plugin -fno-fat-lto-objects (test for excess errors)
UNRESOLVED: g++.dg/asan/use-after-scope-types-1.C -O2 -flto -fuse-linker-plugin -fno-fat-lto-objects compilation failed to produce executable
FAIL: g++.dg/asan/use-after-scope-types-1.C -O3 -g (internal compiler error)
FAIL: g++.dg/asan/use-after-scope-types-1.C -O3 -g (test for excess errors)
UNRESOLVED: g++.dg/asan/use-after-scope-types-1.C -O3 -g compilation failed to produce executable
FAIL: g++.dg/asan/use-after-scope-types-1.C -Os (internal compiler error)
FAIL: g++.dg/asan/use-after-scope-types-1.C -Os (test for excess errors)
UNRESOLVED: g++.dg/asan/use-after-scope-types-1.C -Os compilation failed to produce executable
FAIL: g++.dg/asan/use-after-scope-types-2.C -O1 (internal compiler error)
FAIL: g++.dg/asan/use-after-scope-types-2.C -O1 (test for excess errors)
UNRESOLVED: g++.dg/asan/use-after-scope-types-2.C -O1 compilation failed to produce executable
FAIL: g++.dg/asan/use-after-scope-types-2.C -O2 (internal compiler error)
FAIL: g++.dg/asan/use-after-scope-types-2.C -O2 (test for excess errors)
UNRESOLVED: g++.dg/asan/use-after-scope-types-2.C -O2 compilation failed to produce executable
FAIL: g++.dg/asan/use-after-scope-types-2.C -O2 -flto -fno-use-linker-plugin -flto-partition=none (internal compiler error)
FAIL: g++.dg/asan/use-after-scope-types-2.C -O2 -flto -fno-use-linker-plugin -flto-partition=none (test for excess errors)
UNRESOLVED: g++.dg/asan/use-after-scope-types-2.C -O2 -flto -fno-use-linker-plugin -flto-partition=none compilation failed to produce executable
FAIL: g++.dg/asan/use-after-scope-types-2.C -O2 -flto -fuse-linker-plugin -fno-fat-lto-objects (internal compiler error)
FAIL: g++.dg/asan/use-after-scope-types-2.C -O2 -flto -fuse-linker-plugin -fno-fat-lto-objects (test for excess errors)
UNRESOLVED: g++.dg/asan/use-after-scope-types-2.C -O2 -flto -fuse-linker-plugin -fno-fat-lto-objects compilation failed to produce executable
FAIL: g++.dg/asan/use-after-scope-types-2.C -O3 -g (internal compiler error)
FAIL: g++.dg/asan/use-after-scope-types-2.C -O3 -g (test for excess errors)
UNRESOLVED: g++.dg/asan/use-after-scope-types-2.C -O3 -g compilation failed to produce executable
FAIL: g++.dg/asan/use-after-scope-types-2.C -Os (internal compiler error)
FAIL: g++.dg/asan/use-after-scope-types-2.C -Os (test for excess errors)
UNRESOLVED: g++.dg/asan/use-after-scope-types-2.C -Os compilation failed to produce executable
FAIL: g++.dg/asan/use-after-scope-types-3.C -O1 (internal compiler error)
FAIL: g++.dg/asan/use-after-scope-types-3.C -O1 (test for excess errors)
UNRESOLVED: g++.dg/asan/use-after-scope-types-3.C -O1 compilation failed to produce executable
FAIL: g++.dg/asan/use-after-scope-types-3.C -O2 (internal compiler error)
FAIL: g++.dg/asan/use-after-scope-types-3.C -O2 (test for excess errors)
UNRESOLVED: g++.dg/asan/use-after-scope-types-3.C -O2 compilation failed to produce executable
FAIL: g++.dg/asan/use-after-scope-types-3.C -O2 -flto -fno-use-linker-plugin -flto-partition=none (internal compiler error)
FAIL: g++.dg/asan/use-after-scope-types-3.C -O2 -flto -fno-use-linker-plugin -flto-partition=none (test for excess errors)
UNRESOLVED: g++.dg/asan/use-after-scope-types-3.C -O2 -flto -fno-use-linker-plugin -flto-partition=none compilation failed to produce executable
FAIL: g++.dg/asan/use-after-scope-types-3.C -O2 -flto -fuse-linker-plugin -fno-fat-lto-objects (internal compiler error)
FAIL: g++.dg/asan/use-after-scope-types-3.C -O2 -flto -fuse-linker-plugin -fno-fat-lto-objects (test for excess errors)
UNRESOLVED: g++.dg/asan/use-after-scope-types-3.C -O2 -flto -fuse-linker-plugin -fno-fat-lto-objects compilation failed to produce executable
FAIL: g++.dg/asan/use-after-scope-types-3.C -O3 -g (internal compiler error)
FAIL: g++.dg/asan/use-after-scope-types-3.C -O3 -g (test for excess errors)
UNRESOLVED: g++.dg/asan/use-after-scope-types-3.C -O3 -g compilation failed to produce executable
FAIL: g++.dg/asan/use-after-scope-types-3.C -Os (internal compiler error)
FAIL: g++.dg/asan/use-after-scope-types-3.C -Os (test for excess errors)
UNRESOLVED: g++.dg/asan/use-after-scope-types-3.C -Os compilation failed to produce executable
FAIL: g++.dg/asan/use-after-scope-types-4.C -O1 (internal compiler error)
FAIL: g++.dg/asan/use-after-scope-types-4.C -O1 (test for excess errors)
UNRESOLVED: g++.dg/asan/use-after-scope-types-4.C -O1 compilation failed to produce executable
FAIL: g++.dg/asan/use-after-scope-types-4.C -O2 (internal compiler error)
FAIL: g++.dg/asan/use-after-scope-types-4.C -O2 (test for excess errors)
UNRESOLVED: g++.dg/asan/use-after-scope-types-4.C -O2 compilation failed to produce executable
FAIL: g++.dg/asan/use-after-scope-types-4.C -O2 -flto -fno-use-linker-plugin -flto-partition=none (internal compiler error)
FAIL: g++.dg/asan/use-after-scope-types-4.C -O2 -flto -fno-use-linker-plugin -flto-partition=none (test for excess errors)
UNRESOLVED: g++.dg/asan/use-after-scope-types-4.C -O2 -flto -fno-use-linker-plugin -flto-partition=none compilation failed to produce executable
FAIL: g++.dg/asan/use-after-scope-types-4.C -O2 -flto -fuse-linker-plugin -fno-fat-lto-objects (internal compiler error)
FAIL: g++.dg/asan/use-after-scope-types-4.C -O2 -flto -fuse-linker-plugin -fno-fat-lto-objects (test for excess errors)
UNRESOLVED: g++.dg/asan/use-after-scope-types-4.C -O2 -flto -fuse-linker-plugin -fno-fat-lto-objects compilation failed to produce executable
FAIL: g++.dg/asan/use-after-scope-types-4.C -O3 -g (internal compiler error)
FAIL: g++.dg/asan/use-after-scope-types-4.C -O3 -g (test for excess errors)
UNRESOLVED: g++.dg/asan/use-after-scope-types-4.C -O3 -g compilation failed to produce executable
FAIL: g++.dg/asan/use-after-scope-types-4.C -Os (internal compiler error)
FAIL: g++.dg/asan/use-after-scope-types-4.C -Os (test for excess errors)
UNRESOLVED: g++.dg/asan/use-after-scope-types-4.C -Os compilation failed to produce executable
FAIL: g++.dg/asan/use-after-scope-types-5.C -O1 (internal compiler error)
FAIL: g++.dg/asan/use-after-scope-types-5.C -O1 (test for excess errors)
UNRESOLVED: g++.dg/asan/use-after-scope-types-5.C -O1 compilation failed to produce executable
FAIL: g++.dg/asan/use-after-scope-types-5.C -O2 (internal compiler error)
FAIL: g++.dg/asan/use-after-scope-types-5.C -O2 (test for excess errors)
UNRESOLVED: g++.dg/asan/use-after-scope-types-5.C -O2 compilation failed to produce executable
FAIL: g++.dg/asan/use-after-scope-types-5.C -O2 -flto -fno-use-linker-plugin -flto-partition=none (internal compiler error)
FAIL: g++.dg/asan/use-after-scope-types-5.C -O2 -flto -fno-use-linker-plugin -flto-partition=none (test for excess errors)
UNRESOLVED: g++.dg/asan/use-after-scope-types-5.C -O2 -flto -fno-use-linker-plugin -flto-partition=none compilation failed to produce executable
FAIL: g++.dg/asan/use-after-scope-types-5.C -O2 -flto -fuse-linker-plugin -fno-fat-lto-objects (internal compiler error)
FAIL: g++.dg/asan/use-after-scope-types-5.C -O2 -flto -fuse-linker-plugin -fno-fat-lto-objects (test for excess errors)
UNRESOLVED: g++.dg/asan/use-after-scope-types-5.C -O2 -flto -fuse-linker-plugin -fno-fat-lto-objects compilation failed to produce executable
FAIL: g++.dg/asan/use-after-scope-types-5.C -O3 -g (internal compiler error)
FAIL: g++.dg/asan/use-after-scope-types-5.C -O3 -g (test for excess errors)
UNRESOLVED: g++.dg/asan/use-after-scope-types-5.C -O3 -g compilation failed to produce executable
FAIL: g++.dg/asan/use-after-scope-types-5.C -Os (internal compiler error)
FAIL: g++.dg/asan/use-after-scope-types-5.C -Os (test for excess errors)
UNRESOLVED: g++.dg/asan/use-after-scope-types-5.C -Os compilation failed to produce executable
FAIL: c-c++-common/Warray-bounds-4.c -std=gnu++11 strcpy (test for warnings, line 67)
FAIL: c-c++-common/Warray-bounds-4.c -std=gnu++14 strcpy (test for warnings, line 67)
FAIL: c-c++-common/Warray-bounds-4.c -std=gnu++98 strcpy (test for warnings, line 67)
FAIL: g++.dg/lto/pr83121 (test for LTO warnings, pr83121_0.C line 8)
FAIL: g++.dg/lto/pr83121 (test for LTO warnings, pr83121_1.C line 2)
FAIL: g++.dg/lto/pr83121 (test for LTO warnings, pr83121_1.C line 3)
FAIL: g++.dg/lto/pr83121 cp_lto_pr83121_0.o-cp_lto_pr83121_1.o link, -O0 -flto
=== g++ Summary ===
# of expected passes 120055
# of unexpected failures 621
# of expected failures 500
# of unresolved testcases 276
# of unsupported tests 5174
/home/gccbuild/build/nightly/build-gcc-trunk/gcc/xg++ version 8.0.1 20180321 (experimental) [trunk revision 258703] (GCC)
=== go tests ===
Running target unix
FAIL: go.test/test/ken/cplx2.go execution, -O2 -g
=== go Summary ===
# of expected passes 7281
# of unexpected failures 1
# of expected failures 1
# of untested testcases 7
# of unsupported tests 3
/home/gccbuild/build/nightly/build-gcc-trunk/gcc/gccgo version 8.0.1 20180321 (experimental) [trunk revision 258703] (GCC)
=== obj-c++ tests ===
Running target unix
=== obj-c++ Summary ===
# of expected passes 1456
# of expected failures 10
# of unsupported tests 77
/home/gccbuild/build/nightly/build-gcc-trunk/gcc/xg++ version 8.0.1 20180321 (experimental) [trunk revision 258703] (GCC)
=== objc tests ===
Running target unix
=== objc Summary ===
# of expected passes 2803
# of unsupported tests 68
/home/gccbuild/build/nightly/build-gcc-trunk/gcc/xgcc version 8.0.1 20180321 (experimental) [trunk revision 258703] (GCC)
=== gotools tests ===
=== gotools Summary ===
# of expected passes 379
# of untested testcases 193
/home/gccbuild/build/nightly/build-gcc-trunk/./gcc/gccgo version 8.0.1 20180321 (experimental) [trunk revision 258703] (GCC)
=== libatomic tests ===
Running target unix
=== libatomic Summary ===
# of expected passes 54
=== libffi tests ===
Running target unix
=== libffi Summary ===
# of expected passes 1934
# of unsupported tests 28
=== libgo tests ===
Running target unix
FAIL: os/signal
=== libgo Summary ===
# of expected passes 161
# of unexpected failures 1
/home/gccbuild/build/nightly/build-gcc-trunk/./gcc/gccgo version 8.0.1 20180321 (experimental) [trunk revision 258703] (GCC)
=== libgomp tests ===
Running target unix
=== libgomp Summary ===
# of expected passes 5263
# of unsupported tests 362
=== libitm tests ===
Running target unix
=== libitm Summary ===
# of expected passes 42
# of expected failures 3
# of unsupported tests 1
=== libstdc++ tests ===
Running target unix
=== libstdc++ Summary ===
# of expected passes 12640
# of expected failures 71
# of unsupported tests 404
Compiler version: 8.0.1 20180321 (experimental) [trunk revision 258703] (GCC)
Platform: powerpc64le-unknown-linux-gnu
configure flags: --prefix=/opt/gcc-nightly/trunk --with-as=/usr/bin/as --with-ld=/usr/bin/ld --enable-languages=c,c++,fortran,objc,obj-c++,go --with-cpu=power8
fail WARNING: Could not generate test framework tests
fail XPASS: gcc.test-framework/dg-bogus-exp-XF.c (test for excess errors)
fail FAIL: gcc.test-framework/dg-do-assemble-exp-P.c (test for excess errors) (PRMS 42)
fail FAIL: gcc.test-framework/dg-do-compile-exp-P.c (test for excess errors) (PRMS 42)
fail FAIL: gcc.test-framework/dg-do-link-exp-P.c (test for excess errors) (PRMS 42)
fail FAIL: gcc.test-framework/dg-do-run-exp-P.c (test for excess errors) (PRMS 42)
fail FAIL: gcc.test-framework/dg-dot-run-exp-P.c (test for excess errors) (PRMS 42)
fail FAIL: gcc.test-framework/dg-dox-run-exp-XF.c (test for excess errors) (PRMS 42)
fail FAIL: gcc.test-framework/dg-output-exp-P.c (test for excess errors) (PRMS 42)
fail FAIL: gcc.test-framework/dg-output-exp-XF.c (test for excess errors) (PRMS 42)
fail FAIL: gcc.test-framework/dg-warning-exp-P.c warning test (test for warnings, line 9) (PRMS 42)
=== Test Framework Summary ===
# of expected passes 68
# of unexpected failures 11
More information about the Gcc-testresults
mailing list