Results for 8.0.1 20180310 (experimental) (GCC) testsuite on s390x-ibm-linux-gnu zEC12
Andreas Krebbel
krebbel@linux.vnet.ibm.com
Sun Mar 11 10:41:00 GMT 2018
LAST_UPDATED: Sat Mar 10 18:06:52 UTC 2018 (revision 258415)
=== acats tests ===
=== acats Summary ===
# of expected passes 2320
# of unexpected failures 0
Native configuration is s390x-ibm-linux-gnu zEC12
=== g++ tests ===
Running target unix/-m31
FAIL: g++.dg/asan/function-argument-3.C -O0 output pattern test
FAIL: g++.dg/asan/function-argument-3.C -O1 execution test
FAIL: g++.dg/asan/function-argument-3.C -O2 execution test
FAIL: g++.dg/asan/function-argument-3.C -O2 -flto -fno-use-linker-plugin -flto-partition=none execution test
FAIL: g++.dg/asan/function-argument-3.C -O2 -flto -fuse-linker-plugin -fno-fat-lto-objects output pattern test
FAIL: g++.dg/asan/function-argument-3.C -O3 -g execution test
FAIL: g++.dg/asan/function-argument-3.C -Os execution test
FAIL: c-c++-common/Warray-bounds-4.c -std=gnu++11 strcpy (test for warnings, line 67)
FAIL: c-c++-common/Warray-bounds-4.c -std=gnu++14 strcpy (test for warnings, line 67)
FAIL: c-c++-common/Warray-bounds-4.c -std=gnu++98 strcpy (test for warnings, line 67)
FAIL: c-c++-common/Wattributes.c -std=gnu++11 (test for warnings, line 404)
FAIL: c-c++-common/Wattributes.c -std=gnu++11 (test for excess errors)
FAIL: c-c++-common/Wattributes.c -std=gnu++14 (test for warnings, line 404)
FAIL: c-c++-common/Wattributes.c -std=gnu++14 (test for excess errors)
FAIL: c-c++-common/Wattributes.c -std=gnu++98 (test for warnings, line 404)
FAIL: c-c++-common/Wattributes.c -std=gnu++98 (test for excess errors)
FAIL: c-c++-common/attr-nonstring-3.c -std=gnu++11 (test for warnings, line 203)
FAIL: c-c++-common/attr-nonstring-3.c -std=gnu++11 (test for warnings, line 207)
FAIL: c-c++-common/attr-nonstring-3.c -std=gnu++11 (test for warnings, line 210)
FAIL: c-c++-common/attr-nonstring-3.c -std=gnu++11 (test for warnings, line 297)
FAIL: c-c++-common/attr-nonstring-3.c -std=gnu++11 (test for warnings, line 301)
FAIL: c-c++-common/attr-nonstring-3.c -std=gnu++11 (test for warnings, line 304)
FAIL: c-c++-common/attr-nonstring-3.c -std=gnu++14 (test for warnings, line 203)
FAIL: c-c++-common/attr-nonstring-3.c -std=gnu++14 (test for warnings, line 207)
FAIL: c-c++-common/attr-nonstring-3.c -std=gnu++14 (test for warnings, line 210)
FAIL: c-c++-common/attr-nonstring-3.c -std=gnu++14 (test for warnings, line 297)
FAIL: c-c++-common/attr-nonstring-3.c -std=gnu++14 (test for warnings, line 301)
FAIL: c-c++-common/attr-nonstring-3.c -std=gnu++14 (test for warnings, line 304)
FAIL: c-c++-common/attr-nonstring-3.c -std=gnu++98 (test for warnings, line 203)
FAIL: c-c++-common/attr-nonstring-3.c -std=gnu++98 (test for warnings, line 207)
FAIL: c-c++-common/attr-nonstring-3.c -std=gnu++98 (test for warnings, line 210)
FAIL: c-c++-common/attr-nonstring-3.c -std=gnu++98 (test for warnings, line 297)
FAIL: c-c++-common/attr-nonstring-3.c -std=gnu++98 (test for warnings, line 301)
FAIL: c-c++-common/attr-nonstring-3.c -std=gnu++98 (test for warnings, line 304)
FAIL: c-c++-common/patchable_function_entry-decl.c -std=gnu++11 scan-assembler-times nop 2 (found 0 times)
FAIL: c-c++-common/patchable_function_entry-decl.c -std=gnu++14 scan-assembler-times nop 2 (found 0 times)
FAIL: c-c++-common/patchable_function_entry-decl.c -std=gnu++98 scan-assembler-times nop 2 (found 0 times)
FAIL: c-c++-common/patchable_function_entry-default.c -std=gnu++11 scan-assembler-times nop 3 (found 0 times)
FAIL: c-c++-common/patchable_function_entry-default.c -std=gnu++14 scan-assembler-times nop 3 (found 0 times)
FAIL: c-c++-common/patchable_function_entry-default.c -std=gnu++98 scan-assembler-times nop 3 (found 0 times)
FAIL: c-c++-common/patchable_function_entry-definition.c -std=gnu++11 scan-assembler-times nop 1 (found 0 times)
FAIL: c-c++-common/patchable_function_entry-definition.c -std=gnu++14 scan-assembler-times nop 1 (found 0 times)
FAIL: c-c++-common/patchable_function_entry-definition.c -std=gnu++98 scan-assembler-times nop 1 (found 0 times)
FAIL: g++.dg/lto/pr83121 (test for LTO warnings, pr83121_0.C line 8)
FAIL: g++.dg/lto/pr83121 (test for LTO warnings, pr83121_1.C line 2)
FAIL: g++.dg/lto/pr83121 (test for LTO warnings, pr83121_1.C line 3)
FAIL: g++.dg/lto/pr83121 cp_lto_pr83121_0.o-cp_lto_pr83121_1.o link, -O0 -flto
FAIL: c-c++-common/ubsan/ptr-overflow-sanitization-1.c -O0 scan-tree-dump-times optimized "__ubsan_handle_pointer_overflow" 17 (found 14 times)
FAIL: c-c++-common/ubsan/ptr-overflow-sanitization-1.c -O1 scan-tree-dump-times optimized "__ubsan_handle_pointer_overflow" 17 (found 14 times)
FAIL: c-c++-common/ubsan/ptr-overflow-sanitization-1.c -O2 scan-tree-dump-times optimized "__ubsan_handle_pointer_overflow" 17 (found 14 times)
FAIL: c-c++-common/ubsan/ptr-overflow-sanitization-1.c -O3 -g scan-tree-dump-times optimized "__ubsan_handle_pointer_overflow" 17 (found 14 times)
FAIL: c-c++-common/ubsan/ptr-overflow-sanitization-1.c -Os scan-tree-dump-times optimized "__ubsan_handle_pointer_overflow" 17 (found 14 times)
=== g++ Summary for unix/-m31 ===
# of expected passes 119249
# of unexpected failures 52
# of expected failures 494
# of unsupported tests 5377
Running target unix/-m64
FAIL: g++.dg/asan/function-argument-3.C -O0 output pattern test
FAIL: g++.dg/asan/function-argument-3.C -O1 execution test
FAIL: g++.dg/asan/function-argument-3.C -O2 execution test
FAIL: g++.dg/asan/function-argument-3.C -O2 -flto -fno-use-linker-plugin -flto-partition=none execution test
FAIL: g++.dg/asan/function-argument-3.C -O2 -flto -fuse-linker-plugin -fno-fat-lto-objects execution test
FAIL: g++.dg/asan/function-argument-3.C -O3 -g execution test
FAIL: g++.dg/asan/function-argument-3.C -Os execution test
FAIL: c-c++-common/Warray-bounds-4.c -std=gnu++11 strcpy (test for warnings, line 67)
FAIL: c-c++-common/Warray-bounds-4.c -std=gnu++14 strcpy (test for warnings, line 67)
FAIL: c-c++-common/Warray-bounds-4.c -std=gnu++98 strcpy (test for warnings, line 67)
FAIL: c-c++-common/Wattributes.c -std=gnu++11 (test for warnings, line 404)
FAIL: c-c++-common/Wattributes.c -std=gnu++11 (test for excess errors)
FAIL: c-c++-common/Wattributes.c -std=gnu++14 (test for warnings, line 404)
FAIL: c-c++-common/Wattributes.c -std=gnu++14 (test for excess errors)
FAIL: c-c++-common/Wattributes.c -std=gnu++98 (test for warnings, line 404)
FAIL: c-c++-common/Wattributes.c -std=gnu++98 (test for excess errors)
FAIL: c-c++-common/attr-nonstring-3.c -std=gnu++11 (test for warnings, line 203)
FAIL: c-c++-common/attr-nonstring-3.c -std=gnu++11 (test for warnings, line 207)
FAIL: c-c++-common/attr-nonstring-3.c -std=gnu++11 (test for warnings, line 210)
FAIL: c-c++-common/attr-nonstring-3.c -std=gnu++11 (test for warnings, line 297)
FAIL: c-c++-common/attr-nonstring-3.c -std=gnu++11 (test for warnings, line 301)
FAIL: c-c++-common/attr-nonstring-3.c -std=gnu++11 (test for warnings, line 304)
FAIL: c-c++-common/attr-nonstring-3.c -std=gnu++14 (test for warnings, line 203)
FAIL: c-c++-common/attr-nonstring-3.c -std=gnu++14 (test for warnings, line 207)
FAIL: c-c++-common/attr-nonstring-3.c -std=gnu++14 (test for warnings, line 210)
FAIL: c-c++-common/attr-nonstring-3.c -std=gnu++14 (test for warnings, line 297)
FAIL: c-c++-common/attr-nonstring-3.c -std=gnu++14 (test for warnings, line 301)
FAIL: c-c++-common/attr-nonstring-3.c -std=gnu++14 (test for warnings, line 304)
FAIL: c-c++-common/attr-nonstring-3.c -std=gnu++98 (test for warnings, line 203)
FAIL: c-c++-common/attr-nonstring-3.c -std=gnu++98 (test for warnings, line 207)
FAIL: c-c++-common/attr-nonstring-3.c -std=gnu++98 (test for warnings, line 210)
FAIL: c-c++-common/attr-nonstring-3.c -std=gnu++98 (test for warnings, line 297)
FAIL: c-c++-common/attr-nonstring-3.c -std=gnu++98 (test for warnings, line 301)
FAIL: c-c++-common/attr-nonstring-3.c -std=gnu++98 (test for warnings, line 304)
FAIL: c-c++-common/patchable_function_entry-decl.c -std=gnu++11 scan-assembler-times nop 2 (found 0 times)
FAIL: c-c++-common/patchable_function_entry-decl.c -std=gnu++14 scan-assembler-times nop 2 (found 0 times)
FAIL: c-c++-common/patchable_function_entry-decl.c -std=gnu++98 scan-assembler-times nop 2 (found 0 times)
FAIL: c-c++-common/patchable_function_entry-default.c -std=gnu++11 scan-assembler-times nop 3 (found 0 times)
FAIL: c-c++-common/patchable_function_entry-default.c -std=gnu++14 scan-assembler-times nop 3 (found 0 times)
FAIL: c-c++-common/patchable_function_entry-default.c -std=gnu++98 scan-assembler-times nop 3 (found 0 times)
FAIL: c-c++-common/patchable_function_entry-definition.c -std=gnu++11 scan-assembler-times nop 1 (found 0 times)
FAIL: c-c++-common/patchable_function_entry-definition.c -std=gnu++14 scan-assembler-times nop 1 (found 0 times)
FAIL: c-c++-common/patchable_function_entry-definition.c -std=gnu++98 scan-assembler-times nop 1 (found 0 times)
FAIL: g++.dg/lto/pr83121 (test for LTO warnings, pr83121_0.C line 8)
FAIL: g++.dg/lto/pr83121 (test for LTO warnings, pr83121_1.C line 2)
FAIL: g++.dg/lto/pr83121 (test for LTO warnings, pr83121_1.C line 3)
FAIL: g++.dg/lto/pr83121 cp_lto_pr83121_0.o-cp_lto_pr83121_1.o link, -O0 -flto
=== g++ Summary for unix/-m64 ===
# of expected passes 121224
# of unexpected failures 47
# of expected failures 497
# of unsupported tests 5318
=== g++ Summary ===
# of expected passes 240473
# of unexpected failures 99
# of expected failures 991
# of unsupported tests 10695
-zEC12/gcc/testsuite/g++/../../xg++ version 8.0.1 20180310 (experimental) (GCC)
=== gcc tests ===
Running target unix/-m31
FAIL: c-c++-common/Warray-bounds-4.c -Wc++-compat strcpy (test for warnings, line 67)
FAIL: c-c++-common/Wattributes.c -Wc++-compat (test for warnings, line 404)
FAIL: c-c++-common/Wattributes.c -Wc++-compat (test for excess errors)
FAIL: c-c++-common/attr-nonstring-3.c -Wc++-compat (test for warnings, line 203)
FAIL: c-c++-common/attr-nonstring-3.c -Wc++-compat (test for warnings, line 207)
FAIL: c-c++-common/attr-nonstring-3.c -Wc++-compat (test for warnings, line 210)
FAIL: c-c++-common/attr-nonstring-3.c -Wc++-compat (test for warnings, line 297)
FAIL: c-c++-common/attr-nonstring-3.c -Wc++-compat (test for warnings, line 301)
FAIL: c-c++-common/attr-nonstring-3.c -Wc++-compat (test for warnings, line 304)
FAIL: c-c++-common/patchable_function_entry-decl.c -Wc++-compat scan-assembler-times nop 2 (found 0 times)
FAIL: c-c++-common/patchable_function_entry-default.c -Wc++-compat scan-assembler-times nop 3 (found 0 times)
FAIL: c-c++-common/patchable_function_entry-definition.c -Wc++-compat scan-assembler-times nop 1 (found 0 times)
FAIL: gcc.dg/Wattributes-6.c (test for warnings, line 404)
FAIL: gcc.dg/Wattributes-6.c (test for excess errors)
FAIL: gcc.dg/gcc-have-sync-compare-and-swap.c (test for excess errors)
FAIL: gcc.dg/loop-9.c scan-rtl-dump loop2_invariant "Decided"
FAIL: gcc.dg/loop-9.c scan-rtl-dump loop2_invariant "without introducing a new temporary register"
FAIL: gcc.dg/lower-subreg-1.c scan-rtl-dump subreg1 "Splitting reg"
FAIL: gcc.dg/pr21643.c scan-tree-dump-times reassoc1 "Optimizing range tests c_[0-9]*.D. -.0, 31. and -.32, 32.[\\n\\r]* into" 5 (found 6 times)
FAIL: gcc.dg/split-5.c execution test
WARNING: program timed out.
XPASS: gcc.dg/guality/example.c -O0 execution test
XPASS: gcc.dg/guality/guality.c -O0 execution test
XPASS: gcc.dg/guality/guality.c -O1 execution test
XPASS: gcc.dg/guality/guality.c -O2 execution test
XPASS: gcc.dg/guality/guality.c -O2 -flto -fno-use-linker-plugin -flto-partition=none execution test
XPASS: gcc.dg/guality/guality.c -O2 -flto -fuse-linker-plugin -fno-fat-lto-objects execution test
XPASS: gcc.dg/guality/guality.c -O3 -g execution test
XPASS: gcc.dg/guality/guality.c -Os execution test
XPASS: gcc.dg/guality/inline-params.c -O2 execution test
XPASS: gcc.dg/guality/inline-params.c -O2 -flto -fno-use-linker-plugin -flto-partition=none execution test
XPASS: gcc.dg/guality/inline-params.c -O2 -flto -fuse-linker-plugin -fno-fat-lto-objects execution test
XPASS: gcc.dg/guality/inline-params.c -O3 -g execution test
XPASS: gcc.dg/guality/inline-params.c -Os execution test
FAIL: gcc.dg/guality/param-2.c -O1 line 20 str.pa == 31415927
FAIL: gcc.dg/guality/param-2.c -O1 line 20 str.pb == 27182818
FAIL: gcc.dg/guality/param-3.c -O1 line 20 str.pa == 31415927
FAIL: gcc.dg/guality/param-3.c -O1 line 20 str.pb == 27182818
FAIL: gcc.dg/guality/pr36728-1.c -O2 -flto -fuse-linker-plugin -fno-fat-lto-objects line 16 y == 2
FAIL: gcc.dg/guality/pr36728-2.c -O2 -flto -fuse-linker-plugin -fno-fat-lto-objects line 16 arg3 == 3
FAIL: gcc.dg/guality/pr36728-2.c -O2 -flto -fuse-linker-plugin -fno-fat-lto-objects line 16 arg4 == 4
FAIL: gcc.dg/guality/pr36728-2.c -O2 -flto -fuse-linker-plugin -fno-fat-lto-objects line 16 arg5 == 5
FAIL: gcc.dg/guality/pr36728-2.c -O2 -flto -fuse-linker-plugin -fno-fat-lto-objects line 16 arg6 == 6
FAIL: gcc.dg/guality/pr36728-2.c -O2 -flto -fuse-linker-plugin -fno-fat-lto-objects line 16 arg7 == 30
FAIL: gcc.dg/guality/pr36728-2.c -O2 -flto -fuse-linker-plugin -fno-fat-lto-objects line 16 y == 2
FAIL: gcc.dg/guality/pr36728-2.c -O2 -flto -fuse-linker-plugin -fno-fat-lto-objects line 18 arg3 == 3
FAIL: gcc.dg/guality/pr36728-2.c -O2 -flto -fuse-linker-plugin -fno-fat-lto-objects line 18 arg4 == 4
FAIL: gcc.dg/guality/pr36728-2.c -O2 -flto -fuse-linker-plugin -fno-fat-lto-objects line 18 arg5 == 5
FAIL: gcc.dg/guality/pr36728-2.c -O2 -flto -fuse-linker-plugin -fno-fat-lto-objects line 18 arg6 == 6
FAIL: gcc.dg/guality/pr36728-2.c -O2 -flto -fuse-linker-plugin -fno-fat-lto-objects line 18 arg7 == 30
FAIL: gcc.dg/guality/pr36728-2.c -O3 -g line 16 arg3 == 3
FAIL: gcc.dg/guality/pr36728-2.c -O3 -g line 16 arg4 == 4
FAIL: gcc.dg/guality/pr36728-2.c -O3 -g line 16 arg5 == 5
FAIL: gcc.dg/guality/pr36728-2.c -O3 -g line 16 arg6 == 6
FAIL: gcc.dg/guality/pr36728-2.c -O3 -g line 16 arg7 == 30
FAIL: gcc.dg/guality/pr36728-2.c -O3 -g line 18 arg3 == 3
FAIL: gcc.dg/guality/pr36728-2.c -O3 -g line 18 arg4 == 4
FAIL: gcc.dg/guality/pr36728-2.c -O3 -g line 18 arg5 == 5
FAIL: gcc.dg/guality/pr36728-2.c -O3 -g line 18 arg6 == 6
FAIL: gcc.dg/guality/pr36728-2.c -O3 -g line 18 arg7 == 30
FAIL: gcc.dg/guality/pr36728-3.c -O2 line 14 y == 2
FAIL: gcc.dg/guality/pr36728-3.c -O2 -flto -fno-use-linker-plugin -flto-partition=none line 14 y == 2
FAIL: gcc.dg/guality/pr36728-3.c -O3 -g line 14 y == 2
XPASS: gcc.dg/guality/pr41353-1.c -O0 line 28 j == 28 + 37
FAIL: gcc.dg/guality/pr41404-1.c -O2 -flto -fuse-linker-plugin -fno-fat-lto-objects line 10 *foo == 'f'
FAIL: gcc.dg/guality/pr41404-1.c -O2 -flto -fuse-linker-plugin -fno-fat-lto-objects line 14 *foo == 'b'
FAIL: gcc.dg/guality/pr41404-1.c -O2 -flto -fuse-linker-plugin -fno-fat-lto-objects line 24 *foo == 'f'
FAIL: gcc.dg/guality/pr41447-1.c -O2 -flto -fuse-linker-plugin -fno-fat-lto-objects execution test
FAIL: gcc.dg/guality/pr41447-1.c -O3 -g execution test
FAIL: gcc.dg/guality/pr45882.c -O2 -flto -fuse-linker-plugin -fno-fat-lto-objects line 16 d == 112
FAIL: gcc.dg/guality/pr45882.c -O2 -flto -fuse-linker-plugin -fno-fat-lto-objects line 16 e == 142
FAIL: gcc.dg/guality/pr54519-1.c -O2 -flto -fno-use-linker-plugin -flto-partition=none line 20 y == 25
FAIL: gcc.dg/guality/pr54519-1.c -O2 -flto -fno-use-linker-plugin -flto-partition=none line 20 z == 6
FAIL: gcc.dg/guality/pr54519-1.c -O2 -flto -fno-use-linker-plugin -flto-partition=none line 23 y == 117
FAIL: gcc.dg/guality/pr54519-1.c -O2 -flto -fno-use-linker-plugin -flto-partition=none line 23 z == 8
FAIL: gcc.dg/guality/pr54519-2.c -O2 -flto -fno-use-linker-plugin -flto-partition=none line 17 y == 25
FAIL: gcc.dg/guality/pr54519-2.c -O2 -flto -fuse-linker-plugin -fno-fat-lto-objects line 17 y == 25
FAIL: gcc.dg/guality/pr54519-3.c -O2 -flto -fno-use-linker-plugin -flto-partition=none line 20 y == 25
FAIL: gcc.dg/guality/pr54519-3.c -O2 -flto -fno-use-linker-plugin -flto-partition=none line 20 z == 6
FAIL: gcc.dg/guality/pr54519-3.c -O2 -flto -fno-use-linker-plugin -flto-partition=none line 23 y == 117
FAIL: gcc.dg/guality/pr54519-3.c -O2 -flto -fno-use-linker-plugin -flto-partition=none line 23 z == 8
FAIL: gcc.dg/guality/pr54519-3.c -O2 -flto -fuse-linker-plugin -fno-fat-lto-objects line 20 y == 25
FAIL: gcc.dg/guality/pr54519-3.c -O2 -flto -fuse-linker-plugin -fno-fat-lto-objects line 20 z == 6
FAIL: gcc.dg/guality/pr54519-3.c -O2 -flto -fuse-linker-plugin -fno-fat-lto-objects line 23 y == 117
FAIL: gcc.dg/guality/pr54519-3.c -O2 -flto -fuse-linker-plugin -fno-fat-lto-objects line 23 z == 8
FAIL: gcc.dg/guality/pr54519-4.c -O2 -flto -fno-use-linker-plugin -flto-partition=none line 17 y == 25
FAIL: gcc.dg/guality/pr54519-4.c -O2 -flto -fuse-linker-plugin -fno-fat-lto-objects line 17 y == 25
FAIL: gcc.dg/guality/pr54519-5.c -O2 -flto -fno-use-linker-plugin -flto-partition=none line 17 y == 25
FAIL: gcc.dg/guality/pr54519-5.c -O2 -flto -fuse-linker-plugin -fno-fat-lto-objects line 17 y == 25
FAIL: gcc.dg/guality/pr54693-2.c -O2 -flto -fuse-linker-plugin -fno-fat-lto-objects line 21 y == 20 - 2 * i
FAIL: gcc.dg/guality/pr54693-2.c -O2 -flto -fuse-linker-plugin -fno-fat-lto-objects line 21 z == 30 - 3 * i
FAIL: gcc.dg/guality/pr54693-2.c -Os line 21 y == 20 - 2 * i
XPASS: gcc.dg/guality/pr54970.c -O0 line 31 a[0] == 4
XPASS: gcc.dg/guality/pr54970.c -O0 line 36 a[0] == 4
XPASS: gcc.dg/guality/pr54970.c -O0 line 45 a[0] == 4
XPASS: gcc.dg/guality/pr54970.c -O0 line 45 p[-2] == 4
XPASS: gcc.dg/guality/pr54970.c -O0 line 45 q[-1] == 4
FAIL: gcc.dg/guality/pr58791-2.c -O2 -flto -fno-use-linker-plugin -flto-partition=none line pr58791-2.c:27 d & 1 == 1
FAIL: gcc.dg/guality/pr68860-1.c -O2 line 14 y == 2
FAIL: gcc.dg/guality/pr68860-1.c -O2 -flto -fno-use-linker-plugin -flto-partition=none line 14 arg3 == 3
FAIL: gcc.dg/guality/pr68860-1.c -O2 -flto -fno-use-linker-plugin -flto-partition=none line 14 arg4 == 4
FAIL: gcc.dg/guality/pr68860-1.c -O2 -flto -fno-use-linker-plugin -flto-partition=none line 14 arg5 == 5
FAIL: gcc.dg/guality/pr68860-1.c -O2 -flto -fno-use-linker-plugin -flto-partition=none line 14 arg6 == 6
FAIL: gcc.dg/guality/pr68860-1.c -O2 -flto -fno-use-linker-plugin -flto-partition=none line 16 arg3 == 3
FAIL: gcc.dg/guality/pr68860-1.c -O2 -flto -fno-use-linker-plugin -flto-partition=none line 16 arg4 == 4
FAIL: gcc.dg/guality/pr68860-1.c -O2 -flto -fno-use-linker-plugin -flto-partition=none line 16 arg5 == 5
FAIL: gcc.dg/guality/pr68860-1.c -O2 -flto -fno-use-linker-plugin -flto-partition=none line 16 arg6 == 6
FAIL: gcc.dg/guality/pr68860-1.c -O2 -flto -fuse-linker-plugin -fno-fat-lto-objects line 14 arg3 == 3
FAIL: gcc.dg/guality/pr68860-1.c -O2 -flto -fuse-linker-plugin -fno-fat-lto-objects line 14 arg4 == 4
FAIL: gcc.dg/guality/pr68860-1.c -O2 -flto -fuse-linker-plugin -fno-fat-lto-objects line 14 arg5 == 5
FAIL: gcc.dg/guality/pr68860-1.c -O2 -flto -fuse-linker-plugin -fno-fat-lto-objects line 14 arg6 == 6
FAIL: gcc.dg/guality/pr68860-1.c -O2 -flto -fuse-linker-plugin -fno-fat-lto-objects line 16 arg3 == 3
FAIL: gcc.dg/guality/pr68860-1.c -O2 -flto -fuse-linker-plugin -fno-fat-lto-objects line 16 arg4 == 4
FAIL: gcc.dg/guality/pr68860-1.c -O2 -flto -fuse-linker-plugin -fno-fat-lto-objects line 16 arg5 == 5
FAIL: gcc.dg/guality/pr68860-1.c -O2 -flto -fuse-linker-plugin -fno-fat-lto-objects line 16 arg6 == 6
FAIL: gcc.dg/guality/pr68860-1.c -O3 -g line 14 y == 2
FAIL: gcc.dg/guality/pr69947.c -O1 line 14 b[4] == 'e'
FAIL: gcc.dg/guality/pr69947.c -O2 line 14 b[4] == 'e'
FAIL: gcc.dg/guality/pr69947.c -O2 -flto -fno-use-linker-plugin -flto-partition=none line 14 b[4] == 'e'
FAIL: gcc.dg/guality/pr69947.c -O2 -flto -fuse-linker-plugin -fno-fat-lto-objects line 14 b[4] == 'e'
FAIL: gcc.dg/guality/pr69947.c -O3 -g line 14 b[4] == 'e'
FAIL: gcc.dg/guality/pr69947.c -Os line 14 b[4] == 'e'
FAIL: gcc.dg/guality/sra-1.c -O1 line 43 a.j == 14
FAIL: gcc.dg/guality/sra-1.c -O2 line 43 a.j == 14
FAIL: gcc.dg/guality/sra-1.c -O2 -flto -fno-use-linker-plugin -flto-partition=none line 43 a.j == 14
FAIL: gcc.dg/guality/sra-1.c -O2 -flto -fuse-linker-plugin -fno-fat-lto-objects line 43 a.j == 14
FAIL: gcc.dg/guality/sra-1.c -O3 -g line 43 a.j == 14
FAIL: gcc.dg/guality/sra-1.c -Os line 43 a.j == 14
FAIL: gcc.dg/guality/vla-1.c -O1 line 17 sizeof (a) == 6
FAIL: gcc.dg/guality/vla-1.c -O2 line 17 sizeof (a) == 6
FAIL: gcc.dg/guality/vla-1.c -O2 -flto -fno-use-linker-plugin -flto-partition=none line 17 sizeof (a) == 6
FAIL: gcc.dg/guality/vla-1.c -O2 -flto -fno-use-linker-plugin -flto-partition=none line 24 sizeof (a) == 17 * sizeof (short)
FAIL: gcc.dg/guality/vla-1.c -O2 -flto -fuse-linker-plugin -fno-fat-lto-objects line 17 sizeof (a) == 6
FAIL: gcc.dg/guality/vla-1.c -O2 -flto -fuse-linker-plugin -fno-fat-lto-objects line 24 sizeof (a) == 17 * sizeof (short)
FAIL: gcc.dg/guality/vla-1.c -O3 -g line 17 sizeof (a) == 6
FAIL: gcc.dg/guality/vla-1.c -Os line 17 sizeof (a) == 6
FAIL: gcc.dg/torture/inf-compare-1.c -O0 execution test
FAIL: gcc.dg/torture/inf-compare-1.c -O1 execution test
FAIL: gcc.dg/torture/inf-compare-1.c -O2 execution test
FAIL: gcc.dg/torture/inf-compare-1.c -O2 -flto -fno-use-linker-plugin -flto-partition=none execution test
FAIL: gcc.dg/torture/inf-compare-1.c -O2 -flto -fuse-linker-plugin -fno-fat-lto-objects execution test
FAIL: gcc.dg/torture/inf-compare-1.c -O3 -g execution test
FAIL: gcc.dg/torture/inf-compare-1.c -Os execution test
FAIL: gcc.dg/torture/inf-compare-2.c -O0 execution test
FAIL: gcc.dg/torture/inf-compare-2.c -O1 execution test
FAIL: gcc.dg/torture/inf-compare-2.c -O2 execution test
FAIL: gcc.dg/torture/inf-compare-2.c -O2 -flto -fno-use-linker-plugin -flto-partition=none execution test
FAIL: gcc.dg/torture/inf-compare-2.c -O2 -flto -fuse-linker-plugin -fno-fat-lto-objects execution test
FAIL: gcc.dg/torture/inf-compare-2.c -O3 -g execution test
FAIL: gcc.dg/torture/inf-compare-2.c -Os execution test
FAIL: gcc.dg/torture/inf-compare-3.c -O0 execution test
FAIL: gcc.dg/torture/inf-compare-3.c -O1 execution test
FAIL: gcc.dg/torture/inf-compare-3.c -O2 execution test
FAIL: gcc.dg/torture/inf-compare-3.c -O2 -flto -fno-use-linker-plugin -flto-partition=none execution test
FAIL: gcc.dg/torture/inf-compare-3.c -O2 -flto -fuse-linker-plugin -fno-fat-lto-objects execution test
FAIL: gcc.dg/torture/inf-compare-3.c -O3 -g execution test
FAIL: gcc.dg/torture/inf-compare-3.c -Os execution test
FAIL: gcc.dg/torture/inf-compare-4.c -O0 execution test
FAIL: gcc.dg/torture/inf-compare-4.c -O1 execution test
FAIL: gcc.dg/torture/inf-compare-4.c -O2 execution test
FAIL: gcc.dg/torture/inf-compare-4.c -O2 -flto -fno-use-linker-plugin -flto-partition=none execution test
FAIL: gcc.dg/torture/inf-compare-4.c -O2 -flto -fuse-linker-plugin -fno-fat-lto-objects execution test
FAIL: gcc.dg/torture/inf-compare-4.c -O3 -g execution test
FAIL: gcc.dg/torture/inf-compare-4.c -Os execution test
FAIL: gcc.dg/torture/pr52451.c -O0 execution test
FAIL: gcc.dg/torture/pr52451.c -O1 execution test
FAIL: gcc.dg/torture/pr52451.c -O2 execution test
FAIL: gcc.dg/torture/pr52451.c -O2 -flto -fno-use-linker-plugin -flto-partition=none execution test
FAIL: gcc.dg/torture/pr52451.c -O2 -flto -fuse-linker-plugin -fno-fat-lto-objects execution test
FAIL: gcc.dg/torture/pr52451.c -O3 -g execution test
FAIL: gcc.dg/torture/pr52451.c -Os execution test
FAIL: gcc.dg/tree-ssa/phi-opt-11.c scan-tree-dump-times optimized "if" 2 (found 0 times)
FAIL: gcc.dg/tree-ssa/pr84512.c scan-tree-dump optimized "return 285;"
FAIL: c-c++-common/ubsan/ptr-overflow-sanitization-1.c -O0 scan-tree-dump-times optimized "__ubsan_handle_pointer_overflow" 17 (found 14 times)
FAIL: c-c++-common/ubsan/ptr-overflow-sanitization-1.c -O1 scan-tree-dump-times optimized "__ubsan_handle_pointer_overflow" 17 (found 14 times)
FAIL: c-c++-common/ubsan/ptr-overflow-sanitization-1.c -O2 scan-tree-dump-times optimized "__ubsan_handle_pointer_overflow" 17 (found 14 times)
FAIL: c-c++-common/ubsan/ptr-overflow-sanitization-1.c -O3 -g scan-tree-dump-times optimized "__ubsan_handle_pointer_overflow" 17 (found 14 times)
FAIL: c-c++-common/ubsan/ptr-overflow-sanitization-1.c -Os scan-tree-dump-times optimized "__ubsan_handle_pointer_overflow" 17 (found 14 times)
XPASS: gcc.dg/vect/vect-24.c -flto -ffat-lto-objects scan-tree-dump-times vect "vectorized 3 loops" 1
XPASS: gcc.dg/vect/vect-24.c scan-tree-dump-times vect "vectorized 3 loops" 1
FAIL: gcc.target/s390/risbg-ll-1.c scan-assembler f1:\\n\\trisbg\\t%r2,%r2,64-1,128\\\\+63,53\\\\+1
FAIL: gcc.target/s390/risbg-ll-1.c scan-assembler f23:\\n\\trisbg\\t%r3,%r3,64-8,128\\\\+63,54\\\\+8\\n\\tlhi\\t%r2,0
FAIL: gcc.target/s390/risbg-ll-1.c scan-assembler f29:\\n\\trisbg\\t%r[23],%r3,0,128\\\\+13,49\\n\\tlr\\t%r[23],%r[32]\\n\\tsrlg\\t%r2,%r2
FAIL: gcc.target/s390/risbg-ll-1.c scan-assembler f2:\\n\\trisbg\\t%r3,%r3,64-1,128\\\\+63,53\\\\+1\\n\\tlhi\\t%r2,0
FAIL: gcc.target/s390/risbg-ll-1.c scan-assembler f31:\\n\\trisbg\\t%r[23],%r3,0,128\\\\+12,50\\n\\tlr\\t%r[23],%r[32]\\n\\tsrlg\\t%r2,%r2
FAIL: gcc.target/s390/risbg-ll-1.c scan-assembler f34:\\n\\trisbg\\t%r2,%r2,64-7,128\\\\+63,48\\\\+7
FAIL: gcc.target/s390/risbg-ll-1.c scan-assembler f35:\\n\\trisbg\\t%r3,%r3,64-7,128\\\\+63,48\\\\+7\\n\\tlhi\\t%r2,0
FAIL: gcc.target/s390/risbg-ll-1.c scan-assembler f41:\\n\\trisbg\\t%r3,%r2,64-28,128\\\\+63,34\\\\+28\\n\\tlhi\\t%r2,0
FAIL: gcc.target/s390/risbg-ll-1.c scan-assembler f43:\\n\\trisbg\\t%r3,%r2,0,0\\\\+32-1,64-0-32\\n\\trisbg\\t%r2,%r3,32,128\\\\+61,64-12
FAIL: gcc.target/s390/risbg-ll-1.c scan-assembler f44:\\n\\tsrlg\\t%r2,%r3,12\\n\\tnilf\\t%r2,10
FAIL: gcc.target/s390/risbg-ll-2.c scan-assembler f3:\\n\\trisbg\\t%r2,%r3,64-4,63,4\\\\+52
FAIL: gcc.target/s390/vector/vcond-shift.c scan-assembler vesrlb\\t%v.?,%v.?,7
FAIL: gcc.target/s390/vector/vcond-shift.c scan-assembler vesrlf\\t%v.?,%v.?,31
=== gcc Summary for unix/-m31 ===
# of expected passes 121748
# of unexpected failures 171
# of unexpected successes 21
# of expected failures 396
# of unsupported tests 3067
Running target unix/-m64
FAIL: c-c++-common/Warray-bounds-4.c -Wc++-compat strcpy (test for warnings, line 67)
FAIL: c-c++-common/Wattributes.c -Wc++-compat (test for warnings, line 404)
FAIL: c-c++-common/Wattributes.c -Wc++-compat (test for excess errors)
FAIL: c-c++-common/attr-nonstring-3.c -Wc++-compat (test for warnings, line 203)
FAIL: c-c++-common/attr-nonstring-3.c -Wc++-compat (test for warnings, line 207)
FAIL: c-c++-common/attr-nonstring-3.c -Wc++-compat (test for warnings, line 210)
FAIL: c-c++-common/attr-nonstring-3.c -Wc++-compat (test for warnings, line 297)
FAIL: c-c++-common/attr-nonstring-3.c -Wc++-compat (test for warnings, line 301)
FAIL: c-c++-common/attr-nonstring-3.c -Wc++-compat (test for warnings, line 304)
FAIL: c-c++-common/patchable_function_entry-decl.c -Wc++-compat scan-assembler-times nop 2 (found 0 times)
FAIL: c-c++-common/patchable_function_entry-default.c -Wc++-compat scan-assembler-times nop 3 (found 0 times)
FAIL: c-c++-common/patchable_function_entry-definition.c -Wc++-compat scan-assembler-times nop 1 (found 0 times)
FAIL: gcc.dg/Wattributes-6.c (test for warnings, line 404)
FAIL: gcc.dg/Wattributes-6.c (test for excess errors)
FAIL: gcc.dg/builtin-bswap-7.c scan-rtl-dump-not combine "bswapdi"
FAIL: gcc.dg/loop-9.c scan-rtl-dump loop2_invariant "Decided"
FAIL: gcc.dg/loop-9.c scan-rtl-dump loop2_invariant "without introducing a new temporary register"
FAIL: gcc.dg/pr21643.c scan-tree-dump-times reassoc1 "Optimizing range tests c_[0-9]*.D. -.0, 31. and -.32, 32.[\\n\\r]* into" 5 (found 6 times)
FAIL: gcc.dg/split-5.c execution test
WARNING: program timed out.
XPASS: gcc.dg/guality/example.c -O0 execution test
XPASS: gcc.dg/guality/example.c -O1 execution test
XPASS: gcc.dg/guality/guality.c -O0 execution test
XPASS: gcc.dg/guality/guality.c -O1 execution test
XPASS: gcc.dg/guality/guality.c -O2 execution test
XPASS: gcc.dg/guality/guality.c -O2 -flto -fno-use-linker-plugin -flto-partition=none execution test
XPASS: gcc.dg/guality/guality.c -O2 -flto -fuse-linker-plugin -fno-fat-lto-objects execution test
XPASS: gcc.dg/guality/guality.c -O3 -g execution test
XPASS: gcc.dg/guality/guality.c -Os execution test
XPASS: gcc.dg/guality/inline-params.c -O2 execution test
XPASS: gcc.dg/guality/inline-params.c -O2 -flto -fno-use-linker-plugin -flto-partition=none execution test
XPASS: gcc.dg/guality/inline-params.c -O2 -flto -fuse-linker-plugin -fno-fat-lto-objects execution test
XPASS: gcc.dg/guality/inline-params.c -O3 -g execution test
XPASS: gcc.dg/guality/inline-params.c -Os execution test
FAIL: gcc.dg/guality/pr36728-2.c -O2 -flto -fuse-linker-plugin -fno-fat-lto-objects line 16 arg3 == 3
FAIL: gcc.dg/guality/pr36728-2.c -O2 -flto -fuse-linker-plugin -fno-fat-lto-objects line 16 arg4 == 4
FAIL: gcc.dg/guality/pr36728-2.c -O2 -flto -fuse-linker-plugin -fno-fat-lto-objects line 16 arg5 == 5
FAIL: gcc.dg/guality/pr36728-2.c -O2 -flto -fuse-linker-plugin -fno-fat-lto-objects line 16 arg6 == 6
FAIL: gcc.dg/guality/pr36728-2.c -O2 -flto -fuse-linker-plugin -fno-fat-lto-objects line 16 arg7 == 30
FAIL: gcc.dg/guality/pr36728-2.c -O2 -flto -fuse-linker-plugin -fno-fat-lto-objects line 16 y == 2
FAIL: gcc.dg/guality/pr36728-2.c -O2 -flto -fuse-linker-plugin -fno-fat-lto-objects line 18 arg3 == 3
FAIL: gcc.dg/guality/pr36728-2.c -O2 -flto -fuse-linker-plugin -fno-fat-lto-objects line 18 arg4 == 4
FAIL: gcc.dg/guality/pr36728-2.c -O2 -flto -fuse-linker-plugin -fno-fat-lto-objects line 18 arg5 == 5
FAIL: gcc.dg/guality/pr36728-2.c -O2 -flto -fuse-linker-plugin -fno-fat-lto-objects line 18 arg6 == 6
FAIL: gcc.dg/guality/pr36728-2.c -O2 -flto -fuse-linker-plugin -fno-fat-lto-objects line 18 arg7 == 30
FAIL: gcc.dg/guality/pr36728-2.c -O3 -g line 16 arg3 == 3
FAIL: gcc.dg/guality/pr36728-2.c -O3 -g line 16 arg4 == 4
FAIL: gcc.dg/guality/pr36728-2.c -O3 -g line 16 arg5 == 5
FAIL: gcc.dg/guality/pr36728-2.c -O3 -g line 16 arg6 == 6
FAIL: gcc.dg/guality/pr36728-2.c -O3 -g line 16 arg7 == 30
FAIL: gcc.dg/guality/pr36728-2.c -O3 -g line 18 arg3 == 3
FAIL: gcc.dg/guality/pr36728-2.c -O3 -g line 18 arg4 == 4
FAIL: gcc.dg/guality/pr36728-2.c -O3 -g line 18 arg5 == 5
FAIL: gcc.dg/guality/pr36728-2.c -O3 -g line 18 arg6 == 6
FAIL: gcc.dg/guality/pr36728-2.c -O3 -g line 18 arg7 == 30
FAIL: gcc.dg/guality/pr36728-3.c -O2 line 14 y == 2
FAIL: gcc.dg/guality/pr36728-3.c -O2 -flto -fno-use-linker-plugin -flto-partition=none line 14 y == 2
XPASS: gcc.dg/guality/pr41353-1.c -O0 line 28 j == 28 + 37
FAIL: gcc.dg/guality/pr41404-1.c -O2 -flto -fuse-linker-plugin -fno-fat-lto-objects line 10 *foo == 'f'
FAIL: gcc.dg/guality/pr41404-1.c -O2 -flto -fuse-linker-plugin -fno-fat-lto-objects line 14 *foo == 'b'
FAIL: gcc.dg/guality/pr41404-1.c -O2 -flto -fuse-linker-plugin -fno-fat-lto-objects line 24 *foo == 'f'
FAIL: gcc.dg/guality/pr41447-1.c -O3 -g execution test
FAIL: gcc.dg/guality/pr41616-1.c -O1 execution test
FAIL: gcc.dg/guality/pr41616-1.c -Os execution test
FAIL: gcc.dg/guality/pr43051-1.c -O1 line 35 v == 1
FAIL: gcc.dg/guality/pr43051-1.c -O1 line 40 v == 1
FAIL: gcc.dg/guality/pr43051-1.c -O2 line 35 v == 1
FAIL: gcc.dg/guality/pr43051-1.c -O2 line 40 v == 1
FAIL: gcc.dg/guality/pr43051-1.c -O2 -flto -fno-use-linker-plugin -flto-partition=none line 35 v == 1
FAIL: gcc.dg/guality/pr43051-1.c -O2 -flto -fno-use-linker-plugin -flto-partition=none line 40 v == 1
FAIL: gcc.dg/guality/pr43051-1.c -O2 -flto -fuse-linker-plugin -fno-fat-lto-objects line 35 v == 1
FAIL: gcc.dg/guality/pr43051-1.c -O2 -flto -fuse-linker-plugin -fno-fat-lto-objects line 40 v == 1
FAIL: gcc.dg/guality/pr43051-1.c -O3 -fomit-frame-pointer -funroll-loops -fpeel-loops -ftracer -finline-functions line 35 v == 1
FAIL: gcc.dg/guality/pr43051-1.c -O3 -fomit-frame-pointer -funroll-loops -fpeel-loops -ftracer -finline-functions line 40 v == 1
FAIL: gcc.dg/guality/pr43051-1.c -O3 -g line 35 v == 1
FAIL: gcc.dg/guality/pr43051-1.c -O3 -g line 40 v == 1
FAIL: gcc.dg/guality/pr43051-1.c -Os line 35 v == 1
FAIL: gcc.dg/guality/pr43051-1.c -Os line 40 v == 1
FAIL: gcc.dg/guality/pr43077-1.c -O0 line 42 b == 2
FAIL: gcc.dg/guality/pr43077-1.c -O0 line 42 c == 3
FAIL: gcc.dg/guality/pr43077-1.c -O0 line 42 varb == 2
FAIL: gcc.dg/guality/pr43077-1.c -O0 line 42 varc == 3
FAIL: gcc.dg/guality/pr43077-1.c -O1 line 42 b == 2
FAIL: gcc.dg/guality/pr43077-1.c -O1 line 42 c == 3
FAIL: gcc.dg/guality/pr43077-1.c -O1 line 42 varb == 2
FAIL: gcc.dg/guality/pr43077-1.c -O1 line 42 varc == 3
FAIL: gcc.dg/guality/pr43077-1.c -O2 line 42 b == 2
FAIL: gcc.dg/guality/pr43077-1.c -O2 line 42 c == 3
FAIL: gcc.dg/guality/pr43077-1.c -O2 line 42 varb == 2
FAIL: gcc.dg/guality/pr43077-1.c -O2 line 42 varc == 3
FAIL: gcc.dg/guality/pr43077-1.c -O2 -flto -fno-use-linker-plugin -flto-partition=none line 42 b == 2
FAIL: gcc.dg/guality/pr43077-1.c -O2 -flto -fno-use-linker-plugin -flto-partition=none line 42 c == 3
FAIL: gcc.dg/guality/pr43077-1.c -O2 -flto -fno-use-linker-plugin -flto-partition=none line 42 varb == 2
FAIL: gcc.dg/guality/pr43077-1.c -O2 -flto -fno-use-linker-plugin -flto-partition=none line 42 varc == 3
FAIL: gcc.dg/guality/pr43077-1.c -O2 -flto -fuse-linker-plugin -fno-fat-lto-objects line 42 b == 2
FAIL: gcc.dg/guality/pr43077-1.c -O2 -flto -fuse-linker-plugin -fno-fat-lto-objects line 42 c == 3
FAIL: gcc.dg/guality/pr43077-1.c -O2 -flto -fuse-linker-plugin -fno-fat-lto-objects line 42 varb == 2
FAIL: gcc.dg/guality/pr43077-1.c -O2 -flto -fuse-linker-plugin -fno-fat-lto-objects line 42 varc == 3
FAIL: gcc.dg/guality/pr43077-1.c -O3 -g line 42 b == 2
FAIL: gcc.dg/guality/pr43077-1.c -O3 -g line 42 c == 3
FAIL: gcc.dg/guality/pr43077-1.c -O3 -g line 42 varb == 2
FAIL: gcc.dg/guality/pr43077-1.c -O3 -g line 42 varc == 3
FAIL: gcc.dg/guality/pr43077-1.c -Os line 42 b == 2
FAIL: gcc.dg/guality/pr43077-1.c -Os line 42 c == 3
FAIL: gcc.dg/guality/pr43077-1.c -Os line 42 varb == 2
FAIL: gcc.dg/guality/pr43077-1.c -Os line 42 varc == 3
FAIL: gcc.dg/guality/pr45882.c -O2 -flto -fuse-linker-plugin -fno-fat-lto-objects line 16 d == 112
FAIL: gcc.dg/guality/pr45882.c -O2 -flto -fuse-linker-plugin -fno-fat-lto-objects line 16 e == 142
FAIL: gcc.dg/guality/pr54519-1.c -O1 line 20 x == 36
FAIL: gcc.dg/guality/pr54519-1.c -O1 line 20 y == 25
FAIL: gcc.dg/guality/pr54519-1.c -O1 line 23 x == 98
FAIL: gcc.dg/guality/pr54519-1.c -O1 line 23 y == 117
FAIL: gcc.dg/guality/pr54519-1.c -O2 line 20 x == 36
FAIL: gcc.dg/guality/pr54519-1.c -O2 line 23 x == 98
FAIL: gcc.dg/guality/pr54519-1.c -O2 -flto -fno-use-linker-plugin -flto-partition=none line 20 x == 36
FAIL: gcc.dg/guality/pr54519-1.c -O2 -flto -fno-use-linker-plugin -flto-partition=none line 20 y == 25
FAIL: gcc.dg/guality/pr54519-1.c -O2 -flto -fno-use-linker-plugin -flto-partition=none line 20 z == 6
FAIL: gcc.dg/guality/pr54519-1.c -O2 -flto -fno-use-linker-plugin -flto-partition=none line 23 x == 98
FAIL: gcc.dg/guality/pr54519-1.c -O2 -flto -fno-use-linker-plugin -flto-partition=none line 23 y == 117
FAIL: gcc.dg/guality/pr54519-1.c -O2 -flto -fno-use-linker-plugin -flto-partition=none line 23 z == 8
FAIL: gcc.dg/guality/pr54519-1.c -Os line 20 x == 36
FAIL: gcc.dg/guality/pr54519-1.c -Os line 23 x == 98
FAIL: gcc.dg/guality/pr54519-2.c -O1 line 17 x == 6
FAIL: gcc.dg/guality/pr54519-2.c -O2 line 17 x == 6
FAIL: gcc.dg/guality/pr54519-2.c -O2 -flto -fno-use-linker-plugin -flto-partition=none line 17 x == 6
FAIL: gcc.dg/guality/pr54519-2.c -O2 -flto -fno-use-linker-plugin -flto-partition=none line 17 y == 25
FAIL: gcc.dg/guality/pr54519-2.c -O2 -flto -fuse-linker-plugin -fno-fat-lto-objects line 17 y == 25
FAIL: gcc.dg/guality/pr54519-3.c -O2 line 20 z == 6
FAIL: gcc.dg/guality/pr54519-3.c -O2 line 23 z == 8
FAIL: gcc.dg/guality/pr54519-3.c -O2 -flto -fno-use-linker-plugin -flto-partition=none line 20 y == 25
FAIL: gcc.dg/guality/pr54519-3.c -O2 -flto -fno-use-linker-plugin -flto-partition=none line 20 z == 6
FAIL: gcc.dg/guality/pr54519-3.c -O2 -flto -fno-use-linker-plugin -flto-partition=none line 23 y == 117
FAIL: gcc.dg/guality/pr54519-3.c -O2 -flto -fno-use-linker-plugin -flto-partition=none line 23 z == 8
FAIL: gcc.dg/guality/pr54519-3.c -O2 -flto -fuse-linker-plugin -fno-fat-lto-objects line 20 y == 25
FAIL: gcc.dg/guality/pr54519-3.c -O2 -flto -fuse-linker-plugin -fno-fat-lto-objects line 20 z == 6
FAIL: gcc.dg/guality/pr54519-3.c -O2 -flto -fuse-linker-plugin -fno-fat-lto-objects line 23 y == 117
FAIL: gcc.dg/guality/pr54519-3.c -O2 -flto -fuse-linker-plugin -fno-fat-lto-objects line 23 z == 8
FAIL: gcc.dg/guality/pr54519-3.c -O3 -g line 20 z == 6
FAIL: gcc.dg/guality/pr54519-3.c -O3 -g line 23 z == 8
FAIL: gcc.dg/guality/pr54519-3.c -Os line 20 z == 6
FAIL: gcc.dg/guality/pr54519-3.c -Os line 23 z == 8
FAIL: gcc.dg/guality/pr54519-4.c -O2 line 17 y == 25
FAIL: gcc.dg/guality/pr54519-4.c -O2 -flto -fno-use-linker-plugin -flto-partition=none line 17 y == 25
FAIL: gcc.dg/guality/pr54519-4.c -O2 -flto -fuse-linker-plugin -fno-fat-lto-objects line 17 y == 25
FAIL: gcc.dg/guality/pr54519-4.c -O3 -g line 17 y == 25
FAIL: gcc.dg/guality/pr54519-4.c -Os line 17 y == 25
FAIL: gcc.dg/guality/pr54519-5.c -O1 line 17 x == 6
FAIL: gcc.dg/guality/pr54519-5.c -O1 line 17 y == 25
FAIL: gcc.dg/guality/pr54519-5.c -O2 line 17 x == 6
FAIL: gcc.dg/guality/pr54519-5.c -O2 line 17 y == 25
FAIL: gcc.dg/guality/pr54519-5.c -O2 -flto -fno-use-linker-plugin -flto-partition=none line 17 x == 6
FAIL: gcc.dg/guality/pr54519-5.c -O2 -flto -fno-use-linker-plugin -flto-partition=none line 17 y == 25
FAIL: gcc.dg/guality/pr54519-5.c -O2 -flto -fuse-linker-plugin -fno-fat-lto-objects line 17 y == 25
FAIL: gcc.dg/guality/pr54519-5.c -O3 -g line 17 y == 25
FAIL: gcc.dg/guality/pr54519-5.c -Os line 17 y == 25
FAIL: gcc.dg/guality/pr54551.c -O1 line 18 a == 4
FAIL: gcc.dg/guality/pr54551.c -O2 line 18 a == 4
FAIL: gcc.dg/guality/pr54551.c -O2 -flto -fno-use-linker-plugin -flto-partition=none line 18 a == 4
FAIL: gcc.dg/guality/pr54551.c -O3 -g line 18 a == 4
FAIL: gcc.dg/guality/pr54551.c -Os line 18 a == 4
FAIL: gcc.dg/guality/pr54693-2.c -O1 line 21 x == 10 - i
FAIL: gcc.dg/guality/pr54693-2.c -O1 line 21 y == 20 - 2 * i
FAIL: gcc.dg/guality/pr54693-2.c -O2 line 21 x == 10 - i
FAIL: gcc.dg/guality/pr54693-2.c -O2 line 21 y == 20 - 2 * i
FAIL: gcc.dg/guality/pr54693-2.c -O2 -flto -fno-use-linker-plugin -flto-partition=none line 21 x == 10 - i
FAIL: gcc.dg/guality/pr54693-2.c -O2 -flto -fno-use-linker-plugin -flto-partition=none line 21 y == 20 - 2 * i
FAIL: gcc.dg/guality/pr54693-2.c -O2 -flto -fuse-linker-plugin -fno-fat-lto-objects line 21 y == 20 - 2 * i
FAIL: gcc.dg/guality/pr54693-2.c -O2 -flto -fuse-linker-plugin -fno-fat-lto-objects line 21 z == 30 - 3 * i
FAIL: gcc.dg/guality/pr54693-2.c -O3 -fomit-frame-pointer -funroll-loops -fpeel-loops -ftracer -finline-functions line 21 y == 20 - 2 * i
FAIL: gcc.dg/guality/pr54693-2.c -O3 -g line 21 x == 10 - i
FAIL: gcc.dg/guality/pr54693-2.c -O3 -g line 21 y == 20 - 2 * i
FAIL: gcc.dg/guality/pr54693-2.c -Os line 21 x == 10 - i
FAIL: gcc.dg/guality/pr54693-2.c -Os line 21 y == 20 - 2 * i
FAIL: gcc.dg/guality/pr54693.c -Os line 22 i == c - 48
XPASS: gcc.dg/guality/pr54970.c -O0 line 31 a[0] == 4
XPASS: gcc.dg/guality/pr54970.c -O0 line 36 a[0] == 4
XPASS: gcc.dg/guality/pr54970.c -O0 line 45 a[0] == 4
XPASS: gcc.dg/guality/pr54970.c -O0 line 45 p[-2] == 4
XPASS: gcc.dg/guality/pr54970.c -O0 line 45 q[-1] == 4
FAIL: gcc.dg/guality/pr54970.c -O1 line 15 *p == 3
FAIL: gcc.dg/guality/pr54970.c -O1 line 15 *q == 2
FAIL: gcc.dg/guality/pr54970.c -O1 line 15 a[0] == 1
FAIL: gcc.dg/guality/pr54970.c -O1 line 15 a[1] == 2
FAIL: gcc.dg/guality/pr54970.c -O1 line 15 a[2] == 3
FAIL: gcc.dg/guality/pr54970.c -O1 line 20 *p == 13
FAIL: gcc.dg/guality/pr54970.c -O1 line 20 *q == 2
FAIL: gcc.dg/guality/pr54970.c -O1 line 20 a[0] == 1
FAIL: gcc.dg/guality/pr54970.c -O1 line 20 a[1] == 2
FAIL: gcc.dg/guality/pr54970.c -O1 line 20 a[2] == 13
FAIL: gcc.dg/guality/pr54970.c -O1 line 25 *p == 13
FAIL: gcc.dg/guality/pr54970.c -O1 line 25 *q == 12
FAIL: gcc.dg/guality/pr54970.c -O1 line 25 a[0] == 1
FAIL: gcc.dg/guality/pr54970.c -O1 line 25 a[1] == 12
FAIL: gcc.dg/guality/pr54970.c -O1 line 25 a[2] == 13
FAIL: gcc.dg/guality/pr54970.c -O1 line 31 *p == 6
FAIL: gcc.dg/guality/pr54970.c -O1 line 31 *q == 5
FAIL: gcc.dg/guality/pr54970.c -O1 line 31 a[1] == 5
FAIL: gcc.dg/guality/pr54970.c -O1 line 31 a[2] == 6
FAIL: gcc.dg/guality/pr54970.c -O1 line 36 *p == 26
FAIL: gcc.dg/guality/pr54970.c -O1 line 36 *q == 5
FAIL: gcc.dg/guality/pr54970.c -O1 line 36 a[1] == 5
FAIL: gcc.dg/guality/pr54970.c -O1 line 36 a[2] == 26
FAIL: gcc.dg/guality/pr54970.c -O1 line 45 *p == 26
FAIL: gcc.dg/guality/pr54970.c -O1 line 45 *q == 25
FAIL: gcc.dg/guality/pr54970.c -O1 line 45 a[1] == 25
FAIL: gcc.dg/guality/pr54970.c -O1 line 45 a[2] == 26
FAIL: gcc.dg/guality/pr54970.c -O1 line 45 p[-1] == 25
FAIL: gcc.dg/guality/pr54970.c -O1 line 45 q[1] == 26
FAIL: gcc.dg/guality/pr54970.c -O2 line 15 *p == 3
FAIL: gcc.dg/guality/pr54970.c -O2 line 15 *q == 2
FAIL: gcc.dg/guality/pr54970.c -O2 line 15 a[0] == 1
FAIL: gcc.dg/guality/pr54970.c -O2 line 15 a[1] == 2
FAIL: gcc.dg/guality/pr54970.c -O2 line 15 a[2] == 3
FAIL: gcc.dg/guality/pr54970.c -O2 line 20 *p == 13
FAIL: gcc.dg/guality/pr54970.c -O2 line 20 *q == 2
FAIL: gcc.dg/guality/pr54970.c -O2 line 20 a[0] == 1
FAIL: gcc.dg/guality/pr54970.c -O2 line 20 a[1] == 2
FAIL: gcc.dg/guality/pr54970.c -O2 line 20 a[2] == 13
FAIL: gcc.dg/guality/pr54970.c -O2 line 25 *p == 13
FAIL: gcc.dg/guality/pr54970.c -O2 line 25 *q == 12
FAIL: gcc.dg/guality/pr54970.c -O2 line 25 a[0] == 1
FAIL: gcc.dg/guality/pr54970.c -O2 line 25 a[1] == 12
FAIL: gcc.dg/guality/pr54970.c -O2 line 25 a[2] == 13
FAIL: gcc.dg/guality/pr54970.c -O2 line 31 *p == 6
FAIL: gcc.dg/guality/pr54970.c -O2 line 31 *q == 5
FAIL: gcc.dg/guality/pr54970.c -O2 line 31 a[1] == 5
FAIL: gcc.dg/guality/pr54970.c -O2 line 31 a[2] == 6
FAIL: gcc.dg/guality/pr54970.c -O2 line 36 *p == 26
FAIL: gcc.dg/guality/pr54970.c -O2 line 36 *q == 5
FAIL: gcc.dg/guality/pr54970.c -O2 line 36 a[1] == 5
FAIL: gcc.dg/guality/pr54970.c -O2 line 36 a[2] == 26
FAIL: gcc.dg/guality/pr54970.c -O2 line 45 *p == 26
FAIL: gcc.dg/guality/pr54970.c -O2 line 45 *q == 25
FAIL: gcc.dg/guality/pr54970.c -O2 line 45 a[1] == 25
FAIL: gcc.dg/guality/pr54970.c -O2 line 45 a[2] == 26
FAIL: gcc.dg/guality/pr54970.c -O2 line 45 p[-1] == 25
FAIL: gcc.dg/guality/pr54970.c -O2 line 45 q[1] == 26
FAIL: gcc.dg/guality/pr54970.c -O2 -flto -fno-use-linker-plugin -flto-partition=none line 15 *p == 3
FAIL: gcc.dg/guality/pr54970.c -O2 -flto -fno-use-linker-plugin -flto-partition=none line 15 *q == 2
FAIL: gcc.dg/guality/pr54970.c -O2 -flto -fno-use-linker-plugin -flto-partition=none line 15 a[0] == 1
FAIL: gcc.dg/guality/pr54970.c -O2 -flto -fno-use-linker-plugin -flto-partition=none line 15 a[1] == 2
FAIL: gcc.dg/guality/pr54970.c -O2 -flto -fno-use-linker-plugin -flto-partition=none line 15 a[2] == 3
FAIL: gcc.dg/guality/pr54970.c -O2 -flto -fno-use-linker-plugin -flto-partition=none line 20 *p == 13
FAIL: gcc.dg/guality/pr54970.c -O2 -flto -fno-use-linker-plugin -flto-partition=none line 20 *q == 2
FAIL: gcc.dg/guality/pr54970.c -O2 -flto -fno-use-linker-plugin -flto-partition=none line 20 a[0] == 1
FAIL: gcc.dg/guality/pr54970.c -O2 -flto -fno-use-linker-plugin -flto-partition=none line 20 a[1] == 2
FAIL: gcc.dg/guality/pr54970.c -O2 -flto -fno-use-linker-plugin -flto-partition=none line 20 a[2] == 13
FAIL: gcc.dg/guality/pr54970.c -O2 -flto -fno-use-linker-plugin -flto-partition=none line 25 *p == 13
FAIL: gcc.dg/guality/pr54970.c -O2 -flto -fno-use-linker-plugin -flto-partition=none line 25 *q == 12
FAIL: gcc.dg/guality/pr54970.c -O2 -flto -fno-use-linker-plugin -flto-partition=none line 25 a[0] == 1
FAIL: gcc.dg/guality/pr54970.c -O2 -flto -fno-use-linker-plugin -flto-partition=none line 25 a[1] == 12
FAIL: gcc.dg/guality/pr54970.c -O2 -flto -fno-use-linker-plugin -flto-partition=none line 25 a[2] == 13
FAIL: gcc.dg/guality/pr54970.c -O2 -flto -fno-use-linker-plugin -flto-partition=none line 31 *p == 6
FAIL: gcc.dg/guality/pr54970.c -O2 -flto -fno-use-linker-plugin -flto-partition=none line 31 *q == 5
FAIL: gcc.dg/guality/pr54970.c -O2 -flto -fno-use-linker-plugin -flto-partition=none line 31 a[1] == 5
FAIL: gcc.dg/guality/pr54970.c -O2 -flto -fno-use-linker-plugin -flto-partition=none line 31 a[2] == 6
FAIL: gcc.dg/guality/pr54970.c -O2 -flto -fno-use-linker-plugin -flto-partition=none line 36 *p == 26
FAIL: gcc.dg/guality/pr54970.c -O2 -flto -fno-use-linker-plugin -flto-partition=none line 36 *q == 5
FAIL: gcc.dg/guality/pr54970.c -O2 -flto -fno-use-linker-plugin -flto-partition=none line 36 a[1] == 5
FAIL: gcc.dg/guality/pr54970.c -O2 -flto -fno-use-linker-plugin -flto-partition=none line 36 a[2] == 26
FAIL: gcc.dg/guality/pr54970.c -O2 -flto -fno-use-linker-plugin -flto-partition=none line 45 *p == 26
FAIL: gcc.dg/guality/pr54970.c -O2 -flto -fno-use-linker-plugin -flto-partition=none line 45 *q == 25
FAIL: gcc.dg/guality/pr54970.c -O2 -flto -fno-use-linker-plugin -flto-partition=none line 45 a[1] == 25
FAIL: gcc.dg/guality/pr54970.c -O2 -flto -fno-use-linker-plugin -flto-partition=none line 45 a[2] == 26
FAIL: gcc.dg/guality/pr54970.c -O2 -flto -fno-use-linker-plugin -flto-partition=none line 45 p[-1] == 25
FAIL: gcc.dg/guality/pr54970.c -O2 -flto -fno-use-linker-plugin -flto-partition=none line 45 q[1] == 26
FAIL: gcc.dg/guality/pr54970.c -O2 -flto -fuse-linker-plugin -fno-fat-lto-objects line 15 *p == 3
FAIL: gcc.dg/guality/pr54970.c -O2 -flto -fuse-linker-plugin -fno-fat-lto-objects line 15 *q == 2
FAIL: gcc.dg/guality/pr54970.c -O2 -flto -fuse-linker-plugin -fno-fat-lto-objects line 15 a[0] == 1
FAIL: gcc.dg/guality/pr54970.c -O2 -flto -fuse-linker-plugin -fno-fat-lto-objects line 15 a[1] == 2
FAIL: gcc.dg/guality/pr54970.c -O2 -flto -fuse-linker-plugin -fno-fat-lto-objects line 15 a[2] == 3
FAIL: gcc.dg/guality/pr54970.c -O2 -flto -fuse-linker-plugin -fno-fat-lto-objects line 20 *p == 13
FAIL: gcc.dg/guality/pr54970.c -O2 -flto -fuse-linker-plugin -fno-fat-lto-objects line 20 *q == 2
FAIL: gcc.dg/guality/pr54970.c -O2 -flto -fuse-linker-plugin -fno-fat-lto-objects line 20 a[0] == 1
FAIL: gcc.dg/guality/pr54970.c -O2 -flto -fuse-linker-plugin -fno-fat-lto-objects line 20 a[1] == 2
FAIL: gcc.dg/guality/pr54970.c -O2 -flto -fuse-linker-plugin -fno-fat-lto-objects line 20 a[2] == 13
FAIL: gcc.dg/guality/pr54970.c -O2 -flto -fuse-linker-plugin -fno-fat-lto-objects line 25 *p == 13
FAIL: gcc.dg/guality/pr54970.c -O2 -flto -fuse-linker-plugin -fno-fat-lto-objects line 25 *q == 12
FAIL: gcc.dg/guality/pr54970.c -O2 -flto -fuse-linker-plugin -fno-fat-lto-objects line 25 a[0] == 1
FAIL: gcc.dg/guality/pr54970.c -O2 -flto -fuse-linker-plugin -fno-fat-lto-objects line 25 a[1] == 12
FAIL: gcc.dg/guality/pr54970.c -O2 -flto -fuse-linker-plugin -fno-fat-lto-objects line 25 a[2] == 13
FAIL: gcc.dg/guality/pr54970.c -O2 -flto -fuse-linker-plugin -fno-fat-lto-objects line 31 *p == 6
FAIL: gcc.dg/guality/pr54970.c -O2 -flto -fuse-linker-plugin -fno-fat-lto-objects line 31 *q == 5
FAIL: gcc.dg/guality/pr54970.c -O2 -flto -fuse-linker-plugin -fno-fat-lto-objects line 31 a[1] == 5
FAIL: gcc.dg/guality/pr54970.c -O2 -flto -fuse-linker-plugin -fno-fat-lto-objects line 31 a[2] == 6
FAIL: gcc.dg/guality/pr54970.c -O2 -flto -fuse-linker-plugin -fno-fat-lto-objects line 36 *p == 26
FAIL: gcc.dg/guality/pr54970.c -O2 -flto -fuse-linker-plugin -fno-fat-lto-objects line 36 *q == 5
FAIL: gcc.dg/guality/pr54970.c -O2 -flto -fuse-linker-plugin -fno-fat-lto-objects line 36 a[1] == 5
FAIL: gcc.dg/guality/pr54970.c -O2 -flto -fuse-linker-plugin -fno-fat-lto-objects line 36 a[2] == 26
FAIL: gcc.dg/guality/pr54970.c -O2 -flto -fuse-linker-plugin -fno-fat-lto-objects line 45 *p == 26
FAIL: gcc.dg/guality/pr54970.c -O2 -flto -fuse-linker-plugin -fno-fat-lto-objects line 45 *q == 25
FAIL: gcc.dg/guality/pr54970.c -O2 -flto -fuse-linker-plugin -fno-fat-lto-objects line 45 a[1] == 25
FAIL: gcc.dg/guality/pr54970.c -O2 -flto -fuse-linker-plugin -fno-fat-lto-objects line 45 a[2] == 26
FAIL: gcc.dg/guality/pr54970.c -O2 -flto -fuse-linker-plugin -fno-fat-lto-objects line 45 p[-1] == 25
FAIL: gcc.dg/guality/pr54970.c -O2 -flto -fuse-linker-plugin -fno-fat-lto-objects line 45 q[1] == 26
FAIL: gcc.dg/guality/pr54970.c -O3 -g line 15 *p == 3
FAIL: gcc.dg/guality/pr54970.c -O3 -g line 15 *q == 2
FAIL: gcc.dg/guality/pr54970.c -O3 -g line 15 a[0] == 1
FAIL: gcc.dg/guality/pr54970.c -O3 -g line 15 a[1] == 2
FAIL: gcc.dg/guality/pr54970.c -O3 -g line 15 a[2] == 3
FAIL: gcc.dg/guality/pr54970.c -O3 -g line 20 *p == 13
FAIL: gcc.dg/guality/pr54970.c -O3 -g line 20 *q == 2
FAIL: gcc.dg/guality/pr54970.c -O3 -g line 20 a[0] == 1
FAIL: gcc.dg/guality/pr54970.c -O3 -g line 20 a[1] == 2
FAIL: gcc.dg/guality/pr54970.c -O3 -g line 20 a[2] == 13
FAIL: gcc.dg/guality/pr54970.c -O3 -g line 25 *p == 13
FAIL: gcc.dg/guality/pr54970.c -O3 -g line 25 *q == 12
FAIL: gcc.dg/guality/pr54970.c -O3 -g line 25 a[0] == 1
FAIL: gcc.dg/guality/pr54970.c -O3 -g line 25 a[1] == 12
FAIL: gcc.dg/guality/pr54970.c -O3 -g line 25 a[2] == 13
FAIL: gcc.dg/guality/pr54970.c -O3 -g line 31 *p == 6
FAIL: gcc.dg/guality/pr54970.c -O3 -g line 31 *q == 5
FAIL: gcc.dg/guality/pr54970.c -O3 -g line 31 a[1] == 5
FAIL: gcc.dg/guality/pr54970.c -O3 -g line 31 a[2] == 6
FAIL: gcc.dg/guality/pr54970.c -O3 -g line 36 *p == 26
FAIL: gcc.dg/guality/pr54970.c -O3 -g line 36 *q == 5
FAIL: gcc.dg/guality/pr54970.c -O3 -g line 36 a[1] == 5
FAIL: gcc.dg/guality/pr54970.c -O3 -g line 36 a[2] == 26
FAIL: gcc.dg/guality/pr54970.c -O3 -g line 45 *p == 26
FAIL: gcc.dg/guality/pr54970.c -O3 -g line 45 *q == 25
FAIL: gcc.dg/guality/pr54970.c -O3 -g line 45 a[1] == 25
FAIL: gcc.dg/guality/pr54970.c -O3 -g line 45 a[2] == 26
FAIL: gcc.dg/guality/pr54970.c -O3 -g line 45 p[-1] == 25
FAIL: gcc.dg/guality/pr54970.c -O3 -g line 45 q[1] == 26
FAIL: gcc.dg/guality/pr54970.c -Os line 15 *p == 3
FAIL: gcc.dg/guality/pr54970.c -Os line 15 *q == 2
FAIL: gcc.dg/guality/pr54970.c -Os line 15 a[0] == 1
FAIL: gcc.dg/guality/pr54970.c -Os line 15 a[1] == 2
FAIL: gcc.dg/guality/pr54970.c -Os line 15 a[2] == 3
FAIL: gcc.dg/guality/pr54970.c -Os line 20 *p == 13
FAIL: gcc.dg/guality/pr54970.c -Os line 20 *q == 2
FAIL: gcc.dg/guality/pr54970.c -Os line 20 a[0] == 1
FAIL: gcc.dg/guality/pr54970.c -Os line 20 a[1] == 2
FAIL: gcc.dg/guality/pr54970.c -Os line 20 a[2] == 13
FAIL: gcc.dg/guality/pr54970.c -Os line 25 *p == 13
FAIL: gcc.dg/guality/pr54970.c -Os line 25 *q == 12
FAIL: gcc.dg/guality/pr54970.c -Os line 25 a[0] == 1
FAIL: gcc.dg/guality/pr54970.c -Os line 25 a[1] == 12
FAIL: gcc.dg/guality/pr54970.c -Os line 25 a[2] == 13
FAIL: gcc.dg/guality/pr54970.c -Os line 31 *p == 6
FAIL: gcc.dg/guality/pr54970.c -Os line 31 *q == 5
FAIL: gcc.dg/guality/pr54970.c -Os line 31 a[1] == 5
FAIL: gcc.dg/guality/pr54970.c -Os line 31 a[2] == 6
FAIL: gcc.dg/guality/pr54970.c -Os line 36 *p == 26
FAIL: gcc.dg/guality/pr54970.c -Os line 36 *q == 5
FAIL: gcc.dg/guality/pr54970.c -Os line 36 a[1] == 5
FAIL: gcc.dg/guality/pr54970.c -Os line 36 a[2] == 26
FAIL: gcc.dg/guality/pr54970.c -Os line 45 *p == 26
FAIL: gcc.dg/guality/pr54970.c -Os line 45 *q == 25
FAIL: gcc.dg/guality/pr54970.c -Os line 45 a[1] == 25
FAIL: gcc.dg/guality/pr54970.c -Os line 45 a[2] == 26
FAIL: gcc.dg/guality/pr54970.c -Os line 45 p[-1] == 25
FAIL: gcc.dg/guality/pr54970.c -Os line 45 q[1] == 26
FAIL: gcc.dg/guality/pr56154-1.c -O1 line pr56154-1.c:20 x.a == 6
FAIL: gcc.dg/guality/pr56154-1.c -O2 line pr56154-1.c:20 x.a == 6
FAIL: gcc.dg/guality/pr56154-1.c -O2 -flto -fno-use-linker-plugin -flto-partition=none line pr56154-1.c:20 x.a == 6
FAIL: gcc.dg/guality/pr56154-1.c -O2 -flto -fuse-linker-plugin -fno-fat-lto-objects line pr56154-1.c:20 x.a == 6
FAIL: gcc.dg/guality/pr56154-1.c -O3 -g line pr56154-1.c:20 x.a == 6
FAIL: gcc.dg/guality/pr56154-1.c -Os line pr56154-1.c:20 x.a == 6
FAIL: gcc.dg/guality/pr58791-2.c -O2 -flto -fno-use-linker-plugin -flto-partition=none line pr58791-2.c:27 d & 1 == 1
FAIL: gcc.dg/guality/pr68860-1.c -O2 -flto -fno-use-linker-plugin -flto-partition=none line 14 arg3 == 3
FAIL: gcc.dg/guality/pr68860-1.c -O2 -flto -fno-use-linker-plugin -flto-partition=none line 14 arg4 == 4
FAIL: gcc.dg/guality/pr68860-1.c -O2 -flto -fno-use-linker-plugin -flto-partition=none line 14 arg5 == 5
FAIL: gcc.dg/guality/pr68860-1.c -O2 -flto -fno-use-linker-plugin -flto-partition=none line 14 arg6 == 6
FAIL: gcc.dg/guality/pr68860-1.c -O2 -flto -fno-use-linker-plugin -flto-partition=none line 16 arg3 == 3
FAIL: gcc.dg/guality/pr68860-1.c -O2 -flto -fno-use-linker-plugin -flto-partition=none line 16 arg4 == 4
FAIL: gcc.dg/guality/pr68860-1.c -O2 -flto -fno-use-linker-plugin -flto-partition=none line 16 arg5 == 5
FAIL: gcc.dg/guality/pr68860-1.c -O2 -flto -fno-use-linker-plugin -flto-partition=none line 16 arg6 == 6
FAIL: gcc.dg/guality/pr68860-1.c -O2 -flto -fuse-linker-plugin -fno-fat-lto-objects line 14 arg3 == 3
FAIL: gcc.dg/guality/pr68860-1.c -O2 -flto -fuse-linker-plugin -fno-fat-lto-objects line 14 arg4 == 4
FAIL: gcc.dg/guality/pr68860-1.c -O2 -flto -fuse-linker-plugin -fno-fat-lto-objects line 14 arg5 == 5
FAIL: gcc.dg/guality/pr68860-1.c -O2 -flto -fuse-linker-plugin -fno-fat-lto-objects line 14 arg6 == 6
FAIL: gcc.dg/guality/pr68860-1.c -O2 -flto -fuse-linker-plugin -fno-fat-lto-objects line 16 arg3 == 3
FAIL: gcc.dg/guality/pr68860-1.c -O2 -flto -fuse-linker-plugin -fno-fat-lto-objects line 16 arg4 == 4
FAIL: gcc.dg/guality/pr68860-1.c -O2 -flto -fuse-linker-plugin -fno-fat-lto-objects line 16 arg5 == 5
FAIL: gcc.dg/guality/pr68860-1.c -O2 -flto -fuse-linker-plugin -fno-fat-lto-objects line 16 arg6 == 6
FAIL: gcc.dg/guality/pr68860-2.c -O2 line 14 y == 2
FAIL: gcc.dg/guality/pr68860-2.c -O2 -flto -fno-use-linker-plugin -flto-partition=none line 14 y == 2
FAIL: gcc.dg/guality/pr69244.c -O1 line 25 c == p.i-4
FAIL: gcc.dg/guality/pr69244.c -O2 line 25 c == p.i-4
FAIL: gcc.dg/guality/pr69244.c -O2 -flto -fno-use-linker-plugin -flto-partition=none line 25 c == p.i-4
FAIL: gcc.dg/guality/pr69244.c -O2 -flto -fuse-linker-plugin -fno-fat-lto-objects line 25 c == p.i-4
FAIL: gcc.dg/guality/pr69244.c -O3 -g line 25 c == p.i-4
FAIL: gcc.dg/guality/pr69244.c -Os line 25 c == p.i-4
FAIL: gcc.dg/guality/pr69947.c -O1 line 14 b[4] == 'e'
FAIL: gcc.dg/guality/pr69947.c -O2 line 14 b[4] == 'e'
FAIL: gcc.dg/guality/pr69947.c -O2 -flto -fno-use-linker-plugin -flto-partition=none line 14 b[4] == 'e'
FAIL: gcc.dg/guality/pr69947.c -O2 -flto -fuse-linker-plugin -fno-fat-lto-objects line 14 b[4] == 'e'
FAIL: gcc.dg/guality/pr69947.c -O3 -g line 14 b[4] == 'e'
FAIL: gcc.dg/guality/pr69947.c -Os line 14 b[4] == 'e'
FAIL: gcc.dg/guality/sra-1.c -O1 line 43 a.j == 14
FAIL: gcc.dg/guality/sra-1.c -O2 line 43 a.j == 14
FAIL: gcc.dg/guality/sra-1.c -O2 -flto -fno-use-linker-plugin -flto-partition=none line 43 a.j == 14
FAIL: gcc.dg/guality/sra-1.c -O2 -flto -fuse-linker-plugin -fno-fat-lto-objects line 43 a.j == 14
FAIL: gcc.dg/guality/sra-1.c -O3 -g line 43 a.j == 14
FAIL: gcc.dg/guality/sra-1.c -Os line 43 a.j == 14
FAIL: gcc.dg/guality/vla-1.c -O1 line 17 sizeof (a) == 6
FAIL: gcc.dg/guality/vla-1.c -O2 line 17 sizeof (a) == 6
FAIL: gcc.dg/guality/vla-1.c -O2 -flto -fno-use-linker-plugin -flto-partition=none line 17 sizeof (a) == 6
FAIL: gcc.dg/guality/vla-1.c -O2 -flto -fno-use-linker-plugin -flto-partition=none line 24 sizeof (a) == 17 * sizeof (short)
FAIL: gcc.dg/guality/vla-1.c -O2 -flto -fuse-linker-plugin -fno-fat-lto-objects line 17 sizeof (a) == 6
FAIL: gcc.dg/guality/vla-1.c -O2 -flto -fuse-linker-plugin -fno-fat-lto-objects line 24 sizeof (a) == 17 * sizeof (short)
FAIL: gcc.dg/guality/vla-1.c -O3 -g line 17 sizeof (a) == 6
FAIL: gcc.dg/guality/vla-1.c -Os line 17 sizeof (a) == 6
FAIL: gcc.dg/torture/inf-compare-1.c -O0 execution test
FAIL: gcc.dg/torture/inf-compare-1.c -O1 execution test
FAIL: gcc.dg/torture/inf-compare-1.c -O2 execution test
FAIL: gcc.dg/torture/inf-compare-1.c -O2 -flto -fno-use-linker-plugin -flto-partition=none execution test
FAIL: gcc.dg/torture/inf-compare-1.c -O2 -flto -fuse-linker-plugin -fno-fat-lto-objects execution test
FAIL: gcc.dg/torture/inf-compare-1.c -O3 -g execution test
FAIL: gcc.dg/torture/inf-compare-1.c -Os execution test
FAIL: gcc.dg/torture/inf-compare-2.c -O0 execution test
FAIL: gcc.dg/torture/inf-compare-2.c -O1 execution test
FAIL: gcc.dg/torture/inf-compare-2.c -O2 execution test
FAIL: gcc.dg/torture/inf-compare-2.c -O2 -flto -fno-use-linker-plugin -flto-partition=none execution test
FAIL: gcc.dg/torture/inf-compare-2.c -O2 -flto -fuse-linker-plugin -fno-fat-lto-objects execution test
FAIL: gcc.dg/torture/inf-compare-2.c -O3 -g execution test
FAIL: gcc.dg/torture/inf-compare-2.c -Os execution test
FAIL: gcc.dg/torture/inf-compare-3.c -O0 execution test
FAIL: gcc.dg/torture/inf-compare-3.c -O1 execution test
FAIL: gcc.dg/torture/inf-compare-3.c -O2 execution test
FAIL: gcc.dg/torture/inf-compare-3.c -O2 -flto -fno-use-linker-plugin -flto-partition=none execution test
FAIL: gcc.dg/torture/inf-compare-3.c -O2 -flto -fuse-linker-plugin -fno-fat-lto-objects execution test
FAIL: gcc.dg/torture/inf-compare-3.c -O3 -g execution test
FAIL: gcc.dg/torture/inf-compare-3.c -Os execution test
FAIL: gcc.dg/torture/inf-compare-4.c -O0 execution test
FAIL: gcc.dg/torture/inf-compare-4.c -O1 execution test
FAIL: gcc.dg/torture/inf-compare-4.c -O2 execution test
FAIL: gcc.dg/torture/inf-compare-4.c -O2 -flto -fno-use-linker-plugin -flto-partition=none execution test
FAIL: gcc.dg/torture/inf-compare-4.c -O2 -flto -fuse-linker-plugin -fno-fat-lto-objects execution test
FAIL: gcc.dg/torture/inf-compare-4.c -O3 -g execution test
FAIL: gcc.dg/torture/inf-compare-4.c -Os execution test
FAIL: gcc.dg/torture/pr52451.c -O0 execution test
FAIL: gcc.dg/torture/pr52451.c -O1 execution test
FAIL: gcc.dg/torture/pr52451.c -O2 execution test
FAIL: gcc.dg/torture/pr52451.c -O2 -flto -fno-use-linker-plugin -flto-partition=none execution test
FAIL: gcc.dg/torture/pr52451.c -O2 -flto -fuse-linker-plugin -fno-fat-lto-objects execution test
FAIL: gcc.dg/torture/pr52451.c -O3 -g execution test
FAIL: gcc.dg/torture/pr52451.c -Os execution test
FAIL: gcc.dg/tree-ssa/phi-opt-11.c scan-tree-dump-times optimized "if" 2 (found 0 times)
FAIL: gcc.dg/tree-ssa/pr84512.c scan-tree-dump optimized "return 285;"
XPASS: gcc.dg/vect/vect-24.c -flto -ffat-lto-objects scan-tree-dump-times vect "vectorized 3 loops" 1
XPASS: gcc.dg/vect/vect-24.c scan-tree-dump-times vect "vectorized 3 loops" 1
FAIL: gcc.target/s390/risbg-ll-1.c scan-assembler f1:\\n\\trisbg\\t%r2,%r2,64-1,128\\\\+63,53\\\\+1
FAIL: gcc.target/s390/risbg-ll-1.c scan-assembler f43:\\n\\trisbg\\t%r2,%r2,32,128\\\\+61,64-12
FAIL: gcc.target/s390/risbg-ll-2.c scan-assembler f3:\\n\\trisbg\\t%r2,%r3,64-4,63,4\\\\+52
FAIL: gcc.target/s390/risbg-ll-2.c scan-assembler f9:\\n\\trisbg\\t%r3,%r2,48,63,64-48
FAIL: gcc.target/s390/vector/vcond-shift.c scan-assembler vesrlb\\t%v.?,%v.?,7
FAIL: gcc.target/s390/vector/vcond-shift.c scan-assembler vesrlf\\t%v.?,%v.?,31
=== gcc Summary for unix/-m64 ===
# of expected passes 123540
# of unexpected failures 426
# of unexpected successes 22
# of expected failures 398
# of unsupported tests 2768
=== gcc Summary ===
# of expected passes 245288
# of unexpected failures 597
# of unexpected successes 43
# of expected failures 794
# of unsupported tests 5835
-zEC12/gcc/xgcc version 8.0.1 20180310 (experimental) (GCC)
=== gfortran tests ===
Running target unix/-m31
FAIL: gfortran.dg/vect/fast-math-mgrid-resid.f -O scan-tree-dump pcom "vectp_u.*__lsm.* = PHI <.*vectp_u.*__lsm"
FAIL: gfortran.dg/vect/fast-math-pr38968.f90 -O scan-tree-dump vect "vectorized 1 loops"
FAIL: gfortran.dg/vect/fast-math-rnflow-trs2a2.f90 -O scan-tree-dump-times vect "vectorized 2 loops" 1 (found 0 times)
FAIL: gfortran.dg/vect/pr62283.f -O scan-tree-dump-times vect "vectorized 1 loops" 2 (found 0 times)
FAIL: gfortran.dg/vect/vect-8.f90 -O scan-tree-dump-times vect "vectorized 17 loops" 1 (found 0 times)
=== gfortran Summary for unix/-m31 ===
# of expected passes 46130
# of unexpected failures 5
# of expected failures 82
# of unsupported tests 238
Running target unix/-m64
FAIL: gfortran.dg/vect/fast-math-mgrid-resid.f -O scan-tree-dump pcom "vectp_u.*__lsm.* = PHI <.*vectp_u.*__lsm"
FAIL: gfortran.dg/vect/fast-math-pr38968.f90 -O scan-tree-dump vect "vectorized 1 loops"
FAIL: gfortran.dg/vect/fast-math-rnflow-trs2a2.f90 -O scan-tree-dump-times vect "vectorized 2 loops" 1 (found 0 times)
FAIL: gfortran.dg/vect/pr62283.f -O scan-tree-dump-times vect "vectorized 1 loops" 2 (found 0 times)
FAIL: gfortran.dg/vect/vect-8.f90 -O scan-tree-dump-times vect "vectorized 17 loops" 1 (found 0 times)
=== gfortran Summary for unix/-m64 ===
# of expected passes 46377
# of unexpected failures 5
# of expected failures 82
# of unsupported tests 117
=== gfortran Summary ===
# of expected passes 92507
# of unexpected failures 10
# of expected failures 164
# of unsupported tests 355
-zEC12/gcc/testsuite/gfortran/../../gfortran version 8.0.1 20180310 (experimental) (GCC)
=== gnat tests ===
Running target unix/-m31
FAIL: gnat.dg/frame_overflow.adb (test for errors, line 14)
FAIL: gnat.dg/frame_overflow.adb (test for errors, line 5)
FAIL: gnat.dg/frame_overflow.adb (test for excess errors)
FAIL: gnat.dg/specs/atomic1.ads (test for errors, line 13)
FAIL: gnat.dg/specs/atomic1.ads (test for errors, line 9)
=== gnat Summary for unix/-m31 ===
# of expected passes 2654
# of unexpected failures 5
# of expected failures 23
# of unsupported tests 21
Running target unix/-m64
=== gnat Summary for unix/-m64 ===
# of expected passes 2659
# of expected failures 23
# of unsupported tests 21
=== gnat Summary ===
# of expected passes 5313
# of unexpected failures 5
# of expected failures 46
# of unsupported tests 42
-zEC12/gcc/gnatmake version 8.0.1 20180310 (experimental)
=== go tests ===
Running target unix/-m31
FAIL: go.test/test/ken/cplx2.go execution, -O2 -g
=== go Summary for unix/-m31 ===
# of expected passes 7401
# of unexpected failures 1
# of expected failures 1
# of untested testcases 7
# of unsupported tests 3
Running target unix/-m64
FAIL: ./index0-out.go execution, -O0 -g -fno-var-tracking-assignments
FAIL: go.test/test/ken/cplx2.go execution, -O2 -g
=== go Summary for unix/-m64 ===
# of expected passes 7280
# of unexpected failures 2
# of expected failures 1
# of untested testcases 7
# of unsupported tests 3
=== go Summary ===
# of expected passes 14681
# of unexpected failures 3
# of expected failures 2
# of untested testcases 14
# of unsupported tests 6
-zEC12/gcc/testsuite/go/../../gccgo version 8.0.1 20180310 (experimental) (GCC)
=== obj-c++ tests ===
Running target unix/-m31
=== obj-c++ Summary for unix/-m31 ===
# of expected passes 1464
# of expected failures 2
# of unsupported tests 77
Running target unix/-m64
=== obj-c++ Summary for unix/-m64 ===
# of expected passes 1456
# of expected failures 10
# of unsupported tests 77
=== obj-c++ Summary ===
# of expected passes 2920
# of expected failures 12
# of unsupported tests 154
-zEC12/gcc/testsuite/obj-c++/../../xg++ version 8.0.1 20180310 (experimental) (GCC)
=== objc tests ===
Running target unix/-m31
=== objc Summary for unix/-m31 ===
# of expected passes 2803
# of unsupported tests 68
Running target unix/-m64
=== objc Summary for unix/-m64 ===
# of expected passes 2803
# of unsupported tests 68
=== objc Summary ===
# of expected passes 5606
# of unsupported tests 136
-zEC12/gcc/xgcc version 8.0.1 20180310 (experimental) (GCC)
=== gotools tests ===
FAIL: TestBreakpoint
FAIL: TestCgoSignalDeadlock
FAIL: TestCrashHandler
FAIL: TestGccgoCrashTracebackNodebug
FAIL: go test runtime
FAIL: TestEarlySignalHandler
FAIL: TestSignalForwarding
FAIL: go test misc/cgo/testcarchive
=== gotools Summary ===
# of expected passes 250
# of unexpected failures 8
# of untested testcases 151
-zEC12/./gcc/gccgo version 8.0.1 20180310 (experimental) (GCC)
=== libatomic tests ===
Running target unix/-m31
=== libatomic Summary for unix/-m31 ===
# of expected passes 44
# of unsupported tests 5
Running target unix/-m64
=== libatomic Summary for unix/-m64 ===
# of expected passes 54
=== libatomic Summary ===
# of expected passes 98
# of unsupported tests 5
=== libffi tests ===
Running target unix/-m31
=== libffi Summary for unix/-m31 ===
# of expected passes 2214
Running target unix/-m64
=== libffi Summary for unix/-m64 ===
# of expected passes 2214
=== libffi Summary ===
# of expected passes 4428
=== libgo tests ===
Running target unix
FAIL: os/signal
FAIL: runtime/pprof
=== libgo Summary for unix ===
# of expected passes 160
# of unexpected failures 2
Running target unix/-m31
FAIL: net/http
FAIL: os/signal
FAIL: runtime/pprof
=== libgo Summary for unix/-m31 ===
# of expected passes 159
# of unexpected failures 3
=== libgo Summary ===
# of expected passes 319
# of unexpected failures 5
-zEC12/./gcc/gccgo version 8.0.1 20180310 (experimental) (GCC)
=== libgomp tests ===
Running target unix/-m31
=== libgomp Summary for unix/-m31 ===
# of expected passes 5261
# of unsupported tests 363
Running target unix/-m64
=== libgomp Summary for unix/-m64 ===
# of expected passes 5261
# of unsupported tests 363
=== libgomp Summary ===
# of expected passes 10522
# of unsupported tests 726
=== libitm tests ===
Running target unix/-m31
=== libitm Summary for unix/-m31 ===
# of expected passes 42
# of expected failures 3
# of unsupported tests 1
Running target unix/-m64
=== libitm Summary for unix/-m64 ===
# of expected passes 42
# of expected failures 3
# of unsupported tests 1
=== libitm Summary ===
# of expected passes 84
# of expected failures 6
# of unsupported tests 2
=== libstdc++ tests ===
Running target unix/-m31
FAIL: libstdc++-prettyprinters/80276.cc whatis p4
FAIL: libstdc++-prettyprinters/80276.cc whatis p4
=== libstdc++ Summary for unix/-m31 ===
# of expected passes 12912
# of unexpected failures 2
# of expected failures 71
# of unsupported tests 265
Running target unix/-m64
FAIL: libstdc++-prettyprinters/80276.cc whatis p4
FAIL: libstdc++-prettyprinters/80276.cc whatis p4
=== libstdc++ Summary for unix/-m64 ===
# of expected passes 12912
# of unexpected failures 2
# of expected failures 71
# of unsupported tests 265
=== libstdc++ Summary ===
# of expected passes 25824
# of unexpected failures 4
# of expected failures 142
# of unsupported tests 530
Version: 8.0.1 20180310 (experimental) (GCC)
Platform: s390x-ibm-linux-gnu zEC12
configure flags: --enable-shared --with-system-zlib --enable-threads=posix --enable-__cxa_atexit --enable-checking --with-diagnostics-color=never --prefix=/home/dailybuild/gnu-dailybuild/arena/20180310/gcc-head/install-s390x-zEC12 --enable-languages=c,c++,objc,obj-c++,fortran,go,ada --with-mode=zarch --with-arch=zEC12
GCC version:
More information about the Gcc-testresults
mailing list