Results for 8.0.1 20180302 (experimental) [trunk revision 258146] (GCC) testsuite on x86_64-apple-darwin17.4.0

Dominique Dhumieres dominiq@lps.ens.fr
Sun Mar 4 17:03:00 GMT 2018


Updated Fri Mar  2 19:03:03 CET 2018 to revision 258146.

		=== acats tests ===
FAIL:	c250002

		=== acats Summary ===
# of expected passes		2319
# of unexpected failures	1
Native configuration is x86_64-apple-darwin17.4.0

		=== g++ tests ===


Running target unix/-m32
FAIL: c-c++-common/asan/alloca_big_alignment.c   -Os  output pattern test
FAIL: c-c++-common/asan/alloca_detect_custom_size.c   -Os  output pattern test
FAIL: c-c++-common/asan/alloca_overflow_partial.c   -Os  output pattern test
FAIL: c-c++-common/asan/alloca_overflow_right.c   -Os  output pattern test
FAIL: c-c++-common/asan/alloca_underflow_left.c   -Os  output pattern test
FAIL: c-c++-common/asan/pointer-subtract-3.c   -O0  (test for excess errors)
UNRESOLVED: c-c++-common/asan/pointer-subtract-3.c   -O0  compilation failed to produce executable
FAIL: c-c++-common/asan/pointer-subtract-3.c   -O1  (test for excess errors)
UNRESOLVED: c-c++-common/asan/pointer-subtract-3.c   -O1  compilation failed to produce executable
FAIL: c-c++-common/asan/pointer-subtract-3.c   -O2  (test for excess errors)
UNRESOLVED: c-c++-common/asan/pointer-subtract-3.c   -O2  compilation failed to produce executable
FAIL: c-c++-common/asan/pointer-subtract-3.c   -O2 -flto  (test for excess errors)
UNRESOLVED: c-c++-common/asan/pointer-subtract-3.c   -O2 -flto  compilation failed to produce executable
FAIL: c-c++-common/asan/pointer-subtract-3.c   -O2 -flto -flto-partition=none  (test for excess errors)
UNRESOLVED: c-c++-common/asan/pointer-subtract-3.c   -O2 -flto -flto-partition=none  compilation failed to produce executable
FAIL: c-c++-common/asan/pointer-subtract-3.c   -O3 -g  (test for excess errors)
UNRESOLVED: c-c++-common/asan/pointer-subtract-3.c   -O3 -g  compilation failed to produce executable
FAIL: c-c++-common/asan/pointer-subtract-3.c   -Os  (test for excess errors)
UNRESOLVED: c-c++-common/asan/pointer-subtract-3.c   -Os  compilation failed to produce executable
FAIL: c-c++-common/asan/pointer-subtract-4.c   -O0  (test for excess errors)
UNRESOLVED: c-c++-common/asan/pointer-subtract-4.c   -O0  compilation failed to produce executable
FAIL: c-c++-common/asan/pointer-subtract-4.c   -O1  (test for excess errors)
UNRESOLVED: c-c++-common/asan/pointer-subtract-4.c   -O1  compilation failed to produce executable
FAIL: c-c++-common/asan/pointer-subtract-4.c   -O2  (test for excess errors)
UNRESOLVED: c-c++-common/asan/pointer-subtract-4.c   -O2  compilation failed to produce executable
FAIL: c-c++-common/asan/pointer-subtract-4.c   -O2 -flto  (test for excess errors)
UNRESOLVED: c-c++-common/asan/pointer-subtract-4.c   -O2 -flto  compilation failed to produce executable
FAIL: c-c++-common/asan/pointer-subtract-4.c   -O2 -flto -flto-partition=none  (test for excess errors)
UNRESOLVED: c-c++-common/asan/pointer-subtract-4.c   -O2 -flto -flto-partition=none  compilation failed to produce executable
FAIL: c-c++-common/asan/pointer-subtract-4.c   -O3 -g  (test for excess errors)
UNRESOLVED: c-c++-common/asan/pointer-subtract-4.c   -O3 -g  compilation failed to produce executable
FAIL: c-c++-common/asan/pointer-subtract-4.c   -Os  (test for excess errors)
UNRESOLVED: c-c++-common/asan/pointer-subtract-4.c   -Os  compilation failed to produce executable
FAIL: g++.dg/asan/pr69276.C   -O0  output pattern test
UNRESOLVED: g++.dg/debug/dwarf2/inline-ns-2.C  -std=gnu++11  scan-assembler-not DIE \\\\([^\\n\\r]*\\\\) DW_TAG_imported_module
UNRESOLVED: g++.dg/debug/dwarf2/inline-ns-2.C  -std=gnu++11  scan-assembler-times  DW_AT_export_symbols 2
FAIL: g++.dg/debug/dwarf2/inline-ns-2.C  -std=gnu++11 (internal compiler error)
FAIL: g++.dg/debug/dwarf2/inline-ns-2.C  -std=gnu++11 (test for excess errors)
UNRESOLVED: g++.dg/debug/dwarf2/inline-ns-2.C  -std=gnu++14  scan-assembler-not DIE \\\\([^\\n\\r]*\\\\) DW_TAG_imported_module
UNRESOLVED: g++.dg/debug/dwarf2/inline-ns-2.C  -std=gnu++14  scan-assembler-times  DW_AT_export_symbols 2
FAIL: g++.dg/debug/dwarf2/inline-ns-2.C  -std=gnu++14 (internal compiler error)
FAIL: g++.dg/debug/dwarf2/inline-ns-2.C  -std=gnu++14 (test for excess errors)
UNRESOLVED: g++.dg/debug/dwarf2/inline-ns-2.C  -std=gnu++98  scan-assembler-not DIE \\\\([^\\n\\r]*\\\\) DW_TAG_imported_module
UNRESOLVED: g++.dg/debug/dwarf2/inline-ns-2.C  -std=gnu++98  scan-assembler-times  DW_AT_export_symbols 2
FAIL: g++.dg/debug/dwarf2/inline-ns-2.C  -std=gnu++98 (internal compiler error)
FAIL: g++.dg/debug/dwarf2/inline-ns-2.C  -std=gnu++98 (test for excess errors)
FAIL: g++.dg/abi/key2.C  -std=gnu++11 (test for excess errors)
FAIL: g++.dg/abi/key2.C  -std=gnu++14 (test for excess errors)
FAIL: g++.dg/abi/key2.C  -std=gnu++98 (test for excess errors)
FAIL: g++.dg/cet-notrack-1.C  -std=gnu++11  scan-assembler-times \\tcall[ \\t]+puts 2 (found 0 times)
FAIL: g++.dg/cet-notrack-1.C  -std=gnu++14  scan-assembler-times \\tcall[ \\t]+puts 2 (found 0 times)
FAIL: g++.dg/cet-notrack-1.C  -std=gnu++98  scan-assembler-times \\tcall[ \\t]+puts 2 (found 0 times)
FAIL: g++.dg/ext/sync-4.C  -std=gnu++11 execution test
FAIL: g++.dg/ext/sync-4.C  -std=gnu++14 execution test
FAIL: g++.dg/ext/sync-4.C  -std=gnu++98 execution test
FAIL: g++.dg/ipa/pr67056.C   scan-ipa-dump cp "Speculative outer type:struct CompositeClass"
FAIL: g++.dg/other/darwin-cfstring1.C  -std=gnu++11  (test for errors, line 21)
FAIL: g++.dg/other/darwin-cfstring1.C  -std=gnu++11  (test for errors, line 22)
FAIL: g++.dg/other/darwin-cfstring1.C  -std=gnu++11 (test for excess errors)
FAIL: g++.dg/other/darwin-cfstring1.C  -std=gnu++14  (test for errors, line 21)
FAIL: g++.dg/other/darwin-cfstring1.C  -std=gnu++14  (test for errors, line 22)
FAIL: g++.dg/other/darwin-cfstring1.C  -std=gnu++14 (test for excess errors)
FAIL: g++.dg/other/darwin-cfstring1.C  -std=gnu++98  (test for errors, line 21)
FAIL: g++.dg/other/darwin-cfstring1.C  -std=gnu++98  (test for errors, line 22)
FAIL: g++.dg/other/darwin-cfstring1.C  -std=gnu++98 (test for excess errors)
FAIL: g++.dg/pr71694.C  -std=gnu++11  scan-assembler-not movl
FAIL: g++.dg/pr71694.C  -std=gnu++14  scan-assembler-not movl
FAIL: g++.dg/pr71694.C  -std=gnu++98  scan-assembler-not movl
FAIL: g++.dg/pr80481.C  -std=gnu++11  scan-assembler-not vmovaps
FAIL: g++.dg/pr80481.C  -std=gnu++14  scan-assembler-not vmovaps
FAIL: g++.dg/pr80481.C  -std=gnu++98  scan-assembler-not vmovaps
FAIL: g++.dg/gcov/pr16855.C  -std=gnu++11  gcov: 2 failures in line counts, 0 in branch percentages, 0 in return percentages, 0 in intermediate format
FAIL: g++.dg/gcov/pr16855.C  -std=gnu++11  line 21: is #####:should be 1
FAIL: g++.dg/gcov/pr16855.C  -std=gnu++11  line 45: is #####:should be 1
FAIL: g++.dg/gcov/pr16855.C  -std=gnu++14  gcov: 2 failures in line counts, 0 in branch percentages, 0 in return percentages, 0 in intermediate format
FAIL: g++.dg/gcov/pr16855.C  -std=gnu++14  line 21: is #####:should be 1
FAIL: g++.dg/gcov/pr16855.C  -std=gnu++14  line 45: is #####:should be 1
FAIL: g++.dg/gcov/pr16855.C  -std=gnu++98  gcov: 2 failures in line counts, 0 in branch percentages, 0 in return percentages, 0 in intermediate format
FAIL: g++.dg/gcov/pr16855.C  -std=gnu++98  line 21: is #####:should be 1
FAIL: g++.dg/gcov/pr16855.C  -std=gnu++98  line 45: is #####:should be 1
FAIL: g++.dg/lto/pr65276 cp_lto_pr65276_0.o-cp_lto_pr65276_1.o link, -flto -O0 -std=c++11
FAIL: g++.dg/lto/pr65549 cp_lto_pr65549_0.o-cp_lto_pr65549_0.o link,  -std=gnu++14 -flto -g -O2 -fno-inline -flto-partition=max -Wno-return-type 
FAIL: g++.dg/pch/pch.C  -O2 -g -I. -Dwith_PCH (test for excess errors)
FAIL: g++.dg/pch/pch.C -O2 -g assembly comparison
FAIL: g++.dg/tls/pr77285-2.C  -std=c++11  scan-assembler _ZTH4var1B3tag
FAIL: g++.dg/tls/pr77285-2.C  -std=c++14  scan-assembler _ZTH4var1B3tag
FAIL: g++.dg/tree-prof/pr57451.C compilation,  -fprofile-generate -D_PROFILE_GENERATE
UNRESOLVED: g++.dg/tree-prof/pr57451.C compilation,  -fprofile-use -D_PROFILE_USE
UNRESOLVED: g++.dg/tree-prof/pr57451.C execution,    -fprofile-generate -D_PROFILE_GENERATE
UNRESOLVED: g++.dg/tree-prof/pr57451.C execution,    -fprofile-use -D_PROFILE_USE
FAIL: g++.dg/tree-prof/pr63581.C compilation,  -fprofile-generate -D_PROFILE_GENERATE
UNRESOLVED: g++.dg/tree-prof/pr63581.C compilation,  -fprofile-use -D_PROFILE_USE
UNRESOLVED: g++.dg/tree-prof/pr63581.C execution,    -fprofile-generate -D_PROFILE_GENERATE
UNRESOLVED: g++.dg/tree-prof/pr63581.C execution,    -fprofile-use -D_PROFILE_USE
FAIL: c-c++-common/ubsan/ptr-overflow-sanitization-1.c   -O0   scan-tree-dump-times optimized "__ubsan_handle_pointer_overflow" 17 (found 14 times)
FAIL: c-c++-common/ubsan/ptr-overflow-sanitization-1.c   -O1   scan-tree-dump-times optimized "__ubsan_handle_pointer_overflow" 17 (found 14 times)
FAIL: c-c++-common/ubsan/ptr-overflow-sanitization-1.c   -O2   scan-tree-dump-times optimized "__ubsan_handle_pointer_overflow" 17 (found 14 times)
FAIL: c-c++-common/ubsan/ptr-overflow-sanitization-1.c   -O3 -g   scan-tree-dump-times optimized "__ubsan_handle_pointer_overflow" 17 (found 14 times)
FAIL: c-c++-common/ubsan/ptr-overflow-sanitization-1.c   -Os   scan-tree-dump-times optimized "__ubsan_handle_pointer_overflow" 17 (found 14 times)

		=== g++ Summary for unix/-m32 ===

# of expected passes		116538
# of unexpected failures	73
# of expected failures		494
# of unresolved testcases	26
# of unsupported tests		4970

Running target unix/-m64
FAIL: c-c++-common/asan/alloca_big_alignment.c   -Os  output pattern test
FAIL: c-c++-common/asan/alloca_detect_custom_size.c   -Os  output pattern test
FAIL: c-c++-common/asan/alloca_overflow_partial.c   -Os  output pattern test
FAIL: c-c++-common/asan/alloca_overflow_right.c   -Os  output pattern test
FAIL: c-c++-common/asan/alloca_underflow_left.c   -Os  output pattern test
FAIL: c-c++-common/asan/pointer-subtract-3.c   -O0  (test for excess errors)
UNRESOLVED: c-c++-common/asan/pointer-subtract-3.c   -O0  compilation failed to produce executable
FAIL: c-c++-common/asan/pointer-subtract-3.c   -O1  (test for excess errors)
UNRESOLVED: c-c++-common/asan/pointer-subtract-3.c   -O1  compilation failed to produce executable
FAIL: c-c++-common/asan/pointer-subtract-3.c   -O2  (test for excess errors)
UNRESOLVED: c-c++-common/asan/pointer-subtract-3.c   -O2  compilation failed to produce executable
FAIL: c-c++-common/asan/pointer-subtract-3.c   -O2 -flto  (test for excess errors)
UNRESOLVED: c-c++-common/asan/pointer-subtract-3.c   -O2 -flto  compilation failed to produce executable
FAIL: c-c++-common/asan/pointer-subtract-3.c   -O2 -flto -flto-partition=none  (test for excess errors)
UNRESOLVED: c-c++-common/asan/pointer-subtract-3.c   -O2 -flto -flto-partition=none  compilation failed to produce executable
FAIL: c-c++-common/asan/pointer-subtract-3.c   -O3 -g  (test for excess errors)
UNRESOLVED: c-c++-common/asan/pointer-subtract-3.c   -O3 -g  compilation failed to produce executable
FAIL: c-c++-common/asan/pointer-subtract-3.c   -Os  (test for excess errors)
UNRESOLVED: c-c++-common/asan/pointer-subtract-3.c   -Os  compilation failed to produce executable
FAIL: c-c++-common/asan/pointer-subtract-4.c   -O0  (test for excess errors)
UNRESOLVED: c-c++-common/asan/pointer-subtract-4.c   -O0  compilation failed to produce executable
FAIL: c-c++-common/asan/pointer-subtract-4.c   -O1  (test for excess errors)
UNRESOLVED: c-c++-common/asan/pointer-subtract-4.c   -O1  compilation failed to produce executable
FAIL: c-c++-common/asan/pointer-subtract-4.c   -O2  (test for excess errors)
UNRESOLVED: c-c++-common/asan/pointer-subtract-4.c   -O2  compilation failed to produce executable
FAIL: c-c++-common/asan/pointer-subtract-4.c   -O2 -flto  (test for excess errors)
UNRESOLVED: c-c++-common/asan/pointer-subtract-4.c   -O2 -flto  compilation failed to produce executable
FAIL: c-c++-common/asan/pointer-subtract-4.c   -O2 -flto -flto-partition=none  (test for excess errors)
UNRESOLVED: c-c++-common/asan/pointer-subtract-4.c   -O2 -flto -flto-partition=none  compilation failed to produce executable
FAIL: c-c++-common/asan/pointer-subtract-4.c   -O3 -g  (test for excess errors)
UNRESOLVED: c-c++-common/asan/pointer-subtract-4.c   -O3 -g  compilation failed to produce executable
FAIL: c-c++-common/asan/pointer-subtract-4.c   -Os  (test for excess errors)
UNRESOLVED: c-c++-common/asan/pointer-subtract-4.c   -Os  compilation failed to produce executable
FAIL: g++.dg/asan/pr69276.C   -O0  output pattern test
UNRESOLVED: g++.dg/debug/dwarf2/inline-ns-2.C  -std=gnu++11  scan-assembler-not DIE \\\\([^\\n\\r]*\\\\) DW_TAG_imported_module
UNRESOLVED: g++.dg/debug/dwarf2/inline-ns-2.C  -std=gnu++11  scan-assembler-times  DW_AT_export_symbols 2
FAIL: g++.dg/debug/dwarf2/inline-ns-2.C  -std=gnu++11 (internal compiler error)
FAIL: g++.dg/debug/dwarf2/inline-ns-2.C  -std=gnu++11 (test for excess errors)
UNRESOLVED: g++.dg/debug/dwarf2/inline-ns-2.C  -std=gnu++14  scan-assembler-not DIE \\\\([^\\n\\r]*\\\\) DW_TAG_imported_module
UNRESOLVED: g++.dg/debug/dwarf2/inline-ns-2.C  -std=gnu++14  scan-assembler-times  DW_AT_export_symbols 2
FAIL: g++.dg/debug/dwarf2/inline-ns-2.C  -std=gnu++14 (internal compiler error)
FAIL: g++.dg/debug/dwarf2/inline-ns-2.C  -std=gnu++14 (test for excess errors)
UNRESOLVED: g++.dg/debug/dwarf2/inline-ns-2.C  -std=gnu++98  scan-assembler-not DIE \\\\([^\\n\\r]*\\\\) DW_TAG_imported_module
UNRESOLVED: g++.dg/debug/dwarf2/inline-ns-2.C  -std=gnu++98  scan-assembler-times  DW_AT_export_symbols 2
FAIL: g++.dg/debug/dwarf2/inline-ns-2.C  -std=gnu++98 (internal compiler error)
FAIL: g++.dg/debug/dwarf2/inline-ns-2.C  -std=gnu++98 (test for excess errors)
FAIL: g++.dg/abi/key2.C  -std=gnu++11 (test for excess errors)
FAIL: g++.dg/abi/key2.C  -std=gnu++14 (test for excess errors)
FAIL: g++.dg/abi/key2.C  -std=gnu++98 (test for excess errors)
FAIL: g++.dg/cet-notrack-1.C  -std=gnu++11  scan-assembler-times \\tcall[ \\t]+puts 2 (found 0 times)
FAIL: g++.dg/cet-notrack-1.C  -std=gnu++14  scan-assembler-times \\tcall[ \\t]+puts 2 (found 0 times)
FAIL: g++.dg/cet-notrack-1.C  -std=gnu++98  scan-assembler-times \\tcall[ \\t]+puts 2 (found 0 times)
FAIL: g++.dg/ext/sync-4.C  -std=gnu++11 execution test
FAIL: g++.dg/ext/sync-4.C  -std=gnu++14 execution test
FAIL: g++.dg/ext/sync-4.C  -std=gnu++98 execution test
FAIL: g++.dg/ipa/pr67056.C   scan-ipa-dump cp "Speculative outer type:struct CompositeClass"
FAIL: g++.dg/other/darwin-cfstring1.C  -std=gnu++11  (test for errors, line 21)
FAIL: g++.dg/other/darwin-cfstring1.C  -std=gnu++11  (test for errors, line 22)
FAIL: g++.dg/other/darwin-cfstring1.C  -std=gnu++11 (test for excess errors)
FAIL: g++.dg/other/darwin-cfstring1.C  -std=gnu++14  (test for errors, line 21)
FAIL: g++.dg/other/darwin-cfstring1.C  -std=gnu++14  (test for errors, line 22)
FAIL: g++.dg/other/darwin-cfstring1.C  -std=gnu++14 (test for excess errors)
FAIL: g++.dg/other/darwin-cfstring1.C  -std=gnu++98  (test for errors, line 21)
FAIL: g++.dg/other/darwin-cfstring1.C  -std=gnu++98  (test for errors, line 22)
FAIL: g++.dg/other/darwin-cfstring1.C  -std=gnu++98 (test for excess errors)
FAIL: g++.dg/gcov/pr16855.C  -std=gnu++11  gcov: 2 failures in line counts, 0 in branch percentages, 0 in return percentages, 0 in intermediate format
FAIL: g++.dg/gcov/pr16855.C  -std=gnu++11  line 21: is #####:should be 1
FAIL: g++.dg/gcov/pr16855.C  -std=gnu++11  line 45: is #####:should be 1
FAIL: g++.dg/gcov/pr16855.C  -std=gnu++14  gcov: 2 failures in line counts, 0 in branch percentages, 0 in return percentages, 0 in intermediate format
FAIL: g++.dg/gcov/pr16855.C  -std=gnu++14  line 21: is #####:should be 1
FAIL: g++.dg/gcov/pr16855.C  -std=gnu++14  line 45: is #####:should be 1
FAIL: g++.dg/gcov/pr16855.C  -std=gnu++98  gcov: 2 failures in line counts, 0 in branch percentages, 0 in return percentages, 0 in intermediate format
FAIL: g++.dg/gcov/pr16855.C  -std=gnu++98  line 21: is #####:should be 1
FAIL: g++.dg/gcov/pr16855.C  -std=gnu++98  line 45: is #####:should be 1
FAIL: g++.dg/lto/pr65276 cp_lto_pr65276_0.o-cp_lto_pr65276_1.o link, -flto -O0 -std=c++11
FAIL: g++.dg/lto/pr65549 cp_lto_pr65549_0.o-cp_lto_pr65549_0.o link,  -std=gnu++14 -flto -g -O2 -fno-inline -flto-partition=max -Wno-return-type 
FAIL: g++.dg/pch/pch.C  -O2 -g -I. -Dwith_PCH (test for excess errors)
FAIL: g++.dg/pch/pch.C  -g -I. -Dwith_PCH (test for excess errors)
FAIL: g++.dg/pch/pch.C -O2 -g assembly comparison
FAIL: g++.dg/pch/pch.C -g assembly comparison
WARNING: program timed out
WARNING: program timed out
FAIL: g++.dg/tls/pr77285-2.C  -std=c++11  scan-assembler _ZTH4var1B3tag
FAIL: g++.dg/tls/pr77285-2.C  -std=c++14  scan-assembler _ZTH4var1B3tag
FAIL: g++.dg/tree-prof/pr57451.C compilation,  -fprofile-generate -D_PROFILE_GENERATE
UNRESOLVED: g++.dg/tree-prof/pr57451.C compilation,  -fprofile-use -D_PROFILE_USE
UNRESOLVED: g++.dg/tree-prof/pr57451.C execution,    -fprofile-generate -D_PROFILE_GENERATE
UNRESOLVED: g++.dg/tree-prof/pr57451.C execution,    -fprofile-use -D_PROFILE_USE
FAIL: g++.dg/tree-prof/pr63581.C compilation,  -fprofile-generate -D_PROFILE_GENERATE
UNRESOLVED: g++.dg/tree-prof/pr63581.C compilation,  -fprofile-use -D_PROFILE_USE
UNRESOLVED: g++.dg/tree-prof/pr63581.C execution,    -fprofile-generate -D_PROFILE_GENERATE
UNRESOLVED: g++.dg/tree-prof/pr63581.C execution,    -fprofile-use -D_PROFILE_USE
FAIL: g++.dg/ubsan/pr82353.C   -O0   scan-rtl-dump-not reload "Inserting rematerialization insn"
FAIL: g++.dg/ubsan/pr82353.C   -O1   scan-rtl-dump-not reload "Inserting rematerialization insn"
FAIL: g++.dg/ubsan/pr82353.C   -O2   scan-rtl-dump-not reload "Inserting rematerialization insn"
FAIL: g++.dg/ubsan/pr82353.C   -O2 -flto   scan-rtl-dump-not reload "Inserting rematerialization insn"
FAIL: g++.dg/ubsan/pr82353.C   -O2 -flto -flto-partition=none   scan-rtl-dump-not reload "Inserting rematerialization insn"
FAIL: g++.dg/ubsan/pr82353.C   -O3 -g   scan-rtl-dump-not reload "Inserting rematerialization insn"
FAIL: g++.dg/ubsan/pr82353.C   -Os   scan-rtl-dump-not reload "Inserting rematerialization insn"

		=== g++ Summary for unix/-m64 ===

# of expected passes		118116
# of unexpected failures	71
# of expected failures		497
# of unresolved testcases	26
# of unsupported tests		5136

		=== g++ Summary ===

# of expected passes		234654
# of unexpected failures	144
# of expected failures		991
# of unresolved testcases	52
# of unsupported tests		10106
/opt/gcc/build_c/gcc/xg++  version 8.0.1 20180302 (experimental) [trunk revision 258146] (GCC) 

		=== gcc tests ===


Running target unix/-m32
FAIL: gcc.c-torture/compile/pr72802.c   -O0  (test for excess errors)
FAIL: gcc.c-torture/compile/pr72802.c   -O1  (test for excess errors)
FAIL: gcc.c-torture/compile/pr72802.c   -O2  (test for excess errors)
FAIL: gcc.c-torture/compile/pr72802.c   -O2 -flto  (test for excess errors)
FAIL: gcc.c-torture/compile/pr72802.c   -O2 -flto -flto-partition=none  (test for excess errors)
FAIL: gcc.c-torture/compile/pr72802.c   -O3 -fomit-frame-pointer -funroll-loops -fpeel-loops -ftracer -finline-functions  (test for excess errors)
FAIL: gcc.c-torture/compile/pr72802.c   -O3 -g  (test for excess errors)
FAIL: gcc.c-torture/compile/pr72802.c   -Os  (test for excess errors)
FAIL: c-c++-common/asan/alloca_big_alignment.c   -Os  output pattern test
FAIL: c-c++-common/asan/alloca_detect_custom_size.c   -Os  output pattern test
FAIL: c-c++-common/asan/alloca_overflow_partial.c   -Os  output pattern test
FAIL: c-c++-common/asan/alloca_overflow_right.c   -Os  output pattern test
FAIL: c-c++-common/asan/alloca_underflow_left.c   -Os  output pattern test
FAIL: c-c++-common/asan/pointer-subtract-3.c   -O0  (test for excess errors)
UNRESOLVED: c-c++-common/asan/pointer-subtract-3.c   -O0  compilation failed to produce executable
FAIL: c-c++-common/asan/pointer-subtract-3.c   -O1  (test for excess errors)
UNRESOLVED: c-c++-common/asan/pointer-subtract-3.c   -O1  compilation failed to produce executable
FAIL: c-c++-common/asan/pointer-subtract-3.c   -O2  (test for excess errors)
UNRESOLVED: c-c++-common/asan/pointer-subtract-3.c   -O2  compilation failed to produce executable
FAIL: c-c++-common/asan/pointer-subtract-3.c   -O2 -flto  (test for excess errors)
UNRESOLVED: c-c++-common/asan/pointer-subtract-3.c   -O2 -flto  compilation failed to produce executable
FAIL: c-c++-common/asan/pointer-subtract-3.c   -O2 -flto -flto-partition=none  (test for excess errors)
UNRESOLVED: c-c++-common/asan/pointer-subtract-3.c   -O2 -flto -flto-partition=none  compilation failed to produce executable
FAIL: c-c++-common/asan/pointer-subtract-3.c   -O3 -g  (test for excess errors)
UNRESOLVED: c-c++-common/asan/pointer-subtract-3.c   -O3 -g  compilation failed to produce executable
FAIL: c-c++-common/asan/pointer-subtract-3.c   -Os  (test for excess errors)
UNRESOLVED: c-c++-common/asan/pointer-subtract-3.c   -Os  compilation failed to produce executable
FAIL: c-c++-common/asan/pointer-subtract-4.c   -O0  (test for excess errors)
UNRESOLVED: c-c++-common/asan/pointer-subtract-4.c   -O0  compilation failed to produce executable
FAIL: c-c++-common/asan/pointer-subtract-4.c   -O1  (test for excess errors)
UNRESOLVED: c-c++-common/asan/pointer-subtract-4.c   -O1  compilation failed to produce executable
FAIL: c-c++-common/asan/pointer-subtract-4.c   -O2  (test for excess errors)
UNRESOLVED: c-c++-common/asan/pointer-subtract-4.c   -O2  compilation failed to produce executable
FAIL: c-c++-common/asan/pointer-subtract-4.c   -O2 -flto  (test for excess errors)
UNRESOLVED: c-c++-common/asan/pointer-subtract-4.c   -O2 -flto  compilation failed to produce executable
FAIL: c-c++-common/asan/pointer-subtract-4.c   -O2 -flto -flto-partition=none  (test for excess errors)
UNRESOLVED: c-c++-common/asan/pointer-subtract-4.c   -O2 -flto -flto-partition=none  compilation failed to produce executable
FAIL: c-c++-common/asan/pointer-subtract-4.c   -O3 -g  (test for excess errors)
UNRESOLVED: c-c++-common/asan/pointer-subtract-4.c   -O3 -g  compilation failed to produce executable
FAIL: c-c++-common/asan/pointer-subtract-4.c   -Os  (test for excess errors)
UNRESOLVED: c-c++-common/asan/pointer-subtract-4.c   -Os  compilation failed to produce executable
FAIL: c-c++-common/asan/strncpy-overflow-1.c   -O0  output pattern test
FAIL: c-c++-common/asan/strncpy-overflow-1.c   -O1  (test for excess errors)
FAIL: c-c++-common/asan/strncpy-overflow-1.c   -O1  output pattern test
FAIL: c-c++-common/asan/strncpy-overflow-1.c   -O2  (test for excess errors)
FAIL: c-c++-common/asan/strncpy-overflow-1.c   -O2  output pattern test
FAIL: c-c++-common/asan/strncpy-overflow-1.c   -O2 -flto  (test for excess errors)
FAIL: c-c++-common/asan/strncpy-overflow-1.c   -O2 -flto  output pattern test
FAIL: c-c++-common/asan/strncpy-overflow-1.c   -O2 -flto -flto-partition=none  (test for excess errors)
FAIL: c-c++-common/asan/strncpy-overflow-1.c   -O2 -flto -flto-partition=none  output pattern test
FAIL: c-c++-common/asan/strncpy-overflow-1.c   -O3 -g  (test for excess errors)
FAIL: c-c++-common/asan/strncpy-overflow-1.c   -O3 -g  output pattern test
FAIL: c-c++-common/asan/strncpy-overflow-1.c   -Os  (test for excess errors)
FAIL: c-c++-common/asan/strncpy-overflow-1.c   -Os  output pattern test
FAIL: gcc.dg/asan/pr81923.c   -O0  (test for excess errors)
FAIL: gcc.dg/asan/pr81923.c   -O1  (test for excess errors)
FAIL: gcc.dg/asan/pr81923.c   -O2  (test for excess errors)
FAIL: gcc.dg/asan/pr81923.c   -O2 -flto  (test for excess errors)
FAIL: gcc.dg/asan/pr81923.c   -O2 -flto -flto-partition=none  (test for excess errors)
FAIL: gcc.dg/asan/pr81923.c   -O3 -g  (test for excess errors)
FAIL: gcc.dg/asan/pr81923.c   -Os  (test for excess errors)
FAIL: gcc.dg/debug/dwarf2/pr80263.c scan-assembler-not \\\\msizetype
FAIL: gcc.dg/debug/dwarf2/pr82718-1.c (internal compiler error)
FAIL: gcc.dg/debug/dwarf2/pr82718-1.c (test for excess errors)
FAIL: gcc.dg/debug/dwarf2/pr82718-2.c (internal compiler error)
FAIL: gcc.dg/debug/dwarf2/pr82718-2.c (test for excess errors)
FAIL: c-c++-common/Wrestrict-2.c  -Wc++-compat  memcpy (test for warnings, line 15)
FAIL: c-c++-common/Wrestrict-2.c  -Wc++-compat  strcpy (test for warnings, line 39)
FAIL: gcc.dg/Wnonnull.c  (test for warnings, line 21)
FAIL: gcc.dg/Wnonnull.c  (test for warnings, line 24)
FAIL: gcc.dg/framework-1.c (test for excess errors)
FAIL: gcc.dg/memcmp-1.c (test for excess errors)
UNRESOLVED: gcc.dg/memcmp-1.c compilation failed to produce executable
FAIL: gcc.dg/pie-7.c (test for excess errors)
UNRESOLVED: gcc.dg/pie-7.c compilation failed to produce executable
FAIL: gcc.dg/pr57438-2.c scan-assembler nop\\\\nLFE.*
FAIL: gcc.dg/pubtypes-2.c scan-assembler long+[ \\t]+0x13b+[ \\t]+[#;]+[ \\t]+Pub Info Length
FAIL: gcc.dg/pubtypes-3.c scan-assembler long+[ \\t]+0x13b+[ \\t]+[#;]+[ \\t]+Pub Info Length
FAIL: gcc.dg/pubtypes-4.c scan-assembler long+[ \\t]+0x172+[ \\t]+[#;]+[ \\t]+Pub Info Length
FAIL: gcc.dg/stack-layout-dynamic-1.c (test for excess errors)
UNRESOLVED: gcc.dg/stack-layout-dynamic-1.c scan-assembler-not cfi_def_cfa_register
FAIL: gcc.dg/uninit-19.c  (test for warnings, line 24)
FAIL: gcc.dg/uninit-19.c (test for excess errors)
FAIL: gcc.dg/graphite/scop-19.c scan-tree-dump-times graphite "number of SCoPs: 0" 1 (found 2 times)
FAIL: gcc.dg/lto/pr83719 c_lto_pr83719_0.o assemble,  -flto -g -gsplit-dwarf  (internal compiler error)
FAIL: gcc.dg/plugin/plugindir1.c (test for excess errors)
FAIL: gcc.dg/plugin/plugindir2.c (test for excess errors)
FAIL: gcc.dg/plugin/plugindir3.c (test for excess errors)
FAIL: gcc.dg/plugin/plugindir4.c (test for excess errors)
FAIL: gcc.dg/torture/builtin-self.c   -O0   scan-assembler-not \\tcall
FAIL: gcc.dg/torture/pr25967-1.c   -O0  execution test
FAIL: gcc.dg/torture/pr25967-1.c   -O1  execution test
FAIL: gcc.dg/torture/pr25967-1.c   -O2  execution test
FAIL: gcc.dg/torture/pr25967-1.c   -O2 -flto  execution test
FAIL: gcc.dg/torture/pr25967-1.c   -O2 -flto -flto-partition=none  execution test
FAIL: gcc.dg/torture/pr25967-1.c   -O3 -g  execution test
FAIL: gcc.dg/torture/pr25967-1.c   -Os  execution test
FAIL: gcc.dg/torture/pr25967-2.c   -O0  execution test
FAIL: gcc.dg/torture/pr25967-2.c   -O1  execution test
FAIL: gcc.dg/torture/pr25967-2.c   -O2  execution test
FAIL: gcc.dg/torture/pr25967-2.c   -O2 -flto  execution test
FAIL: gcc.dg/torture/pr25967-2.c   -O2 -flto -flto-partition=none  execution test
FAIL: gcc.dg/torture/pr25967-2.c   -O3 -g  execution test
FAIL: gcc.dg/torture/pr25967-2.c   -Os  execution test
FAIL: gcc.dg/torture/pr68264.c   -O0  execution test
FAIL: gcc.dg/torture/pr68264.c   -O1  execution test
FAIL: gcc.dg/torture/pr68264.c   -O2  execution test
FAIL: gcc.dg/torture/pr68264.c   -O2 -flto  execution test
FAIL: gcc.dg/torture/pr68264.c   -O2 -flto -flto-partition=none  execution test
FAIL: gcc.dg/torture/pr68264.c   -O3 -g  execution test
FAIL: gcc.dg/torture/pr68264.c   -Os  execution test
FAIL: gcc.dg/tree-prof/section-attr-1.c compilation,  -fprofile-generate -D_PROFILE_GENERATE
UNRESOLVED: gcc.dg/tree-prof/section-attr-1.c compilation,  -fprofile-use -D_PROFILE_USE
UNRESOLVED: gcc.dg/tree-prof/section-attr-1.c execution,    -fprofile-generate -D_PROFILE_GENERATE
UNRESOLVED: gcc.dg/tree-prof/section-attr-1.c execution,    -fprofile-use -D_PROFILE_USE
FAIL: gcc.dg/tree-prof/section-attr-2.c compilation,  -fprofile-generate -D_PROFILE_GENERATE
UNRESOLVED: gcc.dg/tree-prof/section-attr-2.c compilation,  -fprofile-use -D_PROFILE_USE
UNRESOLVED: gcc.dg/tree-prof/section-attr-2.c execution,    -fprofile-generate -D_PROFILE_GENERATE
UNRESOLVED: gcc.dg/tree-prof/section-attr-2.c execution,    -fprofile-use -D_PROFILE_USE
FAIL: gcc.dg/tree-prof/section-attr-3.c compilation,  -fprofile-generate -D_PROFILE_GENERATE
UNRESOLVED: gcc.dg/tree-prof/section-attr-3.c compilation,  -fprofile-use -D_PROFILE_USE
UNRESOLVED: gcc.dg/tree-prof/section-attr-3.c execution,    -fprofile-generate -D_PROFILE_GENERATE
UNRESOLVED: gcc.dg/tree-prof/section-attr-3.c execution,    -fprofile-use -D_PROFILE_USE
FAIL: c-c++-common/ubsan/ptr-overflow-sanitization-1.c   -O0   scan-tree-dump-times optimized "__ubsan_handle_pointer_overflow" 17 (found 14 times)
FAIL: c-c++-common/ubsan/ptr-overflow-sanitization-1.c   -O1   scan-tree-dump-times optimized "__ubsan_handle_pointer_overflow" 17 (found 14 times)
FAIL: c-c++-common/ubsan/ptr-overflow-sanitization-1.c   -O2   scan-tree-dump-times optimized "__ubsan_handle_pointer_overflow" 17 (found 14 times)
FAIL: c-c++-common/ubsan/ptr-overflow-sanitization-1.c   -O3 -g   scan-tree-dump-times optimized "__ubsan_handle_pointer_overflow" 17 (found 14 times)
FAIL: c-c++-common/ubsan/ptr-overflow-sanitization-1.c   -Os   scan-tree-dump-times optimized "__ubsan_handle_pointer_overflow" 17 (found 14 times)
XPASS: gcc.dg/vect/vect-95.c -flto -ffat-lto-objects  scan-tree-dump-times vect "Alignment of access forced using peeling" 0
XPASS: gcc.dg/vect/vect-95.c scan-tree-dump-times vect "Alignment of access forced using peeling" 0
FAIL: gcc.misc-tests/linkage.c link
FAIL: gcc.target/i386/align-limit.c scan-assembler .p2align 6,,1
FAIL: gcc.target/i386/avx512bw-vpmovswb-1.c scan-assembler-times vpmovswb[ \\\\t]+[^{\\n]*%xmm[0-9]+[^\\n]*res1[^\\n]*{%k[1-7]}(?:\\n|[ \\\\t]+#) 1 (found 0 times)
FAIL: gcc.target/i386/avx512bw-vpmovswb-1.c scan-assembler-times vpmovswb[ \\\\t]+[^{\\n]*%ymm[0-9]+[^\\n]*res2[^\\n]*{%k[1-7]}(?:\\n|[ \\\\t]+#) 1 (found 0 times)
FAIL: gcc.target/i386/avx512bw-vpmovswb-1.c scan-assembler-times vpmovswb[ \\\\t]+[^{\\n]*%zmm[0-9]+[^\\n]*res3[^\\n]*{%k[1-7]}(?:\\n|[ \\\\t]+#) 1 (found 0 times)
FAIL: gcc.target/i386/avx512bw-vpmovuswb-1.c scan-assembler-times vpmovuswb[ \\\\t]+[^{\\n]*%xmm[0-9]+[^\\n]*res1[^\\n]*{%k[1-7]}(?:\\n|[ \\\\t]+#) 1 (found 0 times)
FAIL: gcc.target/i386/avx512bw-vpmovuswb-1.c scan-assembler-times vpmovuswb[ \\\\t]+[^{\\n]*%ymm[0-9]+[^\\n]*res2[^\\n]*{%k[1-7]}(?:\\n|[ \\\\t]+#) 1 (found 0 times)
FAIL: gcc.target/i386/avx512bw-vpmovuswb-1.c scan-assembler-times vpmovuswb[ \\\\t]+[^{\\n]*%zmm[0-9]+[^\\n]*res3[^\\n]*{%k[1-7]}(?:\\n|[ \\\\t]+#) 1 (found 0 times)
FAIL: gcc.target/i386/avx512bw-vpmovwb-1.c scan-assembler-times vpmovwb[ \\\\t]+[^{\\n]*%xmm[0-9]+[^\\n]*res1[^\\n]*{%k[1-7]}(?:\\n|[ \\\\t]+#) 1 (found 0 times)
FAIL: gcc.target/i386/avx512bw-vpmovwb-1.c scan-assembler-times vpmovwb[ \\\\t]+[^{\\n]*%ymm[0-9]+[^\\n]*res2[^\\n]*{%k[1-7]}(?:\\n|[ \\\\t]+#) 1 (found 0 times)
FAIL: gcc.target/i386/avx512bw-vpmovwb-1.c scan-assembler-times vpmovwb[ \\\\t]+[^{\\n]*%zmm[0-9]+[^\\n]*res3[^\\n]*{%k[1-7]}(?:\\n|[ \\\\t]+#) 1 (found 0 times)
FAIL: gcc.target/i386/cet-notrack-5a.c scan-assembler-not \\tcall[ \\t]+
FAIL: gcc.target/i386/cet-notrack-5b.c scan-assembler-times \\tcall[ \\t]+ 1 (found 2 times)
FAIL: gcc.target/i386/cet-notrack-6b.c scan-assembler-not \\tcall[ \\t]+
FAIL: gcc.target/i386/cet-notrack-icf-1.c scan-assembler set[ \\t]+fn2,fn1
FAIL: gcc.target/i386/cet-notrack-icf-1.c scan-assembler set[ \\t]+fn3,fn1
FAIL: gcc.target/i386/cet-notrack-icf-2.c scan-assembler set[ \\t]+fn2,fn1
FAIL: gcc.target/i386/cet-notrack-icf-3.c scan-assembler set[ \\t]+fn2,fn1
FAIL: gcc.target/i386/cet-notrack-icf-3.c scan-assembler set[ \\t]+fn3,fn1
FAIL: gcc.target/i386/cet-notrack-icf-4.c scan-assembler set[ \\t]+fn3,fn1
FAIL: gcc.target/i386/cet-sjlj-3.c scan-assembler-times call\\tlongjmp 1 (found 0 times)
FAIL: gcc.target/i386/cet-sjlj-5.c scan-assembler-times call\\tlongjmp 1 (found 0 times)
FAIL: gcc.target/i386/darwin-fpmath.c scan-assembler addsd
XPASS: gcc.target/i386/fuse-caller-save-rec.c scan-assembler-not pop
XPASS: gcc.target/i386/fuse-caller-save-rec.c scan-assembler-not push
XPASS: gcc.target/i386/fuse-caller-save-rec.c scan-assembler-times addl\\t%[re]?dx, %[re]?ax 1
XPASS: gcc.target/i386/fuse-caller-save-xmm.c scan-assembler-times addpd\\t%xmm1, %xmm0 1
FAIL: gcc.target/i386/fuse-caller-save-xmm.c scan-assembler-times addpd\\t\\\\.?LC0.*, %xmm0 1 (found 0 times)
XPASS: gcc.target/i386/fuse-caller-save.c scan-assembler-not pop
XPASS: gcc.target/i386/fuse-caller-save.c scan-assembler-not push
XPASS: gcc.target/i386/fuse-caller-save.c scan-assembler-times addl\\t%[re]?d[ix], %[re]?ax 1
FAIL: gcc.target/i386/iinline-attr-2.c scan-assembler p2align
FAIL: gcc.target/i386/memcpy-strategy-3.c scan-assembler-times memcpy 2 (found 1 times)
FAIL: gcc.target/i386/memset-strategy-1.c scan-assembler-times memset 2 (found 1 times)
FAIL: gcc.target/i386/pr22076.c scan-assembler-times movq 3 (found 4 times)
FAIL: gcc.target/i386/pr24414.c (test for excess errors)
UNRESOLVED: gcc.target/i386/pr24414.c compilation failed to produce executable
FAIL: gcc.target/i386/pr32219-1.c scan-assembler movl[ \\t]xxx@GOTOFF\\\\(%[^,]*\\\\), %eax
FAIL: gcc.target/i386/pr32219-2.c scan-assembler movl[ \\t]xxx@GOT\\\\(%[^,]*\\\\), %
FAIL: gcc.target/i386/pr32219-3.c scan-assembler movl[ \\t]xxx@GOTOFF\\\\(%[^,]*\\\\), %eax
FAIL: gcc.target/i386/pr32219-4.c scan-assembler movl[ \\t]xxx@GOT\\\\(%[^,]*\\\\), %
FAIL: gcc.target/i386/pr32219-5.c scan-assembler movl[ \\t]xxx@GOTOFF\\\\(%[^,]*\\\\), %eax
FAIL: gcc.target/i386/pr32219-6.c scan-assembler movl[ \\t]xxx@GOT\\\\(%[^,]*\\\\), %
FAIL: gcc.target/i386/pr32219-7.c scan-assembler movl[ \\t]xxx@GOTOFF\\\\(%[^,]*\\\\), %eax
FAIL: gcc.target/i386/pr32219-8.c scan-assembler movl[ \\t]xxx@GOT\\\\(%[^,]*\\\\), %
FAIL: gcc.target/i386/pr39013-1.c scan-assembler bar@PLT
FAIL: gcc.target/i386/pr39013-1.c scan-assembler foo@PLT
FAIL: gcc.target/i386/pr39013-2.c scan-assembler bar@PLT
FAIL: gcc.target/i386/pr39013-2.c scan-assembler foo@PLT
FAIL: gcc.target/i386/pr59874-3.c scan-assembler popcntw
FAIL: gcc.target/i386/pr64317.c scan-assembler addl[ \\\\t]+[\$]_GLOBAL_OFFSET_TABLE_, %ebx
FAIL: gcc.target/i386/pr64317.c scan-assembler movl[ \\\\t]+c@GOTOFF[(]%ebx[)]
FAIL: gcc.target/i386/pr66334.c scan-assembler movl[ \\\\t].+, %ebx
FAIL: gcc.target/i386/pr66819-3.c scan-assembler-not call
FAIL: gcc.target/i386/pr66819-4.c scan-assembler-not call
FAIL: gcc.target/i386/pr67985-2.c scan-assembler call[ \\t]__mulsf3
FAIL: gcc.target/i386/pr70738-7.c scan-assembler call[ \\t]__mulsf3
FAIL: gcc.target/i386/pr71245-1.c scan-assembler-not (fistp|fild)
FAIL: gcc.target/i386/pr71245-2.c scan-assembler-not movlps
FAIL: gcc.target/i386/pr77881.c scan-assembler jne[ \\t].L
FAIL: gcc.target/i386/pr77881.c scan-assembler js[ \\t].L
FAIL: gcc.target/i386/pr78035.c scan-assembler-times cmp 2 (found 3 times)
FAIL: gcc.target/i386/pr81736-5.c scan-assembler-not %[re]bp
FAIL: gcc.target/i386/pr82659-3.c (test for excess errors)
UNRESOLVED: gcc.target/i386/pr82659-3.c scan-assembler-times \\\\mendbr 2
FAIL: gcc.target/i386/pr82662.c scan-assembler-times \\\\mset 12 (found 87 times)
FAIL: gcc.target/i386/pr84278.c scan-assembler-not \\\\(%.sp\\\\)
FAIL: gcc.target/i386/ret-thunk-22.c scan-assembler jmp[ \\t]*__x86_return_thunk_ecx
FAIL: gcc.target/i386/ret-thunk-22.c scan-assembler-times popl[\\\\t ]*%ecx 1 (found 0 times)
FAIL: gcc.target/i386/ret-thunk-23.c scan-assembler jmp[ \\t]*__x86_return_thunk_ecx
FAIL: gcc.target/i386/ret-thunk-23.c scan-assembler lea[l]?[\\\\t ]*4\\\\(%esp\\\\), %esp
FAIL: gcc.target/i386/ret-thunk-23.c scan-assembler-times popl[\\\\t ]*%ecx 1 (found 0 times)
FAIL: gcc.target/i386/ret-thunk-24.c scan-assembler-times popl[\\\\t ]*%ecx 1 (found 0 times)
FAIL: gcc.target/i386/ret-thunk-25.c scan-assembler jmp[ \\t]*__x86_return_thunk_bnd_ecx
FAIL: gcc.target/i386/ret-thunk-25.c scan-assembler-times popl[\\\\t ]*%ecx 1 (found 0 times)
FAIL: gcc.target/i386/ret-thunk-26.c (test for excess errors)
UNRESOLVED: gcc.target/i386/ret-thunk-26.c compilation failed to produce executable
FAIL: gcc.target/i386/stack-prot-sym.c scan-assembler gs:my_guard

		=== gcc Summary for unix/-m32 ===

# of expected passes		121870
# of unexpected failures	170
# of unexpected successes	9
# of expected failures		398
# of unresolved testcases	29
# of unsupported tests		3876

Running target unix/-m64
FAIL: c-c++-common/asan/alloca_big_alignment.c   -Os  output pattern test
FAIL: c-c++-common/asan/alloca_detect_custom_size.c   -Os  output pattern test
FAIL: c-c++-common/asan/alloca_overflow_partial.c   -Os  output pattern test
FAIL: c-c++-common/asan/alloca_overflow_right.c   -Os  output pattern test
FAIL: c-c++-common/asan/alloca_underflow_left.c   -Os  output pattern test
FAIL: c-c++-common/asan/pointer-subtract-3.c   -O0  (test for excess errors)
UNRESOLVED: c-c++-common/asan/pointer-subtract-3.c   -O0  compilation failed to produce executable
FAIL: c-c++-common/asan/pointer-subtract-3.c   -O1  (test for excess errors)
UNRESOLVED: c-c++-common/asan/pointer-subtract-3.c   -O1  compilation failed to produce executable
FAIL: c-c++-common/asan/pointer-subtract-3.c   -O2  (test for excess errors)
UNRESOLVED: c-c++-common/asan/pointer-subtract-3.c   -O2  compilation failed to produce executable
FAIL: c-c++-common/asan/pointer-subtract-3.c   -O2 -flto  (test for excess errors)
UNRESOLVED: c-c++-common/asan/pointer-subtract-3.c   -O2 -flto  compilation failed to produce executable
FAIL: c-c++-common/asan/pointer-subtract-3.c   -O2 -flto -flto-partition=none  (test for excess errors)
UNRESOLVED: c-c++-common/asan/pointer-subtract-3.c   -O2 -flto -flto-partition=none  compilation failed to produce executable
FAIL: c-c++-common/asan/pointer-subtract-3.c   -O3 -g  (test for excess errors)
UNRESOLVED: c-c++-common/asan/pointer-subtract-3.c   -O3 -g  compilation failed to produce executable
FAIL: c-c++-common/asan/pointer-subtract-3.c   -Os  (test for excess errors)
UNRESOLVED: c-c++-common/asan/pointer-subtract-3.c   -Os  compilation failed to produce executable
FAIL: c-c++-common/asan/pointer-subtract-4.c   -O0  (test for excess errors)
UNRESOLVED: c-c++-common/asan/pointer-subtract-4.c   -O0  compilation failed to produce executable
FAIL: c-c++-common/asan/pointer-subtract-4.c   -O1  (test for excess errors)
UNRESOLVED: c-c++-common/asan/pointer-subtract-4.c   -O1  compilation failed to produce executable
FAIL: c-c++-common/asan/pointer-subtract-4.c   -O2  (test for excess errors)
UNRESOLVED: c-c++-common/asan/pointer-subtract-4.c   -O2  compilation failed to produce executable
FAIL: c-c++-common/asan/pointer-subtract-4.c   -O2 -flto  (test for excess errors)
UNRESOLVED: c-c++-common/asan/pointer-subtract-4.c   -O2 -flto  compilation failed to produce executable
FAIL: c-c++-common/asan/pointer-subtract-4.c   -O2 -flto -flto-partition=none  (test for excess errors)
UNRESOLVED: c-c++-common/asan/pointer-subtract-4.c   -O2 -flto -flto-partition=none  compilation failed to produce executable
FAIL: c-c++-common/asan/pointer-subtract-4.c   -O3 -g  (test for excess errors)
UNRESOLVED: c-c++-common/asan/pointer-subtract-4.c   -O3 -g  compilation failed to produce executable
FAIL: c-c++-common/asan/pointer-subtract-4.c   -Os  (test for excess errors)
UNRESOLVED: c-c++-common/asan/pointer-subtract-4.c   -Os  compilation failed to produce executable
FAIL: c-c++-common/asan/strncpy-overflow-1.c   -O0  output pattern test
FAIL: c-c++-common/asan/strncpy-overflow-1.c   -O1  (test for excess errors)
FAIL: c-c++-common/asan/strncpy-overflow-1.c   -O1  output pattern test
FAIL: c-c++-common/asan/strncpy-overflow-1.c   -O2  (test for excess errors)
FAIL: c-c++-common/asan/strncpy-overflow-1.c   -O2  output pattern test
FAIL: c-c++-common/asan/strncpy-overflow-1.c   -O2 -flto  (test for excess errors)
FAIL: c-c++-common/asan/strncpy-overflow-1.c   -O2 -flto  output pattern test
FAIL: c-c++-common/asan/strncpy-overflow-1.c   -O2 -flto -flto-partition=none  (test for excess errors)
FAIL: c-c++-common/asan/strncpy-overflow-1.c   -O2 -flto -flto-partition=none  output pattern test
FAIL: c-c++-common/asan/strncpy-overflow-1.c   -O3 -g  (test for excess errors)
FAIL: c-c++-common/asan/strncpy-overflow-1.c   -O3 -g  output pattern test
FAIL: c-c++-common/asan/strncpy-overflow-1.c   -Os  (test for excess errors)
FAIL: c-c++-common/asan/strncpy-overflow-1.c   -Os  output pattern test
FAIL: gcc.dg/asan/pr81923.c   -O0  (test for excess errors)
FAIL: gcc.dg/asan/pr81923.c   -O1  (test for excess errors)
FAIL: gcc.dg/asan/pr81923.c   -O2  (test for excess errors)
FAIL: gcc.dg/asan/pr81923.c   -O2 -flto  (test for excess errors)
FAIL: gcc.dg/asan/pr81923.c   -O2 -flto -flto-partition=none  (test for excess errors)
FAIL: gcc.dg/asan/pr81923.c   -O3 -g  (test for excess errors)
FAIL: gcc.dg/asan/pr81923.c   -Os  (test for excess errors)
FAIL: gcc.dg/debug/dwarf2/pr80263.c scan-assembler-not \\\\msizetype
FAIL: gcc.dg/debug/dwarf2/pr82718-1.c (internal compiler error)
FAIL: gcc.dg/debug/dwarf2/pr82718-1.c (test for excess errors)
FAIL: gcc.dg/debug/dwarf2/pr82718-2.c (internal compiler error)
FAIL: gcc.dg/debug/dwarf2/pr82718-2.c (test for excess errors)
FAIL: c-c++-common/Wrestrict-2.c  -Wc++-compat  memcpy (test for warnings, line 15)
FAIL: c-c++-common/Wrestrict-2.c  -Wc++-compat  strcpy (test for warnings, line 39)
FAIL: gcc.dg/Wnonnull.c  (test for warnings, line 21)
FAIL: gcc.dg/Wnonnull.c  (test for warnings, line 24)
FAIL: gcc.dg/framework-1.c (test for excess errors)
FAIL: gcc.dg/memcmp-1.c (test for excess errors)
UNRESOLVED: gcc.dg/memcmp-1.c compilation failed to produce executable
FAIL: gcc.dg/pie-7.c (test for excess errors)
UNRESOLVED: gcc.dg/pie-7.c compilation failed to produce executable
FAIL: gcc.dg/pr57438-2.c scan-assembler nop\\\\nLFE.*
FAIL: gcc.dg/pubtypes-2.c scan-assembler long+[ \\t]+0x13b+[ \\t]+[#;]+[ \\t]+Pub Info Length
FAIL: gcc.dg/pubtypes-3.c scan-assembler long+[ \\t]+0x13b+[ \\t]+[#;]+[ \\t]+Pub Info Length
FAIL: gcc.dg/pubtypes-4.c scan-assembler long+[ \\t]+0x172+[ \\t]+[#;]+[ \\t]+Pub Info Length
FAIL: gcc.dg/stack-layout-dynamic-1.c (test for excess errors)
UNRESOLVED: gcc.dg/stack-layout-dynamic-1.c scan-assembler-not cfi_def_cfa_register
FAIL: gcc.dg/uninit-19.c  (test for warnings, line 24)
FAIL: gcc.dg/uninit-19.c (test for excess errors)
FAIL: gcc.dg/graphite/scop-19.c scan-tree-dump-times graphite "number of SCoPs: 0" 1 (found 2 times)
FAIL: gcc.dg/lto/pr83719 c_lto_pr83719_0.o assemble,  -flto -g -gsplit-dwarf  (internal compiler error)
FAIL: gcc.dg/pch/save-temps-1.c  -O0 -g -I. -Dwith_PCH (test for excess errors)
FAIL: gcc.dg/pch/save-temps-1.c -O0 -g assembly comparison
WARNING: program timed out
FAIL: gcc.dg/plugin/plugindir1.c (test for excess errors)
FAIL: gcc.dg/plugin/plugindir2.c (test for excess errors)
FAIL: gcc.dg/plugin/plugindir3.c (test for excess errors)
FAIL: gcc.dg/plugin/plugindir4.c (test for excess errors)
FAIL: gcc.dg/torture/pr25967-1.c   -O0  execution test
FAIL: gcc.dg/torture/pr25967-1.c   -O1  execution test
FAIL: gcc.dg/torture/pr25967-1.c   -O2  execution test
FAIL: gcc.dg/torture/pr25967-1.c   -O2 -flto  execution test
FAIL: gcc.dg/torture/pr25967-1.c   -O2 -flto -flto-partition=none  execution test
FAIL: gcc.dg/torture/pr25967-1.c   -O3 -g  execution test
FAIL: gcc.dg/torture/pr25967-1.c   -Os  execution test
FAIL: gcc.dg/torture/pr68037-1.c   -O0  execution test
FAIL: gcc.dg/torture/pr68037-1.c   -O1  execution test
FAIL: gcc.dg/torture/pr68037-1.c   -O2  execution test
FAIL: gcc.dg/torture/pr68037-1.c   -O2 -flto  execution test
FAIL: gcc.dg/torture/pr68037-1.c   -O2 -flto -flto-partition=none  execution test
FAIL: gcc.dg/torture/pr68037-1.c   -O3 -g  execution test
FAIL: gcc.dg/torture/pr68037-1.c   -Os  execution test
FAIL: gcc.dg/torture/pr68037-2.c   -O0  execution test
FAIL: gcc.dg/torture/pr68037-2.c   -O1  execution test
FAIL: gcc.dg/torture/pr68037-2.c   -O2  execution test
FAIL: gcc.dg/torture/pr68037-2.c   -O2 -flto  execution test
FAIL: gcc.dg/torture/pr68037-2.c   -O2 -flto -flto-partition=none  execution test
FAIL: gcc.dg/torture/pr68037-2.c   -O3 -g  execution test
FAIL: gcc.dg/torture/pr68037-2.c   -Os  execution test
FAIL: gcc.dg/torture/pr68037-3.c   -O1  execution test
FAIL: gcc.dg/torture/pr68037-3.c   -O2  execution test
FAIL: gcc.dg/torture/pr68037-3.c   -O2 -flto  execution test
FAIL: gcc.dg/torture/pr68037-3.c   -O2 -flto -flto-partition=none  execution test
FAIL: gcc.dg/torture/pr68037-3.c   -O3 -g  execution test
FAIL: gcc.dg/torture/pr68037-3.c   -Os  execution test
FAIL: gcc.dg/torture/pr68264.c   -O0  execution test
FAIL: gcc.dg/torture/pr68264.c   -O1  execution test
FAIL: gcc.dg/torture/pr68264.c   -O2  execution test
FAIL: gcc.dg/torture/pr68264.c   -O2 -flto  execution test
FAIL: gcc.dg/torture/pr68264.c   -O2 -flto -flto-partition=none  execution test
FAIL: gcc.dg/torture/pr68264.c   -O3 -g  execution test
FAIL: gcc.dg/torture/pr68264.c   -Os  execution test
FAIL: gcc.dg/tree-prof/section-attr-1.c compilation,  -fprofile-generate -D_PROFILE_GENERATE
UNRESOLVED: gcc.dg/tree-prof/section-attr-1.c compilation,  -fprofile-use -D_PROFILE_USE
UNRESOLVED: gcc.dg/tree-prof/section-attr-1.c execution,    -fprofile-generate -D_PROFILE_GENERATE
UNRESOLVED: gcc.dg/tree-prof/section-attr-1.c execution,    -fprofile-use -D_PROFILE_USE
FAIL: gcc.dg/tree-prof/section-attr-2.c compilation,  -fprofile-generate -D_PROFILE_GENERATE
UNRESOLVED: gcc.dg/tree-prof/section-attr-2.c compilation,  -fprofile-use -D_PROFILE_USE
UNRESOLVED: gcc.dg/tree-prof/section-attr-2.c execution,    -fprofile-generate -D_PROFILE_GENERATE
UNRESOLVED: gcc.dg/tree-prof/section-attr-2.c execution,    -fprofile-use -D_PROFILE_USE
FAIL: gcc.dg/tree-prof/section-attr-3.c compilation,  -fprofile-generate -D_PROFILE_GENERATE
UNRESOLVED: gcc.dg/tree-prof/section-attr-3.c compilation,  -fprofile-use -D_PROFILE_USE
UNRESOLVED: gcc.dg/tree-prof/section-attr-3.c execution,    -fprofile-generate -D_PROFILE_GENERATE
UNRESOLVED: gcc.dg/tree-prof/section-attr-3.c execution,    -fprofile-use -D_PROFILE_USE
XPASS: gcc.dg/vect/vect-95.c -flto -ffat-lto-objects  scan-tree-dump-times vect "Alignment of access forced using peeling" 0
XPASS: gcc.dg/vect/vect-95.c scan-tree-dump-times vect "Alignment of access forced using peeling" 0
FAIL: gcc.target/i386/align-limit.c scan-assembler .p2align 6,,1
FAIL: gcc.target/i386/avx512bw-vpmovswb-1.c scan-assembler-times vpmovswb[ \\\\t]+[^{\\n]*%xmm[0-9]+[^\\n]*res1[^\\n]*{%k[1-7]}(?:\\n|[ \\\\t]+#) 1 (found 0 times)
FAIL: gcc.target/i386/avx512bw-vpmovswb-1.c scan-assembler-times vpmovswb[ \\\\t]+[^{\\n]*%ymm[0-9]+[^\\n]*res2[^\\n]*{%k[1-7]}(?:\\n|[ \\\\t]+#) 1 (found 0 times)
FAIL: gcc.target/i386/avx512bw-vpmovswb-1.c scan-assembler-times vpmovswb[ \\\\t]+[^{\\n]*%zmm[0-9]+[^\\n]*res3[^\\n]*{%k[1-7]}(?:\\n|[ \\\\t]+#) 1 (found 0 times)
FAIL: gcc.target/i386/avx512bw-vpmovuswb-1.c scan-assembler-times vpmovuswb[ \\\\t]+[^{\\n]*%xmm[0-9]+[^\\n]*res1[^\\n]*{%k[1-7]}(?:\\n|[ \\\\t]+#) 1 (found 0 times)
FAIL: gcc.target/i386/avx512bw-vpmovuswb-1.c scan-assembler-times vpmovuswb[ \\\\t]+[^{\\n]*%ymm[0-9]+[^\\n]*res2[^\\n]*{%k[1-7]}(?:\\n|[ \\\\t]+#) 1 (found 0 times)
FAIL: gcc.target/i386/avx512bw-vpmovuswb-1.c scan-assembler-times vpmovuswb[ \\\\t]+[^{\\n]*%zmm[0-9]+[^\\n]*res3[^\\n]*{%k[1-7]}(?:\\n|[ \\\\t]+#) 1 (found 0 times)
FAIL: gcc.target/i386/avx512bw-vpmovwb-1.c scan-assembler-times vpmovwb[ \\\\t]+[^{\\n]*%xmm[0-9]+[^\\n]*res1[^\\n]*{%k[1-7]}(?:\\n|[ \\\\t]+#) 1 (found 0 times)
FAIL: gcc.target/i386/avx512bw-vpmovwb-1.c scan-assembler-times vpmovwb[ \\\\t]+[^{\\n]*%ymm[0-9]+[^\\n]*res2[^\\n]*{%k[1-7]}(?:\\n|[ \\\\t]+#) 1 (found 0 times)
FAIL: gcc.target/i386/avx512bw-vpmovwb-1.c scan-assembler-times vpmovwb[ \\\\t]+[^{\\n]*%zmm[0-9]+[^\\n]*res3[^\\n]*{%k[1-7]}(?:\\n|[ \\\\t]+#) 1 (found 0 times)
FAIL: gcc.target/i386/cet-notrack-icf-1.c scan-assembler set[ \\t]+fn2,fn1
FAIL: gcc.target/i386/cet-notrack-icf-1.c scan-assembler set[ \\t]+fn3,fn1
FAIL: gcc.target/i386/cet-notrack-icf-2.c scan-assembler set[ \\t]+fn2,fn1
FAIL: gcc.target/i386/cet-notrack-icf-3.c scan-assembler set[ \\t]+fn2,fn1
FAIL: gcc.target/i386/cet-notrack-icf-3.c scan-assembler set[ \\t]+fn3,fn1
FAIL: gcc.target/i386/cet-notrack-icf-4.c scan-assembler set[ \\t]+fn3,fn1
FAIL: gcc.target/i386/cet-sjlj-3.c scan-assembler-times call\\tlongjmp 1 (found 0 times)
FAIL: gcc.target/i386/cet-sjlj-5.c scan-assembler-times call\\tlongjmp 1 (found 0 times)
FAIL: gcc.target/i386/cet-sjlj-6a.c scan-assembler-times movq\\t.*buf\\\\+12 1 (found 0 times)
FAIL: gcc.target/i386/cet-sjlj-6a.c scan-assembler-times subq\\tbuf\\\\+12 1 (found 0 times)
FAIL: gcc.target/i386/cet-sjlj-6b.c scan-assembler-times movq\\t.*buf\\\\+12 1 (found 0 times)
FAIL: gcc.target/i386/cet-sjlj-6b.c scan-assembler-times subq\\tbuf\\\\+12 1 (found 0 times)
FAIL: gcc.target/i386/fuse-caller-save-xmm.c scan-assembler-times addpd\\t\\\\.?LC0.*, %xmm0 1 (found 0 times)
FAIL: gcc.target/i386/iinline-attr-2.c scan-assembler p2align
FAIL: gcc.target/i386/memcpy-strategy-3.c scan-assembler-times memcpy 2 (found 1 times)
FAIL: gcc.target/i386/memset-strategy-1.c scan-assembler-times memset 2 (found 1 times)
FAIL: gcc.target/i386/pr24414.c (test for excess errors)
UNRESOLVED: gcc.target/i386/pr24414.c compilation failed to produce executable
FAIL: gcc.target/i386/pr32219-1.c scan-assembler movl[ \\t]xxx\\\\(%rip\\\\), %eax
FAIL: gcc.target/i386/pr32219-3.c scan-assembler movl[ \\t]xxx\\\\(%rip\\\\), %eax
FAIL: gcc.target/i386/pr32219-3.c scan-assembler-not xxx@GOTPCREL
FAIL: gcc.target/i386/pr32219-5.c scan-assembler movl[ \\t]xxx\\\\(%rip\\\\), %eax
FAIL: gcc.target/i386/pr32219-6.c scan-assembler xxx@GOTPCREL
FAIL: gcc.target/i386/pr32219-7.c scan-assembler movl[ \\t]xxx\\\\(%rip\\\\), %eax
FAIL: gcc.target/i386/pr32219-7.c scan-assembler-not xxx@GOTPCREL
FAIL: gcc.target/i386/pr39013-1.c scan-assembler bar@PLT
FAIL: gcc.target/i386/pr39013-1.c scan-assembler foo@PLT
FAIL: gcc.target/i386/pr39013-2.c scan-assembler bar@PLT
FAIL: gcc.target/i386/pr39013-2.c scan-assembler foo@PLT
FAIL: gcc.target/i386/pr49866.c (test for excess errors)
FAIL: gcc.target/i386/pr59874-3.c scan-assembler popcntw
FAIL: gcc.target/i386/pr61599-1.c (test for excess errors)
UNRESOLVED: gcc.target/i386/pr61599-1.c compilation failed to produce executable
FAIL: gcc.target/i386/pr63538.c scan-assembler movabs
FAIL: gcc.target/i386/pr77881.c scan-assembler jne[ \\t].L
FAIL: gcc.target/i386/pr77881.c scan-assembler js[ \\t].L
FAIL: gcc.target/i386/pr78035.c scan-assembler-times cmp 2 (found 3 times)
FAIL: gcc.target/i386/pr82659-3.c (test for excess errors)
UNRESOLVED: gcc.target/i386/pr82659-3.c scan-assembler-times \\\\mendbr 2
FAIL: gcc.target/i386/pr82662.c scan-assembler-times \\\\mset 12 (found 87 times)
FAIL: gcc.target/i386/ret-thunk-26.c (test for excess errors)
UNRESOLVED: gcc.target/i386/ret-thunk-26.c compilation failed to produce executable
FAIL: gcc.target/i386/stack-prot-sym.c scan-assembler gs:my_guard
FAIL: gcc.target/x86_64/abi/avx/test_m256_returning.c compilation,  -O0 
FAIL: gcc.target/x86_64/abi/avx/test_m256_returning.c compilation,  -O1 
FAIL: gcc.target/x86_64/abi/avx/test_m256_returning.c compilation,  -O2 
FAIL: gcc.target/x86_64/abi/avx/test_m256_returning.c compilation,  -O3 -g 
FAIL: gcc.target/x86_64/abi/avx/test_m256_returning.c compilation,  -Og -g 
FAIL: gcc.target/x86_64/abi/avx/test_m256_returning.c compilation,  -Os 
UNRESOLVED: gcc.target/x86_64/abi/avx/test_m256_returning.c execution,  -O0 
UNRESOLVED: gcc.target/x86_64/abi/avx/test_m256_returning.c execution,  -O1 
UNRESOLVED: gcc.target/x86_64/abi/avx/test_m256_returning.c execution,  -O2 
UNRESOLVED: gcc.target/x86_64/abi/avx/test_m256_returning.c execution,  -O3 -g 
UNRESOLVED: gcc.target/x86_64/abi/avx/test_m256_returning.c execution,  -Og -g 
UNRESOLVED: gcc.target/x86_64/abi/avx/test_m256_returning.c execution,  -Os 
FAIL: gcc.target/x86_64/abi/avx/test_passing_m256.c compilation,  -O0 
FAIL: gcc.target/x86_64/abi/avx/test_passing_m256.c compilation,  -O1 
FAIL: gcc.target/x86_64/abi/avx/test_passing_m256.c compilation,  -O2 
FAIL: gcc.target/x86_64/abi/avx/test_passing_m256.c compilation,  -O3 -fomit-frame-pointer -funroll-loops -fpeel-loops -ftracer -finline-functions 
FAIL: gcc.target/x86_64/abi/avx/test_passing_m256.c compilation,  -O3 -g 
FAIL: gcc.target/x86_64/abi/avx/test_passing_m256.c compilation,  -Og -g 
FAIL: gcc.target/x86_64/abi/avx/test_passing_m256.c compilation,  -Os 
UNRESOLVED: gcc.target/x86_64/abi/avx/test_passing_m256.c execution,  -O0 
UNRESOLVED: gcc.target/x86_64/abi/avx/test_passing_m256.c execution,  -O1 
UNRESOLVED: gcc.target/x86_64/abi/avx/test_passing_m256.c execution,  -O2 
UNRESOLVED: gcc.target/x86_64/abi/avx/test_passing_m256.c execution,  -O3 -fomit-frame-pointer -funroll-loops -fpeel-loops -ftracer -finline-functions 
UNRESOLVED: gcc.target/x86_64/abi/avx/test_passing_m256.c execution,  -O3 -g 
UNRESOLVED: gcc.target/x86_64/abi/avx/test_passing_m256.c execution,  -Og -g 
UNRESOLVED: gcc.target/x86_64/abi/avx/test_passing_m256.c execution,  -Os 
FAIL: gcc.target/x86_64/abi/avx/test_passing_structs.c compilation,  -O0 
FAIL: gcc.target/x86_64/abi/avx/test_passing_structs.c compilation,  -O1 
FAIL: gcc.target/x86_64/abi/avx/test_passing_structs.c compilation,  -O2 
FAIL: gcc.target/x86_64/abi/avx/test_passing_structs.c compilation,  -O3 -fomit-frame-pointer -funroll-loops -fpeel-loops -ftracer -finline-functions 
FAIL: gcc.target/x86_64/abi/avx/test_passing_structs.c compilation,  -O3 -g 
FAIL: gcc.target/x86_64/abi/avx/test_passing_structs.c compilation,  -Og -g 
FAIL: gcc.target/x86_64/abi/avx/test_passing_structs.c compilation,  -Os 
UNRESOLVED: gcc.target/x86_64/abi/avx/test_passing_structs.c execution,  -O0 
UNRESOLVED: gcc.target/x86_64/abi/avx/test_passing_structs.c execution,  -O1 
UNRESOLVED: gcc.target/x86_64/abi/avx/test_passing_structs.c execution,  -O2 
UNRESOLVED: gcc.target/x86_64/abi/avx/test_passing_structs.c execution,  -O3 -fomit-frame-pointer -funroll-loops -fpeel-loops -ftracer -finline-functions 
UNRESOLVED: gcc.target/x86_64/abi/avx/test_passing_structs.c execution,  -O3 -g 
UNRESOLVED: gcc.target/x86_64/abi/avx/test_passing_structs.c execution,  -Og -g 
UNRESOLVED: gcc.target/x86_64/abi/avx/test_passing_structs.c execution,  -Os 
FAIL: gcc.target/x86_64/abi/avx/test_passing_unions.c compilation,  -O0 
FAIL: gcc.target/x86_64/abi/avx/test_passing_unions.c compilation,  -O1 
FAIL: gcc.target/x86_64/abi/avx/test_passing_unions.c compilation,  -O2 
FAIL: gcc.target/x86_64/abi/avx/test_passing_unions.c compilation,  -O3 -fomit-frame-pointer -funroll-loops -fpeel-loops -ftracer -finline-functions 
FAIL: gcc.target/x86_64/abi/avx/test_passing_unions.c compilation,  -O3 -g 
FAIL: gcc.target/x86_64/abi/avx/test_passing_unions.c compilation,  -Og -g 
FAIL: gcc.target/x86_64/abi/avx/test_passing_unions.c compilation,  -Os 
UNRESOLVED: gcc.target/x86_64/abi/avx/test_passing_unions.c execution,  -O0 
UNRESOLVED: gcc.target/x86_64/abi/avx/test_passing_unions.c execution,  -O1 
UNRESOLVED: gcc.target/x86_64/abi/avx/test_passing_unions.c execution,  -O2 
UNRESOLVED: gcc.target/x86_64/abi/avx/test_passing_unions.c execution,  -O3 -fomit-frame-pointer -funroll-loops -fpeel-loops -ftracer -finline-functions 
UNRESOLVED: gcc.target/x86_64/abi/avx/test_passing_unions.c execution,  -O3 -g 
UNRESOLVED: gcc.target/x86_64/abi/avx/test_passing_unions.c execution,  -Og -g 
UNRESOLVED: gcc.target/x86_64/abi/avx/test_passing_unions.c execution,  -Os 

		=== gcc Summary for unix/-m64 ===

# of expected passes		123583
# of unexpected failures	179
# of unexpected successes	2
# of expected failures		388
# of unresolved testcases	57
# of unsupported tests		3746

		=== gcc Summary ===

# of expected passes		245453
# of unexpected failures	349
# of unexpected successes	11
# of expected failures		786
# of unresolved testcases	86
# of unsupported tests		7622
/opt/gcc/build_c/gcc/xgcc  version 8.0.1 20180302 (experimental) [trunk revision 258146] (GCC) 

		=== gfortran tests ===


Running target unix/-m32

		=== gfortran Summary for unix/-m32 ===

# of expected passes		46764
# of expected failures		92
# of unsupported tests		177

Running target unix/-m64

		=== gfortran Summary for unix/-m64 ===

# of expected passes		46981
# of expected failures		92
# of unsupported tests		74

		=== gfortran Summary ===

# of expected passes		93745
# of expected failures		184
# of unsupported tests		251
/opt/gcc/build_c/gcc/gfortran  version 8.0.1 20180302 (experimental) [trunk revision 258146] (GCC) 

		=== gnat tests ===


Running target unix/-m32

		=== gnat Summary for unix/-m32 ===

# of expected passes		2689
# of expected failures		23
# of unsupported tests		7

Running target unix/-m64

		=== gnat Summary for unix/-m64 ===

# of expected passes		2689
# of expected failures		23
# of unsupported tests		7

		=== gnat Summary ===

# of expected passes		5378
# of expected failures		46
# of unsupported tests		14
/opt/gcc/build_c/gcc/gnatmake version 8.0.1 20180302 (experimental) [trunk revision 258146]

		=== obj-c++ tests ===


Running target unix/-m32
FAIL: obj-c++.dg/qual-types-1.mm -fgnu-runtime (test for excess errors)
FAIL: obj-c++.dg/cxx-ivars-3.mm -fnext-runtime (test for excess errors)
FAIL: obj-c++.dg/cxx-ivars-3.mm -fnext-runtime execution test
FAIL: obj-c++.dg/gnu-api-2-objc.mm -fnext-runtime execution test
FAIL: obj-c++.dg/objc-gc-3.mm -fnext-runtime (test for excess errors)
FAIL: obj-c++.dg/stubify-1.mm -fnext-runtime (test for excess errors)
FAIL: obj-c++.dg/stubify-2.mm -fnext-runtime (test for excess errors)
FAIL: obj-c++.dg/stubify-2.mm -fnext-runtime  scan-rtl-dump-not jump "symbol_ref.*"objc_msgSend""
FAIL: obj-c++.dg/try-catch-1.mm -fnext-runtime (test for excess errors)
FAIL: obj-c++.dg/try-catch-3.mm -fnext-runtime (test for excess errors)
FAIL: obj-c++.dg/plugin/diagnostic-test-expressions-1.mm -fplugin=./diagnostic_plugin_test_tree_expression_range.so  (test for warnings, line 60)
FAIL: obj-c++.dg/plugin/diagnostic-test-expressions-1.mm -fplugin=./diagnostic_plugin_test_tree_expression_range.so  expected multiline pattern lines 62-63 not found: "   __emit_expression_range \\( 0, @selector\\(func0\\) \\);.*\\n                                \\^~~~~~~~~~~~~~~~\\n"
FAIL: obj-c++.dg/plugin/diagnostic-test-expressions-1.mm -fplugin=./diagnostic_plugin_test_tree_expression_range.so (test for excess errors)

		=== obj-c++ Summary for unix/-m32 ===

# of expected passes		3130
# of unexpected failures	13
# of expected failures		2
# of unsupported tests		62

Running target unix/-m64
FAIL: obj-c++.dg/qual-types-1.mm -fgnu-runtime (test for excess errors)
FAIL: obj-c++.dg/bitfield-2.mm -fnext-runtime execution test
FAIL: obj-c++.dg/cxx-ivars-3.mm -fnext-runtime (test for excess errors)
FAIL: obj-c++.dg/gnu-api-2-objc.mm -fnext-runtime execution test
FAIL: obj-c++.dg/isa-field-1.mm -fnext-runtime (test for excess errors)
FAIL: obj-c++.dg/objc-gc-3.mm -fnext-runtime (test for excess errors)
FAIL: obj-c++.dg/try-catch-2.mm -fnext-runtime execution test
FAIL: obj-c++.dg/try-catch-9.mm -fnext-runtime execution test
FAIL: obj-c++.dg/plugin/diagnostic-test-expressions-1.mm -fplugin=./diagnostic_plugin_test_tree_expression_range.so  (test for warnings, line 60)
FAIL: obj-c++.dg/plugin/diagnostic-test-expressions-1.mm -fplugin=./diagnostic_plugin_test_tree_expression_range.so  (test for warnings, line 68)
FAIL: obj-c++.dg/plugin/diagnostic-test-expressions-1.mm -fplugin=./diagnostic_plugin_test_tree_expression_range.so  expected multiline pattern lines 62-63 not found: "   __emit_expression_range \\( 0, @selector\\(func0\\) \\);.*\\n                                \\^~~~~~~~~~~~~~~~\\n"
FAIL: obj-c++.dg/plugin/diagnostic-test-expressions-1.mm -fplugin=./diagnostic_plugin_test_tree_expression_range.so  expected multiline pattern lines 70-71 not found: "   __emit_expression_range \\( 0, @protocol\\(prot\\) \\);.*\\n                                \\^~~~~~~~~~~~~~~\\n"
FAIL: obj-c++.dg/plugin/diagnostic-test-expressions-1.mm -fplugin=./diagnostic_plugin_test_tree_expression_range.so (test for excess errors)
FAIL: obj-c++.dg/property/synthesize-10.mm -fnext-runtime execution test

		=== obj-c++ Summary for unix/-m64 ===

# of expected passes		3070
# of unexpected failures	14
# of expected failures		19
# of unsupported tests		68

		=== obj-c++ Summary ===

# of expected passes		6200
# of unexpected failures	27
# of expected failures		21
# of unsupported tests		130
/opt/gcc/build_c/gcc/xg++  version 8.0.1 20180302 (experimental) [trunk revision 258146] (GCC) 

		=== objc tests ===


Running target unix/-m32
FAIL: objc.dg/call-super-2.m -fnext-runtime  (test for warnings, line 104)
FAIL: objc.dg/call-super-2.m -fnext-runtime  (test for warnings, line 74)
FAIL: objc.dg/gnu-api-2-objc.m -fnext-runtime execution test
FAIL: objc.dg/ivar-scope-4.m -fnext-runtime execution test
FAIL: objc.dg/objc-gc-4.m -fnext-runtime (test for excess errors)
FAIL: objc.dg/plugin/diagnostic-test-expressions-1.m -fplugin=./diagnostic_plugin_test_tree_expression_range.so  (test for warnings, line 60)
FAIL: objc.dg/plugin/diagnostic-test-expressions-1.m -fplugin=./diagnostic_plugin_test_tree_expression_range.so  expected multiline pattern lines 62-63 not found: "   __emit_expression_range \\( 0, @selector\\(func0\\) \\);.*\\n                                \\^~~~~~~~~~~~~~~~\\n"
FAIL: objc.dg/plugin/diagnostic-test-expressions-1.m -fplugin=./diagnostic_plugin_test_tree_expression_range.so (test for excess errors)
FAIL: objc.dg/torture/forward-1.m   -O2  -fgnu-runtime (test for excess errors)
UNRESOLVED: objc.dg/torture/forward-1.m   -O2  -fgnu-runtime compilation failed to produce executable
FAIL: objc.dg/torture/forward-1.m   -O2  -fnext-runtime (test for excess errors)
UNRESOLVED: objc.dg/torture/forward-1.m   -O2  -fnext-runtime compilation failed to produce executable
FAIL: objc.dg/torture/forward-1.m   -O2 -flto  -fgnu-runtime (test for excess errors)
UNRESOLVED: objc.dg/torture/forward-1.m   -O2 -flto  -fgnu-runtime compilation failed to produce executable
FAIL: objc.dg/torture/forward-1.m   -O2 -flto  -fnext-runtime (test for excess errors)
UNRESOLVED: objc.dg/torture/forward-1.m   -O2 -flto  -fnext-runtime compilation failed to produce executable
FAIL: objc.dg/torture/forward-1.m   -O2 -flto -flto-partition=none  -fgnu-runtime (test for excess errors)
UNRESOLVED: objc.dg/torture/forward-1.m   -O2 -flto -flto-partition=none  -fgnu-runtime compilation failed to produce executable
FAIL: objc.dg/torture/forward-1.m   -O2 -flto -flto-partition=none  -fnext-runtime (test for excess errors)
UNRESOLVED: objc.dg/torture/forward-1.m   -O2 -flto -flto-partition=none  -fnext-runtime compilation failed to produce executable
FAIL: objc.dg/torture/forward-1.m   -O3 -fomit-frame-pointer -funroll-loops -fpeel-loops -ftracer -finline-functions  -fgnu-runtime (test for excess errors)
UNRESOLVED: objc.dg/torture/forward-1.m   -O3 -fomit-frame-pointer -funroll-loops -fpeel-loops -ftracer -finline-functions  -fgnu-runtime compilation failed to produce executable
FAIL: objc.dg/torture/forward-1.m   -O3 -fomit-frame-pointer -funroll-loops -fpeel-loops -ftracer -finline-functions  -fnext-runtime (test for excess errors)
UNRESOLVED: objc.dg/torture/forward-1.m   -O3 -fomit-frame-pointer -funroll-loops -fpeel-loops -ftracer -finline-functions  -fnext-runtime compilation failed to produce executable
FAIL: objc.dg/torture/forward-1.m   -O3 -g  -fgnu-runtime (test for excess errors)
UNRESOLVED: objc.dg/torture/forward-1.m   -O3 -g  -fgnu-runtime compilation failed to produce executable
FAIL: objc.dg/torture/forward-1.m   -O3 -g  -fnext-runtime (test for excess errors)
UNRESOLVED: objc.dg/torture/forward-1.m   -O3 -g  -fnext-runtime compilation failed to produce executable
FAIL: objc/execute/cascading-1.m compilation,  -O2 -fgnu-runtime
FAIL: objc/execute/cascading-1.m compilation,  -O2 -fnext-runtime
FAIL: objc/execute/cascading-1.m compilation,  -O3 -g -fgnu-runtime
FAIL: objc/execute/cascading-1.m compilation,  -O3 -g -fnext-runtime
UNRESOLVED: objc/execute/cascading-1.m execution,  -O2 -fgnu-runtime
UNRESOLVED: objc/execute/cascading-1.m execution,  -O2 -fnext-runtime
UNRESOLVED: objc/execute/cascading-1.m execution,  -O3 -g -fgnu-runtime
UNRESOLVED: objc/execute/cascading-1.m execution,  -O3 -g -fnext-runtime
FAIL: objc/execute/class_self-1.m compilation,  -O2 -fgnu-runtime
FAIL: objc/execute/class_self-1.m compilation,  -O2 -fnext-runtime
FAIL: objc/execute/class_self-1.m compilation,  -O3 -g -fgnu-runtime
FAIL: objc/execute/class_self-1.m compilation,  -O3 -g -fnext-runtime
UNRESOLVED: objc/execute/class_self-1.m execution,  -O2 -fgnu-runtime
UNRESOLVED: objc/execute/class_self-1.m execution,  -O2 -fnext-runtime
UNRESOLVED: objc/execute/class_self-1.m execution,  -O3 -g -fgnu-runtime
UNRESOLVED: objc/execute/class_self-1.m execution,  -O3 -g -fnext-runtime
FAIL: objc/execute/class_self-2.m compilation,  -O2 -fgnu-runtime
FAIL: objc/execute/class_self-2.m compilation,  -O2 -fnext-runtime
FAIL: objc/execute/class_self-2.m compilation,  -O3 -g -fgnu-runtime
FAIL: objc/execute/class_self-2.m compilation,  -O3 -g -fnext-runtime
UNRESOLVED: objc/execute/class_self-2.m execution,  -O2 -fgnu-runtime
UNRESOLVED: objc/execute/class_self-2.m execution,  -O2 -fnext-runtime
UNRESOLVED: objc/execute/class_self-2.m execution,  -O3 -g -fgnu-runtime
UNRESOLVED: objc/execute/class_self-2.m execution,  -O3 -g -fnext-runtime
FAIL: objc/execute/function-message-1.m compilation,  -O2 -fgnu-runtime
FAIL: objc/execute/function-message-1.m compilation,  -O2 -fnext-runtime
FAIL: objc/execute/function-message-1.m compilation,  -O3 -g -fgnu-runtime
FAIL: objc/execute/function-message-1.m compilation,  -O3 -g -fnext-runtime
UNRESOLVED: objc/execute/function-message-1.m execution,  -O2 -fgnu-runtime
UNRESOLVED: objc/execute/function-message-1.m execution,  -O2 -fnext-runtime
UNRESOLVED: objc/execute/function-message-1.m execution,  -O3 -g -fgnu-runtime
UNRESOLVED: objc/execute/function-message-1.m execution,  -O3 -g -fnext-runtime

		=== objc Summary for unix/-m32 ===

# of expected passes		5622
# of unexpected failures	34
# of expected failures		6
# of unresolved testcases	26
# of unsupported tests		81

Running target unix/-m64
FAIL: objc.dg/call-super-2.m -fnext-runtime  (test for warnings, line 104)
FAIL: objc.dg/call-super-2.m -fnext-runtime  (test for warnings, line 74)
FAIL: objc.dg/category-1.m -fnext-runtime execution test
FAIL: objc.dg/exceptions-2.m -fnext-runtime execution test
FAIL: objc.dg/gnu-api-2-objc.m -fnext-runtime execution test
FAIL: objc.dg/isa-field-1.m -fnext-runtime (test for excess errors)
FAIL: objc.dg/objc-gc-4.m -fnext-runtime (test for excess errors)
FAIL: objc.dg/super-class-3.m -fnext-runtime execution test
FAIL: objc.dg/plugin/diagnostic-test-expressions-1.m -fplugin=./diagnostic_plugin_test_tree_expression_range.so  (test for warnings, line 60)
FAIL: objc.dg/plugin/diagnostic-test-expressions-1.m -fplugin=./diagnostic_plugin_test_tree_expression_range.so  (test for warnings, line 68)
FAIL: objc.dg/plugin/diagnostic-test-expressions-1.m -fplugin=./diagnostic_plugin_test_tree_expression_range.so  expected multiline pattern lines 62-63 not found: "   __emit_expression_range \\( 0, @selector\\(func0\\) \\);.*\\n                                \\^~~~~~~~~~~~~~~~\\n"
FAIL: objc.dg/plugin/diagnostic-test-expressions-1.m -fplugin=./diagnostic_plugin_test_tree_expression_range.so  expected multiline pattern lines 70-71 not found: "   __emit_expression_range \\( 0, @protocol\\(prot\\) \\);.*\\n                                ~~~~~~~~~~~~~~~\\n"
FAIL: objc.dg/plugin/diagnostic-test-expressions-1.m -fplugin=./diagnostic_plugin_test_tree_expression_range.so (test for excess errors)
FAIL: objc.dg/torture/forward-1.m   -O0  -fnext-runtime execution test
FAIL: objc.dg/torture/forward-1.m   -O1  -fnext-runtime execution test
FAIL: objc.dg/torture/forward-1.m   -O2  -fgnu-runtime (test for excess errors)
UNRESOLVED: objc.dg/torture/forward-1.m   -O2  -fgnu-runtime compilation failed to produce executable
FAIL: objc.dg/torture/forward-1.m   -O2  -fnext-runtime (test for excess errors)
UNRESOLVED: objc.dg/torture/forward-1.m   -O2  -fnext-runtime compilation failed to produce executable
FAIL: objc.dg/torture/forward-1.m   -O2 -flto  -fgnu-runtime (test for excess errors)
UNRESOLVED: objc.dg/torture/forward-1.m   -O2 -flto  -fgnu-runtime compilation failed to produce executable
FAIL: objc.dg/torture/forward-1.m   -O2 -flto  -fnext-runtime (test for excess errors)
UNRESOLVED: objc.dg/torture/forward-1.m   -O2 -flto  -fnext-runtime compilation failed to produce executable
FAIL: objc.dg/torture/forward-1.m   -O2 -flto -flto-partition=none  -fgnu-runtime (test for excess errors)
UNRESOLVED: objc.dg/torture/forward-1.m   -O2 -flto -flto-partition=none  -fgnu-runtime compilation failed to produce executable
FAIL: objc.dg/torture/forward-1.m   -O2 -flto -flto-partition=none  -fnext-runtime (test for excess errors)
UNRESOLVED: objc.dg/torture/forward-1.m   -O2 -flto -flto-partition=none  -fnext-runtime compilation failed to produce executable
FAIL: objc.dg/torture/forward-1.m   -O3 -fomit-frame-pointer -funroll-loops -fpeel-loops -ftracer -finline-functions  -fgnu-runtime (test for excess errors)
UNRESOLVED: objc.dg/torture/forward-1.m   -O3 -fomit-frame-pointer -funroll-loops -fpeel-loops -ftracer -finline-functions  -fgnu-runtime compilation failed to produce executable
FAIL: objc.dg/torture/forward-1.m   -O3 -fomit-frame-pointer -funroll-loops -fpeel-loops -ftracer -finline-functions  -fnext-runtime (test for excess errors)
UNRESOLVED: objc.dg/torture/forward-1.m   -O3 -fomit-frame-pointer -funroll-loops -fpeel-loops -ftracer -finline-functions  -fnext-runtime compilation failed to produce executable
FAIL: objc.dg/torture/forward-1.m   -O3 -g  -fgnu-runtime (test for excess errors)
UNRESOLVED: objc.dg/torture/forward-1.m   -O3 -g  -fgnu-runtime compilation failed to produce executable
FAIL: objc.dg/torture/forward-1.m   -O3 -g  -fnext-runtime (test for excess errors)
UNRESOLVED: objc.dg/torture/forward-1.m   -O3 -g  -fnext-runtime compilation failed to produce executable
FAIL: objc.dg/torture/forward-1.m   -Os  -fnext-runtime execution test
FAIL: objc/execute/cascading-1.m compilation,  -O2 -fgnu-runtime
FAIL: objc/execute/cascading-1.m compilation,  -O2 -fnext-runtime
FAIL: objc/execute/cascading-1.m compilation,  -O3 -g -fgnu-runtime
FAIL: objc/execute/cascading-1.m compilation,  -O3 -g -fnext-runtime
UNRESOLVED: objc/execute/cascading-1.m execution,  -O2 -fgnu-runtime
UNRESOLVED: objc/execute/cascading-1.m execution,  -O2 -fnext-runtime
UNRESOLVED: objc/execute/cascading-1.m execution,  -O3 -g -fgnu-runtime
UNRESOLVED: objc/execute/cascading-1.m execution,  -O3 -g -fnext-runtime
FAIL: objc/execute/class_self-1.m compilation,  -O2 -fgnu-runtime
FAIL: objc/execute/class_self-1.m compilation,  -O2 -fnext-runtime
FAIL: objc/execute/class_self-1.m compilation,  -O3 -g -fgnu-runtime
FAIL: objc/execute/class_self-1.m compilation,  -O3 -g -fnext-runtime
UNRESOLVED: objc/execute/class_self-1.m execution,  -O2 -fgnu-runtime
UNRESOLVED: objc/execute/class_self-1.m execution,  -O2 -fnext-runtime
UNRESOLVED: objc/execute/class_self-1.m execution,  -O3 -g -fgnu-runtime
UNRESOLVED: objc/execute/class_self-1.m execution,  -O3 -g -fnext-runtime
FAIL: objc/execute/class_self-2.m compilation,  -O2 -fgnu-runtime
FAIL: objc/execute/class_self-2.m compilation,  -O2 -fnext-runtime
FAIL: objc/execute/class_self-2.m compilation,  -O3 -g -fgnu-runtime
FAIL: objc/execute/class_self-2.m compilation,  -O3 -g -fnext-runtime
UNRESOLVED: objc/execute/class_self-2.m execution,  -O2 -fgnu-runtime
UNRESOLVED: objc/execute/class_self-2.m execution,  -O2 -fnext-runtime
UNRESOLVED: objc/execute/class_self-2.m execution,  -O3 -g -fgnu-runtime
UNRESOLVED: objc/execute/class_self-2.m execution,  -O3 -g -fnext-runtime
FAIL: objc/execute/function-message-1.m compilation,  -O2 -fgnu-runtime
FAIL: objc/execute/function-message-1.m compilation,  -O2 -fnext-runtime
FAIL: objc/execute/function-message-1.m compilation,  -O3 -g -fgnu-runtime
FAIL: objc/execute/function-message-1.m compilation,  -O3 -g -fnext-runtime
UNRESOLVED: objc/execute/function-message-1.m execution,  -O2 -fgnu-runtime
UNRESOLVED: objc/execute/function-message-1.m execution,  -O2 -fnext-runtime
UNRESOLVED: objc/execute/function-message-1.m execution,  -O3 -g -fgnu-runtime
UNRESOLVED: objc/execute/function-message-1.m execution,  -O3 -g -fnext-runtime

		=== objc Summary for unix/-m64 ===

# of expected passes		5480
# of unexpected failures	42
# of expected failures		6
# of unresolved testcases	26
# of unsupported tests		87

		=== objc Summary ===

# of expected passes		11102
# of unexpected failures	76
# of expected failures		12
# of unresolved testcases	52
# of unsupported tests		168
/opt/gcc/build_c/gcc/xgcc  version 8.0.1 20180302 (experimental) [trunk revision 258146] (GCC) 

		=== libatomic tests ===


Running target unix/-m32

		=== libatomic Summary for unix/-m32 ===

# of expected passes		44
# of unsupported tests		5

Running target unix/-m64

		=== libatomic Summary for unix/-m64 ===

# of expected passes		54

		=== libatomic Summary ===

# of expected passes		98
# of unsupported tests		5
		=== libgomp tests ===


Running target unix/-m32

		=== libgomp Summary for unix/-m32 ===

# of expected passes		5329
# of unsupported tests		352

Running target unix/-m64

		=== libgomp Summary for unix/-m64 ===

# of expected passes		5329
# of unsupported tests		352

		=== libgomp Summary ===

# of expected passes		10658
# of unsupported tests		704
		=== libitm tests ===


Running target unix/-m32

		=== libitm Summary for unix/-m32 ===

# of expected passes		40
# of expected failures		3
# of unsupported tests		2

Running target unix/-m64

		=== libitm Summary for unix/-m64 ===

# of expected passes		40
# of expected failures		3
# of unsupported tests		2

		=== libitm Summary ===

# of expected passes		80
# of expected failures		6
# of unsupported tests		4
		=== libstdc++ tests ===


Running target unix/-m32
FAIL: 30_threads/thread/native_handle/typesizes.cc execution test

		=== libstdc++ Summary for unix/-m32 ===

# of expected passes		11218
# of unexpected failures	1
# of expected failures		71
# of unsupported tests		672

Running target unix/-m64
FAIL: 27_io/filesystem/operations/last_write_time.cc execution test
FAIL: 30_threads/thread/native_handle/typesizes.cc execution test
FAIL: experimental/filesystem/operations/last_write_time.cc execution test

		=== libstdc++ Summary for unix/-m64 ===

# of expected passes		11214
# of unexpected failures	3
# of expected failures		71
# of unsupported tests		673

		=== libstdc++ Summary ===

# of expected passes		22432
# of unexpected failures	4
# of expected failures		142
# of unsupported tests		1345

Compiler version: 8.0.1 20180302 (experimental) [trunk revision 258146] (GCC) 
Platform: x86_64-apple-darwin17.4.0
configure flags: --prefix=/opt/gcc/gcc8c --enable-languages=c,c++,fortran,objc,obj-c++,ada,lto --with-gmp=/opt/mp-new --with-system-zlib --with-isl=/opt/mp-new --enable-lto --enable-plugin



More information about the Gcc-testresults mailing list