Results for 9.0.0 20180627 (experimental) [trunk revision 262183] (GCC) testsuite on powerpc-ibm-aix7.2.0.0
David Edelsohn
edelsohn@p824aix.watson.ibm.com
Wed Jun 27 18:50:00 GMT 2018
LAST_UPDATED: Wed Jun 27 13:12:18 UTC 2018 (revision 262183)
Native configuration is powerpc-ibm-aix7.2.0.0
=== g++ tests ===
Running target unix
UNRESOLVED: g++.dg/bprob/g++-bprob-1.C compilation, -O0 -fbranch-probabilities
FAIL: g++.dg/bprob/g++-bprob-1.C compilation, -O0 -fprofile-arcs
UNRESOLVED: g++.dg/bprob/g++-bprob-1.C compilation, -O1 -fbranch-probabilities
FAIL: g++.dg/bprob/g++-bprob-1.C compilation, -O1 -fprofile-arcs
UNRESOLVED: g++.dg/bprob/g++-bprob-1.C compilation, -O2 -fbranch-probabilities
FAIL: g++.dg/bprob/g++-bprob-1.C compilation, -O2 -fprofile-arcs
UNRESOLVED: g++.dg/bprob/g++-bprob-1.C compilation, -O3 -fbranch-probabilities
FAIL: g++.dg/bprob/g++-bprob-1.C compilation, -O3 -fprofile-arcs
UNRESOLVED: g++.dg/bprob/g++-bprob-1.C compilation, -O3 -g -fbranch-probabilities
FAIL: g++.dg/bprob/g++-bprob-1.C compilation, -O3 -g -fprofile-arcs
UNRESOLVED: g++.dg/bprob/g++-bprob-1.C compilation, -Os -fbranch-probabilities
FAIL: g++.dg/bprob/g++-bprob-1.C compilation, -Os -fprofile-arcs
UNRESOLVED: g++.dg/bprob/g++-bprob-1.C compilation, -g -fbranch-probabilities
FAIL: g++.dg/bprob/g++-bprob-1.C compilation, -g -fprofile-arcs
UNRESOLVED: g++.dg/bprob/g++-bprob-1.C execution, -O0 -fbranch-probabilities
UNRESOLVED: g++.dg/bprob/g++-bprob-1.C execution, -O0 -fprofile-arcs
UNRESOLVED: g++.dg/bprob/g++-bprob-1.C execution, -O1 -fbranch-probabilities
UNRESOLVED: g++.dg/bprob/g++-bprob-1.C execution, -O1 -fprofile-arcs
UNRESOLVED: g++.dg/bprob/g++-bprob-1.C execution, -O2 -fbranch-probabilities
UNRESOLVED: g++.dg/bprob/g++-bprob-1.C execution, -O2 -fprofile-arcs
UNRESOLVED: g++.dg/bprob/g++-bprob-1.C execution, -O3 -fbranch-probabilities
UNRESOLVED: g++.dg/bprob/g++-bprob-1.C execution, -O3 -fprofile-arcs
UNRESOLVED: g++.dg/bprob/g++-bprob-1.C execution, -O3 -g -fbranch-probabilities
UNRESOLVED: g++.dg/bprob/g++-bprob-1.C execution, -O3 -g -fprofile-arcs
UNRESOLVED: g++.dg/bprob/g++-bprob-1.C execution, -Os -fbranch-probabilities
UNRESOLVED: g++.dg/bprob/g++-bprob-1.C execution, -Os -fprofile-arcs
UNRESOLVED: g++.dg/bprob/g++-bprob-1.C execution, -g -fbranch-probabilities
UNRESOLVED: g++.dg/bprob/g++-bprob-1.C execution, -g -fprofile-arcs
UNRESOLVED: g++.dg/bprob/g++-bprob-2.C compilation, -O0 -fbranch-probabilities
FAIL: g++.dg/bprob/g++-bprob-2.C compilation, -O0 -fprofile-arcs
UNRESOLVED: g++.dg/bprob/g++-bprob-2.C compilation, -O1 -fbranch-probabilities
FAIL: g++.dg/bprob/g++-bprob-2.C compilation, -O1 -fprofile-arcs
UNRESOLVED: g++.dg/bprob/g++-bprob-2.C compilation, -O2 -fbranch-probabilities
FAIL: g++.dg/bprob/g++-bprob-2.C compilation, -O2 -fprofile-arcs
UNRESOLVED: g++.dg/bprob/g++-bprob-2.C compilation, -O3 -fbranch-probabilities
FAIL: g++.dg/bprob/g++-bprob-2.C compilation, -O3 -fprofile-arcs
UNRESOLVED: g++.dg/bprob/g++-bprob-2.C compilation, -O3 -g -fbranch-probabilities
FAIL: g++.dg/bprob/g++-bprob-2.C compilation, -O3 -g -fprofile-arcs
UNRESOLVED: g++.dg/bprob/g++-bprob-2.C compilation, -Os -fbranch-probabilities
FAIL: g++.dg/bprob/g++-bprob-2.C compilation, -Os -fprofile-arcs
UNRESOLVED: g++.dg/bprob/g++-bprob-2.C compilation, -g -fbranch-probabilities
FAIL: g++.dg/bprob/g++-bprob-2.C compilation, -g -fprofile-arcs
UNRESOLVED: g++.dg/bprob/g++-bprob-2.C execution, -O0 -fbranch-probabilities
UNRESOLVED: g++.dg/bprob/g++-bprob-2.C execution, -O0 -fprofile-arcs
UNRESOLVED: g++.dg/bprob/g++-bprob-2.C execution, -O1 -fbranch-probabilities
UNRESOLVED: g++.dg/bprob/g++-bprob-2.C execution, -O1 -fprofile-arcs
UNRESOLVED: g++.dg/bprob/g++-bprob-2.C execution, -O2 -fbranch-probabilities
UNRESOLVED: g++.dg/bprob/g++-bprob-2.C execution, -O2 -fprofile-arcs
UNRESOLVED: g++.dg/bprob/g++-bprob-2.C execution, -O3 -fbranch-probabilities
UNRESOLVED: g++.dg/bprob/g++-bprob-2.C execution, -O3 -fprofile-arcs
UNRESOLVED: g++.dg/bprob/g++-bprob-2.C execution, -O3 -g -fbranch-probabilities
UNRESOLVED: g++.dg/bprob/g++-bprob-2.C execution, -O3 -g -fprofile-arcs
UNRESOLVED: g++.dg/bprob/g++-bprob-2.C execution, -Os -fbranch-probabilities
UNRESOLVED: g++.dg/bprob/g++-bprob-2.C execution, -Os -fprofile-arcs
UNRESOLVED: g++.dg/bprob/g++-bprob-2.C execution, -g -fbranch-probabilities
UNRESOLVED: g++.dg/bprob/g++-bprob-2.C execution, -g -fprofile-arcs
FAIL: g++.dg/compat/eh/new1 cp_compat_x_tst.o-cp_compat_y_tst.o execute
XPASS: g++.dg/debug/pr56294.C -gdwarf-2 (test for excess errors)
XPASS: g++.dg/debug/pr56294.C -gdwarf-2 -g1 (test for excess errors)
XPASS: g++.dg/debug/pr56294.C -gdwarf-2 -g3 (test for excess errors)
XPASS: g++.dg/debug/pr56294.C -gxcoff (test for excess errors)
XPASS: g++.dg/debug/pr56294.C -gxcoff+ (test for excess errors)
XPASS: g++.dg/debug/pr56294.C -gxcoff+1 (test for excess errors)
XPASS: g++.dg/debug/pr56294.C -gxcoff+3 (test for excess errors)
XPASS: g++.dg/debug/pr56294.C -gxcoff1 (test for excess errors)
XPASS: g++.dg/debug/pr56294.C -gxcoff3 (test for excess errors)
XPASS: g++.dg/debug/pr56819.C -gdwarf-2 (test for excess errors)
XPASS: g++.dg/debug/pr56819.C -gdwarf-2 -g1 (test for excess errors)
XPASS: g++.dg/debug/pr56819.C -gdwarf-2 -g3 (test for excess errors)
XPASS: g++.dg/debug/pr56819.C -gxcoff (test for excess errors)
XPASS: g++.dg/debug/pr56819.C -gxcoff+ (test for excess errors)
XPASS: g++.dg/debug/pr56819.C -gxcoff+1 (test for excess errors)
XPASS: g++.dg/debug/pr56819.C -gxcoff+3 (test for excess errors)
XPASS: g++.dg/debug/pr56819.C -gxcoff1 (test for excess errors)
XPASS: g++.dg/debug/pr56819.C -gxcoff3 (test for excess errors)
XPASS: g++.dg/debug/dwarf2/align-1.C -std=gnu++11 scan-assembler-times DW_AT_alignment 1
XPASS: g++.dg/debug/dwarf2/align-1.C -std=gnu++14 scan-assembler-times DW_AT_alignment 1
XPASS: g++.dg/debug/dwarf2/align-1.C -std=gnu++98 scan-assembler-times DW_AT_alignment 1
XPASS: g++.dg/debug/dwarf2/align-2.C -std=gnu++11 scan-assembler-times DW_AT_alignment 1
XPASS: g++.dg/debug/dwarf2/align-2.C -std=gnu++14 scan-assembler-times DW_AT_alignment 1
XPASS: g++.dg/debug/dwarf2/align-2.C -std=gnu++98 scan-assembler-times DW_AT_alignment 1
XPASS: g++.dg/debug/dwarf2/align-3.C -std=gnu++11 scan-assembler-times DW_AT_alignment 1
XPASS: g++.dg/debug/dwarf2/align-3.C -std=gnu++14 scan-assembler-times DW_AT_alignment 1
XPASS: g++.dg/debug/dwarf2/align-3.C -std=gnu++98 scan-assembler-times DW_AT_alignment 1
XPASS: g++.dg/debug/dwarf2/align-4.C -std=gnu++11 scan-assembler-times DW_AT_alignment 2
XPASS: g++.dg/debug/dwarf2/align-4.C -std=gnu++14 scan-assembler-times DW_AT_alignment 2
XPASS: g++.dg/debug/dwarf2/align-4.C -std=gnu++98 scan-assembler-times DW_AT_alignment 2
XPASS: g++.dg/debug/dwarf2/align-5.C -std=gnu++11 scan-assembler-times DW_AT_alignment 1
XPASS: g++.dg/debug/dwarf2/align-5.C -std=gnu++14 scan-assembler-times DW_AT_alignment 1
XPASS: g++.dg/debug/dwarf2/align-5.C -std=gnu++98 scan-assembler-times DW_AT_alignment 1
XPASS: g++.dg/debug/dwarf2/align-6.C -std=gnu++11 scan-assembler-times DW_AT_alignment 1
XPASS: g++.dg/debug/dwarf2/align-6.C -std=gnu++14 scan-assembler-times DW_AT_alignment 1
XPASS: g++.dg/debug/dwarf2/align-6.C -std=gnu++98 scan-assembler-times DW_AT_alignment 1
XPASS: g++.dg/debug/dwarf2/constexpr-var-1.C scan-assembler-times DW_AT_const_expr 2
XPASS: g++.dg/debug/dwarf2/defaulted-member-function-1.C scan-assembler-times 0x1[ \\t][^\\n]* DW_AT_defaulted 1
XPASS: g++.dg/debug/dwarf2/defaulted-member-function-2.C scan-assembler-times 0x2[ \\t][^\\n]* DW_AT_defaulted 1
XPASS: g++.dg/debug/dwarf2/defaulted-member-function-3.C scan-assembler-not DW_AT_defaulted
XPASS: g++.dg/debug/dwarf2/deleted-member-function.C scan-assembler-times DW_AT_deleted 2
XPASS: g++.dg/debug/dwarf2/inline-var-1.C scan-assembler-times DW_AT_[^\\n\\r]*linkage_name 7
XPASS: g++.dg/debug/dwarf2/inline-var-1.C scan-assembler-times DW_AT_declaration 6
XPASS: g++.dg/debug/dwarf2/inline-var-1.C scan-assembler-times DW_AT_specification 6
XPASS: g++.dg/debug/dwarf2/inline-var-1.C scan-assembler-times 0x1[^\\n\\r]* DW_AT_inline 2
XPASS: g++.dg/debug/dwarf2/inline-var-1.C scan-assembler-times 0x3[^\\n\\r]* DW_AT_inline 6
XPASS: g++.dg/debug/dwarf2/inline-var-2.C scan-assembler-not DW_TAG_member
XPASS: g++.dg/debug/dwarf2/noreturn-function.C scan-assembler-times DW_AT_noreturn 2
XPASS: g++.dg/debug/dwarf2/ptrdmem-1.C scan-assembler-times DW_AT_use_location 1
XPASS: g++.dg/debug/dwarf2/ptrdmem-1.C scan-assembler-times DIE \\\\([^\\n]*\\\\) DW_TAG_ptr_to_member_type 1
XPASS: g++.dg/debug/dwarf2/ref-2.C -std=gnu++11 scan-assembler-times DW_AT_reference 1
XPASS: g++.dg/debug/dwarf2/ref-2.C -std=gnu++11 scan-assembler-times DW_AT_rvalue_reference 1
XPASS: g++.dg/debug/dwarf2/ref-2.C -std=gnu++14 scan-assembler-times DW_AT_reference 1
XPASS: g++.dg/debug/dwarf2/ref-2.C -std=gnu++14 scan-assembler-times DW_AT_rvalue_reference 1
XPASS: g++.dg/debug/dwarf2/ref-3.C -std=gnu++11 scan-assembler-times DW_AT_reference 5
XPASS: g++.dg/debug/dwarf2/ref-3.C -std=gnu++11 scan-assembler-times DW_AT_rvalue_reference 5
XPASS: g++.dg/debug/dwarf2/ref-3.C -std=gnu++11 scan-assembler-times DW_AT_use_location 1
XPASS: g++.dg/debug/dwarf2/ref-3.C -std=gnu++11 scan-assembler-times DIE \\\\([^\\n]*\\\\) DW_TAG_ptr_to_member_type 7
XPASS: g++.dg/debug/dwarf2/ref-3.C -std=gnu++11 scan-assembler-times DIE \\\\([^\\n]*\\\\) DW_TAG_subroutine_type 6
XPASS: g++.dg/debug/dwarf2/ref-3.C -std=gnu++14 scan-assembler-times DW_AT_reference 5
XPASS: g++.dg/debug/dwarf2/ref-3.C -std=gnu++14 scan-assembler-times DW_AT_rvalue_reference 5
XPASS: g++.dg/debug/dwarf2/ref-3.C -std=gnu++14 scan-assembler-times DW_AT_use_location 1
XPASS: g++.dg/debug/dwarf2/ref-3.C -std=gnu++14 scan-assembler-times DIE \\\\([^\\n]*\\\\) DW_TAG_ptr_to_member_type 7
XPASS: g++.dg/debug/dwarf2/ref-3.C -std=gnu++14 scan-assembler-times DIE \\\\([^\\n]*\\\\) DW_TAG_subroutine_type 6
XPASS: g++.dg/debug/dwarf2/ref-4.C -std=gnu++11 scan-assembler-times DIE \\\\([^\\n]*\\\\) DW_TAG_ptr_to_member_type 2
XPASS: g++.dg/debug/dwarf2/ref-4.C -std=gnu++11 scan-assembler-times DIE \\\\([^\\n]*\\\\) DW_TAG_subroutine_type 1
XPASS: g++.dg/debug/dwarf2/ref-4.C -std=gnu++11 scan-assembler-times DIE \\\\([^\\n]*\\\\) DW_TAG_typedef 2
XPASS: g++.dg/debug/dwarf2/ref-4.C -std=gnu++14 scan-assembler-times DIE \\\\([^\\n]*\\\\) DW_TAG_ptr_to_member_type 2
XPASS: g++.dg/debug/dwarf2/ref-4.C -std=gnu++14 scan-assembler-times DIE \\\\([^\\n]*\\\\) DW_TAG_subroutine_type 1
XPASS: g++.dg/debug/dwarf2/ref-4.C -std=gnu++14 scan-assembler-times DIE \\\\([^\\n]*\\\\) DW_TAG_typedef 2
XPASS: g++.dg/debug/dwarf2/refqual-1.C scan-assembler-times DW_AT_reference 2
XPASS: g++.dg/debug/dwarf2/refqual-1.C scan-assembler-times DIE \\\\([^\\n]*\\\\) DW_TAG_ptr_to_member_type 1
XPASS: g++.dg/debug/dwarf2/refqual-2.C scan-assembler-times DW_AT_rvalue_reference 2
XPASS: g++.dg/debug/dwarf2/refqual-2.C scan-assembler-times DIE \\\\([^\\n]*\\\\) DW_TAG_ptr_to_member_type 1
XPASS: g++.dg/eh/new1.C -std=c++11 execution test
XPASS: g++.dg/eh/new1.C -std=c++98 execution test
FAIL: g++.dg/ext/vector32.C -std=c++11 (internal compiler error)
FAIL: g++.dg/ext/vector32.C -std=c++11 (test for excess errors)
FAIL: g++.dg/ext/vector32.C -std=c++14 (internal compiler error)
FAIL: g++.dg/ext/vector32.C -std=c++14 (test for excess errors)
FAIL: g++.dg/ext/vector32.C -std=c++98 (internal compiler error)
FAIL: g++.dg/ext/vector32.C -std=c++98 (test for excess errors)
FAIL: g++.dg/ext/vector32a.C -std=c++11 (internal compiler error)
FAIL: g++.dg/ext/vector32a.C -std=c++11 (test for excess errors)
FAIL: g++.dg/ext/vector32a.C -std=c++14 (internal compiler error)
FAIL: g++.dg/ext/vector32a.C -std=c++14 (test for excess errors)
FAIL: g++.dg/ext/vector32a.C -std=c++98 (internal compiler error)
FAIL: g++.dg/ext/vector32a.C -std=c++98 (test for excess errors)
FAIL: g++.dg/ipa/pr83667.C -std=gnu++11 scan-ipa-dump inline "summary for void c::[^\\\\n]*THUNK0"
FAIL: g++.dg/ipa/pr83667.C -std=gnu++14 scan-ipa-dump inline "summary for void c::[^\\\\n]*THUNK0"
FAIL: g++.dg/ipa/pr83667.C -std=gnu++98 scan-ipa-dump inline "summary for void c::[^\\\\n]*THUNK0"
FAIL: g++.dg/other/pr55650.C -std=gnu++11 (test for excess errors)
FAIL: g++.dg/other/pr55650.C -std=gnu++14 (test for excess errors)
FAIL: g++.dg/other/pr55650.C -std=gnu++98 (test for excess errors)
FAIL: g++.dg/other/profile1.C -std=gnu++11 (test for excess errors)
UNRESOLVED: g++.dg/other/profile1.C -std=gnu++11 compilation failed to produce executable
FAIL: g++.dg/other/profile1.C -std=gnu++14 (test for excess errors)
UNRESOLVED: g++.dg/other/profile1.C -std=gnu++14 compilation failed to produce executable
FAIL: g++.dg/other/profile1.C -std=gnu++98 (test for excess errors)
UNRESOLVED: g++.dg/other/profile1.C -std=gnu++98 compilation failed to produce executable
FAIL: g++.dg/pr83239.C -std=gnu++11 scan-tree-dump-not optimized "_ZNSt6vectorIiSaIiEE17_M_default_appendEm"
FAIL: g++.dg/pr83239.C -std=gnu++14 scan-tree-dump-not optimized "_ZNSt6vectorIiSaIiEE17_M_default_appendEm"
XPASS: g++.dg/template/linkage1.C -std=c++98 scan-assembler-not (weak|glob)[^\\n]*_Z3fooIXadL_ZL11static_funcvEEEvv
FAIL: g++.dg/gcov/gcov-1.C -std=gnu++11 gcov: 56 failures in line counts, 24 in branch percentages, 0 in return percentages, 0 in intermediate format
FAIL: g++.dg/gcov/gcov-1.C -std=gnu++11 line 100: is #####:should be 2
FAIL: g++.dg/gcov/gcov-1.C -std=gnu++11 line 102: is #####:should be 1
FAIL: g++.dg/gcov/gcov-1.C -std=gnu++11 line 103: is #####:should be 1
FAIL: g++.dg/gcov/gcov-1.C -std=gnu++11 line 105: is #####:should be 1
FAIL: g++.dg/gcov/gcov-1.C -std=gnu++11 line 113: is #####:should be 15
FAIL: g++.dg/gcov/gcov-1.C -std=gnu++11 line 115: is #####:should be 14
FAIL: g++.dg/gcov/gcov-1.C -std=gnu++11 line 116: is #####:should be 1
FAIL: g++.dg/gcov/gcov-1.C -std=gnu++11 line 118: is #####:should be 1
FAIL: g++.dg/gcov/gcov-1.C -std=gnu++11 line 141: is #####:should be 5
FAIL: g++.dg/gcov/gcov-1.C -std=gnu++11 line 142: expected branch percentages not found: 40
FAIL: g++.dg/gcov/gcov-1.C -std=gnu++11 line 143: is #####:should be 3
FAIL: g++.dg/gcov/gcov-1.C -std=gnu++11 line 145: is #####:should be 3
FAIL: g++.dg/gcov/gcov-1.C -std=gnu++11 line 150: is #####:should be 2
FAIL: g++.dg/gcov/gcov-1.C -std=gnu++11 line 152: is #####:should be 1
FAIL: g++.dg/gcov/gcov-1.C -std=gnu++11 line 154: is #####:should be 1
FAIL: g++.dg/gcov/gcov-1.C -std=gnu++11 line 156: is #####:should be 5
FAIL: g++.dg/gcov/gcov-1.C -std=gnu++11 line 158: is #####:should be 1
FAIL: g++.dg/gcov/gcov-1.C -std=gnu++11 line 160: is #####:should be 5
FAIL: g++.dg/gcov/gcov-1.C -std=gnu++11 line 161: expected branch percentages not found: 20
FAIL: g++.dg/gcov/gcov-1.C -std=gnu++11 line 162: is #####:should be 1
FAIL: g++.dg/gcov/gcov-1.C -std=gnu++11 line 164: is #####:should be 1
FAIL: g++.dg/gcov/gcov-1.C -std=gnu++11 line 165: is #####:should be 5
FAIL: g++.dg/gcov/gcov-1.C -std=gnu++11 line 173: is #####:should be 6
FAIL: g++.dg/gcov/gcov-1.C -std=gnu++11 line 175: is #####:should be 1
FAIL: g++.dg/gcov/gcov-1.C -std=gnu++11 line 177: is #####:should be 6
FAIL: g++.dg/gcov/gcov-1.C -std=gnu++11 line 181: is #####:should be 6
FAIL: g++.dg/gcov/gcov-1.C -std=gnu++11 line 183: is #####:should be 3
FAIL: g++.dg/gcov/gcov-1.C -std=gnu++11 line 185: is #####:should be 6
FAIL: g++.dg/gcov/gcov-1.C -std=gnu++11 line 187: is #####:should be 2
FAIL: g++.dg/gcov/gcov-1.C -std=gnu++11 line 189: is #####:should be 4
FAIL: g++.dg/gcov/gcov-1.C -std=gnu++11 line 192: is #####:should be 4
FAIL: g++.dg/gcov/gcov-1.C -std=gnu++11 line 200: is #####:should be 11
FAIL: g++.dg/gcov/gcov-1.C -std=gnu++11 line 202: is #####:should be 1
FAIL: g++.dg/gcov/gcov-1.C -std=gnu++11 line 204: is #####:should be 11
FAIL: g++.dg/gcov/gcov-1.C -std=gnu++11 line 205: expected branch percentages not found: 45
FAIL: g++.dg/gcov/gcov-1.C -std=gnu++11 line 206: is #####:should be 5
FAIL: g++.dg/gcov/gcov-1.C -std=gnu++11 line 207: expected branch percentages not found: 40
FAIL: g++.dg/gcov/gcov-1.C -std=gnu++11 line 208: is #####:should be 2
FAIL: g++.dg/gcov/gcov-1.C -std=gnu++11 line 210: is #####:should be 1
FAIL: g++.dg/gcov/gcov-1.C -std=gnu++11 line 212: is #####:should be 11
FAIL: g++.dg/gcov/gcov-1.C -std=gnu++11 line 214: is #####:should be 3
FAIL: g++.dg/gcov/gcov-1.C -std=gnu++11 line 215: is #####:should be 11
FAIL: g++.dg/gcov/gcov-1.C -std=gnu++11 line 254: is #####:should be 5
FAIL: g++.dg/gcov/gcov-1.C -std=gnu++11 line 257: is #####:should be 5
FAIL: g++.dg/gcov/gcov-1.C -std=gnu++11 line 261: is #####:should be 1
FAIL: g++.dg/gcov/gcov-1.C -std=gnu++11 line 269: is #####:should be 3
FAIL: g++.dg/gcov/gcov-1.C -std=gnu++11 line 271: is #####:should be 1
FAIL: g++.dg/gcov/gcov-1.C -std=gnu++11 line 272: is #####:should be 2
FAIL: g++.dg/gcov/gcov-1.C -std=gnu++11 line 275: is #####:should be 1
FAIL: g++.dg/gcov/gcov-1.C -std=gnu++11 line 276: is #####:should be 1
FAIL: g++.dg/gcov/gcov-1.C -std=gnu++11 line 279: is #####:should be 4
FAIL: g++.dg/gcov/gcov-1.C -std=gnu++11 line 33: is #####:should be 1
FAIL: g++.dg/gcov/gcov-1.C -std=gnu++11 line 39: is #####:should be 1
FAIL: g++.dg/gcov/gcov-1.C -std=gnu++11 line 41: is #####:should be 1
FAIL: g++.dg/gcov/gcov-1.C -std=gnu++11 line 55: is #####:should be 3
FAIL: g++.dg/gcov/gcov-1.C -std=gnu++11 line 58: is #####:should be 9
FAIL: g++.dg/gcov/gcov-1.C -std=gnu++11 line 59: is #####:should be 3
FAIL: g++.dg/gcov/gcov-1.C -std=gnu++11 line 66: is #####:should be 6
FAIL: g++.dg/gcov/gcov-1.C -std=gnu++11 line 73: is #####:should be 81
FAIL: g++.dg/gcov/gcov-1.C -std=gnu++11 line 74: is #####:should be 6
FAIL: g++.dg/gcov/gcov-1.C -std=gnu++11 line n: expected branch percentages not found: 0
FAIL: g++.dg/gcov/gcov-1.C -std=gnu++11 line n: expected branch percentages not found: 0
FAIL: g++.dg/gcov/gcov-1.C -std=gnu++11 line n: expected branch percentages not found: 0
FAIL: g++.dg/gcov/gcov-1.C -std=gnu++11 line n: expected branch percentages not found: 0
FAIL: g++.dg/gcov/gcov-1.C -std=gnu++11 line n: expected branch percentages not found: 17
FAIL: g++.dg/gcov/gcov-1.C -std=gnu++11 line n: expected branch percentages not found: 20
FAIL: g++.dg/gcov/gcov-1.C -std=gnu++11 line n: expected branch percentages not found: 20 0 40 20
FAIL: g++.dg/gcov/gcov-1.C -std=gnu++11 line n: expected branch percentages not found: 25
FAIL: g++.dg/gcov/gcov-1.C -std=gnu++11 line n: expected branch percentages not found: 27
FAIL: g++.dg/gcov/gcov-1.C -std=gnu++11 line n: expected branch percentages not found: 27 50 25
FAIL: g++.dg/gcov/gcov-1.C -std=gnu++11 line n: expected branch percentages not found: 30
FAIL: g++.dg/gcov/gcov-1.C -std=gnu++11 line n: expected branch percentages not found: 32
FAIL: g++.dg/gcov/gcov-1.C -std=gnu++11 line n: expected branch percentages not found: 33
FAIL: g++.dg/gcov/gcov-1.C -std=gnu++11 line n: expected branch percentages not found: 33
FAIL: g++.dg/gcov/gcov-1.C -std=gnu++11 line n: expected branch percentages not found: 50
FAIL: g++.dg/gcov/gcov-1.C -std=gnu++11 line n: expected branch percentages not found: 50
FAIL: g++.dg/gcov/gcov-1.C -std=gnu++11 line n: expected branch percentages not found: 50
FAIL: g++.dg/gcov/gcov-1.C -std=gnu++11 line n: expected branch percentages not found: 50
FAIL: g++.dg/gcov/gcov-1.C -std=gnu++11 line n: expected branch percentages not found: 7
FAIL: g++.dg/gcov/gcov-1.C -std=gnu++11 line n: expected branch percentages not found: 9 10 11
FAIL: g++.dg/gcov/gcov-1.C -std=gnu++11 (test for excess errors)
UNRESOLVED: g++.dg/gcov/gcov-1.C -std=gnu++11 compilation failed to produce executable
FAIL: g++.dg/gcov/gcov-1.C -std=gnu++14 gcov: 56 failures in line counts, 24 in branch percentages, 0 in return percentages, 0 in intermediate format
FAIL: g++.dg/gcov/gcov-1.C -std=gnu++14 line 100: is #####:should be 2
FAIL: g++.dg/gcov/gcov-1.C -std=gnu++14 line 102: is #####:should be 1
FAIL: g++.dg/gcov/gcov-1.C -std=gnu++14 line 103: is #####:should be 1
FAIL: g++.dg/gcov/gcov-1.C -std=gnu++14 line 105: is #####:should be 1
FAIL: g++.dg/gcov/gcov-1.C -std=gnu++14 line 113: is #####:should be 15
FAIL: g++.dg/gcov/gcov-1.C -std=gnu++14 line 115: is #####:should be 14
FAIL: g++.dg/gcov/gcov-1.C -std=gnu++14 line 116: is #####:should be 1
FAIL: g++.dg/gcov/gcov-1.C -std=gnu++14 line 118: is #####:should be 1
FAIL: g++.dg/gcov/gcov-1.C -std=gnu++14 line 141: is #####:should be 5
FAIL: g++.dg/gcov/gcov-1.C -std=gnu++14 line 142: expected branch percentages not found: 40
FAIL: g++.dg/gcov/gcov-1.C -std=gnu++14 line 143: is #####:should be 3
FAIL: g++.dg/gcov/gcov-1.C -std=gnu++14 line 145: is #####:should be 3
FAIL: g++.dg/gcov/gcov-1.C -std=gnu++14 line 150: is #####:should be 2
FAIL: g++.dg/gcov/gcov-1.C -std=gnu++14 line 152: is #####:should be 1
FAIL: g++.dg/gcov/gcov-1.C -std=gnu++14 line 154: is #####:should be 1
FAIL: g++.dg/gcov/gcov-1.C -std=gnu++14 line 156: is #####:should be 5
FAIL: g++.dg/gcov/gcov-1.C -std=gnu++14 line 158: is #####:should be 1
FAIL: g++.dg/gcov/gcov-1.C -std=gnu++14 line 160: is #####:should be 5
FAIL: g++.dg/gcov/gcov-1.C -std=gnu++14 line 161: expected branch percentages not found: 20
FAIL: g++.dg/gcov/gcov-1.C -std=gnu++14 line 162: is #####:should be 1
FAIL: g++.dg/gcov/gcov-1.C -std=gnu++14 line 164: is #####:should be 1
FAIL: g++.dg/gcov/gcov-1.C -std=gnu++14 line 165: is #####:should be 5
FAIL: g++.dg/gcov/gcov-1.C -std=gnu++14 line 173: is #####:should be 6
FAIL: g++.dg/gcov/gcov-1.C -std=gnu++14 line 175: is #####:should be 1
FAIL: g++.dg/gcov/gcov-1.C -std=gnu++14 line 177: is #####:should be 6
FAIL: g++.dg/gcov/gcov-1.C -std=gnu++14 line 181: is #####:should be 6
FAIL: g++.dg/gcov/gcov-1.C -std=gnu++14 line 183: is #####:should be 3
FAIL: g++.dg/gcov/gcov-1.C -std=gnu++14 line 185: is #####:should be 6
FAIL: g++.dg/gcov/gcov-1.C -std=gnu++14 line 187: is #####:should be 2
FAIL: g++.dg/gcov/gcov-1.C -std=gnu++14 line 189: is #####:should be 4
FAIL: g++.dg/gcov/gcov-1.C -std=gnu++14 line 192: is #####:should be 4
FAIL: g++.dg/gcov/gcov-1.C -std=gnu++14 line 200: is #####:should be 11
FAIL: g++.dg/gcov/gcov-1.C -std=gnu++14 line 202: is #####:should be 1
FAIL: g++.dg/gcov/gcov-1.C -std=gnu++14 line 204: is #####:should be 11
FAIL: g++.dg/gcov/gcov-1.C -std=gnu++14 line 205: expected branch percentages not found: 45
FAIL: g++.dg/gcov/gcov-1.C -std=gnu++14 line 206: is #####:should be 5
FAIL: g++.dg/gcov/gcov-1.C -std=gnu++14 line 207: expected branch percentages not found: 40
FAIL: g++.dg/gcov/gcov-1.C -std=gnu++14 line 208: is #####:should be 2
FAIL: g++.dg/gcov/gcov-1.C -std=gnu++14 line 210: is #####:should be 1
FAIL: g++.dg/gcov/gcov-1.C -std=gnu++14 line 212: is #####:should be 11
FAIL: g++.dg/gcov/gcov-1.C -std=gnu++14 line 214: is #####:should be 3
FAIL: g++.dg/gcov/gcov-1.C -std=gnu++14 line 215: is #####:should be 11
FAIL: g++.dg/gcov/gcov-1.C -std=gnu++14 line 254: is #####:should be 5
FAIL: g++.dg/gcov/gcov-1.C -std=gnu++14 line 257: is #####:should be 5
FAIL: g++.dg/gcov/gcov-1.C -std=gnu++14 line 261: is #####:should be 1
FAIL: g++.dg/gcov/gcov-1.C -std=gnu++14 line 269: is #####:should be 3
FAIL: g++.dg/gcov/gcov-1.C -std=gnu++14 line 271: is #####:should be 1
FAIL: g++.dg/gcov/gcov-1.C -std=gnu++14 line 272: is #####:should be 2
FAIL: g++.dg/gcov/gcov-1.C -std=gnu++14 line 275: is #####:should be 1
FAIL: g++.dg/gcov/gcov-1.C -std=gnu++14 line 276: is #####:should be 1
FAIL: g++.dg/gcov/gcov-1.C -std=gnu++14 line 279: is #####:should be 4
FAIL: g++.dg/gcov/gcov-1.C -std=gnu++14 line 33: is #####:should be 1
FAIL: g++.dg/gcov/gcov-1.C -std=gnu++14 line 39: is #####:should be 1
FAIL: g++.dg/gcov/gcov-1.C -std=gnu++14 line 41: is #####:should be 1
FAIL: g++.dg/gcov/gcov-1.C -std=gnu++14 line 55: is #####:should be 3
FAIL: g++.dg/gcov/gcov-1.C -std=gnu++14 line 58: is #####:should be 9
FAIL: g++.dg/gcov/gcov-1.C -std=gnu++14 line 59: is #####:should be 3
FAIL: g++.dg/gcov/gcov-1.C -std=gnu++14 line 66: is #####:should be 6
FAIL: g++.dg/gcov/gcov-1.C -std=gnu++14 line 73: is #####:should be 81
FAIL: g++.dg/gcov/gcov-1.C -std=gnu++14 line 74: is #####:should be 6
FAIL: g++.dg/gcov/gcov-1.C -std=gnu++14 line n: expected branch percentages not found: 0
FAIL: g++.dg/gcov/gcov-1.C -std=gnu++14 line n: expected branch percentages not found: 0
FAIL: g++.dg/gcov/gcov-1.C -std=gnu++14 line n: expected branch percentages not found: 0
FAIL: g++.dg/gcov/gcov-1.C -std=gnu++14 line n: expected branch percentages not found: 0
FAIL: g++.dg/gcov/gcov-1.C -std=gnu++14 line n: expected branch percentages not found: 17
FAIL: g++.dg/gcov/gcov-1.C -std=gnu++14 line n: expected branch percentages not found: 20
FAIL: g++.dg/gcov/gcov-1.C -std=gnu++14 line n: expected branch percentages not found: 20 0 40 20
FAIL: g++.dg/gcov/gcov-1.C -std=gnu++14 line n: expected branch percentages not found: 25
FAIL: g++.dg/gcov/gcov-1.C -std=gnu++14 line n: expected branch percentages not found: 27
FAIL: g++.dg/gcov/gcov-1.C -std=gnu++14 line n: expected branch percentages not found: 27 50 25
FAIL: g++.dg/gcov/gcov-1.C -std=gnu++14 line n: expected branch percentages not found: 30
FAIL: g++.dg/gcov/gcov-1.C -std=gnu++14 line n: expected branch percentages not found: 32
FAIL: g++.dg/gcov/gcov-1.C -std=gnu++14 line n: expected branch percentages not found: 33
FAIL: g++.dg/gcov/gcov-1.C -std=gnu++14 line n: expected branch percentages not found: 33
FAIL: g++.dg/gcov/gcov-1.C -std=gnu++14 line n: expected branch percentages not found: 50
FAIL: g++.dg/gcov/gcov-1.C -std=gnu++14 line n: expected branch percentages not found: 50
FAIL: g++.dg/gcov/gcov-1.C -std=gnu++14 line n: expected branch percentages not found: 50
FAIL: g++.dg/gcov/gcov-1.C -std=gnu++14 line n: expected branch percentages not found: 50
FAIL: g++.dg/gcov/gcov-1.C -std=gnu++14 line n: expected branch percentages not found: 7
FAIL: g++.dg/gcov/gcov-1.C -std=gnu++14 line n: expected branch percentages not found: 9 10 11
FAIL: g++.dg/gcov/gcov-1.C -std=gnu++14 (test for excess errors)
UNRESOLVED: g++.dg/gcov/gcov-1.C -std=gnu++14 compilation failed to produce executable
FAIL: g++.dg/gcov/gcov-1.C -std=gnu++98 gcov: 56 failures in line counts, 24 in branch percentages, 0 in return percentages, 0 in intermediate format
FAIL: g++.dg/gcov/gcov-1.C -std=gnu++98 line 100: is #####:should be 2
FAIL: g++.dg/gcov/gcov-1.C -std=gnu++98 line 102: is #####:should be 1
FAIL: g++.dg/gcov/gcov-1.C -std=gnu++98 line 103: is #####:should be 1
FAIL: g++.dg/gcov/gcov-1.C -std=gnu++98 line 105: is #####:should be 1
FAIL: g++.dg/gcov/gcov-1.C -std=gnu++98 line 113: is #####:should be 15
FAIL: g++.dg/gcov/gcov-1.C -std=gnu++98 line 115: is #####:should be 14
FAIL: g++.dg/gcov/gcov-1.C -std=gnu++98 line 116: is #####:should be 1
FAIL: g++.dg/gcov/gcov-1.C -std=gnu++98 line 118: is #####:should be 1
FAIL: g++.dg/gcov/gcov-1.C -std=gnu++98 line 141: is #####:should be 5
FAIL: g++.dg/gcov/gcov-1.C -std=gnu++98 line 142: expected branch percentages not found: 40
FAIL: g++.dg/gcov/gcov-1.C -std=gnu++98 line 143: is #####:should be 3
FAIL: g++.dg/gcov/gcov-1.C -std=gnu++98 line 145: is #####:should be 3
FAIL: g++.dg/gcov/gcov-1.C -std=gnu++98 line 150: is #####:should be 2
FAIL: g++.dg/gcov/gcov-1.C -std=gnu++98 line 152: is #####:should be 1
FAIL: g++.dg/gcov/gcov-1.C -std=gnu++98 line 154: is #####:should be 1
FAIL: g++.dg/gcov/gcov-1.C -std=gnu++98 line 156: is #####:should be 5
FAIL: g++.dg/gcov/gcov-1.C -std=gnu++98 line 158: is #####:should be 1
FAIL: g++.dg/gcov/gcov-1.C -std=gnu++98 line 160: is #####:should be 5
FAIL: g++.dg/gcov/gcov-1.C -std=gnu++98 line 161: expected branch percentages not found: 20
FAIL: g++.dg/gcov/gcov-1.C -std=gnu++98 line 162: is #####:should be 1
FAIL: g++.dg/gcov/gcov-1.C -std=gnu++98 line 164: is #####:should be 1
FAIL: g++.dg/gcov/gcov-1.C -std=gnu++98 line 165: is #####:should be 5
FAIL: g++.dg/gcov/gcov-1.C -std=gnu++98 line 173: is #####:should be 6
FAIL: g++.dg/gcov/gcov-1.C -std=gnu++98 line 175: is #####:should be 1
FAIL: g++.dg/gcov/gcov-1.C -std=gnu++98 line 177: is #####:should be 6
FAIL: g++.dg/gcov/gcov-1.C -std=gnu++98 line 181: is #####:should be 6
FAIL: g++.dg/gcov/gcov-1.C -std=gnu++98 line 183: is #####:should be 3
FAIL: g++.dg/gcov/gcov-1.C -std=gnu++98 line 185: is #####:should be 6
FAIL: g++.dg/gcov/gcov-1.C -std=gnu++98 line 187: is #####:should be 2
FAIL: g++.dg/gcov/gcov-1.C -std=gnu++98 line 189: is #####:should be 4
FAIL: g++.dg/gcov/gcov-1.C -std=gnu++98 line 192: is #####:should be 4
FAIL: g++.dg/gcov/gcov-1.C -std=gnu++98 line 200: is #####:should be 11
FAIL: g++.dg/gcov/gcov-1.C -std=gnu++98 line 202: is #####:should be 1
FAIL: g++.dg/gcov/gcov-1.C -std=gnu++98 line 204: is #####:should be 11
FAIL: g++.dg/gcov/gcov-1.C -std=gnu++98 line 205: expected branch percentages not found: 45
FAIL: g++.dg/gcov/gcov-1.C -std=gnu++98 line 206: is #####:should be 5
FAIL: g++.dg/gcov/gcov-1.C -std=gnu++98 line 207: expected branch percentages not found: 40
FAIL: g++.dg/gcov/gcov-1.C -std=gnu++98 line 208: is #####:should be 2
FAIL: g++.dg/gcov/gcov-1.C -std=gnu++98 line 210: is #####:should be 1
FAIL: g++.dg/gcov/gcov-1.C -std=gnu++98 line 212: is #####:should be 11
FAIL: g++.dg/gcov/gcov-1.C -std=gnu++98 line 214: is #####:should be 3
FAIL: g++.dg/gcov/gcov-1.C -std=gnu++98 line 215: is #####:should be 11
FAIL: g++.dg/gcov/gcov-1.C -std=gnu++98 line 254: is #####:should be 5
FAIL: g++.dg/gcov/gcov-1.C -std=gnu++98 line 257: is #####:should be 5
FAIL: g++.dg/gcov/gcov-1.C -std=gnu++98 line 261: is #####:should be 1
FAIL: g++.dg/gcov/gcov-1.C -std=gnu++98 line 269: is #####:should be 3
FAIL: g++.dg/gcov/gcov-1.C -std=gnu++98 line 271: is #####:should be 1
FAIL: g++.dg/gcov/gcov-1.C -std=gnu++98 line 272: is #####:should be 2
FAIL: g++.dg/gcov/gcov-1.C -std=gnu++98 line 275: is #####:should be 1
FAIL: g++.dg/gcov/gcov-1.C -std=gnu++98 line 276: is #####:should be 1
FAIL: g++.dg/gcov/gcov-1.C -std=gnu++98 line 279: is #####:should be 4
FAIL: g++.dg/gcov/gcov-1.C -std=gnu++98 line 33: is #####:should be 1
FAIL: g++.dg/gcov/gcov-1.C -std=gnu++98 line 39: is #####:should be 1
FAIL: g++.dg/gcov/gcov-1.C -std=gnu++98 line 41: is #####:should be 1
FAIL: g++.dg/gcov/gcov-1.C -std=gnu++98 line 55: is #####:should be 3
FAIL: g++.dg/gcov/gcov-1.C -std=gnu++98 line 58: is #####:should be 9
FAIL: g++.dg/gcov/gcov-1.C -std=gnu++98 line 59: is #####:should be 3
FAIL: g++.dg/gcov/gcov-1.C -std=gnu++98 line 66: is #####:should be 6
FAIL: g++.dg/gcov/gcov-1.C -std=gnu++98 line 73: is #####:should be 81
FAIL: g++.dg/gcov/gcov-1.C -std=gnu++98 line 74: is #####:should be 6
FAIL: g++.dg/gcov/gcov-1.C -std=gnu++98 line n: expected branch percentages not found: 0
FAIL: g++.dg/gcov/gcov-1.C -std=gnu++98 line n: expected branch percentages not found: 0
FAIL: g++.dg/gcov/gcov-1.C -std=gnu++98 line n: expected branch percentages not found: 0
FAIL: g++.dg/gcov/gcov-1.C -std=gnu++98 line n: expected branch percentages not found: 0
FAIL: g++.dg/gcov/gcov-1.C -std=gnu++98 line n: expected branch percentages not found: 17
FAIL: g++.dg/gcov/gcov-1.C -std=gnu++98 line n: expected branch percentages not found: 20
FAIL: g++.dg/gcov/gcov-1.C -std=gnu++98 line n: expected branch percentages not found: 20 0 40 20
FAIL: g++.dg/gcov/gcov-1.C -std=gnu++98 line n: expected branch percentages not found: 25
FAIL: g++.dg/gcov/gcov-1.C -std=gnu++98 line n: expected branch percentages not found: 27
FAIL: g++.dg/gcov/gcov-1.C -std=gnu++98 line n: expected branch percentages not found: 27 50 25
FAIL: g++.dg/gcov/gcov-1.C -std=gnu++98 line n: expected branch percentages not found: 30
FAIL: g++.dg/gcov/gcov-1.C -std=gnu++98 line n: expected branch percentages not found: 32
FAIL: g++.dg/gcov/gcov-1.C -std=gnu++98 line n: expected branch percentages not found: 33
FAIL: g++.dg/gcov/gcov-1.C -std=gnu++98 line n: expected branch percentages not found: 33
FAIL: g++.dg/gcov/gcov-1.C -std=gnu++98 line n: expected branch percentages not found: 50
FAIL: g++.dg/gcov/gcov-1.C -std=gnu++98 line n: expected branch percentages not found: 50
FAIL: g++.dg/gcov/gcov-1.C -std=gnu++98 line n: expected branch percentages not found: 50
FAIL: g++.dg/gcov/gcov-1.C -std=gnu++98 line n: expected branch percentages not found: 50
FAIL: g++.dg/gcov/gcov-1.C -std=gnu++98 line n: expected branch percentages not found: 7
FAIL: g++.dg/gcov/gcov-1.C -std=gnu++98 line n: expected branch percentages not found: 9 10 11
FAIL: g++.dg/gcov/gcov-1.C -std=gnu++98 (test for excess errors)
UNRESOLVED: g++.dg/gcov/gcov-1.C -std=gnu++98 compilation failed to produce executable
FAIL: g++.dg/gcov/gcov-10.C -std=gnu++11 (test for excess errors)
UNRESOLVED: g++.dg/gcov/gcov-10.C -std=gnu++11 compilation failed to produce executable
FAIL: g++.dg/gcov/gcov-10.C -std=gnu++14 (test for excess errors)
UNRESOLVED: g++.dg/gcov/gcov-10.C -std=gnu++14 compilation failed to produce executable
FAIL: g++.dg/gcov/gcov-10.C -std=gnu++98 (test for excess errors)
UNRESOLVED: g++.dg/gcov/gcov-10.C -std=gnu++98 compilation failed to produce executable
FAIL: g++.dg/gcov/gcov-11.C -std=gnu++11 (test for excess errors)
UNRESOLVED: g++.dg/gcov/gcov-11.C -std=gnu++11 compilation failed to produce executable
FAIL: g++.dg/gcov/gcov-11.C -std=gnu++14 (test for excess errors)
UNRESOLVED: g++.dg/gcov/gcov-11.C -std=gnu++14 compilation failed to produce executable
FAIL: g++.dg/gcov/gcov-11.C -std=gnu++98 (test for excess errors)
UNRESOLVED: g++.dg/gcov/gcov-11.C -std=gnu++98 compilation failed to produce executable
FAIL: g++.dg/gcov/gcov-12.C -std=gnu++11 gcov: 1 failures in line counts, 0 in branch percentages, 0 in return percentages, 0 in intermediate format
FAIL: g++.dg/gcov/gcov-12.C -std=gnu++11 line 8: is #####:should be 1
FAIL: g++.dg/gcov/gcov-12.C -std=gnu++11 (test for excess errors)
UNRESOLVED: g++.dg/gcov/gcov-12.C -std=gnu++11 compilation failed to produce executable
FAIL: g++.dg/gcov/gcov-12.C -std=gnu++14 gcov: 1 failures in line counts, 0 in branch percentages, 0 in return percentages, 0 in intermediate format
FAIL: g++.dg/gcov/gcov-12.C -std=gnu++14 line 8: is #####:should be 1
FAIL: g++.dg/gcov/gcov-12.C -std=gnu++14 (test for excess errors)
UNRESOLVED: g++.dg/gcov/gcov-12.C -std=gnu++14 compilation failed to produce executable
FAIL: g++.dg/gcov/gcov-12.C -std=gnu++98 gcov: 1 failures in line counts, 0 in branch percentages, 0 in return percentages, 0 in intermediate format
FAIL: g++.dg/gcov/gcov-12.C -std=gnu++98 line 8: is #####:should be 1
FAIL: g++.dg/gcov/gcov-12.C -std=gnu++98 (test for excess errors)
UNRESOLVED: g++.dg/gcov/gcov-12.C -std=gnu++98 compilation failed to produce executable
FAIL: g++.dg/gcov/gcov-13.C -std=gnu++11 gcov: 5 failures in line counts, 0 in branch percentages, 0 in return percentages, 0 in intermediate format
FAIL: g++.dg/gcov/gcov-13.C -std=gnu++11 line 18: is #####:should be 1
FAIL: g++.dg/gcov/gcov-13.C -std=gnu++11 line 19: is #####:should be 1
FAIL: g++.dg/gcov/gcov-13.C -std=gnu++11 line 28: is #####:should be 1
FAIL: g++.dg/gcov/gcov-13.C -std=gnu++11 line 33: is =====:should be 1
FAIL: g++.dg/gcov/gcov-13.C -std=gnu++11 line 36: is #####:should be 1
FAIL: g++.dg/gcov/gcov-13.C -std=gnu++11 (test for excess errors)
UNRESOLVED: g++.dg/gcov/gcov-13.C -std=gnu++11 compilation failed to produce executable
FAIL: g++.dg/gcov/gcov-13.C -std=gnu++14 gcov: 5 failures in line counts, 0 in branch percentages, 0 in return percentages, 0 in intermediate format
FAIL: g++.dg/gcov/gcov-13.C -std=gnu++14 line 18: is #####:should be 1
FAIL: g++.dg/gcov/gcov-13.C -std=gnu++14 line 19: is #####:should be 1
FAIL: g++.dg/gcov/gcov-13.C -std=gnu++14 line 28: is #####:should be 1
FAIL: g++.dg/gcov/gcov-13.C -std=gnu++14 line 33: is =====:should be 1
FAIL: g++.dg/gcov/gcov-13.C -std=gnu++14 line 36: is #####:should be 1
FAIL: g++.dg/gcov/gcov-13.C -std=gnu++14 (test for excess errors)
UNRESOLVED: g++.dg/gcov/gcov-13.C -std=gnu++14 compilation failed to produce executable
FAIL: g++.dg/gcov/gcov-13.C -std=gnu++98 gcov: 5 failures in line counts, 0 in branch percentages, 0 in return percentages, 0 in intermediate format
FAIL: g++.dg/gcov/gcov-13.C -std=gnu++98 line 18: is #####:should be 1
FAIL: g++.dg/gcov/gcov-13.C -std=gnu++98 line 19: is #####:should be 1
FAIL: g++.dg/gcov/gcov-13.C -std=gnu++98 line 28: is #####:should be 1
FAIL: g++.dg/gcov/gcov-13.C -std=gnu++98 line 33: is =====:should be 1
FAIL: g++.dg/gcov/gcov-13.C -std=gnu++98 line 36: is #####:should be 1
FAIL: g++.dg/gcov/gcov-13.C -std=gnu++98 (test for excess errors)
UNRESOLVED: g++.dg/gcov/gcov-13.C -std=gnu++98 compilation failed to produce executable
FAIL: g++.dg/gcov/gcov-14.C -std=gnu++11 gcov: 2 failures in line counts, 0 in branch percentages, 0 in return percentages, 0 in intermediate format
FAIL: g++.dg/gcov/gcov-14.C -std=gnu++11 line 12: is #####:should be 1
FAIL: g++.dg/gcov/gcov-14.C -std=gnu++11 line 8: is #####:should be 1
FAIL: g++.dg/gcov/gcov-14.C -std=gnu++11 (test for excess errors)
UNRESOLVED: g++.dg/gcov/gcov-14.C -std=gnu++11 compilation failed to produce executable
FAIL: g++.dg/gcov/gcov-14.C -std=gnu++14 gcov: 2 failures in line counts, 0 in branch percentages, 0 in return percentages, 0 in intermediate format
FAIL: g++.dg/gcov/gcov-14.C -std=gnu++14 line 12: is #####:should be 1
FAIL: g++.dg/gcov/gcov-14.C -std=gnu++14 line 8: is #####:should be 1
FAIL: g++.dg/gcov/gcov-14.C -std=gnu++14 (test for excess errors)
UNRESOLVED: g++.dg/gcov/gcov-14.C -std=gnu++14 compilation failed to produce executable
FAIL: g++.dg/gcov/gcov-14.C -std=gnu++98 gcov: 2 failures in line counts, 0 in branch percentages, 0 in return percentages, 0 in intermediate format
FAIL: g++.dg/gcov/gcov-14.C -std=gnu++98 line 12: is #####:should be 1
FAIL: g++.dg/gcov/gcov-14.C -std=gnu++98 line 8: is #####:should be 1
FAIL: g++.dg/gcov/gcov-14.C -std=gnu++98 (test for excess errors)
UNRESOLVED: g++.dg/gcov/gcov-14.C -std=gnu++98 compilation failed to produce executable
FAIL: g++.dg/gcov/gcov-15.C -std=gnu++11 gcov: 6 failures in line counts, 0 in branch percentages, 0 in return percentages, 0 in intermediate format
FAIL: g++.dg/gcov/gcov-15.C -std=gnu++11 line 14: is #####:should be 1
FAIL: g++.dg/gcov/gcov-15.C -std=gnu++11 line 18: is #####:should be 1
FAIL: g++.dg/gcov/gcov-15.C -std=gnu++11 line 20: is =====:should be 1
FAIL: g++.dg/gcov/gcov-15.C -std=gnu++11 line 22: is =====:should be 1
FAIL: g++.dg/gcov/gcov-15.C -std=gnu++11 line 5: is #####:should be 1
FAIL: g++.dg/gcov/gcov-15.C -std=gnu++11 line 7: is #####:should be 1
FAIL: g++.dg/gcov/gcov-15.C -std=gnu++11 (test for excess errors)
UNRESOLVED: g++.dg/gcov/gcov-15.C -std=gnu++11 compilation failed to produce executable
FAIL: g++.dg/gcov/gcov-15.C -std=gnu++14 gcov: 6 failures in line counts, 0 in branch percentages, 0 in return percentages, 0 in intermediate format
FAIL: g++.dg/gcov/gcov-15.C -std=gnu++14 line 14: is #####:should be 1
FAIL: g++.dg/gcov/gcov-15.C -std=gnu++14 line 18: is #####:should be 1
FAIL: g++.dg/gcov/gcov-15.C -std=gnu++14 line 20: is =====:should be 1
FAIL: g++.dg/gcov/gcov-15.C -std=gnu++14 line 22: is =====:should be 1
FAIL: g++.dg/gcov/gcov-15.C -std=gnu++14 line 5: is #####:should be 1
FAIL: g++.dg/gcov/gcov-15.C -std=gnu++14 line 7: is #####:should be 1
FAIL: g++.dg/gcov/gcov-15.C -std=gnu++14 (test for excess errors)
UNRESOLVED: g++.dg/gcov/gcov-15.C -std=gnu++14 compilation failed to produce executable
FAIL: g++.dg/gcov/gcov-15.C -std=gnu++98 gcov: 6 failures in line counts, 0 in branch percentages, 0 in return percentages, 0 in intermediate format
FAIL: g++.dg/gcov/gcov-15.C -std=gnu++98 line 14: is #####:should be 1
FAIL: g++.dg/gcov/gcov-15.C -std=gnu++98 line 18: is #####:should be 1
FAIL: g++.dg/gcov/gcov-15.C -std=gnu++98 line 20: is =====:should be 1
FAIL: g++.dg/gcov/gcov-15.C -std=gnu++98 line 22: is =====:should be 1
FAIL: g++.dg/gcov/gcov-15.C -std=gnu++98 line 5: is #####:should be 1
FAIL: g++.dg/gcov/gcov-15.C -std=gnu++98 line 7: is #####:should be 1
FAIL: g++.dg/gcov/gcov-15.C -std=gnu++98 (test for excess errors)
UNRESOLVED: g++.dg/gcov/gcov-15.C -std=gnu++98 compilation failed to produce executable
FAIL: g++.dg/gcov/gcov-16.C -std=gnu++11 (test for excess errors)
UNRESOLVED: g++.dg/gcov/gcov-16.C -std=gnu++11 compilation failed to produce executable
FAIL: g++.dg/gcov/gcov-16.C -std=gnu++14 (test for excess errors)
UNRESOLVED: g++.dg/gcov/gcov-16.C -std=gnu++14 compilation failed to produce executable
FAIL: g++.dg/gcov/gcov-16.C -std=gnu++98 (test for excess errors)
UNRESOLVED: g++.dg/gcov/gcov-16.C -std=gnu++98 compilation failed to produce executable
FAIL: g++.dg/gcov/gcov-2.C -std=gnu++11 gcov: 5 failures in line counts, 0 in branch percentages, 0 in return percentages, 0 in intermediate format
FAIL: g++.dg/gcov/gcov-2.C -std=gnu++11 line 10: is #####:should be 1
FAIL: g++.dg/gcov/gcov-2.C -std=gnu++11 line 15: is #####:should be 1
FAIL: g++.dg/gcov/gcov-2.C -std=gnu++11 line 23: is #####:should be 2
FAIL: g++.dg/gcov/gcov-2.C -std=gnu++11 line 24: is #####:should be 1
FAIL: g++.dg/gcov/gcov-2.C -std=gnu++11 line 29: is #####:should be 1
FAIL: g++.dg/gcov/gcov-2.C -std=gnu++11 (test for excess errors)
UNRESOLVED: g++.dg/gcov/gcov-2.C -std=gnu++11 compilation failed to produce executable
FAIL: g++.dg/gcov/gcov-2.C -std=gnu++14 gcov: 5 failures in line counts, 0 in branch percentages, 0 in return percentages, 0 in intermediate format
FAIL: g++.dg/gcov/gcov-2.C -std=gnu++14 line 10: is #####:should be 1
FAIL: g++.dg/gcov/gcov-2.C -std=gnu++14 line 15: is #####:should be 1
FAIL: g++.dg/gcov/gcov-2.C -std=gnu++14 line 23: is #####:should be 2
FAIL: g++.dg/gcov/gcov-2.C -std=gnu++14 line 24: is #####:should be 1
FAIL: g++.dg/gcov/gcov-2.C -std=gnu++14 line 29: is #####:should be 1
FAIL: g++.dg/gcov/gcov-2.C -std=gnu++14 (test for excess errors)
UNRESOLVED: g++.dg/gcov/gcov-2.C -std=gnu++14 compilation failed to produce executable
FAIL: g++.dg/gcov/gcov-2.C -std=gnu++98 gcov: 5 failures in line counts, 0 in branch percentages, 0 in return percentages, 0 in intermediate format
FAIL: g++.dg/gcov/gcov-2.C -std=gnu++98 line 10: is #####:should be 1
FAIL: g++.dg/gcov/gcov-2.C -std=gnu++98 line 15: is #####:should be 1
FAIL: g++.dg/gcov/gcov-2.C -std=gnu++98 line 23: is #####:should be 2
FAIL: g++.dg/gcov/gcov-2.C -std=gnu++98 line 24: is #####:should be 1
FAIL: g++.dg/gcov/gcov-2.C -std=gnu++98 line 29: is #####:should be 1
FAIL: g++.dg/gcov/gcov-2.C -std=gnu++98 (test for excess errors)
UNRESOLVED: g++.dg/gcov/gcov-2.C -std=gnu++98 compilation failed to produce executable
FAIL: g++.dg/gcov/gcov-3.C -std=gnu++11 gcov: 1 failures in line counts, 0 in branch percentages, 0 in return percentages, 0 in intermediate format
FAIL: g++.dg/gcov/gcov-3.C -std=gnu++11 line 14: is #####:should be 1
FAIL: g++.dg/gcov/gcov-3.C -std=gnu++11 (test for excess errors)
UNRESOLVED: g++.dg/gcov/gcov-3.C -std=gnu++11 compilation failed to produce executable
FAIL: g++.dg/gcov/gcov-3.C -std=gnu++14 gcov: 1 failures in line counts, 0 in branch percentages, 0 in return percentages, 0 in intermediate format
FAIL: g++.dg/gcov/gcov-3.C -std=gnu++14 line 14: is #####:should be 1
FAIL: g++.dg/gcov/gcov-3.C -std=gnu++14 (test for excess errors)
UNRESOLVED: g++.dg/gcov/gcov-3.C -std=gnu++14 compilation failed to produce executable
FAIL: g++.dg/gcov/gcov-3.C -std=gnu++98 gcov: 1 failures in line counts, 0 in branch percentages, 0 in return percentages, 0 in intermediate format
FAIL: g++.dg/gcov/gcov-3.C -std=gnu++98 line 14: is #####:should be 1
FAIL: g++.dg/gcov/gcov-3.C -std=gnu++98 (test for excess errors)
UNRESOLVED: g++.dg/gcov/gcov-3.C -std=gnu++98 compilation failed to produce executable
FAIL: g++.dg/gcov/gcov-4.C -std=gnu++11 (test for excess errors)
UNRESOLVED: g++.dg/gcov/gcov-4.C -std=gnu++11 compilation failed to produce executable
FAIL: g++.dg/gcov/gcov-4.C -std=gnu++14 (test for excess errors)
UNRESOLVED: g++.dg/gcov/gcov-4.C -std=gnu++14 compilation failed to produce executable
FAIL: g++.dg/gcov/gcov-4.C -std=gnu++98 (test for excess errors)
UNRESOLVED: g++.dg/gcov/gcov-4.C -std=gnu++98 compilation failed to produce executable
FAIL: g++.dg/gcov/gcov-5.C -std=gnu++11 gcov: 2 failures in line counts, 0 in branch percentages, 0 in return percentages, 0 in intermediate format
FAIL: g++.dg/gcov/gcov-5.C -std=gnu++11 line 26: is #####:should be 1
FAIL: g++.dg/gcov/gcov-5.C -std=gnu++11 line 35: is #####:should be 1
FAIL: g++.dg/gcov/gcov-5.C -std=gnu++11 (test for excess errors)
UNRESOLVED: g++.dg/gcov/gcov-5.C -std=gnu++11 compilation failed to produce executable
FAIL: g++.dg/gcov/gcov-5.C -std=gnu++14 gcov: 2 failures in line counts, 0 in branch percentages, 0 in return percentages, 0 in intermediate format
FAIL: g++.dg/gcov/gcov-5.C -std=gnu++14 line 26: is #####:should be 1
FAIL: g++.dg/gcov/gcov-5.C -std=gnu++14 line 35: is #####:should be 1
FAIL: g++.dg/gcov/gcov-5.C -std=gnu++14 (test for excess errors)
UNRESOLVED: g++.dg/gcov/gcov-5.C -std=gnu++14 compilation failed to produce executable
FAIL: g++.dg/gcov/gcov-5.C -std=gnu++98 gcov: 2 failures in line counts, 0 in branch percentages, 0 in return percentages, 0 in intermediate format
FAIL: g++.dg/gcov/gcov-5.C -std=gnu++98 line 26: is #####:should be 1
FAIL: g++.dg/gcov/gcov-5.C -std=gnu++98 line 35: is #####:should be 1
FAIL: g++.dg/gcov/gcov-5.C -std=gnu++98 (test for excess errors)
UNRESOLVED: g++.dg/gcov/gcov-5.C -std=gnu++98 compilation failed to produce executable
FAIL: g++.dg/gcov/gcov-7.C -std=gnu++11 (test for excess errors)
UNRESOLVED: g++.dg/gcov/gcov-7.C -std=gnu++11 compilation failed to produce executable
FAIL: g++.dg/gcov/gcov-7.C -std=gnu++14 (test for excess errors)
UNRESOLVED: g++.dg/gcov/gcov-7.C -std=gnu++14 compilation failed to produce executable
FAIL: g++.dg/gcov/gcov-7.C -std=gnu++98 (test for excess errors)
UNRESOLVED: g++.dg/gcov/gcov-7.C -std=gnu++98 compilation failed to produce executable
FAIL: g++.dg/gcov/gcov-8.C -std=gnu++11 (test for excess errors)
UNRESOLVED: g++.dg/gcov/gcov-8.C -std=gnu++11 compilation failed to produce executable
FAIL: g++.dg/gcov/gcov-8.C -std=gnu++14 (test for excess errors)
UNRESOLVED: g++.dg/gcov/gcov-8.C -std=gnu++14 compilation failed to produce executable
FAIL: g++.dg/gcov/gcov-8.C -std=gnu++98 (test for excess errors)
UNRESOLVED: g++.dg/gcov/gcov-8.C -std=gnu++98 compilation failed to produce executable
FAIL: g++.dg/gcov/gcov-dump-1.C -std=gnu++11 gcov: 2 failures in line counts, 0 in branch percentages, 0 in return percentages, 0 in intermediate format
FAIL: g++.dg/gcov/gcov-dump-1.C -std=gnu++11 line 10: is #####:should be 1
FAIL: g++.dg/gcov/gcov-dump-1.C -std=gnu++11 line 13: is #####:should be 100
FAIL: g++.dg/gcov/gcov-dump-1.C -std=gnu++11 (test for excess errors)
UNRESOLVED: g++.dg/gcov/gcov-dump-1.C -std=gnu++11 compilation failed to produce executable
FAIL: g++.dg/gcov/gcov-dump-1.C -std=gnu++14 gcov: 2 failures in line counts, 0 in branch percentages, 0 in return percentages, 0 in intermediate format
FAIL: g++.dg/gcov/gcov-dump-1.C -std=gnu++14 line 10: is #####:should be 1
FAIL: g++.dg/gcov/gcov-dump-1.C -std=gnu++14 line 13: is #####:should be 100
FAIL: g++.dg/gcov/gcov-dump-1.C -std=gnu++14 (test for excess errors)
UNRESOLVED: g++.dg/gcov/gcov-dump-1.C -std=gnu++14 compilation failed to produce executable
FAIL: g++.dg/gcov/gcov-dump-1.C -std=gnu++98 gcov: 2 failures in line counts, 0 in branch percentages, 0 in return percentages, 0 in intermediate format
FAIL: g++.dg/gcov/gcov-dump-1.C -std=gnu++98 line 10: is #####:should be 1
FAIL: g++.dg/gcov/gcov-dump-1.C -std=gnu++98 line 13: is #####:should be 100
FAIL: g++.dg/gcov/gcov-dump-1.C -std=gnu++98 (test for excess errors)
UNRESOLVED: g++.dg/gcov/gcov-dump-1.C -std=gnu++98 compilation failed to produce executable
FAIL: g++.dg/gcov/gcov-dump-2.C -std=gnu++11 gcov: 4 failures in line counts, 0 in branch percentages, 0 in return percentages, 0 in intermediate format
FAIL: g++.dg/gcov/gcov-dump-2.C -std=gnu++11 line 14: is #####:should be 1
FAIL: g++.dg/gcov/gcov-dump-2.C -std=gnu++11 line 17: is #####:should be 100
FAIL: g++.dg/gcov/gcov-dump-2.C -std=gnu++11 line 26: is #####:should be 10001
FAIL: g++.dg/gcov/gcov-dump-2.C -std=gnu++11 line 29: is #####:should be 1
FAIL: g++.dg/gcov/gcov-dump-2.C -std=gnu++11 (test for excess errors)
UNRESOLVED: g++.dg/gcov/gcov-dump-2.C -std=gnu++11 compilation failed to produce executable
FAIL: g++.dg/gcov/gcov-dump-2.C -std=gnu++14 gcov: 4 failures in line counts, 0 in branch percentages, 0 in return percentages, 0 in intermediate format
FAIL: g++.dg/gcov/gcov-dump-2.C -std=gnu++14 line 14: is #####:should be 1
FAIL: g++.dg/gcov/gcov-dump-2.C -std=gnu++14 line 17: is #####:should be 100
FAIL: g++.dg/gcov/gcov-dump-2.C -std=gnu++14 line 26: is #####:should be 10001
FAIL: g++.dg/gcov/gcov-dump-2.C -std=gnu++14 line 29: is #####:should be 1
FAIL: g++.dg/gcov/gcov-dump-2.C -std=gnu++14 (test for excess errors)
UNRESOLVED: g++.dg/gcov/gcov-dump-2.C -std=gnu++14 compilation failed to produce executable
FAIL: g++.dg/gcov/gcov-dump-2.C -std=gnu++98 gcov: 4 failures in line counts, 0 in branch percentages, 0 in return percentages, 0 in intermediate format
FAIL: g++.dg/gcov/gcov-dump-2.C -std=gnu++98 line 14: is #####:should be 1
FAIL: g++.dg/gcov/gcov-dump-2.C -std=gnu++98 line 17: is #####:should be 100
FAIL: g++.dg/gcov/gcov-dump-2.C -std=gnu++98 line 26: is #####:should be 10001
FAIL: g++.dg/gcov/gcov-dump-2.C -std=gnu++98 line 29: is #####:should be 1
FAIL: g++.dg/gcov/gcov-dump-2.C -std=gnu++98 (test for excess errors)
UNRESOLVED: g++.dg/gcov/gcov-dump-2.C -std=gnu++98 compilation failed to produce executable
FAIL: g++.dg/gcov/loop.C -std=gnu++11 gcov: 4 failures in line counts, 0 in branch percentages, 0 in return percentages, 0 in intermediate format
FAIL: g++.dg/gcov/loop.C -std=gnu++11 line 21: is #####:should be 7k
FAIL: g++.dg/gcov/loop.C -std=gnu++11 line 24: is #####:should be 1
FAIL: g++.dg/gcov/loop.C -std=gnu++11 line 5: is #####:should be 14k
FAIL: g++.dg/gcov/loop.C -std=gnu++11 line 9: is #####:should be 21M
FAIL: g++.dg/gcov/loop.C -std=gnu++11 (test for excess errors)
UNRESOLVED: g++.dg/gcov/loop.C -std=gnu++11 compilation failed to produce executable
FAIL: g++.dg/gcov/loop.C -std=gnu++14 gcov: 4 failures in line counts, 0 in branch percentages, 0 in return percentages, 0 in intermediate format
FAIL: g++.dg/gcov/loop.C -std=gnu++14 line 21: is #####:should be 7k
FAIL: g++.dg/gcov/loop.C -std=gnu++14 line 24: is #####:should be 1
FAIL: g++.dg/gcov/loop.C -std=gnu++14 line 5: is #####:should be 14k
FAIL: g++.dg/gcov/loop.C -std=gnu++14 line 9: is #####:should be 21M
FAIL: g++.dg/gcov/loop.C -std=gnu++14 (test for excess errors)
UNRESOLVED: g++.dg/gcov/loop.C -std=gnu++14 compilation failed to produce executable
FAIL: g++.dg/gcov/loop.C -std=gnu++98 gcov: 4 failures in line counts, 0 in branch percentages, 0 in return percentages, 0 in intermediate format
FAIL: g++.dg/gcov/loop.C -std=gnu++98 line 21: is #####:should be 7k
FAIL: g++.dg/gcov/loop.C -std=gnu++98 line 24: is #####:should be 1
FAIL: g++.dg/gcov/loop.C -std=gnu++98 line 5: is #####:should be 14k
FAIL: g++.dg/gcov/loop.C -std=gnu++98 line 9: is #####:should be 21M
FAIL: g++.dg/gcov/loop.C -std=gnu++98 (test for excess errors)
UNRESOLVED: g++.dg/gcov/loop.C -std=gnu++98 compilation failed to produce executable
FAIL: g++.dg/gcov/pr16855-priority.C -std=gnu++11 gcov: 12 failures in line counts, 0 in branch percentages, 0 in return percentages, 0 in intermediate format
FAIL: g++.dg/gcov/pr16855-priority.C -std=gnu++11 line 14: is #####:should be 1
FAIL: g++.dg/gcov/pr16855-priority.C -std=gnu++11 line 21: is #####:should be 1
FAIL: g++.dg/gcov/pr16855-priority.C -std=gnu++11 line 22: is #####:should be 1
FAIL: g++.dg/gcov/pr16855-priority.C -std=gnu++11 line 35: is #####:should be 1
FAIL: g++.dg/gcov/pr16855-priority.C -std=gnu++11 line 41: is #####:should be 1
FAIL: g++.dg/gcov/pr16855-priority.C -std=gnu++11 line 46: is #####:should be 1
FAIL: g++.dg/gcov/pr16855-priority.C -std=gnu++11 line 51: is #####:should be 1
FAIL: g++.dg/gcov/pr16855-priority.C -std=gnu++11 line 56: is #####:should be 1
FAIL: g++.dg/gcov/pr16855-priority.C -std=gnu++11 line 61: is #####:should be 1
FAIL: g++.dg/gcov/pr16855-priority.C -std=gnu++11 line 66: is #####:should be 1
FAIL: g++.dg/gcov/pr16855-priority.C -std=gnu++11 line 71: is #####:should be 1
FAIL: g++.dg/gcov/pr16855-priority.C -std=gnu++11 line 76: is #####:should be 1
FAIL: g++.dg/gcov/pr16855-priority.C -std=gnu++11 (test for excess errors)
UNRESOLVED: g++.dg/gcov/pr16855-priority.C -std=gnu++11 compilation failed to produce executable
FAIL: g++.dg/gcov/pr16855-priority.C -std=gnu++14 gcov: 12 failures in line counts, 0 in branch percentages, 0 in return percentages, 0 in intermediate format
FAIL: g++.dg/gcov/pr16855-priority.C -std=gnu++14 line 14: is #####:should be 1
FAIL: g++.dg/gcov/pr16855-priority.C -std=gnu++14 line 21: is #####:should be 1
FAIL: g++.dg/gcov/pr16855-priority.C -std=gnu++14 line 22: is #####:should be 1
FAIL: g++.dg/gcov/pr16855-priority.C -std=gnu++14 line 35: is #####:should be 1
FAIL: g++.dg/gcov/pr16855-priority.C -std=gnu++14 line 41: is #####:should be 1
FAIL: g++.dg/gcov/pr16855-priority.C -std=gnu++14 line 46: is #####:should be 1
FAIL: g++.dg/gcov/pr16855-priority.C -std=gnu++14 line 51: is #####:should be 1
FAIL: g++.dg/gcov/pr16855-priority.C -std=gnu++14 line 56: is #####:should be 1
FAIL: g++.dg/gcov/pr16855-priority.C -std=gnu++14 line 61: is #####:should be 1
FAIL: g++.dg/gcov/pr16855-priority.C -std=gnu++14 line 66: is #####:should be 1
FAIL: g++.dg/gcov/pr16855-priority.C -std=gnu++14 line 71: is #####:should be 1
FAIL: g++.dg/gcov/pr16855-priority.C -std=gnu++14 line 76: is #####:should be 1
FAIL: g++.dg/gcov/pr16855-priority.C -std=gnu++14 (test for excess errors)
UNRESOLVED: g++.dg/gcov/pr16855-priority.C -std=gnu++14 compilation failed to produce executable
FAIL: g++.dg/gcov/pr16855-priority.C -std=gnu++98 gcov: 12 failures in line counts, 0 in branch percentages, 0 in return percentages, 0 in intermediate format
FAIL: g++.dg/gcov/pr16855-priority.C -std=gnu++98 line 14: is #####:should be 1
FAIL: g++.dg/gcov/pr16855-priority.C -std=gnu++98 line 21: is #####:should be 1
FAIL: g++.dg/gcov/pr16855-priority.C -std=gnu++98 line 22: is #####:should be 1
FAIL: g++.dg/gcov/pr16855-priority.C -std=gnu++98 line 35: is #####:should be 1
FAIL: g++.dg/gcov/pr16855-priority.C -std=gnu++98 line 41: is #####:should be 1
FAIL: g++.dg/gcov/pr16855-priority.C -std=gnu++98 line 46: is #####:should be 1
FAIL: g++.dg/gcov/pr16855-priority.C -std=gnu++98 line 51: is #####:should be 1
FAIL: g++.dg/gcov/pr16855-priority.C -std=gnu++98 line 56: is #####:should be 1
FAIL: g++.dg/gcov/pr16855-priority.C -std=gnu++98 line 61: is #####:should be 1
FAIL: g++.dg/gcov/pr16855-priority.C -std=gnu++98 line 66: is #####:should be 1
FAIL: g++.dg/gcov/pr16855-priority.C -std=gnu++98 line 71: is #####:should be 1
FAIL: g++.dg/gcov/pr16855-priority.C -std=gnu++98 line 76: is #####:should be 1
FAIL: g++.dg/gcov/pr16855-priority.C -std=gnu++98 (test for excess errors)
UNRESOLVED: g++.dg/gcov/pr16855-priority.C -std=gnu++98 compilation failed to produce executable
FAIL: g++.dg/gcov/pr16855.C -std=gnu++11 gcov: 6 failures in line counts, 0 in branch percentages, 0 in return percentages, 0 in intermediate format
FAIL: g++.dg/gcov/pr16855.C -std=gnu++11 line 13: is #####:should be 1
FAIL: g++.dg/gcov/pr16855.C -std=gnu++11 line 20: is #####:should be 1
FAIL: g++.dg/gcov/pr16855.C -std=gnu++11 line 21: is #####:should be 1
FAIL: g++.dg/gcov/pr16855.C -std=gnu++11 line 34: is #####:should be 1
FAIL: g++.dg/gcov/pr16855.C -std=gnu++11 line 40: is #####:should be 1
FAIL: g++.dg/gcov/pr16855.C -std=gnu++11 line 45: is #####:should be 1
FAIL: g++.dg/gcov/pr16855.C -std=gnu++11 (test for excess errors)
UNRESOLVED: g++.dg/gcov/pr16855.C -std=gnu++11 compilation failed to produce executable
FAIL: g++.dg/gcov/pr16855.C -std=gnu++14 gcov: 6 failures in line counts, 0 in branch percentages, 0 in return percentages, 0 in intermediate format
FAIL: g++.dg/gcov/pr16855.C -std=gnu++14 line 13: is #####:should be 1
FAIL: g++.dg/gcov/pr16855.C -std=gnu++14 line 20: is #####:should be 1
FAIL: g++.dg/gcov/pr16855.C -std=gnu++14 line 21: is #####:should be 1
FAIL: g++.dg/gcov/pr16855.C -std=gnu++14 line 34: is #####:should be 1
FAIL: g++.dg/gcov/pr16855.C -std=gnu++14 line 40: is #####:should be 1
FAIL: g++.dg/gcov/pr16855.C -std=gnu++14 line 45: is #####:should be 1
FAIL: g++.dg/gcov/pr16855.C -std=gnu++14 (test for excess errors)
UNRESOLVED: g++.dg/gcov/pr16855.C -std=gnu++14 compilation failed to produce executable
FAIL: g++.dg/gcov/pr16855.C -std=gnu++98 gcov: 6 failures in line counts, 0 in branch percentages, 0 in return percentages, 0 in intermediate format
FAIL: g++.dg/gcov/pr16855.C -std=gnu++98 line 13: is #####:should be 1
FAIL: g++.dg/gcov/pr16855.C -std=gnu++98 line 20: is #####:should be 1
FAIL: g++.dg/gcov/pr16855.C -std=gnu++98 line 21: is #####:should be 1
FAIL: g++.dg/gcov/pr16855.C -std=gnu++98 line 34: is #####:should be 1
FAIL: g++.dg/gcov/pr16855.C -std=gnu++98 line 40: is #####:should be 1
FAIL: g++.dg/gcov/pr16855.C -std=gnu++98 line 45: is #####:should be 1
FAIL: g++.dg/gcov/pr16855.C -std=gnu++98 (test for excess errors)
UNRESOLVED: g++.dg/gcov/pr16855.C -std=gnu++98 compilation failed to produce executable
FAIL: g++.dg/gcov/pr84548.C -std=gnu++11 (test for excess errors)
UNRESOLVED: g++.dg/gcov/pr84548.C -std=gnu++11 compilation failed to produce executable
FAIL: g++.dg/gcov/pr84548.C -std=gnu++14 (test for excess errors)
UNRESOLVED: g++.dg/gcov/pr84548.C -std=gnu++14 compilation failed to produce executable
FAIL: g++.dg/gcov/pr84548.C -std=gnu++98 (test for excess errors)
UNRESOLVED: g++.dg/gcov/pr84548.C -std=gnu++98 compilation failed to produce executable
FAIL: g++.dg/gcov/ternary.C -std=gnu++11 (test for excess errors)
UNRESOLVED: g++.dg/gcov/ternary.C -std=gnu++11 compilation failed to produce executable
FAIL: g++.dg/gcov/ternary.C -std=gnu++14 (test for excess errors)
UNRESOLVED: g++.dg/gcov/ternary.C -std=gnu++14 compilation failed to produce executable
FAIL: g++.dg/gcov/ternary.C -std=gnu++98 (test for excess errors)
UNRESOLVED: g++.dg/gcov/ternary.C -std=gnu++98 compilation failed to produce executable
FAIL: g++.dg/tree-prof/indir-call-prof-2.C compilation, -fprofile-generate -D_PROFILE_GENERATE
UNRESOLVED: g++.dg/tree-prof/indir-call-prof-2.C compilation, -fprofile-use -D_PROFILE_USE
UNRESOLVED: g++.dg/tree-prof/indir-call-prof-2.C execution, -fprofile-generate -D_PROFILE_GENERATE
UNRESOLVED: g++.dg/tree-prof/indir-call-prof-2.C execution, -fprofile-use -D_PROFILE_USE
FAIL: g++.dg/tree-prof/indir-call-prof.C compilation, -fprofile-generate -D_PROFILE_GENERATE
UNRESOLVED: g++.dg/tree-prof/indir-call-prof.C compilation, -fprofile-use -D_PROFILE_USE
UNRESOLVED: g++.dg/tree-prof/indir-call-prof.C execution, -fprofile-generate -D_PROFILE_GENERATE
UNRESOLVED: g++.dg/tree-prof/indir-call-prof.C execution, -fprofile-use -D_PROFILE_USE
FAIL: g++.dg/tree-prof/inline_mismatch_args.C compilation, -fprofile-generate -D_PROFILE_GENERATE
UNRESOLVED: g++.dg/tree-prof/inline_mismatch_args.C compilation, -fprofile-use -D_PROFILE_USE
UNRESOLVED: g++.dg/tree-prof/inline_mismatch_args.C execution, -fprofile-generate -D_PROFILE_GENERATE
UNRESOLVED: g++.dg/tree-prof/inline_mismatch_args.C execution, -fprofile-use -D_PROFILE_USE
FAIL: g++.dg/tree-prof/morefunc.C compilation, -fprofile-generate -D_PROFILE_GENERATE
UNRESOLVED: g++.dg/tree-prof/morefunc.C compilation, -fprofile-use -D_PROFILE_USE
UNRESOLVED: g++.dg/tree-prof/morefunc.C execution, -fprofile-generate -D_PROFILE_GENERATE
UNRESOLVED: g++.dg/tree-prof/morefunc.C execution, -fprofile-use -D_PROFILE_USE
FAIL: g++.dg/tree-prof/partition1.C compilation, -fprofile-generate -D_PROFILE_GENERATE
UNRESOLVED: g++.dg/tree-prof/partition1.C compilation, -fprofile-use -D_PROFILE_USE
UNRESOLVED: g++.dg/tree-prof/partition1.C execution, -fprofile-generate -D_PROFILE_GENERATE
UNRESOLVED: g++.dg/tree-prof/partition1.C execution, -fprofile-use -D_PROFILE_USE
FAIL: g++.dg/tree-prof/partition2.C compilation, -fprofile-generate -D_PROFILE_GENERATE
UNRESOLVED: g++.dg/tree-prof/partition2.C compilation, -fprofile-use -D_PROFILE_USE
UNRESOLVED: g++.dg/tree-prof/partition2.C execution, -fprofile-generate -D_PROFILE_GENERATE
UNRESOLVED: g++.dg/tree-prof/partition2.C execution, -fprofile-use -D_PROFILE_USE
FAIL: g++.dg/tree-prof/partition3.C compilation, -fprofile-generate -D_PROFILE_GENERATE
UNRESOLVED: g++.dg/tree-prof/partition3.C compilation, -fprofile-use -D_PROFILE_USE
UNRESOLVED: g++.dg/tree-prof/partition3.C execution, -fprofile-generate -D_PROFILE_GENERATE
UNRESOLVED: g++.dg/tree-prof/partition3.C execution, -fprofile-use -D_PROFILE_USE
FAIL: g++.dg/tree-prof/pr35545.C compilation, -fprofile-generate -D_PROFILE_GENERATE
UNRESOLVED: g++.dg/tree-prof/pr35545.C compilation, -fprofile-use -D_PROFILE_USE
UNRESOLVED: g++.dg/tree-prof/pr35545.C execution, -fprofile-generate -D_PROFILE_GENERATE
UNRESOLVED: g++.dg/tree-prof/pr35545.C execution, -fprofile-use -D_PROFILE_USE
FAIL: g++.dg/tree-prof/pr51719.C compilation, -fprofile-generate -D_PROFILE_GENERATE
UNRESOLVED: g++.dg/tree-prof/pr51719.C compilation, -fprofile-use -D_PROFILE_USE
UNRESOLVED: g++.dg/tree-prof/pr51719.C execution, -fprofile-generate -D_PROFILE_GENERATE
UNRESOLVED: g++.dg/tree-prof/pr51719.C execution, -fprofile-use -D_PROFILE_USE
FAIL: g++.dg/tree-prof/pr53460.C compilation, -fprofile-generate -D_PROFILE_GENERATE
UNRESOLVED: g++.dg/tree-prof/pr53460.C compilation, -fprofile-use -D_PROFILE_USE
UNRESOLVED: g++.dg/tree-prof/pr53460.C execution, -fprofile-generate -D_PROFILE_GENERATE
UNRESOLVED: g++.dg/tree-prof/pr53460.C execution, -fprofile-use -D_PROFILE_USE
FAIL: g++.dg/tree-prof/pr57451.C compilation, -fprofile-generate -D_PROFILE_GENERATE
UNRESOLVED: g++.dg/tree-prof/pr57451.C compilation, -fprofile-use -D_PROFILE_USE
UNRESOLVED: g++.dg/tree-prof/pr57451.C execution, -fprofile-generate -D_PROFILE_GENERATE
UNRESOLVED: g++.dg/tree-prof/pr57451.C execution, -fprofile-use -D_PROFILE_USE
FAIL: g++.dg/tree-prof/pr59255.C compilation, -fprofile-generate -D_PROFILE_GENERATE
UNRESOLVED: g++.dg/tree-prof/pr59255.C compilation, -fprofile-use -D_PROFILE_USE
UNRESOLVED: g++.dg/tree-prof/pr59255.C execution, -fprofile-generate -D_PROFILE_GENERATE
UNRESOLVED: g++.dg/tree-prof/pr59255.C execution, -fprofile-use -D_PROFILE_USE
FAIL: g++.dg/tree-prof/pr63581.C compilation, -fprofile-generate -D_PROFILE_GENERATE
UNRESOLVED: g++.dg/tree-prof/pr63581.C compilation, -fprofile-use -D_PROFILE_USE
UNRESOLVED: g++.dg/tree-prof/pr63581.C execution, -fprofile-generate -D_PROFILE_GENERATE
UNRESOLVED: g++.dg/tree-prof/pr63581.C execution, -fprofile-use -D_PROFILE_USE
FAIL: g++.dg/tree-prof/pr79259.C compilation, -fprofile-generate -D_PROFILE_GENERATE
UNRESOLVED: g++.dg/tree-prof/pr79259.C compilation, -fprofile-use -D_PROFILE_USE
UNRESOLVED: g++.dg/tree-prof/pr79259.C execution, -fprofile-generate -D_PROFILE_GENERATE
UNRESOLVED: g++.dg/tree-prof/pr79259.C execution, -fprofile-use -D_PROFILE_USE
FAIL: g++.dg/tree-prof/reorder.C compilation, -fprofile-generate -D_PROFILE_GENERATE
UNRESOLVED: g++.dg/tree-prof/reorder.C compilation, -fprofile-use -D_PROFILE_USE
UNRESOLVED: g++.dg/tree-prof/reorder.C execution, -fprofile-generate -D_PROFILE_GENERATE
UNRESOLVED: g++.dg/tree-prof/reorder.C execution, -fprofile-use -D_PROFILE_USE
XPASS: g++.old-deja/g++.eh/new2.C -std=gnu++11 execution test
XPASS: g++.old-deja/g++.eh/new2.C -std=gnu++98 execution test
XPASS: g++.old-deja/g++.mike/p755a.C -std=c++11 execution test
XPASS: g++.old-deja/g++.mike/p755a.C -std=c++98 execution test
FAIL: g++.old-deja/g++.robertl/eb83.C -std=gnu++11 (test for excess errors)
UNRESOLVED: g++.old-deja/g++.robertl/eb83.C -std=gnu++11 compilation failed to produce executable
FAIL: g++.old-deja/g++.robertl/eb83.C -std=gnu++14 (test for excess errors)
UNRESOLVED: g++.old-deja/g++.robertl/eb83.C -std=gnu++14 compilation failed to produce executable
FAIL: g++.old-deja/g++.robertl/eb83.C -std=gnu++98 (test for excess errors)
UNRESOLVED: g++.old-deja/g++.robertl/eb83.C -std=gnu++98 compilation failed to produce executable
=== g++ Summary ===
# of expected passes 109550
# of unexpected failures 548
# of unexpected successes 81
# of expected failures 752
# of unresolved testcases 156
# of unsupported tests 5220
/tmp/GCC/gcc/testsuite/g++/../../xg++ version 9.0.0 20180627 (experimental) [trunk revision 262183] (GCC)
=== gcc tests ===
Running target unix
XPASS: gcc.dg/autopar/pr46799.c (test for excess errors)
XPASS: gcc.dg/debug/dwarf2/align-1.c scan-assembler-times DW_AT_alignment 1
XPASS: gcc.dg/debug/dwarf2/align-2.c scan-assembler-times DW_AT_alignment 1
XPASS: gcc.dg/debug/dwarf2/align-3.c scan-assembler-times DW_AT_alignment 1
XPASS: gcc.dg/debug/dwarf2/align-4.c scan-assembler-times DW_AT_alignment 2
XPASS: gcc.dg/debug/dwarf2/align-5.c scan-assembler-times DW_AT_alignment 1
XPASS: gcc.dg/debug/dwarf2/align-6.c scan-assembler-times DW_AT_alignment 1
XPASS: gcc.dg/debug/dwarf2/align-as-1.c scan-assembler-times DW_AT_alignment 1
XPASS: gcc.dg/debug/dwarf2/dwarf2-macro.c scan-assembler Start new file
XPASS: gcc.dg/debug/dwarf2/dwarf2-macro2.c scan-assembler At line number 0
XPASS: gcc.dg/debug/dwarf2/lang-c89.c scan-assembler 0x1.*DW_AT_language
XPASS: gcc.dg/debug/dwarf2/noreturn-function-attribute.c scan-assembler-times DW_AT_noreturn 2
XPASS: gcc.dg/debug/dwarf2/noreturn-function-keyword.c scan-assembler-times DW_AT_noreturn 2
XPASS: gcc.dg/debug/dwarf2/pr71855.c scan-assembler-times DIE.*DW_TAG_unspecified_parameters 1
FAIL: gcc.dg/debug/dwarf2/pr82718-1.c (test for excess errors)
FAIL: gcc.dg/debug/dwarf2/pr82718-2.c (test for excess errors)
FAIL: gcc.dg/20020201-1.c (test for excess errors)
UNRESOLVED: gcc.dg/20020201-1.c compilation failed to produce executable
FAIL: gcc.dg/asm-names.c scan-assembler-not ____frob14
ERROR: gcc.dg/fixits-pr84852-1.c: bad option "-812156810": must be -exact, -glob, -regexp, or -- for " dg-warning 15 "incompatible implicit declaration of built-in function 'strlen'" "" { target *-*-* } -812156810 "
UNRESOLVED: gcc.dg/fixits-pr84852-1.c: bad option "-812156810": must be -exact, -glob, -regexp, or -- for " dg-warning 15 "incompatible implicit declaration of built-in function 'strlen'" "" { target *-*-* } -812156810 "
ERROR: gcc.dg/fixits-pr84852-2.c: bad option "-812156810": must be -exact, -glob, -regexp, or -- for " dg-warning 15 "incompatible implicit declaration of built-in function 'strlen'" "" { target *-*-* } -812156810 "
UNRESOLVED: gcc.dg/fixits-pr84852-2.c: bad option "-812156810": must be -exact, -glob, -regexp, or -- for " dg-warning 15 "incompatible implicit declaration of built-in function 'strlen'" "" { target *-*-* } -812156810 "
FAIL: gcc.dg/nextafter-2.c execution test
FAIL: gcc.dg/pr47793.c (test for excess errors)
UNRESOLVED: gcc.dg/pr47793.c compilation failed to produce executable
UNRESOLVED: gcc.dg/pr47793.c scan-file .
FAIL: gcc.dg/pr48770.c (test for excess errors)
UNRESOLVED: gcc.dg/pr48770.c compilation failed to produce executable
FAIL: gcc.dg/profile-generate-3.c (test for excess errors)
FAIL: gcc.dg/gomp/pr82374.c scan-tree-dump-times vect "vectorized 1 loops" 2
FAIL: gcc.dg/graphite/interchange-3.c scan-tree-dump graphite "tiled"
FAIL: gcc.dg/graphite/interchange-7.c scan-tree-dump graphite "tiled"
FAIL: gcc.dg/graphite/interchange-9.c scan-tree-dump graphite "tiled"
FAIL: gcc.dg/graphite/uns-interchange-9.c scan-tree-dump graphite "tiled"
FAIL: gcc.dg/ipa/iinline-attr.c scan-ipa-dump inline "hooray[^\\\\n]*inline copy in test"
FAIL: gcc.dg/noncompile/pr55976-1.c -O0 (test for excess errors)
FAIL: gcc.dg/noncompile/pr55976-1.c -O1 (test for excess errors)
FAIL: gcc.dg/noncompile/pr55976-1.c -O2 (test for excess errors)
FAIL: gcc.dg/noncompile/pr55976-1.c -O3 -g (test for excess errors)
FAIL: gcc.dg/noncompile/pr55976-1.c -Os (test for excess errors)
XPASS: gcc.dg/torture/pr59166.c -O0 (test for excess errors)
FAIL: gcc.dg/tree-prof/20041218-1.c compilation, -fprofile-generate -D_PROFILE_GENERATE
UNRESOLVED: gcc.dg/tree-prof/20041218-1.c compilation, -fprofile-use -D_PROFILE_USE
UNRESOLVED: gcc.dg/tree-prof/20041218-1.c execution, -fprofile-generate -D_PROFILE_GENERATE
UNRESOLVED: gcc.dg/tree-prof/20041218-1.c execution, -fprofile-use -D_PROFILE_USE
FAIL: gcc.dg/tree-prof/20050826-2.c compilation, -fprofile-generate -D_PROFILE_GENERATE
UNRESOLVED: gcc.dg/tree-prof/20050826-2.c compilation, -fprofile-use -D_PROFILE_USE
UNRESOLVED: gcc.dg/tree-prof/20050826-2.c execution, -fprofile-generate -D_PROFILE_GENERATE
UNRESOLVED: gcc.dg/tree-prof/20050826-2.c execution, -fprofile-use -D_PROFILE_USE
FAIL: gcc.dg/tree-prof/bb-reorg.c compilation, -fprofile-generate -D_PROFILE_GENERATE
UNRESOLVED: gcc.dg/tree-prof/bb-reorg.c compilation, -fprofile-use -D_PROFILE_USE
UNRESOLVED: gcc.dg/tree-prof/bb-reorg.c execution, -fprofile-generate -D_PROFILE_GENERATE
UNRESOLVED: gcc.dg/tree-prof/bb-reorg.c execution, -fprofile-use -D_PROFILE_USE
FAIL: gcc.dg/tree-prof/cmpsf-1.c compilation, -fprofile-generate -D_PROFILE_GENERATE
UNRESOLVED: gcc.dg/tree-prof/cmpsf-1.c compilation, -fprofile-use -D_PROFILE_USE
UNRESOLVED: gcc.dg/tree-prof/cmpsf-1.c execution, -fprofile-generate -D_PROFILE_GENERATE
UNRESOLVED: gcc.dg/tree-prof/cmpsf-1.c execution, -fprofile-use -D_PROFILE_USE
FAIL: gcc.dg/tree-prof/cold_partition_label.c compilation, -fprofile-generate -D_PROFILE_GENERATE
UNRESOLVED: gcc.dg/tree-prof/cold_partition_label.c compilation, -fprofile-use -D_PROFILE_USE
UNRESOLVED: gcc.dg/tree-prof/cold_partition_label.c execution, -fprofile-generate -D_PROFILE_GENERATE
UNRESOLVED: gcc.dg/tree-prof/cold_partition_label.c execution, -fprofile-use -D_PROFILE_USE
FAIL: gcc.dg/tree-prof/comp-goto-1.c compilation, -fprofile-generate -D_PROFILE_GENERATE
UNRESOLVED: gcc.dg/tree-prof/comp-goto-1.c compilation, -fprofile-use -D_PROFILE_USE
UNRESOLVED: gcc.dg/tree-prof/comp-goto-1.c execution, -fprofile-generate -D_PROFILE_GENERATE
UNRESOLVED: gcc.dg/tree-prof/comp-goto-1.c execution, -fprofile-use -D_PROFILE_USE
FAIL: gcc.dg/tree-prof/crossmodule-indircall-1a.c compilation, -fprofile-generate -D_PROFILE_GENERATE
UNRESOLVED: gcc.dg/tree-prof/crossmodule-indircall-1a.c compilation, -fprofile-use -D_PROFILE_USE
UNRESOLVED: gcc.dg/tree-prof/crossmodule-indircall-1a.c execution, -fprofile-generate -D_PROFILE_GENERATE
UNRESOLVED: gcc.dg/tree-prof/crossmodule-indircall-1a.c execution, -fprofile-use -D_PROFILE_USE
FAIL: gcc.dg/tree-prof/ic-misattribution-1.c compilation, -fprofile-generate -D_PROFILE_GENERATE
UNRESOLVED: gcc.dg/tree-prof/ic-misattribution-1.c compilation, -fprofile-use -D_PROFILE_USE
UNRESOLVED: gcc.dg/tree-prof/ic-misattribution-1.c execution, -fprofile-generate -D_PROFILE_GENERATE
UNRESOLVED: gcc.dg/tree-prof/ic-misattribution-1.c execution, -fprofile-use -D_PROFILE_USE
FAIL: gcc.dg/tree-prof/ic-misattribution-1a.c compilation, -fprofile-generate -D_PROFILE_GENERATE
UNRESOLVED: gcc.dg/tree-prof/ic-misattribution-1a.c compilation, -fprofile-use -D_PROFILE_USE
UNRESOLVED: gcc.dg/tree-prof/ic-misattribution-1a.c execution, -fprofile-generate -D_PROFILE_GENERATE
UNRESOLVED: gcc.dg/tree-prof/ic-misattribution-1a.c execution, -fprofile-use -D_PROFILE_USE
FAIL: gcc.dg/tree-prof/indir-call-prof.c compilation, -fprofile-generate -D_PROFILE_GENERATE
UNRESOLVED: gcc.dg/tree-prof/indir-call-prof.c compilation, -fprofile-use -D_PROFILE_USE
UNRESOLVED: gcc.dg/tree-prof/indir-call-prof.c execution, -fprofile-generate -D_PROFILE_GENERATE
UNRESOLVED: gcc.dg/tree-prof/indir-call-prof.c execution, -fprofile-use -D_PROFILE_USE
FAIL: gcc.dg/tree-prof/inliner-1.c compilation, -fprofile-generate -D_PROFILE_GENERATE
UNRESOLVED: gcc.dg/tree-prof/inliner-1.c compilation, -fprofile-use -D_PROFILE_USE
UNRESOLVED: gcc.dg/tree-prof/inliner-1.c execution, -fprofile-generate -D_PROFILE_GENERATE
UNRESOLVED: gcc.dg/tree-prof/inliner-1.c execution, -fprofile-use -D_PROFILE_USE
FAIL: gcc.dg/tree-prof/merge_block.c compilation, -fprofile-generate -D_PROFILE_GENERATE
UNRESOLVED: gcc.dg/tree-prof/merge_block.c compilation, -fprofile-use -D_PROFILE_USE
UNRESOLVED: gcc.dg/tree-prof/merge_block.c execution, -fprofile-generate -D_PROFILE_GENERATE
UNRESOLVED: gcc.dg/tree-prof/merge_block.c execution, -fprofile-use -D_PROFILE_USE
FAIL: gcc.dg/tree-prof/peel-1.c compilation, -fprofile-generate -D_PROFILE_GENERATE
UNRESOLVED: gcc.dg/tree-prof/peel-1.c compilation, -fprofile-use -D_PROFILE_USE
UNRESOLVED: gcc.dg/tree-prof/peel-1.c execution, -fprofile-generate -D_PROFILE_GENERATE
UNRESOLVED: gcc.dg/tree-prof/peel-1.c execution, -fprofile-use -D_PROFILE_USE
FAIL: gcc.dg/tree-prof/pr34999.c compilation, -fprofile-generate -D_PROFILE_GENERATE
UNRESOLVED: gcc.dg/tree-prof/pr34999.c compilation, -fprofile-use -D_PROFILE_USE
UNRESOLVED: gcc.dg/tree-prof/pr34999.c execution, -fprofile-generate -D_PROFILE_GENERATE
UNRESOLVED: gcc.dg/tree-prof/pr34999.c execution, -fprofile-use -D_PROFILE_USE
FAIL: gcc.dg/tree-prof/pr44777.c compilation, -fprofile-generate -D_PROFILE_GENERATE
UNRESOLVED: gcc.dg/tree-prof/pr44777.c compilation, -fprofile-use -D_PROFILE_USE
UNRESOLVED: gcc.dg/tree-prof/pr44777.c execution, -fprofile-generate -D_PROFILE_GENERATE
UNRESOLVED: gcc.dg/tree-prof/pr44777.c execution, -fprofile-use -D_PROFILE_USE
FAIL: gcc.dg/tree-prof/pr45354.c compilation, -fprofile-generate -D_PROFILE_GENERATE
UNRESOLVED: gcc.dg/tree-prof/pr45354.c compilation, -fprofile-use -D_PROFILE_USE
UNRESOLVED: gcc.dg/tree-prof/pr45354.c execution, -fprofile-generate -D_PROFILE_GENERATE
UNRESOLVED: gcc.dg/tree-prof/pr45354.c execution, -fprofile-use -D_PROFILE_USE
FAIL: gcc.dg/tree-prof/pr47187.c compilation, -fprofile-generate -D_PROFILE_GENERATE
UNRESOLVED: gcc.dg/tree-prof/pr47187.c compilation, -fprofile-use -D_PROFILE_USE
UNRESOLVED: gcc.dg/tree-prof/pr47187.c execution, -fprofile-generate -D_PROFILE_GENERATE
UNRESOLVED: gcc.dg/tree-prof/pr47187.c execution, -fprofile-use -D_PROFILE_USE
FAIL: gcc.dg/tree-prof/pr49299-1.c compilation, -fprofile-generate -D_PROFILE_GENERATE
UNRESOLVED: gcc.dg/tree-prof/pr49299-1.c compilation, -fprofile-use -D_PROFILE_USE
UNRESOLVED: gcc.dg/tree-prof/pr49299-1.c execution, -fprofile-generate -D_PROFILE_GENERATE
UNRESOLVED: gcc.dg/tree-prof/pr49299-1.c execution, -fprofile-use -D_PROFILE_USE
FAIL: gcc.dg/tree-prof/pr49299-2.c compilation, -fprofile-generate -D_PROFILE_GENERATE
UNRESOLVED: gcc.dg/tree-prof/pr49299-2.c compilation, -fprofile-use -D_PROFILE_USE
UNRESOLVED: gcc.dg/tree-prof/pr49299-2.c execution, -fprofile-generate -D_PROFILE_GENERATE
UNRESOLVED: gcc.dg/tree-prof/pr49299-2.c execution, -fprofile-use -D_PROFILE_USE
FAIL: gcc.dg/tree-prof/pr50907.c compilation, -fprofile-generate -D_PROFILE_GENERATE
UNRESOLVED: gcc.dg/tree-prof/pr50907.c compilation, -fprofile-use -D_PROFILE_USE
UNRESOLVED: gcc.dg/tree-prof/pr50907.c execution, -fprofile-generate -D_PROFILE_GENERATE
UNRESOLVED: gcc.dg/tree-prof/pr50907.c execution, -fprofile-use -D_PROFILE_USE
FAIL: gcc.dg/tree-prof/pr52027.c compilation, -fprofile-generate -D_PROFILE_GENERATE
UNRESOLVED: gcc.dg/tree-prof/pr52027.c compilation, -fprofile-use -D_PROFILE_USE
UNRESOLVED: gcc.dg/tree-prof/pr52027.c execution, -fprofile-generate -D_PROFILE_GENERATE
UNRESOLVED: gcc.dg/tree-prof/pr52027.c execution, -fprofile-use -D_PROFILE_USE
FAIL: gcc.dg/tree-prof/pr52150.c compilation, -fprofile-generate -D_PROFILE_GENERATE
UNRESOLVED: gcc.dg/tree-prof/pr52150.c compilation, -fprofile-use -D_PROFILE_USE
UNRESOLVED: gcc.dg/tree-prof/pr52150.c execution, -fprofile-generate -D_PROFILE_GENERATE
UNRESOLVED: gcc.dg/tree-prof/pr52150.c execution, -fprofile-use -D_PROFILE_USE
FAIL: gcc.dg/tree-prof/pr59003.c compilation, -fprofile-generate -D_PROFILE_GENERATE
UNRESOLVED: gcc.dg/tree-prof/pr59003.c compilation, -fprofile-use -D_PROFILE_USE
UNRESOLVED: gcc.dg/tree-prof/pr59003.c execution, -fprofile-generate -D_PROFILE_GENERATE
UNRESOLVED: gcc.dg/tree-prof/pr59003.c execution, -fprofile-use -D_PROFILE_USE
FAIL: gcc.dg/tree-prof/prof-robust-1.c compilation, -fprofile-generate -D_PROFILE_GENERATE
UNRESOLVED: gcc.dg/tree-prof/prof-robust-1.c compilation, -fprofile-use -D_PROFILE_USE
UNRESOLVED: gcc.dg/tree-prof/prof-robust-1.c execution, -fprofile-generate -D_PROFILE_GENERATE
UNRESOLVED: gcc.dg/tree-prof/prof-robust-1.c execution, -fprofile-use -D_PROFILE_USE
FAIL: gcc.dg/tree-prof/section-attr-1.c compilation, -fprofile-generate -D_PROFILE_GENERATE
UNRESOLVED: gcc.dg/tree-prof/section-attr-1.c compilation, -fprofile-use -D_PROFILE_USE
UNRESOLVED: gcc.dg/tree-prof/section-attr-1.c execution, -fprofile-generate -D_PROFILE_GENERATE
UNRESOLVED: gcc.dg/tree-prof/section-attr-1.c execution, -fprofile-use -D_PROFILE_USE
FAIL: gcc.dg/tree-prof/section-attr-2.c compilation, -fprofile-generate -D_PROFILE_GENERATE
UNRESOLVED: gcc.dg/tree-prof/section-attr-2.c compilation, -fprofile-use -D_PROFILE_USE
UNRESOLVED: gcc.dg/tree-prof/section-attr-2.c execution, -fprofile-generate -D_PROFILE_GENERATE
UNRESOLVED: gcc.dg/tree-prof/section-attr-2.c execution, -fprofile-use -D_PROFILE_USE
FAIL: gcc.dg/tree-prof/section-attr-3.c compilation, -fprofile-generate -D_PROFILE_GENERATE
UNRESOLVED: gcc.dg/tree-prof/section-attr-3.c compilation, -fprofile-use -D_PROFILE_USE
UNRESOLVED: gcc.dg/tree-prof/section-attr-3.c execution, -fprofile-generate -D_PROFILE_GENERATE
UNRESOLVED: gcc.dg/tree-prof/section-attr-3.c execution, -fprofile-use -D_PROFILE_USE
FAIL: gcc.dg/tree-prof/stringop-1.c compilation, -fprofile-generate -D_PROFILE_GENERATE
UNRESOLVED: gcc.dg/tree-prof/stringop-1.c compilation, -fprofile-use -D_PROFILE_USE
UNRESOLVED: gcc.dg/tree-prof/stringop-1.c execution, -fprofile-generate -D_PROFILE_GENERATE
UNRESOLVED: gcc.dg/tree-prof/stringop-1.c execution, -fprofile-use -D_PROFILE_USE
FAIL: gcc.dg/tree-prof/stringop-2.c compilation, -fprofile-generate -D_PROFILE_GENERATE
UNRESOLVED: gcc.dg/tree-prof/stringop-2.c compilation, -fprofile-use -D_PROFILE_USE
UNRESOLVED: gcc.dg/tree-prof/stringop-2.c execution, -fprofile-generate -D_PROFILE_GENERATE
UNRESOLVED: gcc.dg/tree-prof/stringop-2.c execution, -fprofile-use -D_PROFILE_USE
FAIL: gcc.dg/tree-prof/switch-case-1.c compilation, -fprofile-generate -D_PROFILE_GENERATE
UNRESOLVED: gcc.dg/tree-prof/switch-case-1.c compilation, -fprofile-use -D_PROFILE_USE
UNRESOLVED: gcc.dg/tree-prof/switch-case-1.c execution, -fprofile-generate -D_PROFILE_GENERATE
UNRESOLVED: gcc.dg/tree-prof/switch-case-1.c execution, -fprofile-use -D_PROFILE_USE
FAIL: gcc.dg/tree-prof/switch-case-2.c compilation, -fprofile-generate -D_PROFILE_GENERATE
UNRESOLVED: gcc.dg/tree-prof/switch-case-2.c compilation, -fprofile-use -D_PROFILE_USE
UNRESOLVED: gcc.dg/tree-prof/switch-case-2.c execution, -fprofile-generate -D_PROFILE_GENERATE
UNRESOLVED: gcc.dg/tree-prof/switch-case-2.c execution, -fprofile-use -D_PROFILE_USE
FAIL: gcc.dg/tree-prof/time-profiler-1.c compilation, -fprofile-generate -D_PROFILE_GENERATE
UNRESOLVED: gcc.dg/tree-prof/time-profiler-1.c compilation, -fprofile-use -D_PROFILE_USE
UNRESOLVED: gcc.dg/tree-prof/time-profiler-1.c execution, -fprofile-generate -D_PROFILE_GENERATE
UNRESOLVED: gcc.dg/tree-prof/time-profiler-1.c execution, -fprofile-use -D_PROFILE_USE
FAIL: gcc.dg/tree-prof/time-profiler-2.c compilation, -fprofile-generate -D_PROFILE_GENERATE
UNRESOLVED: gcc.dg/tree-prof/time-profiler-2.c compilation, -fprofile-use -D_PROFILE_USE
UNRESOLVED: gcc.dg/tree-prof/time-profiler-2.c execution, -fprofile-generate -D_PROFILE_GENERATE
UNRESOLVED: gcc.dg/tree-prof/time-profiler-2.c execution, -fprofile-use -D_PROFILE_USE
FAIL: gcc.dg/tree-prof/tracer-1.c compilation, -fprofile-generate -D_PROFILE_GENERATE
UNRESOLVED: gcc.dg/tree-prof/tracer-1.c compilation, -fprofile-use -D_PROFILE_USE
UNRESOLVED: gcc.dg/tree-prof/tracer-1.c execution, -fprofile-generate -D_PROFILE_GENERATE
UNRESOLVED: gcc.dg/tree-prof/tracer-1.c execution, -fprofile-use -D_PROFILE_USE
FAIL: gcc.dg/tree-prof/unroll-1.c compilation, -fprofile-generate -D_PROFILE_GENERATE
UNRESOLVED: gcc.dg/tree-prof/unroll-1.c compilation, -fprofile-use -D_PROFILE_USE
UNRESOLVED: gcc.dg/tree-prof/unroll-1.c execution, -fprofile-generate -D_PROFILE_GENERATE
UNRESOLVED: gcc.dg/tree-prof/unroll-1.c execution, -fprofile-use -D_PROFILE_USE
FAIL: gcc.dg/tree-prof/update-cunroll-2.c compilation, -fprofile-generate -D_PROFILE_GENERATE
UNRESOLVED: gcc.dg/tree-prof/update-cunroll-2.c compilation, -fprofile-use -D_PROFILE_USE
UNRESOLVED: gcc.dg/tree-prof/update-cunroll-2.c execution, -fprofile-generate -D_PROFILE_GENERATE
UNRESOLVED: gcc.dg/tree-prof/update-cunroll-2.c execution, -fprofile-use -D_PROFILE_USE
FAIL: gcc.dg/tree-prof/update-loopch.c compilation, -fprofile-generate -D_PROFILE_GENERATE
UNRESOLVED: gcc.dg/tree-prof/update-loopch.c compilation, -fprofile-use -D_PROFILE_USE
UNRESOLVED: gcc.dg/tree-prof/update-loopch.c execution, -fprofile-generate -D_PROFILE_GENERATE
UNRESOLVED: gcc.dg/tree-prof/update-loopch.c execution, -fprofile-use -D_PROFILE_USE
FAIL: gcc.dg/tree-prof/update-tailcall.c compilation, -fprofile-generate -D_PROFILE_GENERATE
UNRESOLVED: gcc.dg/tree-prof/update-tailcall.c compilation, -fprofile-use -D_PROFILE_USE
UNRESOLVED: gcc.dg/tree-prof/update-tailcall.c execution, -fprofile-generate -D_PROFILE_GENERATE
UNRESOLVED: gcc.dg/tree-prof/update-tailcall.c execution, -fprofile-use -D_PROFILE_USE
FAIL: gcc.dg/tree-prof/va-arg-pack-1.c compilation, -fprofile-generate -D_PROFILE_GENERATE
UNRESOLVED: gcc.dg/tree-prof/va-arg-pack-1.c compilation, -fprofile-use -D_PROFILE_USE
UNRESOLVED: gcc.dg/tree-prof/va-arg-pack-1.c execution, -fprofile-generate -D_PROFILE_GENERATE
UNRESOLVED: gcc.dg/tree-prof/va-arg-pack-1.c execution, -fprofile-use -D_PROFILE_USE
FAIL: gcc.dg/tree-prof/val-prof-1.c compilation, -fprofile-generate -D_PROFILE_GENERATE
UNRESOLVED: gcc.dg/tree-prof/val-prof-1.c compilation, -fprofile-use -D_PROFILE_USE
UNRESOLVED: gcc.dg/tree-prof/val-prof-1.c execution, -fprofile-generate -D_PROFILE_GENERATE
UNRESOLVED: gcc.dg/tree-prof/val-prof-1.c execution, -fprofile-use -D_PROFILE_USE
FAIL: gcc.dg/tree-prof/val-prof-2.c compilation, -fprofile-generate -D_PROFILE_GENERATE
UNRESOLVED: gcc.dg/tree-prof/val-prof-2.c compilation, -fprofile-use -D_PROFILE_USE
UNRESOLVED: gcc.dg/tree-prof/val-prof-2.c execution, -fprofile-generate -D_PROFILE_GENERATE
UNRESOLVED: gcc.dg/tree-prof/val-prof-2.c execution, -fprofile-use -D_PROFILE_USE
FAIL: gcc.dg/tree-prof/val-prof-3.c compilation, -fprofile-generate -D_PROFILE_GENERATE
UNRESOLVED: gcc.dg/tree-prof/val-prof-3.c compilation, -fprofile-use -D_PROFILE_USE
UNRESOLVED: gcc.dg/tree-prof/val-prof-3.c execution, -fprofile-generate -D_PROFILE_GENERATE
UNRESOLVED: gcc.dg/tree-prof/val-prof-3.c execution, -fprofile-use -D_PROFILE_USE
FAIL: gcc.dg/tree-prof/val-prof-4.c compilation, -fprofile-generate -D_PROFILE_GENERATE
UNRESOLVED: gcc.dg/tree-prof/val-prof-4.c compilation, -fprofile-use -D_PROFILE_USE
UNRESOLVED: gcc.dg/tree-prof/val-prof-4.c execution, -fprofile-generate -D_PROFILE_GENERATE
UNRESOLVED: gcc.dg/tree-prof/val-prof-4.c execution, -fprofile-use -D_PROFILE_USE
FAIL: gcc.dg/tree-prof/val-prof-5.c compilation, -fprofile-generate -D_PROFILE_GENERATE
UNRESOLVED: gcc.dg/tree-prof/val-prof-5.c compilation, -fprofile-use -D_PROFILE_USE
UNRESOLVED: gcc.dg/tree-prof/val-prof-5.c execution, -fprofile-generate -D_PROFILE_GENERATE
UNRESOLVED: gcc.dg/tree-prof/val-prof-5.c execution, -fprofile-use -D_PROFILE_USE
FAIL: gcc.dg/tree-prof/val-prof-6.c compilation, -fprofile-generate -D_PROFILE_GENERATE
UNRESOLVED: gcc.dg/tree-prof/val-prof-6.c compilation, -fprofile-use -D_PROFILE_USE
UNRESOLVED: gcc.dg/tree-prof/val-prof-6.c execution, -fprofile-generate -D_PROFILE_GENERATE
UNRESOLVED: gcc.dg/tree-prof/val-prof-6.c execution, -fprofile-use -D_PROFILE_USE
FAIL: gcc.dg/tree-prof/val-prof-8.c compilation, -fprofile-generate -D_PROFILE_GENERATE
UNRESOLVED: gcc.dg/tree-prof/val-prof-8.c compilation, -fprofile-use -D_PROFILE_USE
UNRESOLVED: gcc.dg/tree-prof/val-prof-8.c execution, -fprofile-generate -D_PROFILE_GENERATE
UNRESOLVED: gcc.dg/tree-prof/val-prof-8.c execution, -fprofile-use -D_PROFILE_USE
FAIL: gcc.dg/tree-prof/val-prof-9.c compilation, -fprofile-generate -D_PROFILE_GENERATE
UNRESOLVED: gcc.dg/tree-prof/val-prof-9.c compilation, -fprofile-use -D_PROFILE_USE
UNRESOLVED: gcc.dg/tree-prof/val-prof-9.c execution, -fprofile-generate -D_PROFILE_GENERATE
UNRESOLVED: gcc.dg/tree-prof/val-prof-9.c execution, -fprofile-use -D_PROFILE_USE
FAIL: gcc.dg/tree-prof/wcoverage-mismatch.c compilation, -fprofile-generate -D_PROFILE_GENERATE
UNRESOLVED: gcc.dg/tree-prof/wcoverage-mismatch.c compilation, -fprofile-use -D_PROFILE_USE
UNRESOLVED: gcc.dg/tree-prof/wcoverage-mismatch.c execution, -fprofile-generate -D_PROFILE_GENERATE
UNRESOLVED: gcc.dg/tree-prof/wcoverage-mismatch.c execution, -fprofile-use -D_PROFILE_USE
XPASS: gcc.dg/vect/costmodel/ppc/costmodel-fast-math-vect-pr29925.c scan-tree-dump-times vect "vectorization not profitable" 1
XPASS: gcc.dg/vect/slp-24-big-array.c scan-tree-dump-times vect "vectorized 1 loops" 1
XPASS: gcc.dg/vect/slp-24-big-array.c scan-tree-dump-times vect "vectorizing stmts using SLP" 2
XPASS: gcc.dg/vect/slp-24.c scan-tree-dump-times vect "vectorized 1 loops" 1
XPASS: gcc.dg/vect/slp-24.c scan-tree-dump-times vect "vectorizing stmts using SLP" 2
XPASS: gcc.dg/vect/vect-24.c scan-tree-dump-times vect "vectorized 3 loops" 1
UNRESOLVED: gcc.misc-tests/bprob-1.c compilation, -O2 -fbranch-probabilities
FAIL: gcc.misc-tests/bprob-1.c compilation, -O2 -fprofile-arcs
UNRESOLVED: gcc.misc-tests/bprob-1.c compilation, -O3 -fbranch-probabilities
FAIL: gcc.misc-tests/bprob-1.c compilation, -O3 -fprofile-arcs
UNRESOLVED: gcc.misc-tests/bprob-1.c execution, -O2 -fbranch-probabilities
UNRESOLVED: gcc.misc-tests/bprob-1.c execution, -O2 -fprofile-arcs
UNRESOLVED: gcc.misc-tests/bprob-1.c execution, -O3 -fbranch-probabilities
UNRESOLVED: gcc.misc-tests/bprob-1.c execution, -O3 -fprofile-arcs
UNRESOLVED: gcc.misc-tests/bprob-2.c compilation, -O2 -fbranch-probabilities
FAIL: gcc.misc-tests/bprob-2.c compilation, -O2 -fprofile-arcs
UNRESOLVED: gcc.misc-tests/bprob-2.c compilation, -O3 -fbranch-probabilities
FAIL: gcc.misc-tests/bprob-2.c compilation, -O3 -fprofile-arcs
UNRESOLVED: gcc.misc-tests/bprob-2.c execution, -O2 -fbranch-probabilities
UNRESOLVED: gcc.misc-tests/bprob-2.c execution, -O2 -fprofile-arcs
UNRESOLVED: gcc.misc-tests/bprob-2.c execution, -O3 -fbranch-probabilities
UNRESOLVED: gcc.misc-tests/bprob-2.c execution, -O3 -fprofile-arcs
FAIL: gcc.misc-tests/gcov-1.c (test for excess errors)
UNRESOLVED: gcc.misc-tests/gcov-1.c compilation failed to produce executable
FAIL: gcc.misc-tests/gcov-1.c gcov: 3 failures in line counts, 0 in branch percentages, 0 in return percentages, 0 in intermediate format
FAIL: gcc.misc-tests/gcov-1.c line 14: is #####:should be 11
FAIL: gcc.misc-tests/gcov-1.c line 15: is #####:should be 10
FAIL: gcc.misc-tests/gcov-1.c line 17: is #####:should be 1
FAIL: gcc.misc-tests/gcov-10.c (test for excess errors)
UNRESOLVED: gcc.misc-tests/gcov-10.c compilation failed to produce executable
FAIL: gcc.misc-tests/gcov-10.c gcov: 1 failures in line counts, 0 in branch percentages, 0 in return percentages, 0 in intermediate format
FAIL: gcc.misc-tests/gcov-10.c line 10: is #####:should be 11
FAIL: gcc.misc-tests/gcov-10b.c (test for excess errors)
UNRESOLVED: gcc.misc-tests/gcov-10b.c compilation failed to produce executable
FAIL: gcc.misc-tests/gcov-10b.c gcov: 1 failures in line counts, 0 in branch percentages, 0 in return percentages, 0 in intermediate format
FAIL: gcc.misc-tests/gcov-10b.c line 10: is #####:should be 11
FAIL: gcc.misc-tests/gcov-11.c (test for excess errors)
UNRESOLVED: gcc.misc-tests/gcov-11.c compilation failed to produce executable
FAIL: gcc.misc-tests/gcov-11.c gcov: 2 failures in line counts, 0 in branch percentages, 0 in return percentages, 0 in intermediate format
FAIL: gcc.misc-tests/gcov-11.c line 11: is #####:should be 10
FAIL: gcc.misc-tests/gcov-11.c line 18: is #####:should be 11
FAIL: gcc.misc-tests/gcov-12.c (test for excess errors)
UNRESOLVED: gcc.misc-tests/gcov-12.c compilation failed to produce executable
FAIL: gcc.misc-tests/gcov-12.c gcov: 2 failures in line counts, 0 in branch percentages, 0 in return percentages, 0 in intermediate format
FAIL: gcc.misc-tests/gcov-12.c line 14: is #####:should be 1
FAIL: gcc.misc-tests/gcov-12.c line 9: is #####:should be 1
FAIL: gcc.misc-tests/gcov-13.c (test for excess errors)
UNRESOLVED: gcc.misc-tests/gcov-13.c compilation failed to produce executable
FAIL: gcc.misc-tests/gcov-13.c gcov: 1 failures in line counts, 0 in branch percentages, 0 in return percentages, 0 in intermediate format
FAIL: gcc.misc-tests/gcov-13.c line 16: is #####:should be 1
FAIL: gcc.misc-tests/gcov-13.c line 3: is #####:should be 1
FAIL: gcc.misc-tests/gcov-15.c (test for excess errors)
UNRESOLVED: gcc.misc-tests/gcov-15.c compilation failed to produce executable
FAIL: gcc.misc-tests/gcov-15.c gcov: 2 failures in line counts, 0 in branch percentages, 0 in return percentages, 0 in intermediate format
FAIL: gcc.misc-tests/gcov-15.c line 19: is #####:should be 1
FAIL: gcc.misc-tests/gcov-15.c line 25: is #####:should be 1
FAIL: gcc.misc-tests/gcov-16.c (test for excess errors)
UNRESOLVED: gcc.misc-tests/gcov-16.c compilation failed to produce executable
FAIL: gcc.misc-tests/gcov-16.c gcov: 2 failures in line counts, 0 in branch percentages, 0 in return percentages, 0 in intermediate format
FAIL: gcc.misc-tests/gcov-16.c line 11: is #####:should be 1
FAIL: gcc.misc-tests/gcov-16.c line 14: is #####:should be 1
FAIL: gcc.misc-tests/gcov-17.c (test for excess errors)
UNRESOLVED: gcc.misc-tests/gcov-17.c compilation failed to produce executable
FAIL: gcc.misc-tests/gcov-17.c gcov: 2 failures in line counts, 0 in branch percentages, 0 in return percentages, 0 in intermediate format
FAIL: gcc.misc-tests/gcov-17.c line 34: is #####:should be 1
FAIL: gcc.misc-tests/gcov-17.c line 36: is #####:should be 1
FAIL: gcc.misc-tests/gcov-18.c (test for excess errors)
UNRESOLVED: gcc.misc-tests/gcov-18.c compilation failed to produce executable
FAIL: gcc.misc-tests/gcov-18.c gcov: 6 failures in line counts, 0 in branch percentages, 0 in return percentages, 0 in intermediate format
FAIL: gcc.misc-tests/gcov-18.c line 10: is #####:should be 1
FAIL: gcc.misc-tests/gcov-18.c line 15: is #####:should be 1
FAIL: gcc.misc-tests/gcov-18.c line 20: is #####:should be 1
FAIL: gcc.misc-tests/gcov-18.c line 22: is #####:should be 2
FAIL: gcc.misc-tests/gcov-18.c line 25: is #####:should be 2
FAIL: gcc.misc-tests/gcov-18.c line 26: is #####:should be 1
FAIL: gcc.misc-tests/gcov-1a.c (test for excess errors)
UNRESOLVED: gcc.misc-tests/gcov-1a.c compilation failed to produce executable
FAIL: gcc.misc-tests/gcov-1a.c gcov: 3 failures in line counts, 0 in branch percentages, 0 in return percentages, 0 in intermediate format
FAIL: gcc.misc-tests/gcov-1a.c line 14: is #####:should be 11
FAIL: gcc.misc-tests/gcov-1a.c line 15: is #####:should be 10
FAIL: gcc.misc-tests/gcov-1a.c line 17: is #####:should be 1
FAIL: gcc.misc-tests/gcov-2.c (test for excess errors)
UNRESOLVED: gcc.misc-tests/gcov-2.c compilation failed to produce executable
FAIL: gcc.misc-tests/gcov-2.c gcov: 3 failures in line counts, 0 in branch percentages, 0 in return percentages, 0 in intermediate format
FAIL: gcc.misc-tests/gcov-2.c line 14: is #####:should be 11
FAIL: gcc.misc-tests/gcov-2.c line 15: is #####:should be 10
FAIL: gcc.misc-tests/gcov-2.c line 17: is #####:should be 1
FAIL: gcc.misc-tests/gcov-3.c (test for excess errors)
UNRESOLVED: gcc.misc-tests/gcov-3.c compilation failed to produce executable
FAIL: gcc.misc-tests/gcov-3.c gcov: 2 failures in line counts, 0 in branch percentages, 0 in return percentages, 0 in intermediate format
FAIL: gcc.misc-tests/gcov-3.c line 42: is #####:should be 1
FAIL: gcc.misc-tests/gcov-3.c line 45: is #####:should be 1
FAIL: gcc.misc-tests/gcov-4.c (test for excess errors)
UNRESOLVED: gcc.misc-tests/gcov-4.c compilation failed to produce executable
FAIL: gcc.misc-tests/gcov-4.c gcov: 56 failures in line counts, 0 in branch percentages, 0 in return percentages, 0 in intermediate format
FAIL: gcc.misc-tests/gcov-4.c line 106: is #####:should be 15
FAIL: gcc.misc-tests/gcov-4.c line 107: is #####:should be 14
FAIL: gcc.misc-tests/gcov-4.c line 108: is #####:should be 1
FAIL: gcc.misc-tests/gcov-4.c line 110: is #####:should be 1
FAIL: gcc.misc-tests/gcov-4.c line 132: is #####:should be 5
FAIL: gcc.misc-tests/gcov-4.c line 133: is #####:should be 3
FAIL: gcc.misc-tests/gcov-4.c line 134: is #####:should be 3
FAIL: gcc.misc-tests/gcov-4.c line 138: is #####:should be 2
FAIL: gcc.misc-tests/gcov-4.c line 139: is #####:should be 1
FAIL: gcc.misc-tests/gcov-4.c line 141: is #####:should be 1
FAIL: gcc.misc-tests/gcov-4.c line 142: is #####:should be 5
FAIL: gcc.misc-tests/gcov-4.c line 143: is #####:should be 1
FAIL: gcc.misc-tests/gcov-4.c line 144: is #####:should be 5
FAIL: gcc.misc-tests/gcov-4.c line 145: is #####:should be 1
FAIL: gcc.misc-tests/gcov-4.c line 146: is #####:should be 1
FAIL: gcc.misc-tests/gcov-4.c line 147: is #####:should be 5
FAIL: gcc.misc-tests/gcov-4.c line 154: is #####:should be 6
FAIL: gcc.misc-tests/gcov-4.c line 155: is #####:should be 1
FAIL: gcc.misc-tests/gcov-4.c line 156: is #####:should be 6
FAIL: gcc.misc-tests/gcov-4.c line 158: is #####:should be 6
FAIL: gcc.misc-tests/gcov-4.c line 159: is #####:should be 3
FAIL: gcc.misc-tests/gcov-4.c line 160: is #####:should be 6
FAIL: gcc.misc-tests/gcov-4.c line 161: is #####:should be 2
FAIL: gcc.misc-tests/gcov-4.c line 162: is #####:should be 4
FAIL: gcc.misc-tests/gcov-4.c line 164: is #####:should be 4
FAIL: gcc.misc-tests/gcov-4.c line 171: is #####:should be 11
FAIL: gcc.misc-tests/gcov-4.c line 172: is #####:should be 1
FAIL: gcc.misc-tests/gcov-4.c line 173: is #####:should be 11
FAIL: gcc.misc-tests/gcov-4.c line 174: is #####:should be 5
FAIL: gcc.misc-tests/gcov-4.c line 175: is #####:should be 2
FAIL: gcc.misc-tests/gcov-4.c line 176: is #####:should be 1
FAIL: gcc.misc-tests/gcov-4.c line 177: is #####:should be 11
FAIL: gcc.misc-tests/gcov-4.c line 178: is #####:should be 3
FAIL: gcc.misc-tests/gcov-4.c line 179: is #####:should be 11
FAIL: gcc.misc-tests/gcov-4.c line 218: is #####:should be 5
FAIL: gcc.misc-tests/gcov-4.c line 220: is #####:should be 5
FAIL: gcc.misc-tests/gcov-4.c line 223: is #####:should be 1
FAIL: gcc.misc-tests/gcov-4.c line 230: is #####:should be 3
FAIL: gcc.misc-tests/gcov-4.c line 231: is #####:should be 1
FAIL: gcc.misc-tests/gcov-4.c line 232: is #####:should be 2
FAIL: gcc.misc-tests/gcov-4.c line 235: is #####:should be 1
FAIL: gcc.misc-tests/gcov-4.c line 236: is #####:should be 1
FAIL: gcc.misc-tests/gcov-4.c line 239: is #####:should be 4
FAIL: gcc.misc-tests/gcov-4.c line 33: is #####:should be 1
FAIL: gcc.misc-tests/gcov-4.c line 39: is #####:should be 1
FAIL: gcc.misc-tests/gcov-4.c line 41: is #####:should be 1
FAIL: gcc.misc-tests/gcov-4.c line 55: is #####:should be 3
FAIL: gcc.misc-tests/gcov-4.c line 57: is #####:should be 9
FAIL: gcc.misc-tests/gcov-4.c line 58: is #####:should be 3
FAIL: gcc.misc-tests/gcov-4.c line 65: is #####:should be 6
FAIL: gcc.misc-tests/gcov-4.c line 69: is #####:should be 81
FAIL: gcc.misc-tests/gcov-4.c line 70: is #####:should be 6
FAIL: gcc.misc-tests/gcov-4.c line 95: is #####:should be 2
FAIL: gcc.misc-tests/gcov-4.c line 96: is #####:should be 1
FAIL: gcc.misc-tests/gcov-4.c line 97: is #####:should be 1
FAIL: gcc.misc-tests/gcov-4.c line 99: is #####:should be 1
FAIL: gcc.misc-tests/gcov-4b.c (test for excess errors)
UNRESOLVED: gcc.misc-tests/gcov-4b.c compilation failed to produce executable
FAIL: gcc.misc-tests/gcov-4b.c gcov: 0 failures in line counts, 24 in branch percentages, 0 in return percentages, 0 in intermediate format
FAIL: gcc.misc-tests/gcov-4b.c line 134: expected branch percentages not found: 0
FAIL: gcc.misc-tests/gcov-4b.c line n: expected branch percentages not found: 0
FAIL: gcc.misc-tests/gcov-4b.c line n: expected branch percentages not found: 0
FAIL: gcc.misc-tests/gcov-4b.c line n: expected branch percentages not found: 0
FAIL: gcc.misc-tests/gcov-4b.c line n: expected branch percentages not found: 17
FAIL: gcc.misc-tests/gcov-4b.c line n: expected branch percentages not found: 20
FAIL: gcc.misc-tests/gcov-4b.c line n: expected branch percentages not found: 20
FAIL: gcc.misc-tests/gcov-4b.c line n: expected branch percentages not found: 20 0 40 20
FAIL: gcc.misc-tests/gcov-4b.c line n: expected branch percentages not found: 25
FAIL: gcc.misc-tests/gcov-4b.c line n: expected branch percentages not found: 27
FAIL: gcc.misc-tests/gcov-4b.c line n: expected branch percentages not found: 27 50 25
FAIL: gcc.misc-tests/gcov-4b.c line n: expected branch percentages not found: 30
FAIL: gcc.misc-tests/gcov-4b.c line n: expected branch percentages not found: 32
FAIL: gcc.misc-tests/gcov-4b.c line n: expected branch percentages not found: 33
FAIL: gcc.misc-tests/gcov-4b.c line n: expected branch percentages not found: 33
FAIL: gcc.misc-tests/gcov-4b.c line n: expected branch percentages not found: 40
FAIL: gcc.misc-tests/gcov-4b.c line n: expected branch percentages not found: 40
FAIL: gcc.misc-tests/gcov-4b.c line n: expected branch percentages not found: 45
FAIL: gcc.misc-tests/gcov-4b.c line n: expected branch percentages not found: 50
FAIL: gcc.misc-tests/gcov-4b.c line n: expected branch percentages not found: 50
FAIL: gcc.misc-tests/gcov-4b.c line n: expected branch percentages not found: 50
FAIL: gcc.misc-tests/gcov-4b.c line n: expected branch percentages not found: 50
FAIL: gcc.misc-tests/gcov-4b.c line n: expected branch percentages not found: 7
FAIL: gcc.misc-tests/gcov-4b.c line n: expected branch percentages not found: 9 10 11
FAIL: gcc.misc-tests/gcov-5b.c (test for excess errors)
UNRESOLVED: gcc.misc-tests/gcov-5b.c compilation failed to produce executable
FAIL: gcc.misc-tests/gcov-6.c (test for excess errors)
UNRESOLVED: gcc.misc-tests/gcov-6.c compilation failed to produce executable
FAIL: gcc.misc-tests/gcov-6.c gcov: 5 failures in line counts, 1 in branch percentages, 3 in return percentages, 0 in intermediate format
FAIL: gcc.misc-tests/gcov-6.c line 17: is #####:should be 5
FAIL: gcc.misc-tests/gcov-6.c line 20: is #####:should be 1
FAIL: gcc.misc-tests/gcov-6.c line 21: expected return percentages not found: 0
FAIL: gcc.misc-tests/gcov-6.c line 22: is #####:should be 4
FAIL: gcc.misc-tests/gcov-6.c line 31: is #####:should be 1
FAIL: gcc.misc-tests/gcov-6.c line 32: expected return percentages not found: 100
FAIL: gcc.misc-tests/gcov-6.c line 35: is #####:should be 4
FAIL: gcc.misc-tests/gcov-6.c line 36: expected return percentages not found: 75
FAIL: gcc.misc-tests/gcov-6.c line n: expected branch percentages not found: 20
FAIL: gcc.misc-tests/gcov-7.c (test for excess errors)
UNRESOLVED: gcc.misc-tests/gcov-7.c compilation failed to produce executable
FAIL: gcc.misc-tests/gcov-7.c gcov: 11 failures in line counts, 3 in branch percentages, 4 in return percentages, 0 in intermediate format
FAIL: gcc.misc-tests/gcov-7.c line 20: is #####:should be 3
FAIL: gcc.misc-tests/gcov-7.c line 24: is #####:should be 1
FAIL: gcc.misc-tests/gcov-7.c line 28: is #####:should be 2
FAIL: gcc.misc-tests/gcov-7.c line 33: is #####:should be 3
FAIL: gcc.misc-tests/gcov-7.c line 37: is #####:should be 1
FAIL: gcc.misc-tests/gcov-7.c line 41: is #####:should be 2
FAIL: gcc.misc-tests/gcov-7.c line 42: expected return percentages not found: 50
FAIL: gcc.misc-tests/gcov-7.c line 43: is #####:should be 1
FAIL: gcc.misc-tests/gcov-7.c line 44: expected return percentages not found: 100
FAIL: gcc.misc-tests/gcov-7.c line 46: is #####:should be 1
FAIL: gcc.misc-tests/gcov-7.c line 78: is #####:should be 2
FAIL: gcc.misc-tests/gcov-7.c line 81: is #####:should be 3
FAIL: gcc.misc-tests/gcov-7.c line 82: expected return percentages not found: 33
FAIL: gcc.misc-tests/gcov-7.c line 83: is #####:should be 1
FAIL: gcc.misc-tests/gcov-7.c line 84: expected return percentages not found: 0
FAIL: gcc.misc-tests/gcov-7.c line n: expected branch percentages not found: 33
FAIL: gcc.misc-tests/gcov-7.c line n: expected branch percentages not found: 33
FAIL: gcc.misc-tests/gcov-7.c line n: expected branch percentages not found: 33
FAIL: gcc.misc-tests/gcov-8.c (test for excess errors)
UNRESOLVED: gcc.misc-tests/gcov-8.c compilation failed to produce executable
FAIL: gcc.misc-tests/gcov-8.c gcov: 0 failures in line counts, 4 in branch percentages, 0 in return percentages, 0 in intermediate format
FAIL: gcc.misc-tests/gcov-8.c line 20: expected branch percentages not found: 1
FAIL: gcc.misc-tests/gcov-8.c line 28: expected branch percentages not found: 0
FAIL: gcc.misc-tests/gcov-8.c line 30: expected branch percentages not found: 1
FAIL: gcc.misc-tests/gcov-8.c line 47: expected branch percentages not found: 0
FAIL: gcc.misc-tests/gcov-9.c (test for excess errors)
UNRESOLVED: gcc.misc-tests/gcov-9.c compilation failed to produce executable
FAIL: gcc.misc-tests/gcov-9.c gcov: 1 failures in line counts, 0 in branch percentages, 0 in return percentages, 0 in intermediate format
FAIL: gcc.misc-tests/gcov-9.c line 10: is #####:should be 11
FAIL: gcc.target/powerpc/builtins-1.c scan-assembler-times \\\\mbl __divdi3\\\\M 2
FAIL: gcc.target/powerpc/builtins-1.c scan-assembler-times \\\\mbl __udivdi3\\\\M 2
FAIL: gcc.target/powerpc/builtins-1.c scan-assembler-times xxlor 11
FAIL: gcc.target/powerpc/divkc3-2.c scan-assembler bl __divkc3
FAIL: gcc.target/powerpc/divkc3-3.c scan-assembler bl __divtc3
FAIL: gcc.target/powerpc/fold-vec-mergehl-double.c scan-assembler-times xxpermdi 6
FAIL: gcc.target/powerpc/mulkc3-2.c scan-assembler bl __mulkc3
FAIL: gcc.target/powerpc/mulkc3-3.c scan-assembler bl __multc3
FAIL: gcc.target/powerpc/pr57150.c (test for excess errors)
UNRESOLVED: gcc.target/powerpc/pr57150.c scan-assembler-not lvx
UNRESOLVED: gcc.target/powerpc/pr57150.c scan-assembler-not lxvd2x
UNRESOLVED: gcc.target/powerpc/pr57150.c scan-assembler-not lxvw4x
UNRESOLVED: gcc.target/powerpc/pr57150.c scan-assembler-not stvx
UNRESOLVED: gcc.target/powerpc/pr57150.c scan-assembler-not stxvd2x
UNRESOLVED: gcc.target/powerpc/pr57150.c scan-assembler-not stxvw4x
FAIL: gcc.target/powerpc/pr79916.c (test for excess errors)
FAIL: gcc.target/powerpc/pr85456.c scan-assembler bl __powikf2
=== gcc Summary ===
# of expected passes 87256
# of unexpected failures 264
# of unexpected successes 21
# of expected failures 400
# of unresolved testcases 188
# of unsupported tests 2868
/tmp/GCC/gcc/xgcc version 9.0.0 20180627 (experimental) [trunk revision 262183] (GCC)
=== gfortran tests ===
Running target unix
FAIL: gfortran.dg/bind_c_array_params_2.f90 -O scan-assembler-times [ \\t][\$,_0-9]*myBindC 1
FAIL: gfortran.dg/elemental_subroutine_3.f90 -O1 (test for excess errors)
FAIL: gfortran.dg/elemental_subroutine_3.f90 -O2 (test for excess errors)
FAIL: gfortran.dg/elemental_subroutine_3.f90 -O3 -fomit-frame-pointer -funroll-loops -fpeel-loops -ftracer -finline-functions (test for excess errors)
FAIL: gfortran.dg/elemental_subroutine_3.f90 -O3 -g (test for excess errors)
FAIL: gfortran.dg/elemental_subroutine_3.f90 -Os (test for excess errors)
FAIL: gfortran.dg/graphite/vect-pr40979.f90 -O scan-tree-dump-times vect "vectorized 1 loops" 1
FAIL: gfortran.dg/prof/dynamic_dispatch_6.f03 compilation, -fprofile-generate -D_PROFILE_GENERATE
UNRESOLVED: gfortran.dg/prof/dynamic_dispatch_6.f03 compilation, -fprofile-use -D_PROFILE_USE
UNRESOLVED: gfortran.dg/prof/dynamic_dispatch_6.f03 execution, -fprofile-generate -D_PROFILE_GENERATE
UNRESOLVED: gfortran.dg/prof/dynamic_dispatch_6.f03 execution, -fprofile-use -D_PROFILE_USE
FAIL: gfortran.dg/vect/fast-math-mgrid-resid.f -O scan-tree-dump pcom "vectp_u.*__lsm.* = PHI <.*vectp_u.*__lsm"
=== gfortran Summary ===
# of expected passes 46446
# of unexpected failures 9
# of expected failures 105
# of unresolved testcases 3
# of unsupported tests 375
/tmp/GCC/gcc/testsuite/gfortran/../../gfortran version 9.0.0 20180627 (experimental) [trunk revision 262183] (GCC)
=== objc tests ===
Running target unix
FAIL: objc.dg-struct-layout-encoding-1/t026_main.m execution test
=== objc Summary ===
# of expected passes 2678
# of unexpected failures 1
# of expected failures 10
# of unsupported tests 59
/tmp/GCC/gcc/xgcc version 9.0.0 20180627 (experimental) [trunk revision 262183] (GCC)
=== libatomic tests ===
Running target unix
=== libatomic Summary ===
# of expected passes 44
# of unsupported tests 5
=== libgomp tests ===
Running target unix
FAIL: libgomp.fortran/appendix-a/a.28.3.f90 -O0 execution test
FAIL: libgomp.fortran/omp_workshare1.f -O execution test
FAIL: libgomp.fortran/omp_workshare2.f -O execution test
FAIL: libgomp.fortran/recursion1.f90 -O0 execution test
FAIL: libgomp.fortran/recursion1.f90 -O2 execution test
FAIL: libgomp.fortran/recursion1.f90 -O3 -fomit-frame-pointer -funroll-loops -fpeel-loops -ftracer -finline-functions execution test
FAIL: libgomp.fortran/recursion1.f90 -O3 -g execution test
FAIL: libgomp.fortran/recursion1.f90 -Os execution test
FAIL: libgomp.fortran/strassen.f90 -O execution test
FAIL: libgomp.graphite/force-parallel-7.c execution test
FAIL: libgomp.oacc-c/../libgomp.oacc-c-c++-common/atomic_update-1.c -DACC_DEVICE_TYPE_host=1 -DACC_MEM_SHARED=1 -O2 execution test
FAIL: libgomp.oacc-c++/../libgomp.oacc-c-c++-common/atomic_update-1.c -DACC_DEVICE_TYPE_host=1 -DACC_MEM_SHARED=1 -O2 execution test
UNRESOLVED: libgomp.oacc-c++/non-scalar-data.C -DACC_DEVICE_TYPE_host=1 -DACC_MEM_SHARED=1 -O2 compilation failed to produce executable
=== libgomp Summary ===
# of expected passes 5864
# of unexpected failures 12
# of expected failures 3
# of unresolved testcases 1
# of unsupported tests 404
=== libstdc++ tests ===
Running target unix
=== libstdc++ Summary ===
# of expected passes 10528
# of expected failures 79
# of unsupported tests 840
Compiler version: 9.0.0 20180627 (experimental) [trunk revision 262183] (GCC)
Platform: powerpc-ibm-aix7.2.0.0
configure flags: --disable-werror --enable-languages=c,c++,fortran,objc --with-gmp=/gsa/yktgsa/home/e/d/edelsohn/install --with-isl=/gsa/yktgsa/home/e/d/edelsohn/install --with-libiconv-prefix=/gsa/yktgsa/home/e/d/edelsohn/install --disable-libstdcxx-pch --with-included-gettext
More information about the Gcc-testresults
mailing list