Results for 9.0.0 20180624 (experimental) [trunk revision 261992] (GCC) testsuite on ia64-suse-linux-gnu
Andreas Schwab
schwab@linux-m68k.org
Sun Jun 24 05:52:00 GMT 2018
LAST_UPDATED: Sun Jun 24 02:02:45 UTC 2018 (revision 261992)
=== acats tests ===
=== acats Summary ===
# of expected passes 2320
# of unexpected failures 0
Native configuration is ia64-suse-linux-gnu
=== g++ tests ===
Running target unix
FAIL: c-c++-common/Wattributes.c -std=gnu++11 (test for warnings, line 404)
FAIL: c-c++-common/Wattributes.c -std=gnu++11 (test for excess errors)
FAIL: c-c++-common/Wattributes.c -std=gnu++14 (test for warnings, line 404)
FAIL: c-c++-common/Wattributes.c -std=gnu++14 (test for excess errors)
FAIL: c-c++-common/Wattributes.c -std=gnu++98 (test for warnings, line 404)
FAIL: c-c++-common/Wattributes.c -std=gnu++98 (test for excess errors)
FAIL: c-c++-common/patchable_function_entry-decl.c -std=gnu++11 scan-assembler-times nop 2
FAIL: c-c++-common/patchable_function_entry-decl.c -std=gnu++14 scan-assembler-times nop 2
FAIL: c-c++-common/patchable_function_entry-decl.c -std=gnu++98 scan-assembler-times nop 2
FAIL: c-c++-common/patchable_function_entry-default.c -std=gnu++11 scan-assembler-times nop 3
FAIL: c-c++-common/patchable_function_entry-default.c -std=gnu++14 scan-assembler-times nop 3
FAIL: c-c++-common/patchable_function_entry-default.c -std=gnu++98 scan-assembler-times nop 3
FAIL: c-c++-common/patchable_function_entry-definition.c -std=gnu++11 scan-assembler-times nop 1
FAIL: c-c++-common/patchable_function_entry-definition.c -std=gnu++14 scan-assembler-times nop 1
FAIL: c-c++-common/patchable_function_entry-definition.c -std=gnu++98 scan-assembler-times nop 1
FAIL: g++.dg/inherit/covariant7.C -std=gnu++11 scan-lang-dump class "168 .*c6::_ZTv0_n32_NV2c62f2Ev"
FAIL: g++.dg/inherit/covariant7.C -std=gnu++11 scan-lang-dump class "48 .*c6::_ZTcv0_n32_v0_n24_NV2c62f2Ev"
FAIL: g++.dg/inherit/covariant7.C -std=gnu++11 scan-lang-dump class "56 .*c6::f2"
FAIL: g++.dg/inherit/covariant7.C -std=gnu++14 scan-lang-dump class "168 .*c6::_ZTv0_n32_NV2c62f2Ev"
FAIL: g++.dg/inherit/covariant7.C -std=gnu++14 scan-lang-dump class "48 .*c6::_ZTcv0_n32_v0_n24_NV2c62f2Ev"
FAIL: g++.dg/inherit/covariant7.C -std=gnu++14 scan-lang-dump class "56 .*c6::f2"
FAIL: g++.dg/inherit/covariant7.C -std=gnu++98 scan-lang-dump class "168 .*c6::_ZTv0_n32_NV2c62f2Ev"
FAIL: g++.dg/inherit/covariant7.C -std=gnu++98 scan-lang-dump class "48 .*c6::_ZTcv0_n32_v0_n24_NV2c62f2Ev"
FAIL: g++.dg/inherit/covariant7.C -std=gnu++98 scan-lang-dump class "56 .*c6::f2"
FAIL: g++.dg/ipa/pr60600.C -std=gnu++11 scan-ipa-dump cp "Type inconsistent devirtualization"
FAIL: g++.dg/ipa/pr60600.C -std=gnu++14 scan-ipa-dump cp "Type inconsistent devirtualization"
FAIL: g++.dg/ipa/pr60600.C -std=gnu++98 scan-ipa-dump cp "Type inconsistent devirtualization"
FAIL: g++.dg/pr83239.C -std=gnu++11 scan-tree-dump-not optimized "_ZNSt6vectorIiSaIiEE17_M_default_appendEm"
FAIL: g++.dg/pr83239.C -std=gnu++14 scan-tree-dump-not optimized "_ZNSt6vectorIiSaIiEE17_M_default_appendEm"
FAIL: g++.dg/tree-ssa/pr45605.C -std=gnu++11 scan-tree-dump-times fre1 "D::Run \\\\(" 3
FAIL: g++.dg/tree-ssa/pr45605.C -std=gnu++14 scan-tree-dump-times fre1 "D::Run \\\\(" 3
FAIL: g++.dg/tree-ssa/pr45605.C -std=gnu++98 scan-tree-dump-times fre1 "D::Run \\\\(" 3
ERROR: GNU gdb (GDB; SUSE Linux Enterprise 11) 7.9.1
ERROR: GNU gdb (GDB; SUSE Linux Enterprise 11) 7.9.1
ERROR: GNU gdb (GDB; SUSE Linux Enterprise 11) 7.9.1
ERROR: GNU gdb (GDB; SUSE Linux Enterprise 11) 7.9.1
ERROR: GNU gdb (GDB; SUSE Linux Enterprise 11) 7.9.1
ERROR: GNU gdb (GDB; SUSE Linux Enterprise 11) 7.9.1
ERROR: GNU gdb (GDB; SUSE Linux Enterprise 11) 7.9.1
ERROR: GNU gdb (GDB; SUSE Linux Enterprise 11) 7.9.1
ERROR: GNU gdb (GDB; SUSE Linux Enterprise 11) 7.9.1
ERROR: GNU gdb (GDB; SUSE Linux Enterprise 11) 7.9.1
ERROR: GNU gdb (GDB; SUSE Linux Enterprise 11) 7.9.1
ERROR: GNU gdb (GDB; SUSE Linux Enterprise 11) 7.9.1
ERROR: GNU gdb (GDB; SUSE Linux Enterprise 11) 7.9.1
ERROR: GNU gdb (GDB; SUSE Linux Enterprise 11) 7.9.1
ERROR: tcl error sourcing /usr/local/gcc/gcc-20180624/gcc/testsuite/g++.dg/guality/guality.exp.
ERROR: tcl error sourcing /usr/local/gcc/gcc-20180624/gcc/testsuite/g++.dg/guality/guality.exp.
ERROR: tcl error sourcing /usr/local/gcc/gcc-20180624/gcc/testsuite/g++.dg/guality/guality.exp.
ERROR: tcl error sourcing /usr/local/gcc/gcc-20180624/gcc/testsuite/g++.dg/guality/guality.exp.
ERROR: tcl error sourcing /usr/local/gcc/gcc-20180624/gcc/testsuite/g++.dg/guality/guality.exp.
ERROR: tcl error sourcing /usr/local/gcc/gcc-20180624/gcc/testsuite/g++.dg/guality/guality.exp.
ERROR: tcl error sourcing /usr/local/gcc/gcc-20180624/gcc/testsuite/g++.dg/guality/guality.exp.
ERROR: tcl error sourcing /usr/local/gcc/gcc-20180624/gcc/testsuite/g++.dg/guality/guality.exp.
ERROR: tcl error sourcing /usr/local/gcc/gcc-20180624/gcc/testsuite/g++.dg/guality/guality.exp.
ERROR: tcl error sourcing /usr/local/gcc/gcc-20180624/gcc/testsuite/g++.dg/guality/guality.exp.
ERROR: tcl error sourcing /usr/local/gcc/gcc-20180624/gcc/testsuite/g++.dg/guality/guality.exp.
ERROR: tcl error sourcing /usr/local/gcc/gcc-20180624/gcc/testsuite/g++.dg/guality/guality.exp.
ERROR: tcl error sourcing /usr/local/gcc/gcc-20180624/gcc/testsuite/g++.dg/guality/guality.exp.
ERROR: tcl error sourcing /usr/local/gcc/gcc-20180624/gcc/testsuite/g++.dg/guality/guality.exp.
FAIL: g++.dg/lto/20091002-1 cp_lto_20091002-1_0.o-cp_lto_20091002-1_0.o link, -fPIC -flto -Wno-return-type
FAIL: g++.dg/lto/pr64043 cp_lto_pr64043_0.o-cp_lto_pr64043_0.o link, -flto -std=c++11
FAIL: g++.dg/lto/pr65193 cp_lto_pr65193_0.o-cp_lto_pr65193_0.o link, -fPIC -r -nostdlib -flto -O2 -g -Wno-return-type
FAIL: g++.dg/lto/pr65302 cp_lto_pr65302_0.o-cp_lto_pr65302_1.o link, -flto -O2 -Wno-return-type
FAIL: g++.dg/lto/pr65316 cp_lto_pr65316_0.o-cp_lto_pr65316_1.o link, -flto -std=c++11 -g2 -fno-lto-odr-type-merging -O2 -Wno-return-type
FAIL: g++.dg/lto/pr65549 cp_lto_pr65549_0.o-cp_lto_pr65549_0.o link, -std=gnu++14 -flto -g -O2 -fno-inline -flto-partition=max -Wno-return-type
FAIL: g++.dg/lto/pr65549 cp_lto_pr65549_0.o-cp_lto_pr65549_0.o link, -std=gnu++14 -flto -g -Wno-return-type
FAIL: g++.dg/lto/pr66180 cp_lto_pr66180_0.o-cp_lto_pr66180_1.o link, -flto -std=c++14 -r -nostdlib
FAIL: g++.dg/lto/pr66705 cp_lto_pr66705_0.o-cp_lto_pr66705_0.o link, -O2 -flto -flto-partition=max -fipa-pta
FAIL: g++.dg/lto/pr68057 cp_lto_pr68057_0.o-cp_lto_pr68057_1.o link, -O0 -flto -flto-partition=none -fuse-linker-plugin
FAIL: g++.dg/lto/pr68057 cp_lto_pr68057_0.o-cp_lto_pr68057_1.o link, -O0 -flto -fuse-linker-plugin -fno-fat-lto-objects
FAIL: g++.dg/lto/pr68057 cp_lto_pr68057_0.o-cp_lto_pr68057_1.o link, -O2 -flto -flto-partition=none -fuse-linker-plugin -fno-fat-lto-objects
FAIL: g++.dg/lto/pr68057 cp_lto_pr68057_0.o-cp_lto_pr68057_1.o link, -O2 -flto -fuse-linker-plugin
FAIL: g++.dg/lto/pr69077 cp_lto_pr69077_0.o-cp_lto_pr69077_1.o link, -O3 -g -flto
FAIL: g++.dg/lto/pr69133 cp_lto_pr69133_0.o-cp_lto_pr69133_1.o link, -flto -O2
FAIL: g++.dg/lto/pr69137 cp_lto_pr69137_0.o-cp_lto_pr69137_0.o link, -std=c++11 -g -flto
FAIL: g++.dg/lto/pr79000 cp_lto_pr79000_0.o-cp_lto_pr79000_1.o link, -flto -g
FAIL: g++.dg/lto/pr81940 cp_lto_pr81940_0.o-cp_lto_pr81940_0.o link, -O -flto
FAIL: g++.dg/lto/pr85176 cp_lto_pr85176_0.o-cp_lto_pr85176_0.o link, -flto -g1
FAIL: g++.dg/tls/thread_local-order2.C -std=c++11 execution test
FAIL: g++.dg/tls/thread_local-order2.C -std=c++14 execution test
FAIL: g++.dg/torture/pr67600.C -O2 -flto -fno-use-linker-plugin -flto-partition=none execution test
FAIL: g++.dg/torture/pr67600.C -O2 -flto -fuse-linker-plugin -fno-fat-lto-objects execution test
FAIL: g++.dg/tree-prof/pr35545.C scan-tree-dump-not optimized "OBJ_TYPE_REF"
=== g++ Summary ===
# of expected passes 114788
# of unexpected failures 56
# of expected failures 535
# of unsupported tests 5154
/usr/local/gcc/gcc-20180624/Build/gcc/xg++ version 9.0.0 20180624 (experimental) [trunk revision 261992] (GCC)
=== gcc tests ===
Running target unix
FAIL: gcc.c-torture/compile/20001226-1.c -O2 (test for excess errors)
FAIL: gcc.c-torture/compile/20001226-1.c -O2 -flto -fno-use-linker-plugin -flto-partition=none (test for excess errors)
FAIL: gcc.c-torture/compile/20001226-1.c -Os (test for excess errors)
WARNING: program timed out
WARNING: program timed out
WARNING: program timed out
FAIL: gcc.c-torture/unsorted/dump-noaddr.c.*i.lto-stream-out, -O2 -flto -fno-use-linker-plugin -flto-partition=none comparison
FAIL: gcc.c-torture/unsorted/dump-noaddr.c.*i.lto-stream-out, -O2 -flto -fuse-linker-plugin -fno-fat-lto-objects comparison
FAIL: gcc.dg/atomic/c11-atomic-exec-5.c -O0 execution test
FAIL: gcc.dg/atomic/c11-atomic-exec-5.c -O1 execution test
FAIL: gcc.dg/atomic/c11-atomic-exec-5.c -O2 execution test
FAIL: gcc.dg/atomic/c11-atomic-exec-5.c -O2 -flto -fno-use-linker-plugin -flto-partition=none execution test
FAIL: gcc.dg/atomic/c11-atomic-exec-5.c -O2 -flto -fuse-linker-plugin -fno-fat-lto-objects execution test
FAIL: gcc.dg/atomic/c11-atomic-exec-5.c -O3 -fomit-frame-pointer -funroll-loops -fpeel-loops -ftracer -finline-functions execution test
FAIL: gcc.dg/atomic/c11-atomic-exec-5.c -O3 -g execution test
FAIL: gcc.dg/atomic/c11-atomic-exec-5.c -Os execution test
FAIL: c-c++-common/Wattributes.c -Wc++-compat (test for warnings, line 404)
FAIL: c-c++-common/Wattributes.c -Wc++-compat (test for excess errors)
FAIL: c-c++-common/patchable_function_entry-decl.c -Wc++-compat scan-assembler-times nop 2
FAIL: c-c++-common/patchable_function_entry-default.c -Wc++-compat scan-assembler-times nop 3
FAIL: c-c++-common/patchable_function_entry-definition.c -Wc++-compat scan-assembler-times nop 1
FAIL: gcc.dg/Wattributes-6.c (test for warnings, line 404)
FAIL: gcc.dg/Wattributes-6.c (test for excess errors)
FAIL: gcc.dg/cleanup-10.c execution test
FAIL: gcc.dg/cleanup-11.c execution test
UNRESOLVED: gcc.dg/superblock.c scan-rtl-dump-times sched2 "ADVANCING TO" 2
FAIL: gcc.dg/visibility-23.c scan-hidden hidden[ \\t_]*foo
ERROR: GNU gdb (GDB; SUSE Linux Enterprise 11) 7.9.1
ERROR: GNU gdb (GDB; SUSE Linux Enterprise 11) 7.9.1
ERROR: GNU gdb (GDB; SUSE Linux Enterprise 11) 7.9.1
ERROR: GNU gdb (GDB; SUSE Linux Enterprise 11) 7.9.1
ERROR: GNU gdb (GDB; SUSE Linux Enterprise 11) 7.9.1
ERROR: GNU gdb (GDB; SUSE Linux Enterprise 11) 7.9.1
ERROR: GNU gdb (GDB; SUSE Linux Enterprise 11) 7.9.1
ERROR: GNU gdb (GDB; SUSE Linux Enterprise 11) 7.9.1
ERROR: GNU gdb (GDB; SUSE Linux Enterprise 11) 7.9.1
ERROR: GNU gdb (GDB; SUSE Linux Enterprise 11) 7.9.1
ERROR: GNU gdb (GDB; SUSE Linux Enterprise 11) 7.9.1
ERROR: GNU gdb (GDB; SUSE Linux Enterprise 11) 7.9.1
ERROR: GNU gdb (GDB; SUSE Linux Enterprise 11) 7.9.1
ERROR: GNU gdb (GDB; SUSE Linux Enterprise 11) 7.9.1
ERROR: GNU gdb (GDB; SUSE Linux Enterprise 11) 7.9.1
ERROR: GNU gdb (GDB; SUSE Linux Enterprise 11) 7.9.1
ERROR: GNU gdb (GDB; SUSE Linux Enterprise 11) 7.9.1
ERROR: GNU gdb (GDB; SUSE Linux Enterprise 11) 7.9.1
ERROR: GNU gdb (GDB; SUSE Linux Enterprise 11) 7.9.1
ERROR: GNU gdb (GDB; SUSE Linux Enterprise 11) 7.9.1
ERROR: GNU gdb (GDB; SUSE Linux Enterprise 11) 7.9.1
ERROR: GNU gdb (GDB; SUSE Linux Enterprise 11) 7.9.1
ERROR: GNU gdb (GDB; SUSE Linux Enterprise 11) 7.9.1
ERROR: GNU gdb (GDB; SUSE Linux Enterprise 11) 7.9.1
ERROR: GNU gdb (GDB; SUSE Linux Enterprise 11) 7.9.1
ERROR: GNU gdb (GDB; SUSE Linux Enterprise 11) 7.9.1
ERROR: GNU gdb (GDB; SUSE Linux Enterprise 11) 7.9.1
ERROR: GNU gdb (GDB; SUSE Linux Enterprise 11) 7.9.1
ERROR: GNU gdb (GDB; SUSE Linux Enterprise 11) 7.9.1
ERROR: tcl error sourcing /usr/local/gcc/gcc-20180624/gcc/testsuite/gcc.dg/guality/guality.exp.
ERROR: tcl error sourcing /usr/local/gcc/gcc-20180624/gcc/testsuite/gcc.dg/guality/guality.exp.
ERROR: tcl error sourcing /usr/local/gcc/gcc-20180624/gcc/testsuite/gcc.dg/guality/guality.exp.
ERROR: tcl error sourcing /usr/local/gcc/gcc-20180624/gcc/testsuite/gcc.dg/guality/guality.exp.
ERROR: tcl error sourcing /usr/local/gcc/gcc-20180624/gcc/testsuite/gcc.dg/guality/guality.exp.
ERROR: tcl error sourcing /usr/local/gcc/gcc-20180624/gcc/testsuite/gcc.dg/guality/guality.exp.
ERROR: tcl error sourcing /usr/local/gcc/gcc-20180624/gcc/testsuite/gcc.dg/guality/guality.exp.
ERROR: tcl error sourcing /usr/local/gcc/gcc-20180624/gcc/testsuite/gcc.dg/guality/guality.exp.
ERROR: tcl error sourcing /usr/local/gcc/gcc-20180624/gcc/testsuite/gcc.dg/guality/guality.exp.
ERROR: tcl error sourcing /usr/local/gcc/gcc-20180624/gcc/testsuite/gcc.dg/guality/guality.exp.
ERROR: tcl error sourcing /usr/local/gcc/gcc-20180624/gcc/testsuite/gcc.dg/guality/guality.exp.
ERROR: tcl error sourcing /usr/local/gcc/gcc-20180624/gcc/testsuite/gcc.dg/guality/guality.exp.
ERROR: tcl error sourcing /usr/local/gcc/gcc-20180624/gcc/testsuite/gcc.dg/guality/guality.exp.
ERROR: tcl error sourcing /usr/local/gcc/gcc-20180624/gcc/testsuite/gcc.dg/guality/guality.exp.
ERROR: tcl error sourcing /usr/local/gcc/gcc-20180624/gcc/testsuite/gcc.dg/guality/guality.exp.
ERROR: tcl error sourcing /usr/local/gcc/gcc-20180624/gcc/testsuite/gcc.dg/guality/guality.exp.
ERROR: tcl error sourcing /usr/local/gcc/gcc-20180624/gcc/testsuite/gcc.dg/guality/guality.exp.
ERROR: tcl error sourcing /usr/local/gcc/gcc-20180624/gcc/testsuite/gcc.dg/guality/guality.exp.
ERROR: tcl error sourcing /usr/local/gcc/gcc-20180624/gcc/testsuite/gcc.dg/guality/guality.exp.
ERROR: tcl error sourcing /usr/local/gcc/gcc-20180624/gcc/testsuite/gcc.dg/guality/guality.exp.
ERROR: tcl error sourcing /usr/local/gcc/gcc-20180624/gcc/testsuite/gcc.dg/guality/guality.exp.
ERROR: tcl error sourcing /usr/local/gcc/gcc-20180624/gcc/testsuite/gcc.dg/guality/guality.exp.
ERROR: tcl error sourcing /usr/local/gcc/gcc-20180624/gcc/testsuite/gcc.dg/guality/guality.exp.
ERROR: tcl error sourcing /usr/local/gcc/gcc-20180624/gcc/testsuite/gcc.dg/guality/guality.exp.
ERROR: tcl error sourcing /usr/local/gcc/gcc-20180624/gcc/testsuite/gcc.dg/guality/guality.exp.
ERROR: tcl error sourcing /usr/local/gcc/gcc-20180624/gcc/testsuite/gcc.dg/guality/guality.exp.
ERROR: tcl error sourcing /usr/local/gcc/gcc-20180624/gcc/testsuite/gcc.dg/guality/guality.exp.
ERROR: tcl error sourcing /usr/local/gcc/gcc-20180624/gcc/testsuite/gcc.dg/guality/guality.exp.
ERROR: tcl error sourcing /usr/local/gcc/gcc-20180624/gcc/testsuite/gcc.dg/guality/guality.exp.
FAIL: gcc.dg/ipa/iinline-attr.c scan-ipa-dump inline "hooray[^\\\\n]*inline copy in test"
FAIL: gcc.dg/noncompile/pr55976-1.c -O0 (test for excess errors)
FAIL: gcc.dg/noncompile/pr55976-1.c -O1 (test for excess errors)
FAIL: gcc.dg/noncompile/pr55976-1.c -O2 (test for excess errors)
FAIL: gcc.dg/noncompile/pr55976-1.c -O2 -flto -fno-use-linker-plugin -flto-partition=none (test for excess errors)
FAIL: gcc.dg/noncompile/pr55976-1.c -O2 -flto -fuse-linker-plugin -fno-fat-lto-objects (test for excess errors)
FAIL: gcc.dg/noncompile/pr55976-1.c -O3 -g (test for excess errors)
FAIL: gcc.dg/noncompile/pr55976-1.c -Os (test for excess errors)
FAIL: gcc.dg/plugin/poly-int-03_plugin.c compilation
WARNING: program timed out
XPASS: gcc.dg/tree-ssa/20040204-1.c scan-tree-dump-times optimized "link_error" 0
XPASS: gcc.dg/tree-ssa/loop-1.c scan-assembler-times foo 5
FAIL: gcc.dg/vect/O3-pr36098.c scan-tree-dump-times vect "vectorizing stmts using SLP" 0
FAIL: gcc.dg/vect/bb-slp-pr69907.c -flto -ffat-lto-objects scan-tree-dump slp1 "BB vectorization with gaps at the end of a load is not supported"
FAIL: gcc.dg/vect/bb-slp-pr69907.c scan-tree-dump slp1 "BB vectorization with gaps at the end of a load is not supported"
XPASS: gcc.dg/vect/if-cvt-stores-vect-ifcvt-18.c scan-tree-dump-times vect "vectorized 1 loops" 1
XPASS: gcc.dg/vect/no-scevccp-outer-21.c scan-tree-dump-times vect "OUTER LOOP VECTORIZED." 1
FAIL: gcc.dg/vect/no-section-anchors-vect-69.c scan-tree-dump-times vect "vectorized 4 loops" 1
FAIL: gcc.dg/vect/no-tree-sra-bb-slp-pr50730.c scan-tree-dump-times slp2 "basic block vectorized" 1
XPASS: gcc.dg/vect/pr33804.c -flto -ffat-lto-objects scan-tree-dump-times vect "vectorized 1 loops" 1
XPASS: gcc.dg/vect/pr33804.c -flto -ffat-lto-objects scan-tree-dump-times vect "vectorizing stmts using SLP" 1
XPASS: gcc.dg/vect/pr33804.c scan-tree-dump-times vect "vectorized 1 loops" 1
XPASS: gcc.dg/vect/pr33804.c scan-tree-dump-times vect "vectorizing stmts using SLP" 1
XPASS: gcc.dg/vect/pr33953.c -flto -ffat-lto-objects scan-tree-dump-times vect "vectorized 1 loops" 1
XPASS: gcc.dg/vect/pr33953.c -flto -ffat-lto-objects scan-tree-dump-times vect "vectorizing stmts using SLP" 1
XPASS: gcc.dg/vect/pr33953.c scan-tree-dump-times vect "vectorized 1 loops" 1
XPASS: gcc.dg/vect/pr33953.c scan-tree-dump-times vect "vectorizing stmts using SLP" 1
FAIL: gcc.dg/vect/pr53773.c -flto -ffat-lto-objects scan-tree-dump-times optimized "\\\\* 10" 2
FAIL: gcc.dg/vect/pr53773.c scan-tree-dump-times optimized "\\\\* 10" 2
FAIL: gcc.dg/vect/pr57705.c -flto -ffat-lto-objects scan-tree-dump-times vect "vectorized 1 loop" 2
FAIL: gcc.dg/vect/pr57705.c scan-tree-dump-times vect "vectorized 1 loop" 2
XPASS: gcc.dg/vect/pr58508.c -flto -ffat-lto-objects scan-tree-dump-times vect "hoist" 3
XPASS: gcc.dg/vect/pr58508.c scan-tree-dump-times vect "hoist" 3
FAIL: gcc.dg/vect/slp-13-big-array.c -flto -ffat-lto-objects scan-tree-dump-times vect "vectorized 2 loops" 1
FAIL: gcc.dg/vect/slp-13-big-array.c -flto -ffat-lto-objects scan-tree-dump-times vect "vectorizing stmts using SLP" 2
FAIL: gcc.dg/vect/slp-13-big-array.c scan-tree-dump-times vect "vectorized 2 loops" 1
FAIL: gcc.dg/vect/slp-13-big-array.c scan-tree-dump-times vect "vectorizing stmts using SLP" 2
FAIL: gcc.dg/vect/slp-13.c -flto -ffat-lto-objects scan-tree-dump-times vect "vectorized 2 loops" 1
FAIL: gcc.dg/vect/slp-13.c -flto -ffat-lto-objects scan-tree-dump-times vect "vectorizing stmts using SLP" 2
FAIL: gcc.dg/vect/slp-13.c scan-tree-dump-times vect "vectorized 2 loops" 1
FAIL: gcc.dg/vect/slp-13.c scan-tree-dump-times vect "vectorizing stmts using SLP" 2
FAIL: gcc.dg/vect/slp-23.c -flto -ffat-lto-objects scan-tree-dump-times vect "vectorizing stmts using SLP" 1
FAIL: gcc.dg/vect/slp-23.c scan-tree-dump-times vect "vectorizing stmts using SLP" 1
FAIL: gcc.dg/vect/slp-perm-9.c -flto -ffat-lto-objects scan-tree-dump-times vect "vectorized 0 loops" 2
FAIL: gcc.dg/vect/slp-perm-9.c -flto -ffat-lto-objects scan-tree-dump-times vect "vectorizing stmts using SLP" 0
FAIL: gcc.dg/vect/slp-perm-9.c scan-tree-dump-times vect "vectorized 0 loops" 2
FAIL: gcc.dg/vect/slp-perm-9.c scan-tree-dump-times vect "vectorizing stmts using SLP" 0
FAIL: gcc.dg/vect/vec-scal-opt.c scan-tree-dump-times veclower21 ">> _[0-9]*" 1
FAIL: gcc.dg/vect/vec-scal-opt1.c scan-tree-dump-times veclower21 ">> 2" 1
FAIL: gcc.dg/vect/vec-scal-opt2.c scan-tree-dump-times veclower21 ">> 2" 1
FAIL: gcc.dg/vect/vect-33.c -flto -ffat-lto-objects scan-tree-dump-times vect "Alignment of access forced using versioning" 1
FAIL: gcc.dg/vect/vect-33.c scan-tree-dump-times vect "Alignment of access forced using versioning" 1
XPASS: gcc.dg/vect/vect-35-big-array.c -flto -ffat-lto-objects scan-tree-dump-times vect "vectorized 1 loops" 1
XPASS: gcc.dg/vect/vect-35-big-array.c scan-tree-dump-times vect "vectorized 1 loops" 1
XPASS: gcc.dg/vect/vect-35.c -flto -ffat-lto-objects scan-tree-dump-times vect "vectorized 1 loops" 1
XPASS: gcc.dg/vect/vect-35.c scan-tree-dump-times vect "vectorized 1 loops" 1
XPASS: gcc.dg/vect/vect-44.c -flto -ffat-lto-objects scan-tree-dump-times vect "Alignment of access forced using peeling" 0
XPASS: gcc.dg/vect/vect-44.c scan-tree-dump-times vect "Alignment of access forced using peeling" 0
XPASS: gcc.dg/vect/vect-50.c -flto -ffat-lto-objects scan-tree-dump-times vect "Alignment of access forced using peeling" 0
XPASS: gcc.dg/vect/vect-50.c scan-tree-dump-times vect "Alignment of access forced using peeling" 0
FAIL: gcc.dg/vect/vect-93.c -flto -ffat-lto-objects scan-tree-dump-times vect "vectorized 1 loops" 1
FAIL: gcc.dg/vect/vect-93.c scan-tree-dump-times vect "vectorized 1 loops" 1
FAIL: gcc.dg/vect/vect-cond-2.c -flto -ffat-lto-objects scan-tree-dump-times vect "vectorized 1 loops" 1
FAIL: gcc.dg/vect/vect-cond-2.c scan-tree-dump-times vect "vectorized 1 loops" 1
XPASS: gcc.dg/vect/vect-outer-5.c -flto -ffat-lto-objects scan-tree-dump vect "zero step in outer loop."
XPASS: gcc.dg/vect/vect-outer-5.c scan-tree-dump vect "zero step in outer loop."
=== gcc Summary ===
# of expected passes 104340
# of unexpected failures 64
# of unexpected successes 24
# of expected failures 506
# of unresolved testcases 1
# of unsupported tests 1930
/usr/local/gcc/gcc-20180624/Build/gcc/xgcc version 9.0.0 20180624 (experimental) [trunk revision 261992] (GCC)
=== gfortran tests ===
Running target unix
FAIL: gfortran.dg/elemental_subroutine_3.f90 -O1 (test for excess errors)
FAIL: gfortran.dg/elemental_subroutine_3.f90 -O2 (test for excess errors)
FAIL: gfortran.dg/elemental_subroutine_3.f90 -O3 -fomit-frame-pointer -funroll-loops -fpeel-loops -ftracer -finline-functions (test for excess errors)
FAIL: gfortran.dg/elemental_subroutine_3.f90 -O3 -g (test for excess errors)
FAIL: gfortran.dg/elemental_subroutine_3.f90 -Os (test for excess errors)
FAIL: gfortran.dg/minlocval_3.f90 -O3 -fomit-frame-pointer -funroll-loops -fpeel-loops -ftracer -finline-functions (test for excess errors)
UNRESOLVED: gfortran.dg/minlocval_3.f90 -O3 -fomit-frame-pointer -funroll-loops -fpeel-loops -ftracer -finline-functions compilation failed to produce executable
WARNING: program timed out
ERROR: GNU gdb (GDB; SUSE Linux Enterprise 11) 7.9.1
ERROR: GNU gdb (GDB; SUSE Linux Enterprise 11) 7.9.1
ERROR: GNU gdb (GDB; SUSE Linux Enterprise 11) 7.9.1
ERROR: GNU gdb (GDB; SUSE Linux Enterprise 11) 7.9.1
ERROR: GNU gdb (GDB; SUSE Linux Enterprise 11) 7.9.1
ERROR: GNU gdb (GDB; SUSE Linux Enterprise 11) 7.9.1
ERROR: GNU gdb (GDB; SUSE Linux Enterprise 11) 7.9.1
ERROR: GNU gdb (GDB; SUSE Linux Enterprise 11) 7.9.1
ERROR: GNU gdb (GDB; SUSE Linux Enterprise 11) 7.9.1
ERROR: GNU gdb (GDB; SUSE Linux Enterprise 11) 7.9.1
ERROR: GNU gdb (GDB; SUSE Linux Enterprise 11) 7.9.1
ERROR: GNU gdb (GDB; SUSE Linux Enterprise 11) 7.9.1
ERROR: GNU gdb (GDB; SUSE Linux Enterprise 11) 7.9.1
ERROR: tcl error sourcing /usr/local/gcc/gcc-20180624/gcc/testsuite/gfortran.dg/guality/guality.exp.
ERROR: tcl error sourcing /usr/local/gcc/gcc-20180624/gcc/testsuite/gfortran.dg/guality/guality.exp.
ERROR: tcl error sourcing /usr/local/gcc/gcc-20180624/gcc/testsuite/gfortran.dg/guality/guality.exp.
ERROR: tcl error sourcing /usr/local/gcc/gcc-20180624/gcc/testsuite/gfortran.dg/guality/guality.exp.
ERROR: tcl error sourcing /usr/local/gcc/gcc-20180624/gcc/testsuite/gfortran.dg/guality/guality.exp.
ERROR: tcl error sourcing /usr/local/gcc/gcc-20180624/gcc/testsuite/gfortran.dg/guality/guality.exp.
ERROR: tcl error sourcing /usr/local/gcc/gcc-20180624/gcc/testsuite/gfortran.dg/guality/guality.exp.
ERROR: tcl error sourcing /usr/local/gcc/gcc-20180624/gcc/testsuite/gfortran.dg/guality/guality.exp.
ERROR: tcl error sourcing /usr/local/gcc/gcc-20180624/gcc/testsuite/gfortran.dg/guality/guality.exp.
ERROR: tcl error sourcing /usr/local/gcc/gcc-20180624/gcc/testsuite/gfortran.dg/guality/guality.exp.
ERROR: tcl error sourcing /usr/local/gcc/gcc-20180624/gcc/testsuite/gfortran.dg/guality/guality.exp.
ERROR: tcl error sourcing /usr/local/gcc/gcc-20180624/gcc/testsuite/gfortran.dg/guality/guality.exp.
ERROR: tcl error sourcing /usr/local/gcc/gcc-20180624/gcc/testsuite/gfortran.dg/guality/guality.exp.
FAIL: gfortran.dg/lto/pr79108 f_lto_pr79108_0.o-f_lto_pr79108_0.o link, -Ofast -flto --param ggc-min-expand=0 --param ggc-min-heapsize=0
FAIL: gfortran.dg/vect/pr32380.f -O scan-tree-dump-times vect "vectorized 1 loops" 1
FAIL: gfortran.dg/vect/pr62283-2.f -O scan-tree-dump slp2 "basic block vectorized"
FAIL: gfortran.dg/vect/vect-2.f90 -O scan-tree-dump-times vect "Alignment of access forced using versioning." 3
=== gfortran Summary ===
# of expected passes 47380
# of unexpected failures 10
# of expected failures 103
# of unresolved testcases 1
# of unsupported tests 97
/usr/local/gcc/gcc-20180624/Build/gcc/gfortran version 9.0.0 20180624 (experimental) [trunk revision 261992] (GCC)
=== gnat tests ===
Running target unix
=== gnat Summary ===
# of expected passes 2787
# of expected failures 24
# of unsupported tests 23
/usr/local/gcc/gcc-20180624/Build/gcc/gnatmake version 9.0.0 20180624 (experimental) [trunk revision 261992]
=== go tests ===
Running target unix
FAIL: ./index0-out.go execution, -O0 -g -fno-var-tracking-assignments
FAIL: go.test/test/64bit.go execution
FAIL: go.test/test/append.go execution, -O2 -g
FAIL: go.test/test/chan/doubleselect.go execution, -O2 -g
FAIL: go.test/test/chan/select5.go execution
FAIL: go.test/test/copy.go execution, -O2 -g
FAIL: go.test/test/fixedbugs/issue4562.go execution, -O2 -g
FAIL: go.test/test/fixedbugs/issue5162.go execution
FAIL: go.test/test/ken/cplx2.go execution, -O2 -g
FAIL: go.test/test/mallocfin.go execution, -O2 -g
FAIL: go.test/test/mapnan.go execution, -O2 -g
FAIL: go.test/test/nilptr.go execution, -O2 -g
FAIL: go.test/test/recover.go execution, -O2 -g
=== go Summary ===
# of expected passes 7257
# of unexpected failures 13
# of expected failures 1
# of untested testcases 10
# of unsupported tests 3
/usr/local/gcc/gcc-20180624/Build/gcc/gccgo version 9.0.0 20180624 (experimental) [trunk revision 261992] (GCC)
=== obj-c++ tests ===
Running target unix
=== obj-c++ Summary ===
# of expected passes 1456
# of expected failures 10
# of unsupported tests 77
/usr/local/gcc/gcc-20180624/Build/gcc/xg++ version 9.0.0 20180624 (experimental) [trunk revision 261992] (GCC)
=== objc tests ===
Running target unix
=== objc Summary ===
# of expected passes 2801
# of unsupported tests 69
/usr/local/gcc/gcc-20180624/Build/gcc/xgcc version 9.0.0 20180624 (experimental) [trunk revision 261992] (GCC)
=== gotools tests ===
FAIL: go test cmd/go
FAIL: go test runtime
FAIL: go test misc/cgo/test
FAIL: go test misc/cgo/testcarchive
FAIL: go test cmd/vet
=== gotools Summary ===
# of unexpected failures 5
/usr/local/gcc/gcc-20180624/Build/./gcc/gccgo version 9.0.0 20180624 (experimental) [trunk revision 261992] (GCC)
=== libatomic tests ===
Running target unix
=== libatomic Summary ===
# of expected passes 54
=== libffi tests ===
Running target unix
FAIL: libffi.call/cls_double_va.c -W -Wall -Wno-psabi -O0 output pattern test
FAIL: libffi.call/cls_double_va.c -W -Wall -Wno-psabi -O2 output pattern test
FAIL: libffi.call/cls_double_va.c -W -Wall -Wno-psabi -O3 output pattern test
FAIL: libffi.call/cls_double_va.c -W -Wall -Wno-psabi -Os output pattern test
FAIL: libffi.call/cls_double_va.c -W -Wall -Wno-psabi -O2 -fomit-frame-pointer output pattern test
FAIL: libffi.call/cls_longdouble_va.c -W -Wall -Wno-psabi -O0 output pattern test
FAIL: libffi.call/cls_longdouble_va.c -W -Wall -Wno-psabi -O2 output pattern test
FAIL: libffi.call/cls_longdouble_va.c -W -Wall -Wno-psabi -O3 output pattern test
FAIL: libffi.call/cls_longdouble_va.c -W -Wall -Wno-psabi -Os output pattern test
FAIL: libffi.call/cls_longdouble_va.c -W -Wall -Wno-psabi -O2 -fomit-frame-pointer output pattern test
=== libffi Summary ===
# of expected passes 1904
# of unexpected failures 10
# of unsupported tests 30
=== libgo tests ===
Running target unix
FAIL: archive/tar
FAIL: archive/zip
FAIL: bufio
FAIL: bytes
FAIL: cmd/go/internal/cache
FAIL: cmd/go/internal/get
FAIL: cmd/go/internal/work
FAIL: cmd/internal/buildid
FAIL: cmd/internal/test2json
FAIL: compress/bzip2
FAIL: compress/flate
FAIL: compress/gzip
FAIL: compress/zlib
FAIL: crypto/ecdsa
FAIL: crypto/rand
FAIL: crypto/rc4
FAIL: crypto/rsa
FAIL: crypto/subtle
FAIL: crypto/tls
FAIL: crypto/x509
FAIL: database/sql
FAIL: debug/dwarf
FAIL: debug/elf
FAIL: encoding/gob
FAIL: encoding/json
FAIL: encoding/pem
FAIL: fmt
FAIL: go/build
FAIL: go/doc
FAIL: go/parser
FAIL: go/printer
FAIL: go/token
FAIL: golang_org/x/crypto/chacha20poly1305
FAIL: hash/adler32
FAIL: html/template
FAIL: image
FAIL: image/color
FAIL: image/draw
FAIL: image/jpeg
FAIL: image/png
FAIL: index/suffixarray
FAIL: internal/trace
FAIL: io
FAIL: log/syslog
FAIL: math/big
FAIL: math/rand
FAIL: mime/multipart
FAIL: mime/quotedprintable
FAIL: net
FAIL: net/http
FAIL: net/http/cgi
FAIL: net/http/fcgi
FAIL: net/http/httptest
FAIL: net/http/httptrace
FAIL: net/http/httputil
FAIL: net/http/pprof
FAIL: net/rpc
FAIL: net/rpc/jsonrpc
FAIL: os
FAIL: os/exec
FAIL: os/signal
FAIL: reflect
FAIL: regexp
FAIL: runtime
FAIL: runtime/pprof
FAIL: runtime/trace
FAIL: strconv
FAIL: sync
FAIL: sync/atomic
FAIL: syscall
FAIL: testing/quick
FAIL: text/template
FAIL: time
=== libgo Summary ===
# of expected passes 90
# of unexpected failures 73
/usr/local/gcc/gcc-20180624/Build/./gcc/gccgo version 9.0.0 20180624 (experimental) [trunk revision 261992] (GCC)
=== libgomp tests ===
Running target unix
UNRESOLVED: libgomp.oacc-c++/non-scalar-data.C -DACC_DEVICE_TYPE_host=1 -DACC_MEM_SHARED=1 -O2 compilation failed to produce executable
=== libgomp Summary ===
# of expected passes 5894
# of expected failures 3
# of unresolved testcases 1
# of unsupported tests 394
=== libstdc++ tests ===
Running target unix
FAIL: libstdc++-prettyprinters/48362.cc
FAIL: libstdc++-prettyprinters/48362.cc
FAIL: libstdc++-prettyprinters/59161.cc
FAIL: libstdc++-prettyprinters/59161.cc
FAIL: libstdc++-prettyprinters/80276.cc
FAIL: libstdc++-prettyprinters/80276.cc
FAIL: libstdc++-prettyprinters/cxx11.cc
FAIL: libstdc++-prettyprinters/cxx11.cc
FAIL: libstdc++-prettyprinters/cxx17.cc
FAIL: libstdc++-prettyprinters/cxx17.cc
FAIL: libstdc++-prettyprinters/debug.cc
FAIL: libstdc++-prettyprinters/debug.cc
FAIL: libstdc++-prettyprinters/debug_cxx11.cc
FAIL: libstdc++-prettyprinters/debug_cxx11.cc
FAIL: libstdc++-prettyprinters/libfundts.cc
FAIL: libstdc++-prettyprinters/libfundts.cc
FAIL: libstdc++-prettyprinters/shared_ptr.cc
FAIL: libstdc++-prettyprinters/shared_ptr.cc
FAIL: libstdc++-prettyprinters/simple.cc
FAIL: libstdc++-prettyprinters/simple.cc
FAIL: libstdc++-prettyprinters/simple11.cc
FAIL: libstdc++-prettyprinters/simple11.cc
FAIL: libstdc++-prettyprinters/tr1.cc
FAIL: libstdc++-prettyprinters/tr1.cc
FAIL: libstdc++-prettyprinters/whatis.cc
FAIL: libstdc++-prettyprinters/whatis.cc
FAIL: libstdc++-prettyprinters/whatis2.cc
FAIL: libstdc++-prettyprinters/whatis2.cc
FAIL: libstdc++-xmethods/array.cc
FAIL: libstdc++-xmethods/associative-containers.cc
FAIL: libstdc++-xmethods/deque.cc
FAIL: libstdc++-xmethods/forwardlist.cc
FAIL: libstdc++-xmethods/list.cc
FAIL: libstdc++-xmethods/shared_ptr.cc
FAIL: libstdc++-xmethods/unique_ptr.cc
FAIL: libstdc++-xmethods/vector.cc
=== libstdc++ Summary ===
# of expected passes 12222
# of unexpected failures 36
# of expected failures 74
# of unsupported tests 297
Compiler version: 9.0.0 20180624 (experimental) [trunk revision 261992] (GCC)
Platform: ia64-suse-linux-gnu
configure flags: --prefix=/usr --build=ia64-suse-linux --enable-shared --with-system-zlib CFLAGS='-O2 -g' CXXFLAGS='-O2 -g' --enable-checking=release CC=gcc-5 CXX=g++-5 GNATBIND=gnatbind-5 GNATMAKE=gnatmake-5
More information about the Gcc-testresults
mailing list