Results for 9.0.0 20180622 (experimental) [trunk revision 261880] (GCC) testsuite on i386-pc-solaris2.11
Rainer Orth
ro@CeBiTec.Uni-Bielefeld.DE
Sat Jun 23 07:23:00 GMT 2018
LAST_UPDATED: Fri Jun 22 09:00:06 UTC 2018 (revision 261880)
=== acats tests ===
FAIL: c332001
FAIL: c34005a
FAIL: c34005g
=== acats Summary ===
# of expected passes 2317
# of unexpected failures 3
Native configuration is i386-pc-solaris2.11
=== g++ tests ===
Running target unix
FAIL: g++.dg/init/cleanup3.C -std=c++11 scan-assembler-not _tcf
FAIL: g++.dg/init/cleanup3.C -std=c++14 scan-assembler-not _tcf
FAIL: g++.dg/init/cleanup3.C -std=c++98 scan-assembler-not _tcf
FAIL: g++.dg/tls/thread_local-order1.C -std=c++11 execution test
FAIL: g++.dg/tls/thread_local-order1.C -std=c++14 execution test
FAIL: g++.dg/tls/thread_local3g.C -std=gnu++11 execution test
FAIL: g++.dg/tls/thread_local3g.C -std=gnu++14 execution test
FAIL: g++.dg/tls/thread_local4g.C -std=gnu++11 execution test
FAIL: g++.dg/tls/thread_local4g.C -std=gnu++14 execution test
FAIL: g++.dg/tls/thread_local5g.C -std=gnu++11 execution test
FAIL: g++.dg/tls/thread_local5g.C -std=gnu++14 execution test
FAIL: g++.dg/tls/thread_local6g.C -std=c++11 execution test
FAIL: g++.dg/tls/thread_local6g.C -std=c++14 execution test
FAIL: g++.old-deja/g++.other/init5.C -std=c++11 execution test
FAIL: g++.old-deja/g++.other/init5.C -std=c++14 execution test
FAIL: g++.old-deja/g++.other/init5.C -std=c++98 execution test
=== g++ Summary for unix ===
# of expected passes 115340
# of unexpected failures 16
# of expected failures 522
# of unsupported tests 4702
Running target unix/-m64
FAIL: g++.dg/init/cleanup3.C -std=c++11 scan-assembler-not _tcf
FAIL: g++.dg/init/cleanup3.C -std=c++14 scan-assembler-not _tcf
FAIL: g++.dg/init/cleanup3.C -std=c++98 scan-assembler-not _tcf
FAIL: g++.dg/pr80481.C -std=gnu++11 scan-assembler-not vmovaps
FAIL: g++.dg/pr80481.C -std=gnu++14 scan-assembler-not vmovaps
FAIL: g++.dg/pr80481.C -std=gnu++98 scan-assembler-not vmovaps
FAIL: g++.dg/pr83239.C -std=gnu++11 scan-tree-dump-not optimized "_ZNSt6vectorIiSaIiEE17_M_default_appendEm"
FAIL: g++.dg/pr83239.C -std=gnu++14 scan-tree-dump-not optimized "_ZNSt6vectorIiSaIiEE17_M_default_appendEm"
FAIL: g++.dg/tls/thread_local-order1.C -std=c++11 execution test
FAIL: g++.dg/tls/thread_local-order1.C -std=c++14 execution test
FAIL: g++.dg/tls/thread_local3g.C -std=gnu++11 execution test
FAIL: g++.dg/tls/thread_local3g.C -std=gnu++14 execution test
FAIL: g++.dg/tls/thread_local4g.C -std=gnu++11 execution test
FAIL: g++.dg/tls/thread_local4g.C -std=gnu++14 execution test
FAIL: g++.dg/tls/thread_local5g.C -std=gnu++11 execution test
FAIL: g++.dg/tls/thread_local5g.C -std=gnu++14 execution test
FAIL: g++.dg/tls/thread_local6g.C -std=c++11 execution test
FAIL: g++.dg/tls/thread_local6g.C -std=c++14 execution test
FAIL: g++.old-deja/g++.other/init5.C -std=c++11 execution test
FAIL: g++.old-deja/g++.other/init5.C -std=c++14 execution test
FAIL: g++.old-deja/g++.other/init5.C -std=c++98 execution test
=== g++ Summary for unix/-m64 ===
# of expected passes 116833
# of unexpected failures 21
# of expected failures 525
# of unsupported tests 4894
=== g++ Summary ===
# of expected passes 232173
# of unexpected failures 37
# of expected failures 1047
# of unsupported tests 9596
/var/gcc/regression/trunk/11-gcc-gas-gld/build/gcc/xg++ version 9.0.0 20180622 (experimental) [trunk revision 261880] (GCC)
=== gcc tests ===
Running target unix
FAIL: gcc.c-torture/unsorted/dump-noaddr.c.*i.lto-stream-out, -O2 -flto -fno-use-linker-plugin -flto-partition=none comparison
FAIL: gcc.c-torture/unsorted/dump-noaddr.c.*i.lto-stream-out, -O2 -flto -fuse-linker-plugin -fno-fat-lto-objects comparison
FAIL: gcc.dg/noncompile/pr55976-1.c -O0 (test for excess errors)
FAIL: gcc.dg/noncompile/pr55976-1.c -O1 (test for excess errors)
FAIL: gcc.dg/noncompile/pr55976-1.c -O2 (test for excess errors)
FAIL: gcc.dg/noncompile/pr55976-1.c -O2 -flto -fno-use-linker-plugin -flto-partition=none (test for excess errors)
FAIL: gcc.dg/noncompile/pr55976-1.c -O2 -flto -fuse-linker-plugin -fno-fat-lto-objects (test for excess errors)
FAIL: gcc.dg/noncompile/pr55976-1.c -O3 -g (test for excess errors)
FAIL: gcc.dg/noncompile/pr55976-1.c -Os (test for excess errors)
FAIL: gcc.dg/torture/pr60092.c -O0 execution test
FAIL: gcc.target/i386/avx512vl-vpclmulqdq-2.c (test for excess errors)
UNRESOLVED: gcc.target/i386/avx512vl-vpclmulqdq-2.c compilation failed to produce executable
=== gcc Summary for unix ===
# of expected passes 122650
# of unexpected failures 11
# of expected failures 417
# of unresolved testcases 1
# of unsupported tests 2243
Running target unix/-m64
FAIL: gcc.c-torture/unsorted/dump-noaddr.c.*i.lto-stream-out, -O2 -flto -fno-use-linker-plugin -flto-partition=none comparison
FAIL: gcc.c-torture/unsorted/dump-noaddr.c.*i.lto-stream-out, -O2 -flto -fuse-linker-plugin -fno-fat-lto-objects comparison
FAIL: gcc.dg/noncompile/pr55976-1.c -O0 (test for excess errors)
FAIL: gcc.dg/noncompile/pr55976-1.c -O1 (test for excess errors)
FAIL: gcc.dg/noncompile/pr55976-1.c -O2 (test for excess errors)
FAIL: gcc.dg/noncompile/pr55976-1.c -O2 -flto -fno-use-linker-plugin -flto-partition=none (test for excess errors)
FAIL: gcc.dg/noncompile/pr55976-1.c -O2 -flto -fuse-linker-plugin -fno-fat-lto-objects (test for excess errors)
FAIL: gcc.dg/noncompile/pr55976-1.c -O3 -g (test for excess errors)
FAIL: gcc.dg/noncompile/pr55976-1.c -Os (test for excess errors)
FAIL: gcc.dg/torture/pr60092.c -O0 execution test
FAIL: gcc.target/i386/avx512vl-vpclmulqdq-2.c (test for excess errors)
UNRESOLVED: gcc.target/i386/avx512vl-vpclmulqdq-2.c compilation failed to produce executable
=== gcc Summary for unix/-m64 ===
# of expected passes 124433
# of unexpected failures 11
# of expected failures 408
# of unresolved testcases 1
# of unsupported tests 2119
=== gcc Summary ===
# of expected passes 247083
# of unexpected failures 22
# of expected failures 825
# of unresolved testcases 2
# of unsupported tests 4362
/var/gcc/regression/trunk/11-gcc-gas-gld/build/gcc/xgcc version 9.0.0 20180622 (experimental) [trunk revision 261880] (GCC)
=== gfortran tests ===
Running target unix
FAIL: gfortran.dg/assumed_charlen_function_7.f90 -O (test for excess errors)
=== gfortran Summary for unix ===
# of expected passes 47286
# of unexpected failures 1
# of expected failures 101
# of unsupported tests 194
Running target unix/-m64
FAIL: gfortran.dg/assumed_charlen_function_7.f90 -O (test for excess errors)
=== gfortran Summary for unix/-m64 ===
# of expected passes 47503
# of unexpected failures 1
# of expected failures 101
# of unsupported tests 91
=== gfortran Summary ===
# of expected passes 94789
# of unexpected failures 2
# of expected failures 202
# of unsupported tests 285
/var/gcc/regression/trunk/11-gcc-gas-gld/build/gcc/gfortran version 9.0.0 20180622 (experimental) [trunk revision 261880] (GCC)
=== gnat tests ===
Running target unix
=== gnat Summary for unix ===
# of expected passes 2819
# of expected failures 24
# of unsupported tests 7
Running target unix/-m64
=== gnat Summary for unix/-m64 ===
# of expected passes 2819
# of expected failures 24
# of unsupported tests 7
=== gnat Summary ===
# of expected passes 5638
# of expected failures 48
# of unsupported tests 14
/var/gcc/regression/trunk/11-gcc-gas-gld/build/gcc/gnatmake version 9.0.0 20180622 (experimental) [trunk revision 261880]
=== go tests ===
Running target unix
FAIL: ./index0-out.go execution, -O0 -g -fno-var-tracking-assignments
=== go Summary for unix ===
# of expected passes 7396
# of unexpected failures 1
# of expected failures 1
# of untested testcases 10
# of unsupported tests 2
Running target unix/-m64
FAIL: ./index0-out.go execution, -O0 -g -fno-var-tracking-assignments
=== go Summary for unix/-m64 ===
# of expected passes 7277
# of unexpected failures 1
# of expected failures 1
# of untested testcases 10
# of unsupported tests 1
=== go Summary ===
# of expected passes 14673
# of unexpected failures 2
# of expected failures 2
# of untested testcases 20
# of unsupported tests 3
/var/gcc/regression/trunk/11-gcc-gas-gld/build/gcc/gccgo version 9.0.0 20180622 (experimental) [trunk revision 261880] (GCC)
=== obj-c++ tests ===
Running target unix
=== obj-c++ Summary for unix ===
# of expected passes 1464
# of expected failures 2
# of unsupported tests 77
Running target unix/-m64
=== obj-c++ Summary for unix/-m64 ===
# of expected passes 1456
# of expected failures 10
# of unsupported tests 77
=== obj-c++ Summary ===
# of expected passes 2920
# of expected failures 12
# of unsupported tests 154
/var/gcc/regression/trunk/11-gcc-gas-gld/build/gcc/xg++ version 9.0.0 20180622 (experimental) [trunk revision 261880] (GCC)
=== objc tests ===
Running target unix
=== objc Summary for unix ===
# of expected passes 2797
# of expected failures 6
# of unsupported tests 68
Running target unix/-m64
=== objc Summary for unix/-m64 ===
# of expected passes 2797
# of expected failures 6
# of unsupported tests 68
=== objc Summary ===
# of expected passes 5594
# of expected failures 12
# of unsupported tests 136
/var/gcc/regression/trunk/11-gcc-gas-gld/build/gcc/xgcc version 9.0.0 20180622 (experimental) [trunk revision 261880] (GCC)
=== libatomic tests ===
Running target unix
=== libatomic Summary for unix ===
# of expected passes 44
# of unsupported tests 5
Running target unix/-m64
=== libatomic Summary for unix/-m64 ===
# of expected passes 54
=== libatomic Summary ===
# of expected passes 98
# of unsupported tests 5
=== libffi tests ===
Running target unix
FAIL: libffi.call/cls_schar.c -W -Wall -Wno-psabi -Os (test for excess errors)
UNRESOLVED: libffi.call/cls_schar.c -W -Wall -Wno-psabi -Os compilation failed to produce executable
FAIL: libffi.call/cls_schar.c -W -Wall -Wno-psabi -O2 -fomit-frame-pointer (test for excess errors)
UNRESOLVED: libffi.call/cls_schar.c -W -Wall -Wno-psabi -O2 -fomit-frame-pointer compilation failed to produce executable
=== libffi Summary for unix ===
# of expected passes 2793
# of unexpected failures 2
# of unresolved testcases 2
Running target unix/-m64
=== libffi Summary for unix/-m64 ===
# of expected passes 2214
=== libffi Summary ===
# of expected passes 5007
# of unexpected failures 2
# of unresolved testcases 2
=== libgo tests ===
Running target unix
FAIL: go/build
FAIL: runtime
=== libgo Summary for unix ===
# of expected passes 162
# of unexpected failures 2
Running target unix/-m64
FAIL: cmd/go/internal/get
FAIL: go/build
=== libgo Summary for unix/-m64 ===
# of expected passes 162
# of unexpected failures 2
=== libgo Summary ===
# of expected passes 324
# of unexpected failures 4
/var/gcc/regression/trunk/11-gcc-gas-gld/build/./gcc/gccgo version 9.0.0 20180622 (experimental) [trunk revision 261880] (GCC)
=== libgomp tests ===
Running target unix
FAIL: libgomp.c/../libgomp.c-c++-common/for-5.c (test for excess errors)
UNRESOLVED: libgomp.c/../libgomp.c-c++-common/for-5.c compilation failed to produce executable
FAIL: libgomp.c/../libgomp.c-c++-common/for-6.c (test for excess errors)
UNRESOLVED: libgomp.c/../libgomp.c-c++-common/for-6.c compilation failed to produce executable
=== libgomp Summary for unix ===
# of expected passes 5574
# of unexpected failures 2
# of expected failures 1
# of unresolved testcases 2
# of unsupported tests 304
Running target unix/-m64
=== libgomp Summary for unix/-m64 ===
# of expected passes 5578
# of expected failures 1
# of unsupported tests 304
=== libgomp Summary ===
# of expected passes 11152
# of unexpected failures 2
# of expected failures 2
# of unresolved testcases 2
# of unsupported tests 608
=== libitm tests ===
Running target unix
=== libitm Summary for unix ===
# of expected passes 42
# of expected failures 3
# of unsupported tests 1
Running target unix/-m64
=== libitm Summary for unix/-m64 ===
# of expected passes 42
# of expected failures 3
# of unsupported tests 1
=== libitm Summary ===
# of expected passes 84
# of expected failures 6
# of unsupported tests 2
=== libstdc++ tests ===
Running target unix
FAIL: 17_intro/headers/c++1998/all_c++200x_compatibility.cc (test for excess errors)
FAIL: 17_intro/headers/c++1998/all_no_exceptions.cc (test for excess errors)
FAIL: 17_intro/headers/c++1998/all_no_rtti.cc (test for excess errors)
FAIL: 17_intro/headers/c++2011/all_pedantic_errors.cc (test for excess errors)
FAIL: 17_intro/headers/c++2014/operator_names.cc (test for excess errors)
FAIL: 17_intro/headers/c++2014/stdc++.cc (test for excess errors)
FAIL: 17_intro/headers/c++2017/operator_names.cc (test for excess errors)
FAIL: 17_intro/headers/c++2017/stdc++.cc (test for excess errors)
FAIL: 17_intro/headers/c++2017/stdc++_multiple_inclusion.cc (test for excess errors)
FAIL: 17_intro/headers/c++2020/stdc++_multiple_inclusion.cc (test for excess errors)
FAIL: 17_intro/names.cc (test for excess errors)
FAIL: 20_util/duration/cons/2.cc (test for excess errors)
UNRESOLVED: 20_util/duration/cons/2.cc compilation failed to produce executable
FAIL: 20_util/enable_shared_from_this/56383.cc (test for excess errors)
UNRESOLVED: 20_util/enable_shared_from_this/56383.cc compilation failed to produce executable
FAIL: 20_util/enable_shared_from_this/cons/constexpr.cc (test for excess errors)
UNRESOLVED: 20_util/enable_shared_from_this/cons/constexpr.cc scan-assembler-not _ZN7derivedC2Ev
UNRESOLVED: 20_util/enable_shared_from_this/cons/constexpr.cc scan-assembler-not _ZNSt23enable_shared_from_thisIiEC2Ev
FAIL: 20_util/enable_shared_from_this/requirements/explicit_instantiation.cc (test for excess errors)
FAIL: 20_util/forward/d.cc (test for excess errors)
UNRESOLVED: 20_util/forward/d.cc compilation failed to produce executable
FAIL: 20_util/function/10.cc (test for excess errors)
FAIL: 20_util/function/2.cc (test for excess errors)
UNRESOLVED: 20_util/function/2.cc compilation failed to produce executable
FAIL: 20_util/function/3.cc (test for excess errors)
UNRESOLVED: 20_util/function/3.cc compilation failed to produce executable
FAIL: 20_util/function/63840.cc (test for excess errors)
UNRESOLVED: 20_util/function/63840.cc compilation failed to produce executable
FAIL: 20_util/function/65760.cc (test for excess errors)
FAIL: 20_util/function/68995.cc (test for excess errors)
FAIL: 20_util/function/69222.cc (test for excess errors)
FAIL: 20_util/function/assign/move.cc (test for excess errors)
UNRESOLVED: 20_util/function/assign/move.cc compilation failed to produce executable
FAIL: 20_util/function/assign/move_target.cc (test for excess errors)
UNRESOLVED: 20_util/function/assign/move_target.cc compilation failed to produce executable
FAIL: 20_util/function/cons/move_target.cc (test for excess errors)
UNRESOLVED: 20_util/function/cons/move_target.cc compilation failed to produce executable
FAIL: 20_util/function/cons/non_copyconstructible.cc (test for excess errors)
UNRESOLVED: 20_util/function/cons/non_copyconstructible.cc compilation failed to produce executable
FAIL: 20_util/function_objects/comparisons.cc (test for excess errors)
UNRESOLVED: 20_util/function_objects/comparisons.cc compilation failed to produce executable
FAIL: 20_util/function_objects/comparisons_pointer.cc (test for excess errors)
UNRESOLVED: 20_util/function_objects/comparisons_pointer.cc compilation failed to produce executable
FAIL: 20_util/function_objects/comparisons_void.cc (test for excess errors)
FAIL: 20_util/function_objects/mem_fn/68982.cc (test for excess errors)
FAIL: 20_util/function_objects/mem_fn/80478.cc (test for excess errors)
FAIL: 20_util/function_objects/mem_fn/adl.cc (test for excess errors)
FAIL: 20_util/has_virtual_destructor/requirements/explicit_instantiation.cc (test for excess errors)
FAIL: 20_util/has_virtual_destructor/requirements/typedefs.cc (test for excess errors)
XPASS: experimental/memory_resource/resource_adaptor.cc execution test
=== libstdc++ Summary for unix ===
# of expected passes 11444
# of unexpected failures 35
# of unexpected successes 1
# of expected failures 74
# of unresolved testcases 14
# of unsupported tests 643
Running target unix/-m64
=== libstdc++ Summary for unix/-m64 ===
# of expected passes 11486
# of expected failures 74
# of unsupported tests 647
=== libstdc++ Summary ===
# of expected passes 22930
# of unexpected failures 35
# of unexpected successes 1
# of expected failures 148
# of unresolved testcases 14
# of unsupported tests 1290
Compiler version: 9.0.0 20180622 (experimental) [trunk revision 261880] (GCC)
Platform: i386-pc-solaris2.11
configure flags: --prefix=/vol/gcc --target=i386-pc-solaris2.11 --enable-objc-gc --with-target-bdw-gc-include=/vol/gcc/include --with-target-bdw-gc-lib=/vol/gcc/lib,amd64=/vol/gcc/lib/amd64 --enable-libmudflap --with-as=/vol/gcc/bin/gas-2.30 --with-gnu-as --with-ld=/vol/gcc/bin/gld-2.30 --with-gnu-ld --with-gmp-include=/vol/gcc/include --with-gmp-lib=/vol/gcc/lib --with-mpfr-include=/vol/gcc/include --with-mpfr-lib=/vol/gcc/lib --with-mpc-include=/vol/gcc/include --with-mpc-lib=/vol/gcc/lib --enable-languages=all,ada,obj-c++,go --with-isl-include=/vol/gcc/include --with-isl-lib=/vol/gcc/lib --build=i386-pc-solaris2.11 --host=i386-pc-solaris2.11
BOOT_CFLAGS=-g -O2
More information about the Gcc-testresults
mailing list