Results for 9.0.0 20180621 (experimental) [trunk revision 261872] (GCC) testsuite on x86_64-pc-linux-gnu
H.J. Lu x32
x32@gnu-35.sc.intel.com
Fri Jun 22 04:45:00 GMT 2018
Native configuration is x86_64-pc-linux-gnu
=== gcc tests ===
Running target unix/-mx32
FAIL: gcc.c-torture/unsorted/dump-noaddr.c.*i.lto-stream-out, -O2 -flto -fno-use-linker-plugin -flto-partition=none comparison
FAIL: gcc.c-torture/unsorted/dump-noaddr.c.*i.lto-stream-out, -O2 -flto -fuse-linker-plugin -fno-fat-lto-objects comparison
FAIL: gcc.dg/graphite/interchange-3.c scan-tree-dump graphite "tiled"
FAIL: gcc.dg/graphite/interchange-7.c scan-tree-dump graphite "tiled"
FAIL: gcc.dg/graphite/interchange-9.c scan-tree-dump graphite "tiled"
FAIL: gcc.dg/graphite/uns-interchange-9.c scan-tree-dump graphite "tiled"
XPASS: gcc.dg/guality/example.c -O0 execution test
XPASS: gcc.dg/guality/guality.c -O0 execution test
XPASS: gcc.dg/guality/guality.c -O1 execution test
XPASS: gcc.dg/guality/guality.c -O2 execution test
XPASS: gcc.dg/guality/guality.c -O2 -flto -fno-use-linker-plugin -flto-partition=none execution test
XPASS: gcc.dg/guality/guality.c -O2 -flto -fuse-linker-plugin -fno-fat-lto-objects execution test
XPASS: gcc.dg/guality/guality.c -O3 -g execution test
XPASS: gcc.dg/guality/guality.c -Os execution test
XPASS: gcc.dg/guality/inline-params.c -O2 execution test
XPASS: gcc.dg/guality/inline-params.c -O2 -flto -fno-use-linker-plugin -flto-partition=none execution test
XPASS: gcc.dg/guality/inline-params.c -O2 -flto -fuse-linker-plugin -fno-fat-lto-objects execution test
XPASS: gcc.dg/guality/inline-params.c -O3 -g execution test
XPASS: gcc.dg/guality/inline-params.c -Os execution test
XPASS: gcc.dg/guality/pr41353-1.c -O0 line 28 j == 28 + 37
FAIL: gcc.dg/guality/pr41447-1.c -O2 execution test
FAIL: gcc.dg/guality/pr41447-1.c -O2 -flto -fno-use-linker-plugin -flto-partition=none execution test
FAIL: gcc.dg/guality/pr41447-1.c -Os execution test
FAIL: gcc.dg/guality/pr43051-1.c -O1 line 36 e == &a[1]
FAIL: gcc.dg/guality/pr43051-1.c -O1 line 41 e == &a[1]
FAIL: gcc.dg/guality/pr43051-1.c -O2 line 36 e == &a[1]
FAIL: gcc.dg/guality/pr43051-1.c -O2 line 41 e == &a[1]
FAIL: gcc.dg/guality/pr43051-1.c -O2 -flto -fno-use-linker-plugin -flto-partition=none line 36 e == &a[1]
FAIL: gcc.dg/guality/pr43051-1.c -O2 -flto -fno-use-linker-plugin -flto-partition=none line 41 e == &a[1]
FAIL: gcc.dg/guality/pr43051-1.c -O2 -flto -fuse-linker-plugin -fno-fat-lto-objects line 36 e == &a[1]
FAIL: gcc.dg/guality/pr43051-1.c -O2 -flto -fuse-linker-plugin -fno-fat-lto-objects line 41 e == &a[1]
FAIL: gcc.dg/guality/pr43051-1.c -O3 -fomit-frame-pointer -funroll-loops -fpeel-loops -ftracer -finline-functions line 39 c == &a[0]
FAIL: gcc.dg/guality/pr43051-1.c -Os line 34 c == &a[0]
FAIL: gcc.dg/guality/pr43051-1.c -Os line 36 e == &a[1]
FAIL: gcc.dg/guality/pr43051-1.c -Os line 39 c == &a[0]
FAIL: gcc.dg/guality/pr43051-1.c -Os line 41 e == &a[1]
FAIL: gcc.dg/guality/pr48437.c -O2 -flto -fno-use-linker-plugin -flto-partition=none line 14 i == 0
FAIL: gcc.dg/guality/pr48437.c -O2 -flto -fuse-linker-plugin -fno-fat-lto-objects line 14 i == 0
FAIL: gcc.dg/guality/pr54519-1.c -O2 -flto -fno-use-linker-plugin -flto-partition=none line 20 y == 25
FAIL: gcc.dg/guality/pr54519-1.c -O2 -flto -fno-use-linker-plugin -flto-partition=none line 20 z == 6
FAIL: gcc.dg/guality/pr54519-1.c -O2 -flto -fno-use-linker-plugin -flto-partition=none line 23 y == 117
FAIL: gcc.dg/guality/pr54519-1.c -O2 -flto -fno-use-linker-plugin -flto-partition=none line 23 z == 8
FAIL: gcc.dg/guality/pr54519-2.c -O2 -flto -fno-use-linker-plugin -flto-partition=none line 17 y == 25
FAIL: gcc.dg/guality/pr54519-2.c -O2 -flto -fuse-linker-plugin -fno-fat-lto-objects line 17 y == 25
FAIL: gcc.dg/guality/pr54519-3.c -O2 -flto -fno-use-linker-plugin -flto-partition=none line 20 y == 25
FAIL: gcc.dg/guality/pr54519-3.c -O2 -flto -fno-use-linker-plugin -flto-partition=none line 20 z == 6
FAIL: gcc.dg/guality/pr54519-3.c -O2 -flto -fno-use-linker-plugin -flto-partition=none line 23 y == 117
FAIL: gcc.dg/guality/pr54519-3.c -O2 -flto -fno-use-linker-plugin -flto-partition=none line 23 z == 8
FAIL: gcc.dg/guality/pr54519-3.c -O2 -flto -fuse-linker-plugin -fno-fat-lto-objects line 20 y == 25
FAIL: gcc.dg/guality/pr54519-3.c -O2 -flto -fuse-linker-plugin -fno-fat-lto-objects line 20 z == 6
FAIL: gcc.dg/guality/pr54519-3.c -O2 -flto -fuse-linker-plugin -fno-fat-lto-objects line 23 y == 117
FAIL: gcc.dg/guality/pr54519-3.c -O2 -flto -fuse-linker-plugin -fno-fat-lto-objects line 23 z == 8
FAIL: gcc.dg/guality/pr54519-4.c -O2 -flto -fno-use-linker-plugin -flto-partition=none line 17 y == 25
FAIL: gcc.dg/guality/pr54519-4.c -O2 -flto -fuse-linker-plugin -fno-fat-lto-objects line 17 y == 25
FAIL: gcc.dg/guality/pr54519-5.c -O2 -flto -fno-use-linker-plugin -flto-partition=none line 17 y == 25
FAIL: gcc.dg/guality/pr54519-5.c -O2 -flto -fuse-linker-plugin -fno-fat-lto-objects line 17 y == 25
XPASS: gcc.dg/guality/pr54970.c -O0 line 31 a[0] == 4
XPASS: gcc.dg/guality/pr54970.c -O0 line 36 a[0] == 4
XPASS: gcc.dg/guality/pr54970.c -O0 line 45 a[0] == 4
XPASS: gcc.dg/guality/pr54970.c -O0 line 45 p[-2] == 4
XPASS: gcc.dg/guality/pr54970.c -O0 line 45 q[-1] == 4
FAIL: gcc.dg/guality/pr68860-1.c -O2 -flto -fno-use-linker-plugin -flto-partition=none line 14 arg1 == 1
FAIL: gcc.dg/guality/pr68860-1.c -O2 -flto -fno-use-linker-plugin -flto-partition=none line 14 arg2 == 2
FAIL: gcc.dg/guality/pr68860-1.c -O2 -flto -fno-use-linker-plugin -flto-partition=none line 14 arg3 == 3
FAIL: gcc.dg/guality/pr68860-1.c -O2 -flto -fno-use-linker-plugin -flto-partition=none line 14 arg4 == 4
FAIL: gcc.dg/guality/pr68860-1.c -O2 -flto -fno-use-linker-plugin -flto-partition=none line 14 arg5 == 5
FAIL: gcc.dg/guality/pr68860-1.c -O2 -flto -fno-use-linker-plugin -flto-partition=none line 14 arg6 == 6
FAIL: gcc.dg/guality/pr68860-1.c -O2 -flto -fno-use-linker-plugin -flto-partition=none line 16 arg1 == 1
FAIL: gcc.dg/guality/pr68860-1.c -O2 -flto -fno-use-linker-plugin -flto-partition=none line 16 arg2 == 2
FAIL: gcc.dg/guality/pr68860-1.c -O2 -flto -fno-use-linker-plugin -flto-partition=none line 16 arg3 == 3
FAIL: gcc.dg/guality/pr68860-1.c -O2 -flto -fno-use-linker-plugin -flto-partition=none line 16 arg4 == 4
FAIL: gcc.dg/guality/pr68860-1.c -O2 -flto -fno-use-linker-plugin -flto-partition=none line 16 arg5 == 5
FAIL: gcc.dg/guality/pr68860-1.c -O2 -flto -fno-use-linker-plugin -flto-partition=none line 16 arg6 == 6
FAIL: gcc.dg/guality/pr68860-1.c -O2 -flto -fuse-linker-plugin -fno-fat-lto-objects line 14 arg1 == 1
FAIL: gcc.dg/guality/pr68860-1.c -O2 -flto -fuse-linker-plugin -fno-fat-lto-objects line 14 arg2 == 2
FAIL: gcc.dg/guality/pr68860-1.c -O2 -flto -fuse-linker-plugin -fno-fat-lto-objects line 14 arg3 == 3
FAIL: gcc.dg/guality/pr68860-1.c -O2 -flto -fuse-linker-plugin -fno-fat-lto-objects line 14 arg4 == 4
FAIL: gcc.dg/guality/pr68860-1.c -O2 -flto -fuse-linker-plugin -fno-fat-lto-objects line 14 arg5 == 5
FAIL: gcc.dg/guality/pr68860-1.c -O2 -flto -fuse-linker-plugin -fno-fat-lto-objects line 14 arg6 == 6
FAIL: gcc.dg/guality/pr68860-1.c -O2 -flto -fuse-linker-plugin -fno-fat-lto-objects line 16 arg1 == 1
FAIL: gcc.dg/guality/pr68860-1.c -O2 -flto -fuse-linker-plugin -fno-fat-lto-objects line 16 arg2 == 2
FAIL: gcc.dg/guality/pr68860-1.c -O2 -flto -fuse-linker-plugin -fno-fat-lto-objects line 16 arg3 == 3
FAIL: gcc.dg/guality/pr68860-1.c -O2 -flto -fuse-linker-plugin -fno-fat-lto-objects line 16 arg4 == 4
FAIL: gcc.dg/guality/pr68860-1.c -O2 -flto -fuse-linker-plugin -fno-fat-lto-objects line 16 arg5 == 5
FAIL: gcc.dg/guality/pr68860-1.c -O2 -flto -fuse-linker-plugin -fno-fat-lto-objects line 16 arg6 == 6
FAIL: gcc.dg/guality/vla-1.c -O1 line 17 sizeof (a) == 6
FAIL: gcc.dg/guality/vla-1.c -O2 line 17 sizeof (a) == 6
FAIL: gcc.dg/guality/vla-1.c -O2 -flto -fno-use-linker-plugin -flto-partition=none line 17 sizeof (a) == 6
FAIL: gcc.dg/guality/vla-1.c -O2 -flto -fno-use-linker-plugin -flto-partition=none line 24 sizeof (a) == 17 * sizeof (short)
FAIL: gcc.dg/guality/vla-1.c -O2 -flto -fuse-linker-plugin -fno-fat-lto-objects line 17 sizeof (a) == 6
FAIL: gcc.dg/guality/vla-1.c -O2 -flto -fuse-linker-plugin -fno-fat-lto-objects line 24 sizeof (a) == 17 * sizeof (short)
FAIL: gcc.dg/guality/vla-1.c -O3 -g line 17 sizeof (a) == 6
FAIL: gcc.dg/guality/vla-1.c -Os line 17 sizeof (a) == 6
FAIL: gcc.dg/noncompile/pr55976-1.c -O0 (test for excess errors)
FAIL: gcc.dg/noncompile/pr55976-1.c -O1 (test for excess errors)
FAIL: gcc.dg/noncompile/pr55976-1.c -O2 (test for excess errors)
FAIL: gcc.dg/noncompile/pr55976-1.c -O2 -flto -fno-use-linker-plugin -flto-partition=none (test for excess errors)
FAIL: gcc.dg/noncompile/pr55976-1.c -O2 -flto -fuse-linker-plugin -fno-fat-lto-objects (test for excess errors)
FAIL: gcc.dg/noncompile/pr55976-1.c -O3 -g (test for excess errors)
FAIL: gcc.dg/noncompile/pr55976-1.c -Os (test for excess errors)
FAIL: gcc.target/i386/avx512vl-vpclmulqdq-2.c (test for excess errors)
UNRESOLVED: gcc.target/i386/avx512vl-vpclmulqdq-2.c compilation failed to produce executable
=== gcc Summary ===
# of expected passes 134343
# of unexpected failures 82
# of unexpected successes 19
# of expected failures 451
# of unresolved testcases 1
# of unsupported tests 2421
/export/gnu/import/git/gcc-test-x32/bld/gcc/xgcc version 9.0.0 20180621 (experimental) [trunk revision 261872] (GCC)
=== gfortran tests ===
Running target unix/-mx32
FAIL: gfortran.dg/actual_array_offset_1.f90 -O0 (internal compiler error)
FAIL: gfortran.dg/actual_array_offset_1.f90 -O0 (test for excess errors)
UNRESOLVED: gfortran.dg/actual_array_offset_1.f90 -O0 compilation failed to produce executable
FAIL: gfortran.dg/actual_array_offset_1.f90 -O1 (internal compiler error)
FAIL: gfortran.dg/actual_array_offset_1.f90 -O1 (test for excess errors)
UNRESOLVED: gfortran.dg/actual_array_offset_1.f90 -O1 compilation failed to produce executable
FAIL: gfortran.dg/actual_array_offset_1.f90 -O2 (internal compiler error)
FAIL: gfortran.dg/actual_array_offset_1.f90 -O2 (test for excess errors)
UNRESOLVED: gfortran.dg/actual_array_offset_1.f90 -O2 compilation failed to produce executable
FAIL: gfortran.dg/actual_array_offset_1.f90 -O3 -fomit-frame-pointer -funroll-loops -fpeel-loops -ftracer -finline-functions (internal compiler error)
FAIL: gfortran.dg/actual_array_offset_1.f90 -O3 -fomit-frame-pointer -funroll-loops -fpeel-loops -ftracer -finline-functions (test for excess errors)
UNRESOLVED: gfortran.dg/actual_array_offset_1.f90 -O3 -fomit-frame-pointer -funroll-loops -fpeel-loops -ftracer -finline-functions compilation failed to produce executable
FAIL: gfortran.dg/actual_array_offset_1.f90 -O3 -g (internal compiler error)
FAIL: gfortran.dg/actual_array_offset_1.f90 -O3 -g (test for excess errors)
UNRESOLVED: gfortran.dg/actual_array_offset_1.f90 -O3 -g compilation failed to produce executable
FAIL: gfortran.dg/actual_array_offset_1.f90 -Os (internal compiler error)
FAIL: gfortran.dg/actual_array_offset_1.f90 -Os (test for excess errors)
UNRESOLVED: gfortran.dg/actual_array_offset_1.f90 -Os compilation failed to produce executable
FAIL: gfortran.dg/assumed_charlen_function_7.f90 -O (test for excess errors)
FAIL: gfortran.dg/interface_abstract_4.f90 -O (internal compiler error)
FAIL: gfortran.dg/interface_abstract_4.f90 -O (test for excess errors)
FAIL: gfortran.dg/typebound_proc_35.f90 -O0 (internal compiler error)
FAIL: gfortran.dg/typebound_proc_35.f90 -O0 (test for excess errors)
UNRESOLVED: gfortran.dg/typebound_proc_35.f90 -O0 compilation failed to produce executable
FAIL: gfortran.dg/typebound_proc_35.f90 -O1 (internal compiler error)
FAIL: gfortran.dg/typebound_proc_35.f90 -O1 (test for excess errors)
UNRESOLVED: gfortran.dg/typebound_proc_35.f90 -O1 compilation failed to produce executable
FAIL: gfortran.dg/typebound_proc_35.f90 -O2 (internal compiler error)
FAIL: gfortran.dg/typebound_proc_35.f90 -O2 (test for excess errors)
UNRESOLVED: gfortran.dg/typebound_proc_35.f90 -O2 compilation failed to produce executable
FAIL: gfortran.dg/typebound_proc_35.f90 -O3 -fomit-frame-pointer -funroll-loops -fpeel-loops -ftracer -finline-functions (internal compiler error)
FAIL: gfortran.dg/typebound_proc_35.f90 -O3 -fomit-frame-pointer -funroll-loops -fpeel-loops -ftracer -finline-functions (test for excess errors)
UNRESOLVED: gfortran.dg/typebound_proc_35.f90 -O3 -fomit-frame-pointer -funroll-loops -fpeel-loops -ftracer -finline-functions compilation failed to produce executable
FAIL: gfortran.dg/typebound_proc_35.f90 -O3 -g (internal compiler error)
FAIL: gfortran.dg/typebound_proc_35.f90 -O3 -g (test for excess errors)
UNRESOLVED: gfortran.dg/typebound_proc_35.f90 -O3 -g compilation failed to produce executable
FAIL: gfortran.dg/typebound_proc_35.f90 -Os (internal compiler error)
FAIL: gfortran.dg/typebound_proc_35.f90 -Os (test for excess errors)
UNRESOLVED: gfortran.dg/typebound_proc_35.f90 -Os compilation failed to produce executable
=== gfortran Summary ===
# of expected passes 47561
# of unexpected failures 27
# of expected failures 101
# of unresolved testcases 12
# of unsupported tests 68
/export/gnu/import/git/gcc-test-x32/bld/gcc/gfortran version 9.0.0 20180621 (experimental) [trunk revision 261872] (GCC)
=== g++ tests ===
Running target unix/-mx32
FAIL: g++.dg/pr80481.C -std=gnu++11 scan-assembler-not vmovaps
FAIL: g++.dg/pr80481.C -std=gnu++14 scan-assembler-not vmovaps
FAIL: g++.dg/pr80481.C -std=gnu++98 scan-assembler-not vmovaps
FAIL: g++.dg/guality/pr55665.C -O2 line 23 p == 40
FAIL: g++.dg/torture/pr60750.C -O0 (test for excess errors)
UNRESOLVED: g++.dg/torture/pr60750.C -O0 compilation failed to produce executable
FAIL: g++.dg/torture/pr60750.C -Os (test for excess errors)
UNRESOLVED: g++.dg/torture/pr60750.C -Os compilation failed to produce executable
=== g++ Summary ===
# of expected passes 125983
# of unexpected failures 6
# of expected failures 520
# of unresolved testcases 2
# of unsupported tests 4953
/export/gnu/import/git/gcc-test-x32/bld/gcc/xg++ version 9.0.0 20180621 (experimental) [trunk revision 261872] (GCC)
=== objc tests ===
Running target unix/-mx32
=== objc Summary ===
# of expected passes 2797
# of expected failures 6
# of unsupported tests 68
/export/gnu/import/git/gcc-test-x32/bld/gcc/xgcc version 9.0.0 20180621 (experimental) [trunk revision 261872] (GCC)
=== libatomic tests ===
Running target unix/-mx32
=== libatomic Summary ===
# of expected passes 54
=== libgomp tests ===
Running target unix/-mx32
=== libgomp Summary ===
# of expected passes 5582
# of expected failures 1
# of unsupported tests 302
=== libitm tests ===
Running target unix/-mx32
=== libitm Summary ===
# of expected passes 42
# of expected failures 3
# of unsupported tests 1
=== libstdc++ tests ===
Running target unix/-mx32
FAIL: libstdc++-abi/abi_check
FAIL: 21_strings/basic_string/modifiers/64422.cc (test for excess errors)
FAIL: 21_strings/basic_string/modifiers/insert/char/1.cc (test for excess errors)
UNRESOLVED: 21_strings/basic_string/modifiers/insert/char/1.cc compilation failed to produce executable
FAIL: 21_strings/basic_string/modifiers/insert/wchar_t/1.cc (test for excess errors)
UNRESOLVED: 21_strings/basic_string/modifiers/insert/wchar_t/1.cc compilation failed to produce executable
FAIL: 21_strings/basic_string_view/operators/wchar_t/2.cc execution test
FAIL: experimental/memory_resource/1.cc (test for excess errors)
FAIL: experimental/memory_resource/70966.cc (test for excess errors)
FAIL: experimental/memory_resource/new_delete_resource.cc (test for excess errors)
FAIL: experimental/memory_resource/null_memory_resource.cc (test for excess errors)
FAIL: experimental/memory_resource/resource_adaptor.cc (test for excess errors)
FAIL: experimental/string_view/operators/wchar_t/2.cc execution test
FAIL: experimental/type_erased_allocator/2.cc (test for excess errors)
=== libstdc++ Summary ===
# of expected passes 13098
# of unexpected failures 12
# of expected failures 74
# of unresolved testcases 2
# of unsupported tests 273
Compiler version: 9.0.0 20180621 (experimental) [trunk revision 261872] (GCC)
Platform: x86_64-pc-linux-gnu
configure flags: --prefix=/usr/9.0.0 --enable-clocale=gnu --with-system-zlib --enable-shared --enable-cet --with-demangler-in-ld --enable-libmpx --with-multilib-list=m32,m64,mx32 --with-fpmath=sse
More information about the Gcc-testresults
mailing list