Results for 9.0.0 20180613 (experimental) [trunk revision 261546] (GCC) testsuite on powerpc64-unknown-linux-gnu
Bill Seurer (POWER7)
seurer@linux.ibm.com
Wed Jun 13 14:44:00 GMT 2018
Linux 4.16.13-200.fc27.ppc64 ppc64
GNU ld version 2.29-13.fc27
GNU assembler version 2.29-13.fc27
GNU Make 4.2.1
DejaGnu:
DejaGnu version 1.6
Expect version 5.45
Tcl version 8.6
64-bit
LAST_UPDATED: Wed Jun 13 13:36:13 UTC 2018 (revision 261546)
Native configuration is powerpc64-unknown-linux-gnu
=== g++ tests ===
Running target unix
=== g++ Summary ===
# of expected passes 239
/home/gccbuild/build/nightly/build-gcc-trunk/gcc/xg++ version 9.0.0 20180613 (experimental) [trunk revision 261546] (GCC)
=== gcc tests ===
Running target unix
=== gcc Summary ===
# of expected passes 133
/home/gccbuild/build/nightly/build-gcc-trunk/gcc/xgcc version 9.0.0 20180613 (experimental) [trunk revision 261546] (GCC)
=== gcc tests ===
Running target unix
=== gcc Summary ===
# of expected passes 590
/home/gccbuild/build/nightly/build-gcc-trunk/gcc/xgcc version 9.0.0 20180613 (experimental) [trunk revision 261546] (GCC)
=== g++ tests ===
Running target unix
=== g++ Summary ===
# of expected passes 271
# of unsupported tests 12
/home/gccbuild/build/nightly/build-gcc-trunk/gcc/xg++ version 9.0.0 20180613 (experimental) [trunk revision 261546] (GCC)
=== gotools tests ===
=== gotools Summary ===
# of expected passes 387
# of untested testcases 189
/home/gccbuild/build/nightly/build-gcc-trunk/./gcc/gccgo version 9.0.0 20180613 (experimental) [trunk revision 261546] (GCC)
=== libatomic tests ===
Running target unix
=== libatomic Summary ===
# of expected passes 54
=== libffi tests ===
Running target unix
=== libffi Summary ===
# of expected passes 516
=== libgomp tests ===
Running target unix
=== libgomp Summary ===
# of expected passes 10
=== libitm tests ===
Running target unix
=== libitm Summary ===
# of expected passes 42
# of expected failures 3
# of unsupported tests 1
=== libstdc++ tests ===
Running target unix
=== libstdc++ Summary ===
=== libstdc++ tests ===
Running target unix
=== libstdc++ Summary ===
# of expected passes 32
=== libstdc++ tests ===
Running target unix
=== libstdc++ Summary ===
# of expected passes 47
=== libstdc++ tests ===
Running target unix
=== libstdc++ Summary ===
# of expected passes 30
=== libstdc++ tests ===
Running target unix
=== libstdc++ Summary ===
# of expected passes 14
=== libstdc++ tests ===
Running target unix
=== libstdc++ Summary ===
# of expected passes 1
=== libstdc++ tests ===
Running target unix
=== libstdc++ Summary ===
# of expected passes 26
=== libstdc++ tests ===
Running target unix
=== libstdc++ Summary ===
# of expected passes 25
=== libstdc++ tests ===
Running target unix
=== libstdc++ Summary ===
# of expected passes 31
=== libstdc++ tests ===
Running target unix
=== libstdc++ tests ===
Running target unix
=== libstdc++ Summary ===
# of expected passes 38
=== libstdc++ tests ===
Running target unix
=== libstdc++ Summary ===
# of expected passes 28
=== libstdc++ tests ===
Running target unix
=== libstdc++ Summary ===
# of expected passes 40
=== libstdc++ tests ===
Running target unix
=== libstdc++ Summary ===
# of expected passes 34
=== libstdc++ tests ===
Running target unix
=== libstdc++ Summary ===
# of expected passes 31
=== libstdc++ tests ===
Running target unix
=== libstdc++ Summary ===
# of expected passes 54
=== libstdc++ tests ===
Running target unix
=== libstdc++ Summary ===
# of expected passes 44
=== libstdc++ tests ===
Running target unix
=== libstdc++ Summary ===
# of expected passes 37
=== libstdc++ tests ===
Running target unix
=== libstdc++ Summary ===
# of expected passes 31
=== libstdc++ tests ===
Running target unix
=== libstdc++ Summary ===
# of expected passes 46
=== libstdc++ tests ===
Running target unix
=== libstdc++ Summary ===
# of expected passes 46
=== libstdc++ tests ===
Running target unix
=== libstdc++ Summary ===
# of expected passes 43
=== libstdc++ tests ===
Running target unix
=== libstdc++ Summary ===
# of expected passes 27
=== libstdc++ tests ===
Running target unix
=== libstdc++ Summary ===
# of expected passes 33
=== libstdc++ tests ===
Running target unix
=== libstdc++ Summary ===
# of expected passes 32
=== libstdc++ tests ===
Running target unix
=== libstdc++ tests ===
Running target unix
=== libstdc++ Summary ===
# of expected passes 43
=== libstdc++ tests ===
Running target unix
=== libstdc++ Summary ===
# of expected passes 21
=== libstdc++ tests ===
Running target unix
=== libstdc++ Summary ===
# of expected passes 26
=== libstdc++ tests ===
Running target unix
=== libstdc++ Summary ===
# of expected passes 20
=== libstdc++ tests ===
Running target unix
=== libstdc++ Summary ===
# of expected passes 31
=== libstdc++ tests ===
Running target unix
=== libstdc++ Summary ===
# of expected passes 33
=== libstdc++ tests ===
Running target unix
=== libstdc++ Summary ===
# of expected passes 25
=== libstdc++ tests ===
Running target unix
=== libstdc++ Summary ===
# of expected passes 7
=== libstdc++ tests ===
Running target unix
=== libstdc++ Summary ===
# of expected passes 32
=== libstdc++ tests ===
Running target unix
=== libstdc++ Summary ===
# of expected passes 15
=== libstdc++ tests ===
Running target unix
=== libstdc++ Summary ===
# of expected passes 38
=== libstdc++ tests ===
Running target unix
=== libstdc++ Summary ===
# of expected passes 5
=== libstdc++ tests ===
Running target unix
=== libstdc++ tests ===
Running target unix
=== libstdc++ Summary ===
# of expected passes 37
# of expected failures 1
=== libstdc++ tests ===
Running target unix
=== libstdc++ Summary ===
# of expected passes 48
=== libstdc++ tests ===
Running target unix
=== libstdc++ Summary ===
# of expected passes 26
=== libstdc++ tests ===
Running target unix
=== libstdc++ Summary ===
# of expected passes 38
=== libstdc++ tests ===
Running target unix
=== libstdc++ Summary ===
# of expected passes 20
=== libstdc++ tests ===
Running target unix
=== libstdc++ Summary ===
# of expected passes 30
=== libstdc++ tests ===
Running target unix
=== libstdc++ Summary ===
# of expected passes 39
=== libstdc++ tests ===
Running target unix
=== libstdc++ Summary ===
# of expected passes 29
=== libstdc++ tests ===
Running target unix
=== libstdc++ Summary ===
# of expected passes 11
=== libstdc++ tests ===
Running target unix
=== libstdc++ Summary ===
# of expected passes 30
=== libstdc++ tests ===
Running target unix
=== libstdc++ Summary ===
# of expected passes 11
=== libstdc++ tests ===
Running target unix
=== libstdc++ Summary ===
# of expected passes 35
=== libstdc++ tests ===
Running target unix
=== libstdc++ Summary ===
# of expected passes 22
=== libstdc++ tests ===
Running target unix
FAIL: 20_util/hash/84998.cc (test for excess errors)
=== libstdc++ Summary ===
# of expected passes 19
# of unexpected failures 1
=== libstdc++ tests ===
Running target unix
=== libstdc++ Summary ===
# of expected passes 31
=== libstdc++ tests ===
Running target unix
=== libstdc++ Summary ===
# of expected passes 33
Compiler version: 9.0.0 20180613 (experimental) [trunk revision 261546] (GCC)
Platform: powerpc64-unknown-linux-gnu
configure flags: --prefix=/opt/gcc-nightly/trunk --with-as=/usr/bin/as --with-ld=/usr/bin/ld --enable-languages=c,c++,fortran,objc,obj-c++,go --disable-multilib --disable-multilib --with-cpu=power7
fail WARNING: Could not generate test framework tests
fail WARNING: Could not generate test framework tests
fail WARNING: Could not generate test framework tests
fail WARNING: Could not generate test framework tests
fail WARNING: Could not generate test framework tests
fail WARNING: Could not generate test framework tests
fail WARNING: Could not generate test framework tests
fail WARNING: Could not generate test framework tests
fail WARNING: Could not generate test framework tests
fail WARNING: Could not generate test framework tests
fail WARNING: Could not generate test framework tests
fail WARNING: Could not generate test framework tests
fail WARNING: Could not generate test framework tests
fail WARNING: Could not generate test framework tests
fail WARNING: Could not generate test framework tests
fail WARNING: Could not generate test framework tests
fail WARNING: Could not generate test framework tests
fail WARNING: Could not generate test framework tests
fail WARNING: Could not generate test framework tests
fail WARNING: Could not generate test framework tests
fail WARNING: Could not generate test framework tests
fail WARNING: Could not generate test framework tests
fail WARNING: Could not generate test framework tests
fail XPASS: gcc.test-framework/dg-bogus-exp-XF.c (test for excess errors)
fail FAIL: gcc.test-framework/dg-do-assemble-exp-P.c (test for excess errors) (PRMS 42)
fail FAIL: gcc.test-framework/dg-do-compile-exp-P.c (test for excess errors) (PRMS 42)
fail FAIL: gcc.test-framework/dg-do-link-exp-P.c (test for excess errors) (PRMS 42)
fail FAIL: gcc.test-framework/dg-do-run-exp-P.c (test for excess errors) (PRMS 42)
fail FAIL: gcc.test-framework/dg-dot-run-exp-P.c (test for excess errors) (PRMS 42)
fail FAIL: gcc.test-framework/dg-dox-run-exp-XF.c (test for excess errors) (PRMS 42)
fail FAIL: gcc.test-framework/dg-output-exp-P.c (test for excess errors) (PRMS 42)
fail FAIL: gcc.test-framework/dg-output-exp-XF.c (test for excess errors) (PRMS 42)
fail FAIL: gcc.test-framework/dg-warning-exp-P.c warning test (test for warnings, line 9) (PRMS 42)
=== Test Framework Summary ===
# of expected passes 68
# of unexpected failures 33
More information about the Gcc-testresults
mailing list