Results for 9.0.0 20180608 (experimental) [trunk revision 261304] (GCC) testsuite on i386-pc-solaris2.11
Rainer Orth
ro@CeBiTec.Uni-Bielefeld.DE
Sat Jun 9 06:29:00 GMT 2018
LAST_UPDATED: Fri Jun 8 09:02:19 UTC 2018 (revision 261304)
=== acats tests ===
FAIL: c960001
=== acats Summary ===
# of expected passes 2319
# of unexpected failures 1
Native configuration is i386-pc-solaris2.11
=== g++ tests ===
Running target unix
=== g++ Summary for unix ===
# of expected passes 114939
# of expected failures 507
# of unsupported tests 4708
Running target unix/-m64
FAIL: g++.dg/pr80481.C -std=gnu++11 scan-assembler-not vmovaps
FAIL: g++.dg/pr80481.C -std=gnu++14 scan-assembler-not vmovaps
FAIL: g++.dg/pr80481.C -std=gnu++98 scan-assembler-not vmovaps
=== g++ Summary for unix/-m64 ===
# of expected passes 116434
# of unexpected failures 3
# of expected failures 510
# of unsupported tests 4900
=== g++ Summary ===
# of expected passes 231373
# of unexpected failures 3
# of expected failures 1017
# of unsupported tests 9608
/var/gcc/regression/trunk/11-gcc-gas/build/gcc/xg++ version 9.0.0 20180608 (experimental) [trunk revision 261304] (GCC)
=== gcc tests ===
Running target unix
FAIL: gcc.dg/visibility-22.c execution test
FAIL: gcc.dg/ipa/ipa-icf-38.c (test for excess errors)
UNRESOLVED: gcc.dg/ipa/ipa-icf-38.c scan-ltrans-tree-dump fixup_cfg4 "Function foo"
UNRESOLVED: gcc.dg/ipa/ipa-icf-38.c scan-ltrans-tree-dump-not fixup_cfg4 "Function bar"
UNRESOLVED: gcc.dg/ipa/ipa-icf-38.c scan-wpa-ipa-dump icf "Equal symbols: 1"
UNRESOLVED: gcc.dg/ipa/ipa-icf-38.c scan-wpa-ipa-dump icf "Semantic equality hit:foo->bar"
FAIL: gcc.dg/noncompile/pr55976-1.c -O0 (test for excess errors)
FAIL: gcc.dg/noncompile/pr55976-1.c -O1 (test for excess errors)
FAIL: gcc.dg/noncompile/pr55976-1.c -O2 (test for excess errors)
FAIL: gcc.dg/noncompile/pr55976-1.c -O2 -flto (test for excess errors)
FAIL: gcc.dg/noncompile/pr55976-1.c -O2 -flto -flto-partition=none (test for excess errors)
FAIL: gcc.dg/noncompile/pr55976-1.c -O3 -g (test for excess errors)
FAIL: gcc.dg/noncompile/pr55976-1.c -Os (test for excess errors)
FAIL: gcc.dg/torture/pr60092.c -O0 execution test
=== gcc Summary for unix ===
# of expected passes 122450
# of unexpected failures 10
# of expected failures 408
# of unresolved testcases 4
# of unsupported tests 2224
Running target unix/-m64
FAIL: gcc.dg/visibility-22.c execution test
FAIL: gcc.dg/ipa/ipa-icf-38.c (test for excess errors)
UNRESOLVED: gcc.dg/ipa/ipa-icf-38.c scan-ltrans-tree-dump fixup_cfg4 "Function foo"
UNRESOLVED: gcc.dg/ipa/ipa-icf-38.c scan-ltrans-tree-dump-not fixup_cfg4 "Function bar"
UNRESOLVED: gcc.dg/ipa/ipa-icf-38.c scan-wpa-ipa-dump icf "Equal symbols: 1"
UNRESOLVED: gcc.dg/ipa/ipa-icf-38.c scan-wpa-ipa-dump icf "Semantic equality hit:foo->bar"
FAIL: gcc.dg/noncompile/pr55976-1.c -O0 (test for excess errors)
FAIL: gcc.dg/noncompile/pr55976-1.c -O1 (test for excess errors)
FAIL: gcc.dg/noncompile/pr55976-1.c -O2 (test for excess errors)
FAIL: gcc.dg/noncompile/pr55976-1.c -O2 -flto (test for excess errors)
FAIL: gcc.dg/noncompile/pr55976-1.c -O2 -flto -flto-partition=none (test for excess errors)
FAIL: gcc.dg/noncompile/pr55976-1.c -O3 -g (test for excess errors)
FAIL: gcc.dg/noncompile/pr55976-1.c -Os (test for excess errors)
FAIL: gcc.dg/torture/pr60092.c -O0 execution test
=== gcc Summary for unix/-m64 ===
# of expected passes 124234
# of unexpected failures 10
# of expected failures 399
# of unresolved testcases 4
# of unsupported tests 2101
=== gcc Summary ===
# of expected passes 246684
# of unexpected failures 20
# of expected failures 807
# of unresolved testcases 8
# of unsupported tests 4325
/var/gcc/regression/trunk/11-gcc-gas/build/gcc/xgcc version 9.0.0 20180608 (experimental) [trunk revision 261304] (GCC)
=== gfortran tests ===
Running target unix
=== gfortran Summary for unix ===
# of expected passes 47210
# of expected failures 93
# of unsupported tests 194
Running target unix/-m64
=== gfortran Summary for unix/-m64 ===
# of expected passes 47427
# of expected failures 93
# of unsupported tests 91
=== gfortran Summary ===
# of expected passes 94637
# of expected failures 186
# of unsupported tests 285
/var/gcc/regression/trunk/11-gcc-gas/build/gcc/gfortran version 9.0.0 20180608 (experimental) [trunk revision 261304] (GCC)
=== gnat tests ===
Running target unix
=== gnat Summary for unix ===
# of expected passes 2789
# of expected failures 24
# of unsupported tests 7
Running target unix/-m64
=== gnat Summary for unix/-m64 ===
# of expected passes 2789
# of expected failures 24
# of unsupported tests 7
=== gnat Summary ===
# of expected passes 5578
# of expected failures 48
# of unsupported tests 14
/var/gcc/regression/trunk/11-gcc-gas/build/gcc/gnatmake version 9.0.0 20180608 (experimental) [trunk revision 261304]
=== go tests ===
Running target unix
FAIL: ./index0-out.go execution, -O0 -g -fno-var-tracking-assignments
=== go Summary for unix ===
# of expected passes 7396
# of unexpected failures 1
# of expected failures 1
# of untested testcases 10
# of unsupported tests 2
Running target unix/-m64
FAIL: ./index0-out.go execution, -O0 -g -fno-var-tracking-assignments
=== go Summary for unix/-m64 ===
# of expected passes 7277
# of unexpected failures 1
# of expected failures 1
# of untested testcases 10
# of unsupported tests 1
=== go Summary ===
# of expected passes 14673
# of unexpected failures 2
# of expected failures 2
# of untested testcases 20
# of unsupported tests 3
=== obj-c++ tests ===
Running target unix
=== obj-c++ Summary for unix ===
# of expected passes 1464
# of expected failures 2
# of unsupported tests 77
Running target unix/-m64
=== obj-c++ Summary for unix/-m64 ===
# of expected passes 1456
# of expected failures 10
# of unsupported tests 77
=== obj-c++ Summary ===
# of expected passes 2920
# of expected failures 12
# of unsupported tests 154
/var/gcc/regression/trunk/11-gcc-gas/build/gcc/xg++ version 9.0.0 20180608 (experimental) [trunk revision 261304] (GCC)
=== objc tests ===
Running target unix
=== objc Summary for unix ===
# of expected passes 2797
# of expected failures 6
# of unsupported tests 68
Running target unix/-m64
=== objc Summary for unix/-m64 ===
# of expected passes 2797
# of expected failures 6
# of unsupported tests 68
=== objc Summary ===
# of expected passes 5594
# of expected failures 12
# of unsupported tests 136
/var/gcc/regression/trunk/11-gcc-gas/build/gcc/xgcc version 9.0.0 20180608 (experimental) [trunk revision 261304] (GCC)
=== gotools tests ===
FAIL: go test cmd/go
FAIL: TestCgoCrashHandler
FAIL: TestCgoSignalDeadlock
FAIL: TestCrashHandler
FAIL: TestSelectStackAdjust
FAIL: go test runtime
FAIL: Test18146
FAIL: go test misc/cgo/test
FAIL: TestCompileWithoutShared
FAIL: TestEarlySignalHandler
FAIL: TestInstall
FAIL: TestOsSignal
FAIL: TestPIE
FAIL: TestSIGPROF
FAIL: TestSigaltstack
FAIL: TestSignalForwarding
FAIL: TestSignalForwardingExternal
FAIL: go test misc/cgo/testcarchive
=== gotools Summary ===
# of expected passes 300
# of unexpected failures 18
# of untested testcases 147
/var/gcc/regression/trunk/11-gcc-gas/build/./gcc/gccgo version 9.0.0 20180608 (experimental) [trunk revision 261304] (GCC)
=== libatomic tests ===
Running target unix
=== libatomic Summary for unix ===
# of expected passes 44
# of unsupported tests 5
Running target unix/-m64
=== libatomic Summary for unix/-m64 ===
# of expected passes 54
=== libatomic Summary ===
# of expected passes 98
# of unsupported tests 5
=== libffi tests ===
Running target unix
=== libffi Summary for unix ===
# of expected passes 2799
Running target unix/-m64
=== libffi Summary for unix/-m64 ===
# of expected passes 2214
=== libffi Summary ===
# of expected passes 5013
=== libgo tests ===
Running target unix
FAIL: go/build
FAIL: runtime
=== libgo Summary for unix ===
# of expected passes 162
# of unexpected failures 2
Running target unix/-m64
FAIL: go/build
=== libgo Summary for unix/-m64 ===
# of expected passes 163
# of unexpected failures 1
=== libgo Summary ===
# of expected passes 325
# of unexpected failures 3
/var/gcc/regression/trunk/11-gcc-gas/build/./gcc/gccgo version 9.0.0 20180608 (experimental) [trunk revision 261304] (GCC)
=== libgomp tests ===
Running target unix
FAIL: libgomp.c/../libgomp.c-c++-common/for-5.c (test for excess errors)
UNRESOLVED: libgomp.c/../libgomp.c-c++-common/for-5.c compilation failed to produce executable
=== libgomp Summary for unix ===
# of expected passes 5568
# of unexpected failures 1
# of expected failures 1
# of unresolved testcases 1
# of unsupported tests 302
Running target unix/-m64
=== libgomp Summary for unix/-m64 ===
# of expected passes 5570
# of expected failures 1
# of unsupported tests 302
=== libgomp Summary ===
# of expected passes 11138
# of unexpected failures 1
# of expected failures 2
# of unresolved testcases 1
# of unsupported tests 604
=== libitm tests ===
Running target unix
=== libitm Summary for unix ===
# of expected passes 42
# of expected failures 3
# of unsupported tests 1
Running target unix/-m64
=== libitm Summary for unix/-m64 ===
# of expected passes 42
# of expected failures 3
# of unsupported tests 1
=== libitm Summary ===
# of expected passes 84
# of expected failures 6
# of unsupported tests 2
=== libstdc++ tests ===
Running target unix
FAIL: 20_util/function_objects/mem_fn/80478.cc (test for excess errors)
FAIL: 20_util/hash/chi2_q_document_words.cc (test for excess errors)
UNRESOLVED: 20_util/hash/chi2_q_document_words.cc compilation failed to produce executable
=== libstdc++ Summary for unix ===
# of expected passes 11413
# of unexpected failures 2
# of expected failures 75
# of unresolved testcases 1
# of unsupported tests 638
Running target unix/-m64
=== libstdc++ Summary for unix/-m64 ===
# of expected passes 11409
# of expected failures 74
# of unsupported tests 642
=== libstdc++ Summary ===
# of expected passes 22822
# of unexpected failures 2
# of expected failures 149
# of unresolved testcases 1
# of unsupported tests 1280
Compiler version: 9.0.0 20180608 (experimental) [trunk revision 261304] (GCC)
Platform: i386-pc-solaris2.11
configure flags: --prefix=/vol/gcc --target=i386-pc-solaris2.11 --enable-objc-gc --with-target-bdw-gc-include=/vol/gcc/include --with-target-bdw-gc-lib=/vol/gcc/lib,amd64=/vol/gcc/lib/amd64 --enable-libmudflap --with-as=/vol/gcc/bin/gas-2.30 --with-gnu-as --with-gmp-include=/vol/gcc/include --with-gmp-lib=/vol/gcc/lib --with-mpfr-include=/vol/gcc/include --with-mpfr-lib=/vol/gcc/lib --with-mpc-include=/vol/gcc/include --with-mpc-lib=/vol/gcc/lib --enable-languages=all,ada,obj-c++,go --with-isl-include=/vol/gcc/include --with-isl-lib=/vol/gcc/lib --build=i386-pc-solaris2.11 --host=i386-pc-solaris2.11
BOOT_CFLAGS=-g -O2
More information about the Gcc-testresults
mailing list