Results for 9.0.0 20180720 (experimental) [trunk revision 262899] (GCC) testsuite on i386-pc-solaris2.11
Rainer Orth
ro@CeBiTec.Uni-Bielefeld.DE
Sat Jul 21 06:41:00 GMT 2018
LAST_UPDATED: Fri Jul 20 08:53:51 UTC 2018 (revision 262899)
=== acats tests ===
=== acats Summary ===
# of expected passes 2320
# of unexpected failures 0
Native configuration is i386-pc-solaris2.11
=== g++ tests ===
Running target unix
FAIL: c-c++-common/Warray-bounds-2.c -std=gnu++11 (test for excess errors)
FAIL: c-c++-common/Warray-bounds-2.c -std=gnu++14 (test for excess errors)
FAIL: c-c++-common/Warray-bounds-2.c -std=gnu++98 (test for excess errors)
FAIL: g++.dg/gcov/pr16855-priority.C -std=gnu++11 gcov: 1 failures in line counts, 0 in branch percentages, 0 in return percentages, 0 in intermediate format
FAIL: g++.dg/gcov/pr16855-priority.C -std=gnu++11 line 22: is #####:should be 1
FAIL: g++.dg/gcov/pr16855-priority.C -std=gnu++14 gcov: 1 failures in line counts, 0 in branch percentages, 0 in return percentages, 0 in intermediate format
FAIL: g++.dg/gcov/pr16855-priority.C -std=gnu++14 line 22: is #####:should be 1
FAIL: g++.dg/gcov/pr16855-priority.C -std=gnu++98 gcov: 1 failures in line counts, 0 in branch percentages, 0 in return percentages, 0 in intermediate format
FAIL: g++.dg/gcov/pr16855-priority.C -std=gnu++98 line 22: is #####:should be 1
FAIL: g++.dg/gcov/pr16855.C -std=gnu++11 gcov: 1 failures in line counts, 0 in branch percentages, 0 in return percentages, 0 in intermediate format
FAIL: g++.dg/gcov/pr16855.C -std=gnu++11 line 21: is #####:should be 1
FAIL: g++.dg/gcov/pr16855.C -std=gnu++14 gcov: 1 failures in line counts, 0 in branch percentages, 0 in return percentages, 0 in intermediate format
FAIL: g++.dg/gcov/pr16855.C -std=gnu++14 line 21: is #####:should be 1
FAIL: g++.dg/gcov/pr16855.C -std=gnu++98 gcov: 1 failures in line counts, 0 in branch percentages, 0 in return percentages, 0 in intermediate format
FAIL: g++.dg/gcov/pr16855.C -std=gnu++98 line 21: is #####:should be 1
=== g++ Summary for unix ===
# of expected passes 115816
# of unexpected failures 15
# of expected failures 522
# of unsupported tests 4698
Running target unix/-m64
FAIL: c-c++-common/Warray-bounds-2.c -std=gnu++11 (test for excess errors)
FAIL: c-c++-common/Warray-bounds-2.c -std=gnu++14 (test for excess errors)
FAIL: c-c++-common/Warray-bounds-2.c -std=gnu++98 (test for excess errors)
FAIL: g++.dg/pr80481.C -std=gnu++11 scan-assembler-not vmovaps
FAIL: g++.dg/pr80481.C -std=gnu++14 scan-assembler-not vmovaps
FAIL: g++.dg/pr80481.C -std=gnu++98 scan-assembler-not vmovaps
FAIL: g++.dg/pr83239.C -std=gnu++11 scan-tree-dump-not optimized "_ZNSt6vectorIiSaIiEE17_M_default_appendEm"
FAIL: g++.dg/pr83239.C -std=gnu++14 scan-tree-dump-not optimized "_ZNSt6vectorIiSaIiEE17_M_default_appendEm"
FAIL: g++.dg/gcov/pr16855-priority.C -std=gnu++11 gcov: 1 failures in line counts, 0 in branch percentages, 0 in return percentages, 0 in intermediate format
FAIL: g++.dg/gcov/pr16855-priority.C -std=gnu++11 line 22: is #####:should be 1
FAIL: g++.dg/gcov/pr16855-priority.C -std=gnu++14 gcov: 1 failures in line counts, 0 in branch percentages, 0 in return percentages, 0 in intermediate format
FAIL: g++.dg/gcov/pr16855-priority.C -std=gnu++14 line 22: is #####:should be 1
FAIL: g++.dg/gcov/pr16855-priority.C -std=gnu++98 gcov: 1 failures in line counts, 0 in branch percentages, 0 in return percentages, 0 in intermediate format
FAIL: g++.dg/gcov/pr16855-priority.C -std=gnu++98 line 22: is #####:should be 1
FAIL: g++.dg/gcov/pr16855.C -std=gnu++11 gcov: 1 failures in line counts, 0 in branch percentages, 0 in return percentages, 0 in intermediate format
FAIL: g++.dg/gcov/pr16855.C -std=gnu++11 line 21: is #####:should be 1
FAIL: g++.dg/gcov/pr16855.C -std=gnu++14 gcov: 1 failures in line counts, 0 in branch percentages, 0 in return percentages, 0 in intermediate format
FAIL: g++.dg/gcov/pr16855.C -std=gnu++14 line 21: is #####:should be 1
FAIL: g++.dg/gcov/pr16855.C -std=gnu++98 gcov: 1 failures in line counts, 0 in branch percentages, 0 in return percentages, 0 in intermediate format
FAIL: g++.dg/gcov/pr16855.C -std=gnu++98 line 21: is #####:should be 1
=== g++ Summary for unix/-m64 ===
# of expected passes 117309
# of unexpected failures 20
# of expected failures 525
# of unsupported tests 4890
=== g++ Summary ===
# of expected passes 233125
# of unexpected failures 35
# of expected failures 1047
# of unsupported tests 9588
/var/gcc/regression/trunk/11.4-gcc-gas/build/gcc/xg++ version 9.0.0 20180720 (experimental) [trunk revision 262899] (GCC)
=== gcc tests ===
Running target unix
FAIL: c-c++-common/Warray-bounds-2.c -Wc++-compat (test for excess errors)
XPASS: gcc.dg/Warray-bounds-31.c (test for warnings, line 26)
XPASS: gcc.dg/Warray-bounds-31.c (test for warnings, line 40)
FAIL: gcc.dg/Warray-bounds-31.c (test for excess errors)
XPASS: gcc.dg/Warray-bounds-31.c bug 84047 (test for warnings, line 72)
XPASS: gcc.dg/Warray-bounds-31.c bug 84047 (test for warnings, line 90)
FAIL: gcc.dg/Warray-bounds-32.c (test for warnings, line 28)
FAIL: gcc.dg/ipa/ipa-icf-38.c scan-ltrans-tree-dump-not optimized "Function bar"
=== gcc Summary for unix ===
# of expected passes 124242
# of unexpected failures 4
# of unexpected successes 4
# of expected failures 421
# of unsupported tests 2193
Running target unix/-m64
FAIL: c-c++-common/Warray-bounds-2.c -Wc++-compat (test for excess errors)
FAIL: gcc.dg/ipa/ipa-icf-38.c scan-ltrans-tree-dump-not optimized "Function bar"
=== gcc Summary for unix/-m64 ===
# of expected passes 126004
# of unexpected failures 2
# of expected failures 416
# of unsupported tests 2083
=== gcc Summary ===
# of expected passes 250246
# of unexpected failures 6
# of unexpected successes 4
# of expected failures 837
# of unsupported tests 4276
/var/gcc/regression/trunk/11.4-gcc-gas/build/gcc/xgcc version 9.0.0 20180720 (experimental) [trunk revision 262899] (GCC)
=== gfortran tests ===
Running target unix
=== gfortran Summary for unix ===
# of expected passes 47337
# of expected failures 104
# of unsupported tests 196
Running target unix/-m64
=== gfortran Summary for unix/-m64 ===
# of expected passes 47554
# of expected failures 104
# of unsupported tests 93
=== gfortran Summary ===
# of expected passes 94891
# of expected failures 208
# of unsupported tests 289
/var/gcc/regression/trunk/11.4-gcc-gas/build/gcc/gfortran version 9.0.0 20180720 (experimental) [trunk revision 262899] (GCC)
=== gnat tests ===
Running target unix
=== gnat Summary for unix ===
# of expected passes 2854
# of expected failures 24
# of unsupported tests 7
Running target unix/-m64
=== gnat Summary for unix/-m64 ===
# of expected passes 2854
# of expected failures 24
# of unsupported tests 7
=== gnat Summary ===
# of expected passes 5708
# of expected failures 48
# of unsupported tests 14
/var/gcc/regression/trunk/11.4-gcc-gas/build/gcc/gnatmake version 9.0.0 20180720 (experimental) [trunk revision 262899]
=== go tests ===
Running target unix
FAIL: ./index0-out.go execution, -O0 -g -fno-var-tracking-assignments
=== go Summary for unix ===
# of expected passes 7396
# of unexpected failures 1
# of expected failures 1
# of untested testcases 10
# of unsupported tests 2
Running target unix/-m64
FAIL: ./index0-out.go execution, -O0 -g -fno-var-tracking-assignments
=== go Summary for unix/-m64 ===
# of expected passes 7277
# of unexpected failures 1
# of expected failures 1
# of untested testcases 10
# of unsupported tests 1
=== go Summary ===
# of expected passes 14673
# of unexpected failures 2
# of expected failures 2
# of untested testcases 20
# of unsupported tests 3
=== obj-c++ tests ===
Running target unix
=== obj-c++ Summary for unix ===
# of expected passes 1464
# of expected failures 2
# of unsupported tests 77
Running target unix/-m64
=== obj-c++ Summary for unix/-m64 ===
# of expected passes 1456
# of expected failures 10
# of unsupported tests 77
=== obj-c++ Summary ===
# of expected passes 2920
# of expected failures 12
# of unsupported tests 154
/var/gcc/regression/trunk/11.4-gcc-gas/build/gcc/xg++ version 9.0.0 20180720 (experimental) [trunk revision 262899] (GCC)
=== objc tests ===
Running target unix
=== objc Summary for unix ===
# of expected passes 2797
# of expected failures 6
# of unsupported tests 68
Running target unix/-m64
=== objc Summary for unix/-m64 ===
# of expected passes 2797
# of expected failures 6
# of unsupported tests 68
=== objc Summary ===
# of expected passes 5594
# of expected failures 12
# of unsupported tests 136
/var/gcc/regression/trunk/11.4-gcc-gas/build/gcc/xgcc version 9.0.0 20180720 (experimental) [trunk revision 262899] (GCC)
=== gotools tests ===
FAIL: TestNoCache
FAIL: go test cmd/go
FAIL: TestCgoSignalDeadlock
FAIL: TestCrashHandler
FAIL: TestSelectStackAdjust
FAIL: go test runtime
FAIL: TestCompileWithoutShared
FAIL: TestEarlySignalHandler
FAIL: TestInstall
FAIL: TestOsSignal
FAIL: TestPIE
FAIL: TestSIGPROF
FAIL: TestSigaltstack
FAIL: TestSignalForwarding
FAIL: TestSignalForwardingExternal
FAIL: go test misc/cgo/testcarchive
=== gotools Summary ===
# of expected passes 368
# of unexpected failures 16
# of untested testcases 192
/var/gcc/regression/trunk/11.4-gcc-gas/build/./gcc/gccgo version 9.0.0 20180720 (experimental) [trunk revision 262899] (GCC)
=== libatomic tests ===
Running target unix
=== libatomic Summary for unix ===
# of expected passes 44
# of unsupported tests 5
Running target unix/-m64
=== libatomic Summary for unix/-m64 ===
# of expected passes 54
=== libatomic Summary ===
# of expected passes 98
# of unsupported tests 5
=== libffi tests ===
Running target unix
=== libffi Summary for unix ===
# of expected passes 2799
Running target unix/-m64
=== libffi Summary for unix/-m64 ===
# of expected passes 2214
=== libffi Summary ===
# of expected passes 5013
=== libgo tests ===
Running target unix
FAIL: go/build
FAIL: runtime
FAIL: runtime/pprof
=== libgo Summary for unix ===
# of expected passes 161
# of unexpected failures 3
Running target unix/-m64
FAIL: go/build
=== libgo Summary for unix/-m64 ===
# of expected passes 163
# of unexpected failures 1
=== libgo Summary ===
# of expected passes 324
# of unexpected failures 4
/var/gcc/regression/trunk/11.4-gcc-gas/build/./gcc/gccgo version 9.0.0 20180720 (experimental) [trunk revision 262899] (GCC)
=== libgomp tests ===
Running target unix
UNRESOLVED: libgomp.oacc-c++/non-scalar-data.C -DACC_DEVICE_TYPE_host=1 -DACC_MEM_SHARED=1 -O2 compilation failed to produce executable
=== libgomp Summary for unix ===
# of expected passes 6042
# of expected failures 3
# of unresolved testcases 1
# of unsupported tests 324
Running target unix/-m64
UNRESOLVED: libgomp.oacc-c++/non-scalar-data.C -DACC_DEVICE_TYPE_host=1 -DACC_MEM_SHARED=1 -O2 compilation failed to produce executable
=== libgomp Summary for unix/-m64 ===
# of expected passes 6042
# of expected failures 3
# of unresolved testcases 1
# of unsupported tests 324
=== libgomp Summary ===
# of expected passes 12084
# of expected failures 6
# of unresolved testcases 2
# of unsupported tests 648
=== libitm tests ===
Running target unix
=== libitm Summary for unix ===
# of expected passes 42
# of expected failures 3
# of unsupported tests 1
Running target unix/-m64
=== libitm Summary for unix/-m64 ===
# of expected passes 42
# of expected failures 3
# of unsupported tests 1
=== libitm Summary ===
# of expected passes 84
# of expected failures 6
# of unsupported tests 2
=== libstdc++ tests ===
Running target unix
XPASS: experimental/memory_resource/resource_adaptor.cc execution test
=== libstdc++ Summary for unix ===
# of expected passes 11567
# of unexpected successes 1
# of expected failures 77
# of unsupported tests 643
Running target unix/-m64
=== libstdc++ Summary for unix/-m64 ===
# of expected passes 11560
# of expected failures 77
# of unsupported tests 647
=== libstdc++ Summary ===
# of expected passes 23127
# of unexpected successes 1
# of expected failures 154
# of unsupported tests 1290
Compiler version: 9.0.0 20180720 (experimental) [trunk revision 262899] (GCC)
Platform: i386-pc-solaris2.11
configure flags: --prefix=/vol/gcc --target=i386-pc-solaris2.11 --enable-objc-gc --with-target-bdw-gc-include=/vol/gcc/include --with-target-bdw-gc-lib=/vol/gcc/lib,amd64=/vol/gcc/lib/amd64 --enable-libmudflap --with-as=/vol/gcc/bin/gas-2.31 --with-gnu-as --with-gmp-include=/vol/gcc/include --with-gmp-lib=/vol/gcc/lib --with-mpfr-include=/vol/gcc/include --with-mpfr-lib=/vol/gcc/lib --with-mpc-include=/vol/gcc/include --with-mpc-lib=/vol/gcc/lib --enable-languages=all,ada,obj-c++,go --with-isl-include=/vol/gcc/include --with-isl-lib=/vol/gcc/lib --build=i386-pc-solaris2.11 --host=i386-pc-solaris2.11
BOOT_CFLAGS=-g -O2
More information about the Gcc-testresults
mailing list