Results for 9.0.0 20180713 (experimental) [trunk revision 262625] (GCC) testsuite on sparc-sun-solaris2.11
Rainer Orth
ro@CeBiTec.Uni-Bielefeld.DE
Sat Jul 14 07:23:00 GMT 2018
LAST_UPDATED: Fri Jul 13 08:44:15 UTC 2018 (revision 262625)
=== acats tests ===
=== acats Summary ===
# of expected passes 2320
# of unexpected failures 0
Native configuration is sparc-sun-solaris2.11
=== g++ tests ===
Running target unix
FAIL: g++.dg/gcov/pr16855-priority.C -std=gnu++11 gcov: 1 failures in line counts, 0 in branch percentages, 0 in return percentages, 0 in intermediate format
FAIL: g++.dg/gcov/pr16855-priority.C -std=gnu++11 line 22: is #####:should be 1
FAIL: g++.dg/gcov/pr16855-priority.C -std=gnu++14 gcov: 1 failures in line counts, 0 in branch percentages, 0 in return percentages, 0 in intermediate format
FAIL: g++.dg/gcov/pr16855-priority.C -std=gnu++14 line 22: is #####:should be 1
FAIL: g++.dg/gcov/pr16855-priority.C -std=gnu++98 gcov: 1 failures in line counts, 0 in branch percentages, 0 in return percentages, 0 in intermediate format
FAIL: g++.dg/gcov/pr16855-priority.C -std=gnu++98 line 22: is #####:should be 1
FAIL: g++.dg/gcov/pr16855.C -std=gnu++11 gcov: 1 failures in line counts, 0 in branch percentages, 0 in return percentages, 0 in intermediate format
FAIL: g++.dg/gcov/pr16855.C -std=gnu++11 line 21: is #####:should be 1
FAIL: g++.dg/gcov/pr16855.C -std=gnu++14 gcov: 1 failures in line counts, 0 in branch percentages, 0 in return percentages, 0 in intermediate format
FAIL: g++.dg/gcov/pr16855.C -std=gnu++14 line 21: is #####:should be 1
FAIL: g++.dg/gcov/pr16855.C -std=gnu++98 gcov: 1 failures in line counts, 0 in branch percentages, 0 in return percentages, 0 in intermediate format
FAIL: g++.dg/gcov/pr16855.C -std=gnu++98 line 21: is #####:should be 1
=== g++ Summary for unix ===
# of expected passes 114175
# of unexpected failures 12
# of expected failures 531
# of unsupported tests 5291
Running target unix/-m64
FAIL: g++.dg/pr83239.C -std=gnu++11 scan-tree-dump-not optimized "_ZNSt6vectorIiSaIiEE17_M_default_appendEm"
FAIL: g++.dg/pr83239.C -std=gnu++14 scan-tree-dump-not optimized "_ZNSt6vectorIiSaIiEE17_M_default_appendEm"
FAIL: g++.dg/gcov/pr16855-priority.C -std=gnu++11 gcov: 1 failures in line counts, 0 in branch percentages, 0 in return percentages, 0 in intermediate format
FAIL: g++.dg/gcov/pr16855-priority.C -std=gnu++11 line 22: is #####:should be 1
FAIL: g++.dg/gcov/pr16855-priority.C -std=gnu++14 gcov: 1 failures in line counts, 0 in branch percentages, 0 in return percentages, 0 in intermediate format
FAIL: g++.dg/gcov/pr16855-priority.C -std=gnu++14 line 22: is #####:should be 1
FAIL: g++.dg/gcov/pr16855-priority.C -std=gnu++98 gcov: 1 failures in line counts, 0 in branch percentages, 0 in return percentages, 0 in intermediate format
FAIL: g++.dg/gcov/pr16855-priority.C -std=gnu++98 line 22: is #####:should be 1
FAIL: g++.dg/gcov/pr16855.C -std=gnu++11 gcov: 1 failures in line counts, 0 in branch percentages, 0 in return percentages, 0 in intermediate format
FAIL: g++.dg/gcov/pr16855.C -std=gnu++11 line 21: is #####:should be 1
FAIL: g++.dg/gcov/pr16855.C -std=gnu++14 gcov: 1 failures in line counts, 0 in branch percentages, 0 in return percentages, 0 in intermediate format
FAIL: g++.dg/gcov/pr16855.C -std=gnu++14 line 21: is #####:should be 1
FAIL: g++.dg/gcov/pr16855.C -std=gnu++98 gcov: 1 failures in line counts, 0 in branch percentages, 0 in return percentages, 0 in intermediate format
FAIL: g++.dg/gcov/pr16855.C -std=gnu++98 line 21: is #####:should be 1
=== g++ Summary for unix/-m64 ===
# of expected passes 116070
# of unexpected failures 14
# of expected failures 534
# of unsupported tests 5260
=== g++ Summary ===
# of expected passes 230245
# of unexpected failures 26
# of expected failures 1065
# of unsupported tests 10551
/var/gcc/regression/trunk/11.5-gcc-gas-gld/build/gcc/xg++ version 9.0.0 20180713 (experimental) [trunk revision 262625] (GCC)
=== gcc tests ===
Running target unix
FAIL: gcc.dg/simulate-thread/atomic-other-int.c -O2 -g thread simulation test
FAIL: gcc.dg/simulate-thread/atomic-other-int.c -O3 -g thread simulation test
FAIL: gcc.dg/simulate-thread/speculative-store-4.c -O0 -g thread simulation test
FAIL: gcc.dg/simulate-thread/speculative-store-4.c -O2 -g thread simulation test
FAIL: gcc.dg/simulate-thread/speculative-store-4.c -O3 -g thread simulation test
FAIL: gcc.dg/simulate-thread/speculative-store.c -O0 -g thread simulation test
FAIL: gcc.dg/tree-ssa/pr30375.c scan-tree-dump-times dse1 "MEM\\\\[\\\\(struct _s \\\\*\\\\)&signInfo \\\\+ [0-9]+B\\\\] = {}" 1
XPASS: gcc.dg/vect/bb-slp-div-1.c -flto -ffat-lto-objects scan-tree-dump slp2 "basic block vectorized"
XPASS: gcc.dg/vect/bb-slp-div-1.c scan-tree-dump slp2 "basic block vectorized"
FAIL: gcc.dg/vect/no-section-anchors-vect-69.c scan-tree-dump-times vect "vectorized 4 loops" 1
=== gcc Summary for unix ===
# of expected passes 103555
# of unexpected failures 8
# of unexpected successes 2
# of expected failures 481
# of unsupported tests 2831
Running target unix/-m64
XPASS: gcc.dg/vect/bb-slp-div-1.c -flto -ffat-lto-objects scan-tree-dump slp2 "basic block vectorized"
XPASS: gcc.dg/vect/bb-slp-div-1.c scan-tree-dump slp2 "basic block vectorized"
FAIL: gcc.dg/vect/no-section-anchors-vect-69.c scan-tree-dump-times vect "vectorized 4 loops" 1
=== gcc Summary for unix/-m64 ===
# of expected passes 104681
# of unexpected failures 1
# of unexpected successes 2
# of expected failures 471
# of unsupported tests 2590
=== gcc Summary ===
# of expected passes 208236
# of unexpected failures 9
# of unexpected successes 4
# of expected failures 952
# of unsupported tests 5421
/var/gcc/regression/trunk/11.5-gcc-gas-gld/build/gcc/xgcc version 9.0.0 20180713 (experimental) [trunk revision 262625] (GCC)
=== gfortran tests ===
Running target unix
FAIL: gfortran.dg/elemental_subroutine_3.f90 -O1 (test for excess errors)
FAIL: gfortran.dg/elemental_subroutine_3.f90 -O2 (test for excess errors)
FAIL: gfortran.dg/elemental_subroutine_3.f90 -O3 -fomit-frame-pointer -funroll-loops -fpeel-loops -ftracer -finline-functions (test for excess errors)
FAIL: gfortran.dg/elemental_subroutine_3.f90 -O3 -g (test for excess errors)
FAIL: gfortran.dg/elemental_subroutine_3.f90 -Os (test for excess errors)
FAIL: gfortran.dg/unlimited_polymorphic_30.f03 -O0 execution test
FAIL: gfortran.dg/unlimited_polymorphic_30.f03 -O1 execution test
=== gfortran Summary for unix ===
# of expected passes 47176
# of unexpected failures 7
# of expected failures 103
# of unsupported tests 263
Running target unix/-m64
FAIL: gfortran.dg/elemental_subroutine_3.f90 -O1 (test for excess errors)
FAIL: gfortran.dg/elemental_subroutine_3.f90 -O2 (test for excess errors)
FAIL: gfortran.dg/elemental_subroutine_3.f90 -O3 -fomit-frame-pointer -funroll-loops -fpeel-loops -ftracer -finline-functions (test for excess errors)
FAIL: gfortran.dg/elemental_subroutine_3.f90 -O3 -g (test for excess errors)
FAIL: gfortran.dg/elemental_subroutine_3.f90 -Os (test for excess errors)
FAIL: gfortran.dg/unlimited_polymorphic_30.f03 -O0 execution test
FAIL: gfortran.dg/unlimited_polymorphic_30.f03 -O1 execution test
FAIL: gfortran.dg/unlimited_polymorphic_30.f03 -O2 execution test
FAIL: gfortran.dg/unlimited_polymorphic_30.f03 -O3 -fomit-frame-pointer -funroll-loops -fpeel-loops -ftracer -finline-functions execution test
FAIL: gfortran.dg/unlimited_polymorphic_30.f03 -O3 -g execution test
FAIL: gfortran.dg/unlimited_polymorphic_30.f03 -Os execution test
=== gfortran Summary for unix/-m64 ===
# of expected passes 47419
# of unexpected failures 11
# of expected failures 103
# of unsupported tests 142
=== gfortran Summary ===
# of expected passes 94595
# of unexpected failures 18
# of expected failures 206
# of unsupported tests 405
/var/gcc/regression/trunk/11.5-gcc-gas-gld/build/gcc/gfortran version 9.0.0 20180713 (experimental) [trunk revision 262625] (GCC)
=== gnat tests ===
Running target unix
=== gnat Summary for unix ===
# of expected passes 2790
# of expected failures 24
# of unsupported tests 27
Running target unix/-m64
=== gnat Summary for unix/-m64 ===
# of expected passes 2790
# of expected failures 24
# of unsupported tests 27
=== gnat Summary ===
# of expected passes 5580
# of expected failures 48
# of unsupported tests 54
/var/gcc/regression/trunk/11.5-gcc-gas-gld/build/gcc/gnatmake version 9.0.0 20180713 (experimental) [trunk revision 262625]
=== go tests ===
Running target unix
FAIL: ./index0-out.go execution, -O0 -g -fno-var-tracking-assignments
FAIL: go.test/test/fixedbugs/issue4562.go execution, -O2 -g
FAIL: go.test/test/nil.go execution, -O2 -g
=== go Summary for unix ===
# of expected passes 7391
# of unexpected failures 3
# of expected failures 1
# of untested testcases 11
# of unsupported tests 3
Running target unix/-m64
FAIL: ./index0-out.go execution, -O0 -g -fno-var-tracking-assignments
=== go Summary for unix/-m64 ===
# of expected passes 7273
# of unexpected failures 1
# of expected failures 1
# of untested testcases 11
# of unsupported tests 3
=== go Summary ===
# of expected passes 14664
# of unexpected failures 4
# of expected failures 2
# of untested testcases 22
# of unsupported tests 6
/var/gcc/regression/trunk/11.5-gcc-gas-gld/build/gcc/gccgo version 9.0.0 20180713 (experimental) [trunk revision 262625] (GCC)
=== obj-c++ tests ===
Running target unix
=== obj-c++ Summary for unix ===
# of expected passes 1464
# of expected failures 2
# of unsupported tests 77
Running target unix/-m64
=== obj-c++ Summary for unix/-m64 ===
# of expected passes 1456
# of expected failures 10
# of unsupported tests 77
=== obj-c++ Summary ===
# of expected passes 2920
# of expected failures 12
# of unsupported tests 154
/var/gcc/regression/trunk/11.5-gcc-gas-gld/build/gcc/xg++ version 9.0.0 20180713 (experimental) [trunk revision 262625] (GCC)
=== objc tests ===
Running target unix
=== objc Summary for unix ===
# of expected passes 2803
# of unsupported tests 68
Running target unix/-m64
=== objc Summary for unix/-m64 ===
# of expected passes 2803
# of unsupported tests 68
=== objc Summary ===
# of expected passes 5606
# of unsupported tests 136
/var/gcc/regression/trunk/11.5-gcc-gas-gld/build/gcc/xgcc version 9.0.0 20180713 (experimental) [trunk revision 262625] (GCC)
=== gotools tests ===
FAIL: go test cmd/go
FAIL: TestBreakpoint
FAIL: TestCatchPanic
FAIL: TestCgoCCodeSIGPROF
FAIL: TestCgoCallbackGC
FAIL: TestCgoCheckBytes
FAIL: TestCgoCrashHandler
FAIL: TestCgoExecSignalMask
FAIL: TestCgoExternalThreadPanic
FAIL: TestCgoExternalThreadSIGPROF
FAIL: TestCgoExternalThreadSignal
FAIL: TestCgoLockOSThreadExit
FAIL: TestCgoNumGoroutine
FAIL: TestCgoPanicDeadlock
FAIL: TestCgoSignalDeadlock
FAIL: TestCgoTraceback
FAIL: TestCgoTracebackSigpanic
FAIL: TestCrashDumpsAllThreads
FAIL: TestEnsureDropM
FAIL: TestGccgoCrashTraceback
FAIL: TestGccgoCrashTracebackNodebug
FAIL: TestPanicInlined
FAIL: TestSelectStackAdjust
FAIL: TestSigStackSwapping
FAIL: go test runtime
FAIL: go test misc/cgo/test
FAIL: TestCompileWithoutShared
FAIL: TestEarlySignalHandler
FAIL: TestInstall
FAIL: TestOsSignal
FAIL: TestPIE
FAIL: TestSIGPROF
FAIL: TestSigaltstack
FAIL: TestSignalForwarding
FAIL: TestSignalForwardingExternal
FAIL: go test misc/cgo/testcarchive
=== gotools Summary ===
# of expected passes 182
# of unexpected failures 36
# of untested testcases 89
/var/gcc/regression/trunk/11.5-gcc-gas-gld/build/./gcc/gccgo version 9.0.0 20180713 (experimental) [trunk revision 262625] (GCC)
=== libatomic tests ===
Running target unix
=== libatomic Summary for unix ===
# of expected passes 44
# of unsupported tests 5
Running target unix/-m64
=== libatomic Summary for unix/-m64 ===
# of expected passes 54
=== libatomic Summary ===
# of expected passes 98
# of unsupported tests 5
=== libffi tests ===
Running target unix
=== libffi Summary for unix ===
# of expected passes 2214
Running target unix/-m64
=== libffi Summary for unix/-m64 ===
# of expected passes 2214
=== libffi Summary ===
# of expected passes 4428
=== libgo tests ===
Running target unix
FAIL: go/build
FAIL: net/http
FAIL: os/signal
FAIL: runtime
FAIL: runtime/pprof
=== libgo Summary for unix ===
# of expected passes 159
# of unexpected failures 5
Running target unix/-m64
FAIL: go/build
FAIL: net/http
FAIL: os/signal
=== libgo Summary for unix/-m64 ===
# of expected passes 161
# of unexpected failures 3
=== libgo Summary ===
# of expected passes 320
# of unexpected failures 8
/var/gcc/regression/trunk/11.5-gcc-gas-gld/build/./gcc/gccgo version 9.0.0 20180713 (experimental) [trunk revision 262625] (GCC)
=== libgomp tests ===
Running target unix
FAIL: libgomp.fortran/alloc-comp-3.f90 -O0 (test for excess errors)
FAIL: libgomp.fortran/alloc-comp-3.f90 -O2 (test for excess errors)
UNRESOLVED: libgomp.oacc-c++/non-scalar-data.C -DACC_DEVICE_TYPE_host=1 -DACC_MEM_SHARED=1 -O2 compilation failed to produce executable
=== libgomp Summary for unix ===
# of expected passes 5890
# of unexpected failures 2
# of expected failures 3
# of unresolved testcases 1
# of unsupported tests 397
Running target unix/-m64
FAIL: libgomp.fortran/alloc-comp-3.f90 -O0 (test for excess errors)
FAIL: libgomp.fortran/alloc-comp-3.f90 -O2 (test for excess errors)
UNRESOLVED: libgomp.oacc-c++/non-scalar-data.C -DACC_DEVICE_TYPE_host=1 -DACC_MEM_SHARED=1 -O2 compilation failed to produce executable
=== libgomp Summary for unix/-m64 ===
# of expected passes 5890
# of unexpected failures 2
# of expected failures 3
# of unresolved testcases 1
# of unsupported tests 397
=== libgomp Summary ===
# of expected passes 11780
# of unexpected failures 4
# of expected failures 6
# of unresolved testcases 2
# of unsupported tests 794
=== libitm tests ===
Running target unix
=== libitm Summary for unix ===
# of expected passes 42
# of expected failures 3
# of unsupported tests 1
Running target unix/-m64
=== libitm Summary for unix/-m64 ===
# of expected passes 42
# of expected failures 3
# of unsupported tests 1
=== libitm Summary ===
# of expected passes 84
# of expected failures 6
# of unsupported tests 2
=== libstdc++ tests ===
Running target unix
=== libstdc++ Summary for unix ===
# of expected passes 11533
# of expected failures 77
# of unsupported tests 658
Running target unix/-m64
=== libstdc++ Summary for unix/-m64 ===
# of expected passes 11533
# of expected failures 77
# of unsupported tests 658
=== libstdc++ Summary ===
# of expected passes 23066
# of expected failures 154
# of unsupported tests 1316
Compiler version: 9.0.0 20180713 (experimental) [trunk revision 262625] (GCC)
Platform: sparc-sun-solaris2.11
configure flags: --prefix=/vol/gcc --target=sparc-sun-solaris2.11 --enable-objc-gc --with-target-bdw-gc-include=/vol/gcc/include --with-target-bdw-gc-lib=/vol/gcc/lib,sparcv9=/vol/gcc/lib/sparcv9 --enable-libmudflap --with-as=/vol/gcc/bin/gas-2.30 --with-gnu-as --with-ld=/vol/gcc/bin/gld-2.30 --with-gnu-ld --with-gmp-include=/vol/gcc/include --with-gmp-lib=/vol/gcc/lib --with-mpfr-include=/vol/gcc/include --with-mpfr-lib=/vol/gcc/lib --with-mpc-include=/vol/gcc/include --with-mpc-lib=/vol/gcc/lib --enable-languages=all,ada,obj-c++,go --with-isl-include=/vol/gcc/include --with-isl-lib=/vol/gcc/lib --build=sparc-sun-solaris2.11 --host=sparc-sun-solaris2.11
BOOT_CFLAGS=-g -O2
More information about the Gcc-testresults
mailing list