Results for 8.1.1 20180713 [gcc-8-branch revision 262619] (GCC) testsuite on i386-pc-solaris2.11
Rainer Orth
ro@CeBiTec.Uni-Bielefeld.DE
Sat Jul 14 07:22:00 GMT 2018
LAST_UPDATED: Fri Jul 13 08:47:14 UTC 2018 (revision 262619)
=== acats tests ===
FAIL: a83a08a
=== acats Summary ===
# of expected passes 2319
# of unexpected failures 1
Native configuration is i386-pc-solaris2.11
=== g++ tests ===
Running target unix
UNRESOLVED: tmpdir-g++.dg-struct-layout-1/t004 cp_compat_x_tst.o-cp_compat_y_tst.o execute
UNRESOLVED: tmpdir-g++.dg-struct-layout-1/t004 cp_compat_x_tst.o-cp_compat_y_tst.o link
FAIL: tmpdir-g++.dg-struct-layout-1/t004 cp_compat_y_tst.o compile
=== g++ Summary for unix ===
# of expected passes 114711
# of unexpected failures 1
# of expected failures 506
# of unresolved testcases 2
# of unsupported tests 4702
Running target unix/-m64
FAIL: g++.dg/pr80481.C -std=gnu++11 scan-assembler-not vmovaps
FAIL: g++.dg/pr80481.C -std=gnu++14 scan-assembler-not vmovaps
FAIL: g++.dg/pr80481.C -std=gnu++98 scan-assembler-not vmovaps
FAIL: g++.dg/pr83239.C -std=gnu++11 scan-tree-dump-not optimized "_ZNSt6vectorIiSaIiEE17_M_default_appendEm"
FAIL: g++.dg/pr83239.C -std=gnu++14 scan-tree-dump-not optimized "_ZNSt6vectorIiSaIiEE17_M_default_appendEm"
=== g++ Summary for unix/-m64 ===
# of expected passes 116207
# of unexpected failures 5
# of expected failures 509
# of unsupported tests 4894
=== g++ Summary ===
# of expected passes 230918
# of unexpected failures 6
# of expected failures 1015
# of unresolved testcases 2
# of unsupported tests 9596
/var/gcc/regression/gcc-8-branch/11-gcc-gas/build/gcc/xg++ version 8.1.1 20180713 [gcc-8-branch revision 262619] (GCC)
=== gcc tests ===
Running target unix
FAIL: gcc.c-torture/compile/20001226-1.c -O2 (test for excess errors)
FAIL: gcc.c-torture/compile/20020604-1.c -O0 (test for excess errors)
FAIL: gcc.c-torture/compile/20020807-1.c -O3 -g (test for excess errors)
FAIL: gcc.dg/visibility-22.c execution test
FAIL: gcc.dg/torture/pr60092.c -O0 execution test
=== gcc Summary for unix ===
# of expected passes 121945
# of unexpected failures 5
# of expected failures 406
# of unsupported tests 2234
Running target unix/-m64
FAIL: gcc.dg/visibility-22.c execution test
FAIL: gcc.dg/torture/pr60092.c -O0 execution test
=== gcc Summary for unix/-m64 ===
# of expected passes 123692
# of unexpected failures 2
# of expected failures 395
# of unsupported tests 2129
=== gcc Summary ===
# of expected passes 245637
# of unexpected failures 7
# of expected failures 801
# of unsupported tests 4363
/var/gcc/regression/gcc-8-branch/11-gcc-gas/build/gcc/xgcc version 8.1.1 20180713 [gcc-8-branch revision 262619] (GCC)
=== gfortran tests ===
Running target unix
FAIL: gfortran.dg/Wall.f90 -O3 -g (test for excess errors)
=== gfortran Summary for unix ===
# of expected passes 47218
# of unexpected failures 1
# of expected failures 93
# of unsupported tests 194
Running target unix/-m64
=== gfortran Summary for unix/-m64 ===
# of expected passes 47436
# of expected failures 93
# of unsupported tests 91
=== gfortran Summary ===
# of expected passes 94654
# of unexpected failures 1
# of expected failures 186
# of unsupported tests 285
/var/gcc/regression/gcc-8-branch/11-gcc-gas/build/gcc/gfortran version 8.1.1 20180713 [gcc-8-branch revision 262619] (GCC)
=== gnat tests ===
Running target unix
FAIL: gnat.dg/discr38.adb (test for excess errors)
=== gnat Summary for unix ===
# of expected passes 2695
# of unexpected failures 1
# of expected failures 24
# of unsupported tests 7
Running target unix/-m64
=== gnat Summary for unix/-m64 ===
# of expected passes 2696
# of expected failures 24
# of unsupported tests 7
=== gnat Summary ===
# of expected passes 5391
# of unexpected failures 1
# of expected failures 48
# of unsupported tests 14
/var/gcc/regression/gcc-8-branch/11-gcc-gas/build/gcc/gnatmake version 8.1.1 20180713 [gcc-8-branch revision 262619]
=== go tests ===
Running target unix
FAIL: ./index0-out.go execution, -O0 -g -fno-var-tracking-assignments
=== go Summary for unix ===
# of expected passes 7396
# of unexpected failures 1
# of expected failures 1
# of untested testcases 10
# of unsupported tests 2
Running target unix/-m64
FAIL: ./index0-out.go execution, -O0 -g -fno-var-tracking-assignments
=== go Summary for unix/-m64 ===
# of expected passes 7277
# of unexpected failures 1
# of expected failures 1
# of untested testcases 10
# of unsupported tests 1
=== go Summary ===
# of expected passes 14673
# of unexpected failures 2
# of expected failures 2
# of untested testcases 20
# of unsupported tests 3
=== obj-c++ tests ===
Running target unix
FAIL: obj-c++.dg/property/dotsyntax-7.mm -fgnu-runtime (test for excess errors)
UNRESOLVED: obj-c++.dg/property/dotsyntax-7.mm -fgnu-runtime compilation failed to produce executable
=== obj-c++ Summary for unix ===
# of expected passes 1462
# of unexpected failures 1
# of expected failures 2
# of unresolved testcases 1
# of unsupported tests 77
Running target unix/-m64
=== obj-c++ Summary for unix/-m64 ===
# of expected passes 1456
# of expected failures 10
# of unsupported tests 77
=== obj-c++ Summary ===
# of expected passes 2918
# of unexpected failures 1
# of expected failures 12
# of unresolved testcases 1
# of unsupported tests 154
/var/gcc/regression/gcc-8-branch/11-gcc-gas/build/gcc/xg++ version 8.1.1 20180713 [gcc-8-branch revision 262619] (GCC)
=== objc tests ===
Running target unix
FAIL: objc/execute/class-2.m compilation, -O0 -fgnu-runtime
UNRESOLVED: objc/execute/class-2.m execution, -O0 -fgnu-runtime
=== objc Summary for unix ===
# of expected passes 2795
# of unexpected failures 1
# of expected failures 6
# of unresolved testcases 1
# of unsupported tests 68
Running target unix/-m64
=== objc Summary for unix/-m64 ===
# of expected passes 2797
# of expected failures 6
# of unsupported tests 68
=== objc Summary ===
# of expected passes 5592
# of unexpected failures 1
# of expected failures 12
# of unresolved testcases 1
# of unsupported tests 136
/var/gcc/regression/gcc-8-branch/11-gcc-gas/build/gcc/xgcc version 8.1.1 20180713 [gcc-8-branch revision 262619] (GCC)
=== gotools tests ===
FAIL: go test cmd/go
FAIL: TestCgoCrashHandler
FAIL: TestCgoSignalDeadlock
FAIL: TestCrashHandler
FAIL: TestSelectStackAdjust
FAIL: go test runtime
FAIL: Test18146
FAIL: go test misc/cgo/test
FAIL: TestCompileWithoutShared
FAIL: TestEarlySignalHandler
FAIL: TestInstall
FAIL: TestOsSignal
FAIL: TestPIE
FAIL: TestSIGPROF
FAIL: TestSigaltstack
FAIL: TestSignalForwarding
FAIL: TestSignalForwardingExternal
FAIL: go test misc/cgo/testcarchive
=== gotools Summary ===
# of expected passes 232
# of unexpected failures 18
# of untested testcases 59
/var/gcc/regression/gcc-8-branch/11-gcc-gas/build/./gcc/gccgo version 8.1.1 20180713 [gcc-8-branch revision 262619] (GCC)
=== libatomic tests ===
Running target unix
=== libatomic Summary for unix ===
# of expected passes 44
# of unsupported tests 5
Running target unix/-m64
=== libatomic Summary for unix/-m64 ===
# of expected passes 54
=== libatomic Summary ===
# of expected passes 98
# of unsupported tests 5
=== libffi tests ===
Running target unix
FAIL: libffi.call/cls_longdouble.c -W -Wall -Wno-psabi -O2 (test for excess errors)
UNRESOLVED: libffi.call/cls_longdouble.c -W -Wall -Wno-psabi -O2 compilation failed to produce executable
=== libffi Summary for unix ===
# of expected passes 2796
# of unexpected failures 1
# of unresolved testcases 1
Running target unix/-m64
=== libffi Summary for unix/-m64 ===
# of expected passes 2214
=== libffi Summary ===
# of expected passes 5010
# of unexpected failures 1
# of unresolved testcases 1
=== libgo tests ===
Running target unix
FAIL: fmt
FAIL: runtime
FAIL: go/build
FAIL: os/signal
FAIL: runtime/pprof
=== libgo Summary for unix ===
# of expected passes 159
# of unexpected failures 5
Running target unix/-m64
FAIL: fmt
FAIL: go/build
=== libgo Summary for unix/-m64 ===
# of expected passes 162
# of unexpected failures 2
=== libgo Summary ===
# of expected passes 321
# of unexpected failures 7
/var/gcc/regression/gcc-8-branch/11-gcc-gas/build/./gcc/gccgo version 8.1.1 20180713 [gcc-8-branch revision 262619] (GCC)
=== libgomp tests ===
Running target unix
FAIL: libgomp.c/for-3.c (test for excess errors)
UNRESOLVED: libgomp.c/for-3.c compilation failed to produce executable
=== libgomp Summary for unix ===
# of expected passes 5560
# of unexpected failures 1
# of expected failures 1
# of unresolved testcases 1
# of unsupported tests 304
Running target unix/-m64
=== libgomp Summary for unix/-m64 ===
# of expected passes 5562
# of expected failures 1
# of unsupported tests 304
=== libgomp Summary ===
# of expected passes 11122
# of unexpected failures 1
# of expected failures 2
# of unresolved testcases 1
# of unsupported tests 608
=== libitm tests ===
Running target unix
=== libitm Summary for unix ===
# of expected passes 42
# of expected failures 3
# of unsupported tests 1
Running target unix/-m64
=== libitm Summary for unix/-m64 ===
# of expected passes 42
# of expected failures 3
# of unsupported tests 1
=== libitm Summary ===
# of expected passes 84
# of expected failures 6
# of unsupported tests 2
=== libstdc++ tests ===
Running target unix
FAIL: 17_intro/headers/c++1998/all_pedantic_errors.cc (test for excess errors)
FAIL: 18_support/numeric_limits/cons/default.cc (test for excess errors)
UNRESOLVED: 18_support/numeric_limits/cons/default.cc compilation failed to produce executable
FAIL: 18_support/numeric_limits/max_digits10.cc (test for excess errors)
UNRESOLVED: 18_support/numeric_limits/max_digits10.cc compilation failed to produce executable
FAIL: 18_support/numeric_limits/specialization_default_values.cc (test for excess errors)
UNRESOLVED: 18_support/numeric_limits/specialization_default_values.cc compilation failed to produce executable
ERROR: could not compile performance/time/elapsed_timer.cc
ERROR: tcl error sourcing /vol/gcc/src/hg/gcc-8-branch/local/libstdc++-v3/testsuite/libstdc++-dg/conformance.exp.
=== libstdc++ Summary for unix ===
# of expected passes 9716
# of unexpected failures 4
# of expected failures 56
# of unresolved testcases 3
# of unsupported tests 537
Running target unix/-m64
=== libstdc++ Summary for unix/-m64 ===
# of expected passes 12971
# of expected failures 85
# of unsupported tests 738
=== libstdc++ Summary ===
# of expected passes 22687
# of unexpected failures 4
# of expected failures 141
# of unresolved testcases 3
# of unsupported tests 1275
Compiler version: 8.1.1 20180713 [gcc-8-branch revision 262619] (GCC)
Platform: i386-pc-solaris2.11
configure flags: --prefix=/vol/gcc --target=i386-pc-solaris2.11 --enable-objc-gc --with-target-bdw-gc-include=/vol/gcc/include --with-target-bdw-gc-lib=/vol/gcc/lib,amd64=/vol/gcc/lib/amd64 --enable-libmudflap --with-as=/vol/gcc/bin/gas-2.30 --with-gnu-as --with-gmp-include=/vol/gcc/include --with-gmp-lib=/vol/gcc/lib --with-mpfr-include=/vol/gcc/include --with-mpfr-lib=/vol/gcc/lib --with-mpc-include=/vol/gcc/include --with-mpc-lib=/vol/gcc/lib --enable-languages=all,ada,obj-c++,go --with-isl-include=/vol/gcc/include --with-isl-lib=/vol/gcc/lib --build=i386-pc-solaris2.11 --host=i386-pc-solaris2.11
BOOT_CFLAGS=-g -O2
More information about the Gcc-testresults
mailing list