Results for 9.0.0 20180711 (experimental) (GCC) testsuite on s390x-ibm-linux-gnu zEC12
Andreas Krebbel
krebbel@linux.vnet.ibm.com
Thu Jul 12 06:15:00 GMT 2018
LAST_UPDATED: Wed Jul 11 17:06:25 UTC 2018 (revision 262560)
=== acats tests ===
=== acats Summary ===
# of expected passes 2320
# of unexpected failures 0
Native configuration is s390x-ibm-linux-gnu zEC12
=== g++ tests ===
Running target unix/-m31
FAIL: g++.dg/asan/function-argument-3.C -O0 output pattern test
FAIL: g++.dg/asan/function-argument-3.C -O1 execution test
FAIL: g++.dg/asan/function-argument-3.C -O2 execution test
FAIL: g++.dg/asan/function-argument-3.C -O2 -flto -fno-use-linker-plugin -flto-partition=none execution test
FAIL: g++.dg/asan/function-argument-3.C -O2 -flto -fuse-linker-plugin -fno-fat-lto-objects output pattern test
FAIL: g++.dg/asan/function-argument-3.C -O3 -g execution test
FAIL: g++.dg/asan/function-argument-3.C -Os execution test
FAIL: g++.dg/pr83239.C -std=gnu++11 scan-tree-dump-not optimized "_ZNSt6vectorIiSaIiEE17_M_default_appendEm"
FAIL: g++.dg/pr83239.C -std=gnu++14 scan-tree-dump-not optimized "_ZNSt6vectorIiSaIiEE17_M_default_appendEm"
FAIL: g++.dg/lto/20091002-1 cp_lto_20091002-1_0.o-cp_lto_20091002-1_0.o link, -fPIC -flto -Wno-return-type
FAIL: g++.dg/lto/pr64043 cp_lto_pr64043_0.o-cp_lto_pr64043_0.o link, -flto -std=c++11
FAIL: g++.dg/lto/pr65193 cp_lto_pr65193_0.o-cp_lto_pr65193_0.o link, -fPIC -r -nostdlib -flto -O2 -g -Wno-return-type
FAIL: g++.dg/lto/pr65302 cp_lto_pr65302_0.o-cp_lto_pr65302_1.o link, -flto -O2 -Wno-return-type
FAIL: g++.dg/lto/pr65316 cp_lto_pr65316_0.o-cp_lto_pr65316_1.o link, -flto -std=c++11 -g2 -fno-lto-odr-type-merging -O2 -Wno-return-type
FAIL: g++.dg/lto/pr65549 cp_lto_pr65549_0.o-cp_lto_pr65549_0.o link, -std=gnu++14 -flto -g -O2 -fno-inline -flto-partition=max -Wno-return-type
FAIL: g++.dg/lto/pr65549 cp_lto_pr65549_0.o-cp_lto_pr65549_0.o link, -std=gnu++14 -flto -g -Wno-return-type
FAIL: g++.dg/lto/pr66180 cp_lto_pr66180_0.o-cp_lto_pr66180_1.o link, -flto -std=c++14 -r -nostdlib
FAIL: g++.dg/lto/pr66705 cp_lto_pr66705_0.o-cp_lto_pr66705_0.o link, -O2 -flto -flto-partition=max -fipa-pta
FAIL: g++.dg/lto/pr68057 cp_lto_pr68057_0.o-cp_lto_pr68057_1.o link, -O0 -flto -flto-partition=none -fuse-linker-plugin
FAIL: g++.dg/lto/pr68057 cp_lto_pr68057_0.o-cp_lto_pr68057_1.o link, -O0 -flto -fuse-linker-plugin -fno-fat-lto-objects
FAIL: g++.dg/lto/pr68057 cp_lto_pr68057_0.o-cp_lto_pr68057_1.o link, -O2 -flto -flto-partition=none -fuse-linker-plugin -fno-fat-lto-objects
FAIL: g++.dg/lto/pr68057 cp_lto_pr68057_0.o-cp_lto_pr68057_1.o link, -O2 -flto -fuse-linker-plugin
FAIL: g++.dg/lto/pr69077 cp_lto_pr69077_0.o-cp_lto_pr69077_1.o link, -O3 -g -flto
FAIL: g++.dg/lto/pr69133 cp_lto_pr69133_0.o-cp_lto_pr69133_1.o link, -flto -O2
FAIL: g++.dg/lto/pr69137 cp_lto_pr69137_0.o-cp_lto_pr69137_0.o link, -std=c++11 -g -flto
FAIL: g++.dg/lto/pr79000 cp_lto_pr79000_0.o-cp_lto_pr79000_1.o link, -flto -g
FAIL: g++.dg/lto/pr81940 cp_lto_pr81940_0.o-cp_lto_pr81940_0.o link, -O -flto
FAIL: g++.dg/lto/pr85176 cp_lto_pr85176_0.o-cp_lto_pr85176_0.o link, -flto -g1
=== g++ Summary for unix/-m31 ===
# of expected passes 122417
# of unexpected failures 28
# of expected failures 532
# of unsupported tests 5639
Running target unix/-m64
FAIL: g++.dg/asan/function-argument-3.C -O0 output pattern test
FAIL: g++.dg/asan/function-argument-3.C -O1 execution test
FAIL: g++.dg/asan/function-argument-3.C -O2 execution test
FAIL: g++.dg/asan/function-argument-3.C -O2 -flto -fno-use-linker-plugin -flto-partition=none execution test
FAIL: g++.dg/asan/function-argument-3.C -O2 -flto -fuse-linker-plugin -fno-fat-lto-objects execution test
FAIL: g++.dg/asan/function-argument-3.C -O3 -g execution test
FAIL: g++.dg/asan/function-argument-3.C -Os execution test
FAIL: g++.dg/pr83239.C -std=gnu++11 scan-tree-dump-not optimized "_ZNSt6vectorIiSaIiEE17_M_default_appendEm"
FAIL: g++.dg/pr83239.C -std=gnu++14 scan-tree-dump-not optimized "_ZNSt6vectorIiSaIiEE17_M_default_appendEm"
FAIL: g++.dg/lto/20091002-1 cp_lto_20091002-1_0.o-cp_lto_20091002-1_0.o link, -fPIC -flto -Wno-return-type
FAIL: g++.dg/lto/pr64043 cp_lto_pr64043_0.o-cp_lto_pr64043_0.o link, -flto -std=c++11
FAIL: g++.dg/lto/pr65193 cp_lto_pr65193_0.o-cp_lto_pr65193_0.o link, -fPIC -r -nostdlib -flto -O2 -g -Wno-return-type
FAIL: g++.dg/lto/pr65302 cp_lto_pr65302_0.o-cp_lto_pr65302_1.o link, -flto -O2 -Wno-return-type
FAIL: g++.dg/lto/pr65316 cp_lto_pr65316_0.o-cp_lto_pr65316_1.o link, -flto -std=c++11 -g2 -fno-lto-odr-type-merging -O2 -Wno-return-type
FAIL: g++.dg/lto/pr65549 cp_lto_pr65549_0.o-cp_lto_pr65549_0.o link, -std=gnu++14 -flto -g -O2 -fno-inline -flto-partition=max -Wno-return-type
FAIL: g++.dg/lto/pr65549 cp_lto_pr65549_0.o-cp_lto_pr65549_0.o link, -std=gnu++14 -flto -g -Wno-return-type
FAIL: g++.dg/lto/pr66180 cp_lto_pr66180_0.o-cp_lto_pr66180_1.o link, -flto -std=c++14 -r -nostdlib
FAIL: g++.dg/lto/pr66705 cp_lto_pr66705_0.o-cp_lto_pr66705_0.o link, -O2 -flto -flto-partition=max -fipa-pta
FAIL: g++.dg/lto/pr68057 cp_lto_pr68057_0.o-cp_lto_pr68057_1.o link, -O0 -flto -flto-partition=none -fuse-linker-plugin
FAIL: g++.dg/lto/pr68057 cp_lto_pr68057_0.o-cp_lto_pr68057_1.o link, -O0 -flto -fuse-linker-plugin -fno-fat-lto-objects
FAIL: g++.dg/lto/pr68057 cp_lto_pr68057_0.o-cp_lto_pr68057_1.o link, -O2 -flto -flto-partition=none -fuse-linker-plugin -fno-fat-lto-objects
FAIL: g++.dg/lto/pr68057 cp_lto_pr68057_0.o-cp_lto_pr68057_1.o link, -O2 -flto -fuse-linker-plugin
FAIL: g++.dg/lto/pr69077 cp_lto_pr69077_0.o-cp_lto_pr69077_1.o link, -O3 -g -flto
FAIL: g++.dg/lto/pr69133 cp_lto_pr69133_0.o-cp_lto_pr69133_1.o link, -flto -O2
FAIL: g++.dg/lto/pr69137 cp_lto_pr69137_0.o-cp_lto_pr69137_0.o link, -std=c++11 -g -flto
FAIL: g++.dg/lto/pr79000 cp_lto_pr79000_0.o-cp_lto_pr79000_1.o link, -flto -g
FAIL: g++.dg/lto/pr81940 cp_lto_pr81940_0.o-cp_lto_pr81940_0.o link, -O -flto
FAIL: g++.dg/lto/pr85176 cp_lto_pr85176_0.o-cp_lto_pr85176_0.o link, -flto -g1
=== g++ Summary for unix/-m64 ===
# of expected passes 124387
# of unexpected failures 28
# of expected failures 535
# of unsupported tests 5580
=== g++ Summary ===
# of expected passes 246804
# of unexpected failures 56
# of expected failures 1067
# of unsupported tests 11219
-zEC12/gcc/testsuite/g++/../../xg++ version 9.0.0 20180711 (experimental) (GCC)
=== gcc tests ===
Running target unix/-m31
FAIL: gcc.dg/gcc-have-sync-compare-and-swap.c (test for excess errors)
FAIL: gcc.dg/loop-9.c scan-rtl-dump loop2_invariant "Decided"
FAIL: gcc.dg/loop-9.c scan-rtl-dump loop2_invariant "without introducing a new temporary register"
FAIL: gcc.dg/lower-subreg-1.c scan-rtl-dump subreg1 "Splitting reg"
FAIL: gcc.dg/pr21643.c scan-tree-dump-times reassoc1 "Optimizing range tests c_[0-9]*.D. -.0, 31. and -.32, 32.[\\n\\r]* into" 5
FAIL: gcc.dg/split-5.c execution test
WARNING: program timed out.
XPASS: gcc.dg/guality/example.c -O0 execution test
XPASS: gcc.dg/guality/guality.c -O0 execution test
XPASS: gcc.dg/guality/guality.c -O1 -DPREVENT_OPTIMIZATION execution test
XPASS: gcc.dg/guality/guality.c -O2 -DPREVENT_OPTIMIZATION execution test
XPASS: gcc.dg/guality/guality.c -O2 -flto -fno-use-linker-plugin -flto-partition=none -DPREVENT_OPTIMIZATION execution test
XPASS: gcc.dg/guality/guality.c -O2 -flto -fuse-linker-plugin -fno-fat-lto-objects -DPREVENT_OPTIMIZATION execution test
XPASS: gcc.dg/guality/guality.c -O3 -g -DPREVENT_OPTIMIZATION execution test
XPASS: gcc.dg/guality/guality.c -Os -DPREVENT_OPTIMIZATION execution test
XPASS: gcc.dg/guality/inline-params.c -O2 -DPREVENT_OPTIMIZATION execution test
XPASS: gcc.dg/guality/inline-params.c -O2 -flto -fno-use-linker-plugin -flto-partition=none -DPREVENT_OPTIMIZATION execution test
XPASS: gcc.dg/guality/inline-params.c -O2 -flto -fuse-linker-plugin -fno-fat-lto-objects -DPREVENT_OPTIMIZATION execution test
XPASS: gcc.dg/guality/inline-params.c -O3 -g -DPREVENT_OPTIMIZATION execution test
XPASS: gcc.dg/guality/inline-params.c -Os -DPREVENT_OPTIMIZATION execution test
FAIL: gcc.dg/guality/param-2.c -O1 -DPREVENT_OPTIMIZATION line 20 str.pa == 31415927
FAIL: gcc.dg/guality/param-2.c -O1 -DPREVENT_OPTIMIZATION line 20 str.pb == 27182818
FAIL: gcc.dg/guality/param-3.c -O1 -DPREVENT_OPTIMIZATION line 20 str.pa == 31415927
FAIL: gcc.dg/guality/param-3.c -O1 -DPREVENT_OPTIMIZATION line 20 str.pb == 27182818
FAIL: gcc.dg/guality/pr36728-1.c -O2 -flto -fuse-linker-plugin -fno-fat-lto-objects -DPREVENT_OPTIMIZATION line 16 y == 2
FAIL: gcc.dg/guality/pr36728-2.c -O2 -flto -fuse-linker-plugin -fno-fat-lto-objects -DPREVENT_OPTIMIZATION line 16 arg3 == 3
FAIL: gcc.dg/guality/pr36728-2.c -O2 -flto -fuse-linker-plugin -fno-fat-lto-objects -DPREVENT_OPTIMIZATION line 16 arg4 == 4
FAIL: gcc.dg/guality/pr36728-2.c -O2 -flto -fuse-linker-plugin -fno-fat-lto-objects -DPREVENT_OPTIMIZATION line 16 arg5 == 5
FAIL: gcc.dg/guality/pr36728-2.c -O2 -flto -fuse-linker-plugin -fno-fat-lto-objects -DPREVENT_OPTIMIZATION line 16 arg6 == 6
FAIL: gcc.dg/guality/pr36728-2.c -O2 -flto -fuse-linker-plugin -fno-fat-lto-objects -DPREVENT_OPTIMIZATION line 16 arg7 == 30
FAIL: gcc.dg/guality/pr36728-2.c -O2 -flto -fuse-linker-plugin -fno-fat-lto-objects -DPREVENT_OPTIMIZATION line 16 y == 2
FAIL: gcc.dg/guality/pr36728-2.c -O2 -flto -fuse-linker-plugin -fno-fat-lto-objects -DPREVENT_OPTIMIZATION line 18 arg3 == 3
FAIL: gcc.dg/guality/pr36728-2.c -O2 -flto -fuse-linker-plugin -fno-fat-lto-objects -DPREVENT_OPTIMIZATION line 18 arg4 == 4
FAIL: gcc.dg/guality/pr36728-2.c -O2 -flto -fuse-linker-plugin -fno-fat-lto-objects -DPREVENT_OPTIMIZATION line 18 arg5 == 5
FAIL: gcc.dg/guality/pr36728-2.c -O2 -flto -fuse-linker-plugin -fno-fat-lto-objects -DPREVENT_OPTIMIZATION line 18 arg6 == 6
FAIL: gcc.dg/guality/pr36728-2.c -O2 -flto -fuse-linker-plugin -fno-fat-lto-objects -DPREVENT_OPTIMIZATION line 18 arg7 == 30
FAIL: gcc.dg/guality/pr36728-2.c -O3 -g -DPREVENT_OPTIMIZATION line 16 arg3 == 3
FAIL: gcc.dg/guality/pr36728-2.c -O3 -g -DPREVENT_OPTIMIZATION line 16 arg4 == 4
FAIL: gcc.dg/guality/pr36728-2.c -O3 -g -DPREVENT_OPTIMIZATION line 16 arg5 == 5
FAIL: gcc.dg/guality/pr36728-2.c -O3 -g -DPREVENT_OPTIMIZATION line 16 arg6 == 6
FAIL: gcc.dg/guality/pr36728-2.c -O3 -g -DPREVENT_OPTIMIZATION line 16 arg7 == 30
FAIL: gcc.dg/guality/pr36728-2.c -O3 -g -DPREVENT_OPTIMIZATION line 18 arg3 == 3
FAIL: gcc.dg/guality/pr36728-2.c -O3 -g -DPREVENT_OPTIMIZATION line 18 arg4 == 4
FAIL: gcc.dg/guality/pr36728-2.c -O3 -g -DPREVENT_OPTIMIZATION line 18 arg5 == 5
FAIL: gcc.dg/guality/pr36728-2.c -O3 -g -DPREVENT_OPTIMIZATION line 18 arg6 == 6
FAIL: gcc.dg/guality/pr36728-2.c -O3 -g -DPREVENT_OPTIMIZATION line 18 arg7 == 30
FAIL: gcc.dg/guality/pr36728-3.c -O2 -DPREVENT_OPTIMIZATION line 14 y == 2
FAIL: gcc.dg/guality/pr36728-3.c -O2 -flto -fno-use-linker-plugin -flto-partition=none -DPREVENT_OPTIMIZATION line 14 y == 2
FAIL: gcc.dg/guality/pr36728-3.c -O3 -g -DPREVENT_OPTIMIZATION line 14 y == 2
FAIL: gcc.dg/guality/pr37726.c -O0 line 11 parm == 5
FAIL: gcc.dg/guality/pr37726.c -O0 line 11 var == 1
XPASS: gcc.dg/guality/pr41353-1.c -O0 line .+3 j == 28 + 37
FAIL: gcc.dg/guality/pr41404-1.c -O2 -flto -fuse-linker-plugin -fno-fat-lto-objects -DPREVENT_OPTIMIZATION line . *foo == 'b'
FAIL: gcc.dg/guality/pr41404-1.c -O2 -flto -fuse-linker-plugin -fno-fat-lto-objects -DPREVENT_OPTIMIZATION line . *foo == 'f'
FAIL: gcc.dg/guality/pr41404-1.c -O2 -flto -fuse-linker-plugin -fno-fat-lto-objects -DPREVENT_OPTIMIZATION line . *foo == 'f'
FAIL: gcc.dg/guality/pr41447-1.c -O2 -flto -fuse-linker-plugin -fno-fat-lto-objects -DPREVENT_OPTIMIZATION execution test
FAIL: gcc.dg/guality/pr41447-1.c -O3 -g -DPREVENT_OPTIMIZATION execution test
FAIL: gcc.dg/guality/pr48437.c -O2 -flto -fno-use-linker-plugin -flto-partition=none -DPREVENT_OPTIMIZATION line . i == 0
FAIL: gcc.dg/guality/pr48437.c -O2 -flto -fuse-linker-plugin -fno-fat-lto-objects -DPREVENT_OPTIMIZATION line . i == 0
FAIL: gcc.dg/guality/pr54519-1.c -O2 -flto -fno-use-linker-plugin -flto-partition=none -DPREVENT_OPTIMIZATION line . z == 6
FAIL: gcc.dg/guality/pr54519-1.c -O2 -flto -fno-use-linker-plugin -flto-partition=none -DPREVENT_OPTIMIZATION line . z == 8
FAIL: gcc.dg/guality/pr54519-1.c -O2 -flto -fno-use-linker-plugin -flto-partition=none -DPREVENT_OPTIMIZATION line .+1 y == 117
FAIL: gcc.dg/guality/pr54519-1.c -O2 -flto -fno-use-linker-plugin -flto-partition=none -DPREVENT_OPTIMIZATION line .+1 y == 25
FAIL: gcc.dg/guality/pr54519-2.c -O2 -flto -fno-use-linker-plugin -flto-partition=none -DPREVENT_OPTIMIZATION line . y == 25
FAIL: gcc.dg/guality/pr54519-2.c -O2 -flto -fuse-linker-plugin -fno-fat-lto-objects -DPREVENT_OPTIMIZATION line . y == 25
FAIL: gcc.dg/guality/pr54519-3.c -O2 -flto -fno-use-linker-plugin -flto-partition=none -DPREVENT_OPTIMIZATION line . z == 6
FAIL: gcc.dg/guality/pr54519-3.c -O2 -flto -fno-use-linker-plugin -flto-partition=none -DPREVENT_OPTIMIZATION line . z == 8
FAIL: gcc.dg/guality/pr54519-3.c -O2 -flto -fno-use-linker-plugin -flto-partition=none -DPREVENT_OPTIMIZATION line .+1 y == 117
FAIL: gcc.dg/guality/pr54519-3.c -O2 -flto -fno-use-linker-plugin -flto-partition=none -DPREVENT_OPTIMIZATION line .+1 y == 25
FAIL: gcc.dg/guality/pr54519-3.c -O2 -flto -fuse-linker-plugin -fno-fat-lto-objects -DPREVENT_OPTIMIZATION line . z == 6
FAIL: gcc.dg/guality/pr54519-3.c -O2 -flto -fuse-linker-plugin -fno-fat-lto-objects -DPREVENT_OPTIMIZATION line . z == 8
FAIL: gcc.dg/guality/pr54519-3.c -O2 -flto -fuse-linker-plugin -fno-fat-lto-objects -DPREVENT_OPTIMIZATION line .+1 y == 117
FAIL: gcc.dg/guality/pr54519-3.c -O2 -flto -fuse-linker-plugin -fno-fat-lto-objects -DPREVENT_OPTIMIZATION line .+1 y == 25
FAIL: gcc.dg/guality/pr54519-4.c -O2 -flto -fno-use-linker-plugin -flto-partition=none -DPREVENT_OPTIMIZATION line . y == 25
FAIL: gcc.dg/guality/pr54519-4.c -O2 -flto -fuse-linker-plugin -fno-fat-lto-objects -DPREVENT_OPTIMIZATION line . y == 25
FAIL: gcc.dg/guality/pr54519-5.c -O2 -flto -fno-use-linker-plugin -flto-partition=none -DPREVENT_OPTIMIZATION line . y == 25
FAIL: gcc.dg/guality/pr54519-5.c -O2 -flto -fuse-linker-plugin -fno-fat-lto-objects -DPREVENT_OPTIMIZATION line . y == 25
FAIL: gcc.dg/guality/pr54693-2.c -O2 -DPREVENT_OPTIMIZATION line . y == 20 - 2 * i
FAIL: gcc.dg/guality/pr54693-2.c -O2 -flto -fno-use-linker-plugin -flto-partition=none -DPREVENT_OPTIMIZATION line . y == 20 - 2 * i
FAIL: gcc.dg/guality/pr54693-2.c -O2 -flto -fuse-linker-plugin -fno-fat-lto-objects -DPREVENT_OPTIMIZATION line . y == 20 - 2 * i
FAIL: gcc.dg/guality/pr54693-2.c -O2 -flto -fuse-linker-plugin -fno-fat-lto-objects -DPREVENT_OPTIMIZATION line .-1 z == 30 - 3 * i
FAIL: gcc.dg/guality/pr54693-2.c -O3 -g -DPREVENT_OPTIMIZATION line . y == 20 - 2 * i
FAIL: gcc.dg/guality/pr54693-2.c -Os -DPREVENT_OPTIMIZATION line . y == 20 - 2 * i
XPASS: gcc.dg/guality/pr54970.c -O0 line .+2 q[-1] == 4
XPASS: gcc.dg/guality/pr54970.c -O0 line .+3 p[-2] == 4
XPASS: gcc.dg/guality/pr54970.c -O0 line .+4 a[0] == 4
XPASS: gcc.dg/guality/pr54970.c -O0 line .+4 a[0] == 4
XPASS: gcc.dg/guality/pr54970.c -O0 line .+8 a[0] == 4
FAIL: gcc.dg/guality/pr58791-2.c -O2 -flto -fno-use-linker-plugin -flto-partition=none -DPREVENT_OPTIMIZATION line pr58791-2.c:27 d & 1 == 1
FAIL: gcc.dg/guality/pr68860-1.c -O2 -DPREVENT_OPTIMIZATION line 14 y == 2
FAIL: gcc.dg/guality/pr68860-1.c -O2 -flto -fno-use-linker-plugin -flto-partition=none -DPREVENT_OPTIMIZATION line 14 arg3 == 3
FAIL: gcc.dg/guality/pr68860-1.c -O2 -flto -fno-use-linker-plugin -flto-partition=none -DPREVENT_OPTIMIZATION line 14 arg4 == 4
FAIL: gcc.dg/guality/pr68860-1.c -O2 -flto -fno-use-linker-plugin -flto-partition=none -DPREVENT_OPTIMIZATION line 14 arg5 == 5
FAIL: gcc.dg/guality/pr68860-1.c -O2 -flto -fno-use-linker-plugin -flto-partition=none -DPREVENT_OPTIMIZATION line 14 arg6 == 6
FAIL: gcc.dg/guality/pr68860-1.c -O2 -flto -fno-use-linker-plugin -flto-partition=none -DPREVENT_OPTIMIZATION line 16 arg3 == 3
FAIL: gcc.dg/guality/pr68860-1.c -O2 -flto -fno-use-linker-plugin -flto-partition=none -DPREVENT_OPTIMIZATION line 16 arg4 == 4
FAIL: gcc.dg/guality/pr68860-1.c -O2 -flto -fno-use-linker-plugin -flto-partition=none -DPREVENT_OPTIMIZATION line 16 arg5 == 5
FAIL: gcc.dg/guality/pr68860-1.c -O2 -flto -fno-use-linker-plugin -flto-partition=none -DPREVENT_OPTIMIZATION line 16 arg6 == 6
FAIL: gcc.dg/guality/pr68860-1.c -O2 -flto -fuse-linker-plugin -fno-fat-lto-objects -DPREVENT_OPTIMIZATION line 14 arg3 == 3
FAIL: gcc.dg/guality/pr68860-1.c -O2 -flto -fuse-linker-plugin -fno-fat-lto-objects -DPREVENT_OPTIMIZATION line 14 arg4 == 4
FAIL: gcc.dg/guality/pr68860-1.c -O2 -flto -fuse-linker-plugin -fno-fat-lto-objects -DPREVENT_OPTIMIZATION line 14 arg5 == 5
FAIL: gcc.dg/guality/pr68860-1.c -O2 -flto -fuse-linker-plugin -fno-fat-lto-objects -DPREVENT_OPTIMIZATION line 14 arg6 == 6
FAIL: gcc.dg/guality/pr68860-1.c -O2 -flto -fuse-linker-plugin -fno-fat-lto-objects -DPREVENT_OPTIMIZATION line 16 arg3 == 3
FAIL: gcc.dg/guality/pr68860-1.c -O2 -flto -fuse-linker-plugin -fno-fat-lto-objects -DPREVENT_OPTIMIZATION line 16 arg4 == 4
FAIL: gcc.dg/guality/pr68860-1.c -O2 -flto -fuse-linker-plugin -fno-fat-lto-objects -DPREVENT_OPTIMIZATION line 16 arg5 == 5
FAIL: gcc.dg/guality/pr68860-1.c -O2 -flto -fuse-linker-plugin -fno-fat-lto-objects -DPREVENT_OPTIMIZATION line 16 arg6 == 6
FAIL: gcc.dg/guality/pr68860-1.c -O3 -g -DPREVENT_OPTIMIZATION line 14 y == 2
FAIL: gcc.dg/guality/pr69947.c -O1 -DPREVENT_OPTIMIZATION line . b[4] == 'e'
FAIL: gcc.dg/guality/pr69947.c -O2 -DPREVENT_OPTIMIZATION line . b[4] == 'e'
FAIL: gcc.dg/guality/pr69947.c -O2 -flto -fno-use-linker-plugin -flto-partition=none -DPREVENT_OPTIMIZATION line . b[4] == 'e'
FAIL: gcc.dg/guality/pr69947.c -O2 -flto -fuse-linker-plugin -fno-fat-lto-objects -DPREVENT_OPTIMIZATION line . b[4] == 'e'
FAIL: gcc.dg/guality/pr69947.c -O3 -g -DPREVENT_OPTIMIZATION line . b[4] == 'e'
FAIL: gcc.dg/guality/pr69947.c -Os -DPREVENT_OPTIMIZATION line . b[4] == 'e'
FAIL: gcc.dg/guality/sra-1.c -O1 -DPREVENT_OPTIMIZATION line . a.j == 14
FAIL: gcc.dg/guality/sra-1.c -O2 -DPREVENT_OPTIMIZATION line . a.j == 14
FAIL: gcc.dg/guality/sra-1.c -O2 -flto -fno-use-linker-plugin -flto-partition=none -DPREVENT_OPTIMIZATION line . a.j == 14
FAIL: gcc.dg/guality/sra-1.c -O2 -flto -fuse-linker-plugin -fno-fat-lto-objects -DPREVENT_OPTIMIZATION line . a.j == 14
FAIL: gcc.dg/guality/sra-1.c -O3 -g -DPREVENT_OPTIMIZATION line . a.j == 14
FAIL: gcc.dg/guality/sra-1.c -Os -DPREVENT_OPTIMIZATION line . a.j == 14
FAIL: gcc.dg/guality/vla-1.c -O1 -DPREVENT_OPTIMIZATION line . sizeof (a) == 6
FAIL: gcc.dg/guality/vla-1.c -O2 -DPREVENT_OPTIMIZATION line . sizeof (a) == 6
FAIL: gcc.dg/guality/vla-1.c -O2 -flto -fno-use-linker-plugin -flto-partition=none -DPREVENT_OPTIMIZATION line . sizeof (a) == 17 * sizeof (short)
FAIL: gcc.dg/guality/vla-1.c -O2 -flto -fno-use-linker-plugin -flto-partition=none -DPREVENT_OPTIMIZATION line . sizeof (a) == 6
FAIL: gcc.dg/guality/vla-1.c -O2 -flto -fuse-linker-plugin -fno-fat-lto-objects -DPREVENT_OPTIMIZATION line . sizeof (a) == 17 * sizeof (short)
FAIL: gcc.dg/guality/vla-1.c -O2 -flto -fuse-linker-plugin -fno-fat-lto-objects -DPREVENT_OPTIMIZATION line . sizeof (a) == 6
FAIL: gcc.dg/guality/vla-1.c -O3 -g -DPREVENT_OPTIMIZATION line . sizeof (a) == 6
FAIL: gcc.dg/guality/vla-1.c -Os -DPREVENT_OPTIMIZATION line . sizeof (a) == 6
FAIL: gcc.dg/torture/inf-compare-1.c -O0 execution test
FAIL: gcc.dg/torture/inf-compare-1.c -O1 execution test
FAIL: gcc.dg/torture/inf-compare-1.c -O2 execution test
FAIL: gcc.dg/torture/inf-compare-1.c -O2 -flto -fno-use-linker-plugin -flto-partition=none execution test
FAIL: gcc.dg/torture/inf-compare-1.c -O2 -flto -fuse-linker-plugin -fno-fat-lto-objects execution test
FAIL: gcc.dg/torture/inf-compare-1.c -O3 -g execution test
FAIL: gcc.dg/torture/inf-compare-1.c -Os execution test
FAIL: gcc.dg/torture/inf-compare-2.c -O0 execution test
FAIL: gcc.dg/torture/inf-compare-2.c -O1 execution test
FAIL: gcc.dg/torture/inf-compare-2.c -O2 execution test
FAIL: gcc.dg/torture/inf-compare-2.c -O2 -flto -fno-use-linker-plugin -flto-partition=none execution test
FAIL: gcc.dg/torture/inf-compare-2.c -O2 -flto -fuse-linker-plugin -fno-fat-lto-objects execution test
FAIL: gcc.dg/torture/inf-compare-2.c -O3 -g execution test
FAIL: gcc.dg/torture/inf-compare-2.c -Os execution test
FAIL: gcc.dg/torture/inf-compare-3.c -O0 execution test
FAIL: gcc.dg/torture/inf-compare-3.c -O1 execution test
FAIL: gcc.dg/torture/inf-compare-3.c -O2 execution test
FAIL: gcc.dg/torture/inf-compare-3.c -O2 -flto -fno-use-linker-plugin -flto-partition=none execution test
FAIL: gcc.dg/torture/inf-compare-3.c -O2 -flto -fuse-linker-plugin -fno-fat-lto-objects execution test
FAIL: gcc.dg/torture/inf-compare-3.c -O3 -g execution test
FAIL: gcc.dg/torture/inf-compare-3.c -Os execution test
FAIL: gcc.dg/torture/inf-compare-4.c -O0 execution test
FAIL: gcc.dg/torture/inf-compare-4.c -O1 execution test
FAIL: gcc.dg/torture/inf-compare-4.c -O2 execution test
FAIL: gcc.dg/torture/inf-compare-4.c -O2 -flto -fno-use-linker-plugin -flto-partition=none execution test
FAIL: gcc.dg/torture/inf-compare-4.c -O2 -flto -fuse-linker-plugin -fno-fat-lto-objects execution test
FAIL: gcc.dg/torture/inf-compare-4.c -O3 -g execution test
FAIL: gcc.dg/torture/inf-compare-4.c -Os execution test
FAIL: gcc.dg/torture/pr52451.c -O0 execution test
FAIL: gcc.dg/torture/pr52451.c -O1 execution test
FAIL: gcc.dg/torture/pr52451.c -O2 execution test
FAIL: gcc.dg/torture/pr52451.c -O2 -flto -fno-use-linker-plugin -flto-partition=none execution test
FAIL: gcc.dg/torture/pr52451.c -O2 -flto -fuse-linker-plugin -fno-fat-lto-objects execution test
FAIL: gcc.dg/torture/pr52451.c -O3 -g execution test
FAIL: gcc.dg/torture/pr52451.c -Os execution test
FAIL: gcc.dg/tree-ssa/phi-opt-11.c scan-tree-dump-times optimized "if" 2
FAIL: gcc.dg/tree-ssa/pr84512.c scan-tree-dump optimized "return 285;"
XPASS: gcc.dg/vect/vect-24.c -flto -ffat-lto-objects scan-tree-dump-times vect "vectorized 3 loops" 1
XPASS: gcc.dg/vect/vect-24.c scan-tree-dump-times vect "vectorized 3 loops" 1
FAIL: gcc.target/s390/risbg-ll-1.c scan-assembler f1:\\n\\trisbg\\t%r2,%r2,64-1,128\\\\+63,53\\\\+1
FAIL: gcc.target/s390/risbg-ll-1.c scan-assembler f23:\\n\\trisbg\\t%r3,%r3,64-8,128\\\\+63,54\\\\+8\\n\\tlhi\\t%r2,0
FAIL: gcc.target/s390/risbg-ll-1.c scan-assembler f29:\\n\\trisbg\\t%r[23],%r3,0,128\\\\+13,49\\n\\tlr\\t%r[23],%r[32]\\n\\tsrlg\\t%r2,%r2
FAIL: gcc.target/s390/risbg-ll-1.c scan-assembler f2:\\n\\trisbg\\t%r3,%r3,64-1,128\\\\+63,53\\\\+1\\n\\tlhi\\t%r2,0
FAIL: gcc.target/s390/risbg-ll-1.c scan-assembler f31:\\n\\trisbg\\t%r[23],%r3,0,128\\\\+12,50\\n\\tlr\\t%r[23],%r[32]\\n\\tsrlg\\t%r2,%r2
FAIL: gcc.target/s390/risbg-ll-1.c scan-assembler f34:\\n\\trisbg\\t%r2,%r2,64-7,128\\\\+63,48\\\\+7
FAIL: gcc.target/s390/risbg-ll-1.c scan-assembler f35:\\n\\trisbg\\t%r3,%r3,64-7,128\\\\+63,48\\\\+7\\n\\tlhi\\t%r2,0
FAIL: gcc.target/s390/risbg-ll-1.c scan-assembler f41:\\n\\trisbg\\t%r3,%r2,64-28,128\\\\+63,34\\\\+28\\n\\tlhi\\t%r2,0
FAIL: gcc.target/s390/risbg-ll-1.c scan-assembler f43:\\n\\trisbg\\t%r3,%r2,0,0\\\\+32-1,64-0-32\\n\\trisbg\\t%r2,%r3,32,128\\\\+61,64-12
FAIL: gcc.target/s390/risbg-ll-1.c scan-assembler f44:\\n\\tsrlg\\t%r2,%r3,12\\n\\tnilf\\t%r2,10
FAIL: gcc.target/s390/risbg-ll-2.c scan-assembler f3:\\n\\trisbg\\t%r2,%r3,64-4,63,4\\\\+52
=== gcc Summary for unix/-m31 ===
# of expected passes 123645
# of unexpected failures 155
# of unexpected successes 21
# of expected failures 413
# of unsupported tests 3131
Running target unix/-m64
FAIL: gcc.dg/builtin-bswap-7.c scan-rtl-dump-not combine "bswapdi"
FAIL: gcc.dg/loop-9.c scan-rtl-dump loop2_invariant "Decided"
FAIL: gcc.dg/loop-9.c scan-rtl-dump loop2_invariant "without introducing a new temporary register"
FAIL: gcc.dg/pr21643.c scan-tree-dump-times reassoc1 "Optimizing range tests c_[0-9]*.D. -.0, 31. and -.32, 32.[\\n\\r]* into" 5
FAIL: gcc.dg/split-5.c execution test
WARNING: program timed out.
XPASS: gcc.dg/guality/example.c -O0 execution test
XPASS: gcc.dg/guality/example.c -O1 -DPREVENT_OPTIMIZATION execution test
XPASS: gcc.dg/guality/guality.c -O0 execution test
XPASS: gcc.dg/guality/guality.c -O1 -DPREVENT_OPTIMIZATION execution test
XPASS: gcc.dg/guality/guality.c -O2 -DPREVENT_OPTIMIZATION execution test
XPASS: gcc.dg/guality/guality.c -O2 -flto -fno-use-linker-plugin -flto-partition=none -DPREVENT_OPTIMIZATION execution test
XPASS: gcc.dg/guality/guality.c -O2 -flto -fuse-linker-plugin -fno-fat-lto-objects -DPREVENT_OPTIMIZATION execution test
XPASS: gcc.dg/guality/guality.c -O3 -g -DPREVENT_OPTIMIZATION execution test
XPASS: gcc.dg/guality/guality.c -Os -DPREVENT_OPTIMIZATION execution test
XPASS: gcc.dg/guality/inline-params.c -O2 -DPREVENT_OPTIMIZATION execution test
XPASS: gcc.dg/guality/inline-params.c -O2 -flto -fno-use-linker-plugin -flto-partition=none -DPREVENT_OPTIMIZATION execution test
XPASS: gcc.dg/guality/inline-params.c -O2 -flto -fuse-linker-plugin -fno-fat-lto-objects -DPREVENT_OPTIMIZATION execution test
XPASS: gcc.dg/guality/inline-params.c -O3 -g -DPREVENT_OPTIMIZATION execution test
XPASS: gcc.dg/guality/inline-params.c -Os -DPREVENT_OPTIMIZATION execution test
FAIL: gcc.dg/guality/pr36728-2.c -O2 -flto -fuse-linker-plugin -fno-fat-lto-objects -DPREVENT_OPTIMIZATION line 16 arg3 == 3
FAIL: gcc.dg/guality/pr36728-2.c -O2 -flto -fuse-linker-plugin -fno-fat-lto-objects -DPREVENT_OPTIMIZATION line 16 arg4 == 4
FAIL: gcc.dg/guality/pr36728-2.c -O2 -flto -fuse-linker-plugin -fno-fat-lto-objects -DPREVENT_OPTIMIZATION line 16 arg5 == 5
FAIL: gcc.dg/guality/pr36728-2.c -O2 -flto -fuse-linker-plugin -fno-fat-lto-objects -DPREVENT_OPTIMIZATION line 16 arg6 == 6
FAIL: gcc.dg/guality/pr36728-2.c -O2 -flto -fuse-linker-plugin -fno-fat-lto-objects -DPREVENT_OPTIMIZATION line 16 arg7 == 30
FAIL: gcc.dg/guality/pr36728-2.c -O2 -flto -fuse-linker-plugin -fno-fat-lto-objects -DPREVENT_OPTIMIZATION line 16 y == 2
FAIL: gcc.dg/guality/pr36728-2.c -O2 -flto -fuse-linker-plugin -fno-fat-lto-objects -DPREVENT_OPTIMIZATION line 18 arg3 == 3
FAIL: gcc.dg/guality/pr36728-2.c -O2 -flto -fuse-linker-plugin -fno-fat-lto-objects -DPREVENT_OPTIMIZATION line 18 arg4 == 4
FAIL: gcc.dg/guality/pr36728-2.c -O2 -flto -fuse-linker-plugin -fno-fat-lto-objects -DPREVENT_OPTIMIZATION line 18 arg5 == 5
FAIL: gcc.dg/guality/pr36728-2.c -O2 -flto -fuse-linker-plugin -fno-fat-lto-objects -DPREVENT_OPTIMIZATION line 18 arg6 == 6
FAIL: gcc.dg/guality/pr36728-2.c -O2 -flto -fuse-linker-plugin -fno-fat-lto-objects -DPREVENT_OPTIMIZATION line 18 arg7 == 30
FAIL: gcc.dg/guality/pr36728-2.c -O3 -g -DPREVENT_OPTIMIZATION line 16 arg3 == 3
FAIL: gcc.dg/guality/pr36728-2.c -O3 -g -DPREVENT_OPTIMIZATION line 16 arg4 == 4
FAIL: gcc.dg/guality/pr36728-2.c -O3 -g -DPREVENT_OPTIMIZATION line 16 arg5 == 5
FAIL: gcc.dg/guality/pr36728-2.c -O3 -g -DPREVENT_OPTIMIZATION line 16 arg6 == 6
FAIL: gcc.dg/guality/pr36728-2.c -O3 -g -DPREVENT_OPTIMIZATION line 16 arg7 == 30
FAIL: gcc.dg/guality/pr36728-2.c -O3 -g -DPREVENT_OPTIMIZATION line 18 arg3 == 3
FAIL: gcc.dg/guality/pr36728-2.c -O3 -g -DPREVENT_OPTIMIZATION line 18 arg4 == 4
FAIL: gcc.dg/guality/pr36728-2.c -O3 -g -DPREVENT_OPTIMIZATION line 18 arg5 == 5
FAIL: gcc.dg/guality/pr36728-2.c -O3 -g -DPREVENT_OPTIMIZATION line 18 arg6 == 6
FAIL: gcc.dg/guality/pr36728-2.c -O3 -g -DPREVENT_OPTIMIZATION line 18 arg7 == 30
FAIL: gcc.dg/guality/pr36728-3.c -O2 -DPREVENT_OPTIMIZATION line 14 y == 2
FAIL: gcc.dg/guality/pr36728-3.c -O2 -flto -fno-use-linker-plugin -flto-partition=none -DPREVENT_OPTIMIZATION line 14 y == 2
FAIL: gcc.dg/guality/pr37726.c -O0 line 11 parm == 5
FAIL: gcc.dg/guality/pr37726.c -O0 line 11 var == 1
XPASS: gcc.dg/guality/pr41353-1.c -O0 line .+3 j == 28 + 37
FAIL: gcc.dg/guality/pr41404-1.c -O2 -flto -fuse-linker-plugin -fno-fat-lto-objects -DPREVENT_OPTIMIZATION line . *foo == 'b'
FAIL: gcc.dg/guality/pr41404-1.c -O2 -flto -fuse-linker-plugin -fno-fat-lto-objects -DPREVENT_OPTIMIZATION line . *foo == 'f'
FAIL: gcc.dg/guality/pr41404-1.c -O2 -flto -fuse-linker-plugin -fno-fat-lto-objects -DPREVENT_OPTIMIZATION line . *foo == 'f'
FAIL: gcc.dg/guality/pr41447-1.c -O3 -g -DPREVENT_OPTIMIZATION execution test
FAIL: gcc.dg/guality/pr41616-1.c -O1 -DPREVENT_OPTIMIZATION execution test
FAIL: gcc.dg/guality/pr41616-1.c -Os -DPREVENT_OPTIMIZATION execution test
FAIL: gcc.dg/guality/pr43051-1.c -O1 -DPREVENT_OPTIMIZATION line . v == 1
FAIL: gcc.dg/guality/pr43051-1.c -O1 -DPREVENT_OPTIMIZATION line . v == 1
FAIL: gcc.dg/guality/pr43051-1.c -O2 -DPREVENT_OPTIMIZATION line . v == 1
FAIL: gcc.dg/guality/pr43051-1.c -O2 -DPREVENT_OPTIMIZATION line . v == 1
FAIL: gcc.dg/guality/pr43051-1.c -O2 -flto -fno-use-linker-plugin -flto-partition=none -DPREVENT_OPTIMIZATION line . v == 1
FAIL: gcc.dg/guality/pr43051-1.c -O2 -flto -fno-use-linker-plugin -flto-partition=none -DPREVENT_OPTIMIZATION line . v == 1
FAIL: gcc.dg/guality/pr43051-1.c -O2 -flto -fuse-linker-plugin -fno-fat-lto-objects -DPREVENT_OPTIMIZATION line . v == 1
FAIL: gcc.dg/guality/pr43051-1.c -O2 -flto -fuse-linker-plugin -fno-fat-lto-objects -DPREVENT_OPTIMIZATION line . v == 1
FAIL: gcc.dg/guality/pr43051-1.c -O3 -fomit-frame-pointer -funroll-loops -fpeel-loops -ftracer -finline-functions -DPREVENT_OPTIMIZATION line . v == 1
FAIL: gcc.dg/guality/pr43051-1.c -O3 -fomit-frame-pointer -funroll-loops -fpeel-loops -ftracer -finline-functions -DPREVENT_OPTIMIZATION line . v == 1
FAIL: gcc.dg/guality/pr43051-1.c -O3 -g -DPREVENT_OPTIMIZATION line . v == 1
FAIL: gcc.dg/guality/pr43051-1.c -O3 -g -DPREVENT_OPTIMIZATION line . v == 1
FAIL: gcc.dg/guality/pr43051-1.c -Os -DPREVENT_OPTIMIZATION line . v == 1
FAIL: gcc.dg/guality/pr43051-1.c -Os -DPREVENT_OPTIMIZATION line . v == 1
FAIL: gcc.dg/guality/pr43077-1.c -O0 line .+1 varc == 3
FAIL: gcc.dg/guality/pr43077-1.c -O0 line .+2 varb == 2
FAIL: gcc.dg/guality/pr43077-1.c -O0 line .+4 c == 3
FAIL: gcc.dg/guality/pr43077-1.c -O0 line .+5 b == 2
FAIL: gcc.dg/guality/pr43077-1.c -O1 -DPREVENT_OPTIMIZATION line .+1 varc == 3
FAIL: gcc.dg/guality/pr43077-1.c -O1 -DPREVENT_OPTIMIZATION line .+2 varb == 2
FAIL: gcc.dg/guality/pr43077-1.c -O1 -DPREVENT_OPTIMIZATION line .+4 c == 3
FAIL: gcc.dg/guality/pr43077-1.c -O1 -DPREVENT_OPTIMIZATION line .+5 b == 2
FAIL: gcc.dg/guality/pr43077-1.c -O2 -DPREVENT_OPTIMIZATION line .+1 varc == 3
FAIL: gcc.dg/guality/pr43077-1.c -O2 -DPREVENT_OPTIMIZATION line .+2 varb == 2
FAIL: gcc.dg/guality/pr43077-1.c -O2 -DPREVENT_OPTIMIZATION line .+4 c == 3
FAIL: gcc.dg/guality/pr43077-1.c -O2 -DPREVENT_OPTIMIZATION line .+5 b == 2
FAIL: gcc.dg/guality/pr43077-1.c -O2 -flto -fno-use-linker-plugin -flto-partition=none -DPREVENT_OPTIMIZATION line .+1 varc == 3
FAIL: gcc.dg/guality/pr43077-1.c -O2 -flto -fno-use-linker-plugin -flto-partition=none -DPREVENT_OPTIMIZATION line .+2 varb == 2
FAIL: gcc.dg/guality/pr43077-1.c -O2 -flto -fno-use-linker-plugin -flto-partition=none -DPREVENT_OPTIMIZATION line .+4 c == 3
FAIL: gcc.dg/guality/pr43077-1.c -O2 -flto -fno-use-linker-plugin -flto-partition=none -DPREVENT_OPTIMIZATION line .+5 b == 2
FAIL: gcc.dg/guality/pr43077-1.c -O2 -flto -fuse-linker-plugin -fno-fat-lto-objects -DPREVENT_OPTIMIZATION line .+1 varc == 3
FAIL: gcc.dg/guality/pr43077-1.c -O2 -flto -fuse-linker-plugin -fno-fat-lto-objects -DPREVENT_OPTIMIZATION line .+2 varb == 2
FAIL: gcc.dg/guality/pr43077-1.c -O2 -flto -fuse-linker-plugin -fno-fat-lto-objects -DPREVENT_OPTIMIZATION line .+4 c == 3
FAIL: gcc.dg/guality/pr43077-1.c -O2 -flto -fuse-linker-plugin -fno-fat-lto-objects -DPREVENT_OPTIMIZATION line .+5 b == 2
FAIL: gcc.dg/guality/pr43077-1.c -O3 -g -DPREVENT_OPTIMIZATION line .+1 varc == 3
FAIL: gcc.dg/guality/pr43077-1.c -O3 -g -DPREVENT_OPTIMIZATION line .+2 varb == 2
FAIL: gcc.dg/guality/pr43077-1.c -O3 -g -DPREVENT_OPTIMIZATION line .+4 c == 3
FAIL: gcc.dg/guality/pr43077-1.c -O3 -g -DPREVENT_OPTIMIZATION line .+5 b == 2
FAIL: gcc.dg/guality/pr43077-1.c -Os -DPREVENT_OPTIMIZATION line .+1 varc == 3
FAIL: gcc.dg/guality/pr43077-1.c -Os -DPREVENT_OPTIMIZATION line .+2 varb == 2
FAIL: gcc.dg/guality/pr43077-1.c -Os -DPREVENT_OPTIMIZATION line .+4 c == 3
FAIL: gcc.dg/guality/pr43077-1.c -Os -DPREVENT_OPTIMIZATION line .+5 b == 2
FAIL: gcc.dg/guality/pr48437.c -O2 -flto -fno-use-linker-plugin -flto-partition=none -DPREVENT_OPTIMIZATION line . i == 0
FAIL: gcc.dg/guality/pr48437.c -O2 -flto -fuse-linker-plugin -fno-fat-lto-objects -DPREVENT_OPTIMIZATION line . i == 0
FAIL: gcc.dg/guality/pr54519-1.c -O1 -DPREVENT_OPTIMIZATION line .+1 y == 117
FAIL: gcc.dg/guality/pr54519-1.c -O1 -DPREVENT_OPTIMIZATION line .+1 y == 25
FAIL: gcc.dg/guality/pr54519-1.c -O1 -DPREVENT_OPTIMIZATION line .+2 x == 36
FAIL: gcc.dg/guality/pr54519-1.c -O1 -DPREVENT_OPTIMIZATION line .+2 x == 98
FAIL: gcc.dg/guality/pr54519-1.c -O2 -DPREVENT_OPTIMIZATION line .+2 x == 36
FAIL: gcc.dg/guality/pr54519-1.c -O2 -DPREVENT_OPTIMIZATION line .+2 x == 98
FAIL: gcc.dg/guality/pr54519-1.c -O2 -flto -fno-use-linker-plugin -flto-partition=none -DPREVENT_OPTIMIZATION line . z == 6
FAIL: gcc.dg/guality/pr54519-1.c -O2 -flto -fno-use-linker-plugin -flto-partition=none -DPREVENT_OPTIMIZATION line . z == 8
FAIL: gcc.dg/guality/pr54519-1.c -O2 -flto -fno-use-linker-plugin -flto-partition=none -DPREVENT_OPTIMIZATION line .+1 y == 117
FAIL: gcc.dg/guality/pr54519-1.c -O2 -flto -fno-use-linker-plugin -flto-partition=none -DPREVENT_OPTIMIZATION line .+1 y == 25
FAIL: gcc.dg/guality/pr54519-1.c -O2 -flto -fno-use-linker-plugin -flto-partition=none -DPREVENT_OPTIMIZATION line .+2 x == 36
FAIL: gcc.dg/guality/pr54519-1.c -O2 -flto -fno-use-linker-plugin -flto-partition=none -DPREVENT_OPTIMIZATION line .+2 x == 98
FAIL: gcc.dg/guality/pr54519-1.c -Os -DPREVENT_OPTIMIZATION line .+2 x == 36
FAIL: gcc.dg/guality/pr54519-1.c -Os -DPREVENT_OPTIMIZATION line .+2 x == 98
FAIL: gcc.dg/guality/pr54519-2.c -O1 -DPREVENT_OPTIMIZATION line .+1 x == 6
FAIL: gcc.dg/guality/pr54519-2.c -O2 -DPREVENT_OPTIMIZATION line .+1 x == 6
FAIL: gcc.dg/guality/pr54519-2.c -O2 -flto -fno-use-linker-plugin -flto-partition=none -DPREVENT_OPTIMIZATION line . y == 25
FAIL: gcc.dg/guality/pr54519-2.c -O2 -flto -fno-use-linker-plugin -flto-partition=none -DPREVENT_OPTIMIZATION line .+1 x == 6
FAIL: gcc.dg/guality/pr54519-2.c -O2 -flto -fuse-linker-plugin -fno-fat-lto-objects -DPREVENT_OPTIMIZATION line . y == 25
FAIL: gcc.dg/guality/pr54519-3.c -O2 -DPREVENT_OPTIMIZATION line . z == 6
FAIL: gcc.dg/guality/pr54519-3.c -O2 -DPREVENT_OPTIMIZATION line . z == 8
FAIL: gcc.dg/guality/pr54519-3.c -O2 -flto -fno-use-linker-plugin -flto-partition=none -DPREVENT_OPTIMIZATION line . z == 6
FAIL: gcc.dg/guality/pr54519-3.c -O2 -flto -fno-use-linker-plugin -flto-partition=none -DPREVENT_OPTIMIZATION line . z == 8
FAIL: gcc.dg/guality/pr54519-3.c -O2 -flto -fno-use-linker-plugin -flto-partition=none -DPREVENT_OPTIMIZATION line .+1 y == 117
FAIL: gcc.dg/guality/pr54519-3.c -O2 -flto -fno-use-linker-plugin -flto-partition=none -DPREVENT_OPTIMIZATION line .+1 y == 25
FAIL: gcc.dg/guality/pr54519-3.c -O2 -flto -fuse-linker-plugin -fno-fat-lto-objects -DPREVENT_OPTIMIZATION line . z == 6
FAIL: gcc.dg/guality/pr54519-3.c -O2 -flto -fuse-linker-plugin -fno-fat-lto-objects -DPREVENT_OPTIMIZATION line . z == 8
FAIL: gcc.dg/guality/pr54519-3.c -O2 -flto -fuse-linker-plugin -fno-fat-lto-objects -DPREVENT_OPTIMIZATION line .+1 y == 117
FAIL: gcc.dg/guality/pr54519-3.c -O2 -flto -fuse-linker-plugin -fno-fat-lto-objects -DPREVENT_OPTIMIZATION line .+1 y == 25
FAIL: gcc.dg/guality/pr54519-3.c -O3 -g -DPREVENT_OPTIMIZATION line . z == 6
FAIL: gcc.dg/guality/pr54519-3.c -O3 -g -DPREVENT_OPTIMIZATION line . z == 8
FAIL: gcc.dg/guality/pr54519-3.c -Os -DPREVENT_OPTIMIZATION line . z == 6
FAIL: gcc.dg/guality/pr54519-3.c -Os -DPREVENT_OPTIMIZATION line . z == 8
FAIL: gcc.dg/guality/pr54519-4.c -O2 -DPREVENT_OPTIMIZATION line . y == 25
FAIL: gcc.dg/guality/pr54519-4.c -O2 -flto -fno-use-linker-plugin -flto-partition=none -DPREVENT_OPTIMIZATION line . y == 25
FAIL: gcc.dg/guality/pr54519-4.c -O2 -flto -fuse-linker-plugin -fno-fat-lto-objects -DPREVENT_OPTIMIZATION line . y == 25
FAIL: gcc.dg/guality/pr54519-4.c -O3 -g -DPREVENT_OPTIMIZATION line . y == 25
FAIL: gcc.dg/guality/pr54519-4.c -Os -DPREVENT_OPTIMIZATION line . y == 25
FAIL: gcc.dg/guality/pr54519-5.c -O1 -DPREVENT_OPTIMIZATION line . y == 25
FAIL: gcc.dg/guality/pr54519-5.c -O1 -DPREVENT_OPTIMIZATION line .+1 x == 6
FAIL: gcc.dg/guality/pr54519-5.c -O2 -DPREVENT_OPTIMIZATION line . y == 25
FAIL: gcc.dg/guality/pr54519-5.c -O2 -DPREVENT_OPTIMIZATION line .+1 x == 6
FAIL: gcc.dg/guality/pr54519-5.c -O2 -flto -fno-use-linker-plugin -flto-partition=none -DPREVENT_OPTIMIZATION line . y == 25
FAIL: gcc.dg/guality/pr54519-5.c -O2 -flto -fno-use-linker-plugin -flto-partition=none -DPREVENT_OPTIMIZATION line .+1 x == 6
FAIL: gcc.dg/guality/pr54519-5.c -O2 -flto -fuse-linker-plugin -fno-fat-lto-objects -DPREVENT_OPTIMIZATION line . y == 25
FAIL: gcc.dg/guality/pr54519-5.c -O3 -g -DPREVENT_OPTIMIZATION line . y == 25
FAIL: gcc.dg/guality/pr54519-5.c -Os -DPREVENT_OPTIMIZATION line . y == 25
FAIL: gcc.dg/guality/pr54551.c -O1 -DPREVENT_OPTIMIZATION line .+1 a == 4
FAIL: gcc.dg/guality/pr54551.c -O2 -DPREVENT_OPTIMIZATION line .+1 a == 4
FAIL: gcc.dg/guality/pr54551.c -O2 -flto -fno-use-linker-plugin -flto-partition=none -DPREVENT_OPTIMIZATION line .+1 a == 4
FAIL: gcc.dg/guality/pr54551.c -O3 -g -DPREVENT_OPTIMIZATION line .+1 a == 4
FAIL: gcc.dg/guality/pr54551.c -Os -DPREVENT_OPTIMIZATION line .+1 a == 4
FAIL: gcc.dg/guality/pr54693-2.c -O1 -DPREVENT_OPTIMIZATION line .+1 x == 10 - i
FAIL: gcc.dg/guality/pr54693-2.c -O2 -DPREVENT_OPTIMIZATION line . y == 20 - 2 * i
FAIL: gcc.dg/guality/pr54693-2.c -O2 -flto -fno-use-linker-plugin -flto-partition=none -DPREVENT_OPTIMIZATION line . y == 20 - 2 * i
FAIL: gcc.dg/guality/pr54693-2.c -O2 -flto -fuse-linker-plugin -fno-fat-lto-objects -DPREVENT_OPTIMIZATION line . y == 20 - 2 * i
FAIL: gcc.dg/guality/pr54693-2.c -O2 -flto -fuse-linker-plugin -fno-fat-lto-objects -DPREVENT_OPTIMIZATION line .-1 z == 30 - 3 * i
FAIL: gcc.dg/guality/pr54693-2.c -O3 -g -DPREVENT_OPTIMIZATION line . y == 20 - 2 * i
FAIL: gcc.dg/guality/pr54693-2.c -Os -DPREVENT_OPTIMIZATION line . y == 20 - 2 * i
FAIL: gcc.dg/guality/pr54693-2.c -Os -DPREVENT_OPTIMIZATION line .+1 x == 10 - i
FAIL: gcc.dg/guality/pr54693.c -Os -DPREVENT_OPTIMIZATION line . i == c - 48
XPASS: gcc.dg/guality/pr54970.c -O0 line .+2 q[-1] == 4
XPASS: gcc.dg/guality/pr54970.c -O0 line .+3 p[-2] == 4
XPASS: gcc.dg/guality/pr54970.c -O0 line .+4 a[0] == 4
XPASS: gcc.dg/guality/pr54970.c -O0 line .+4 a[0] == 4
XPASS: gcc.dg/guality/pr54970.c -O0 line .+8 a[0] == 4
FAIL: gcc.dg/guality/pr54970.c -O1 -DPREVENT_OPTIMIZATION line . *q == 12
FAIL: gcc.dg/guality/pr54970.c -O1 -DPREVENT_OPTIMIZATION line . *q == 2
FAIL: gcc.dg/guality/pr54970.c -O1 -DPREVENT_OPTIMIZATION line . *q == 2
FAIL: gcc.dg/guality/pr54970.c -O1 -DPREVENT_OPTIMIZATION line . *q == 25
FAIL: gcc.dg/guality/pr54970.c -O1 -DPREVENT_OPTIMIZATION line . *q == 5
FAIL: gcc.dg/guality/pr54970.c -O1 -DPREVENT_OPTIMIZATION line . *q == 5
FAIL: gcc.dg/guality/pr54970.c -O1 -DPREVENT_OPTIMIZATION line .+1 *p == 13
FAIL: gcc.dg/guality/pr54970.c -O1 -DPREVENT_OPTIMIZATION line .+1 *p == 13
FAIL: gcc.dg/guality/pr54970.c -O1 -DPREVENT_OPTIMIZATION line .+1 *p == 26
FAIL: gcc.dg/guality/pr54970.c -O1 -DPREVENT_OPTIMIZATION line .+1 *p == 3
FAIL: gcc.dg/guality/pr54970.c -O1 -DPREVENT_OPTIMIZATION line .+1 *p == 6
FAIL: gcc.dg/guality/pr54970.c -O1 -DPREVENT_OPTIMIZATION line .+1 q[1] == 26
FAIL: gcc.dg/guality/pr54970.c -O1 -DPREVENT_OPTIMIZATION line .+2 a[2] == 13
FAIL: gcc.dg/guality/pr54970.c -O1 -DPREVENT_OPTIMIZATION line .+2 a[2] == 13
FAIL: gcc.dg/guality/pr54970.c -O1 -DPREVENT_OPTIMIZATION line .+2 a[2] == 26
FAIL: gcc.dg/guality/pr54970.c -O1 -DPREVENT_OPTIMIZATION line .+2 a[2] == 3
FAIL: gcc.dg/guality/pr54970.c -O1 -DPREVENT_OPTIMIZATION line .+2 a[2] == 6
FAIL: gcc.dg/guality/pr54970.c -O1 -DPREVENT_OPTIMIZATION line .+3 a[1] == 12
FAIL: gcc.dg/guality/pr54970.c -O1 -DPREVENT_OPTIMIZATION line .+3 a[1] == 2
FAIL: gcc.dg/guality/pr54970.c -O1 -DPREVENT_OPTIMIZATION line .+3 a[1] == 2
FAIL: gcc.dg/guality/pr54970.c -O1 -DPREVENT_OPTIMIZATION line .+3 a[1] == 5
FAIL: gcc.dg/guality/pr54970.c -O1 -DPREVENT_OPTIMIZATION line .+3 a[1] == 5
FAIL: gcc.dg/guality/pr54970.c -O1 -DPREVENT_OPTIMIZATION line .+4 a[0] == 1
FAIL: gcc.dg/guality/pr54970.c -O1 -DPREVENT_OPTIMIZATION line .+4 a[0] == 1
FAIL: gcc.dg/guality/pr54970.c -O1 -DPREVENT_OPTIMIZATION line .+4 a[0] == 1
FAIL: gcc.dg/guality/pr54970.c -O1 -DPREVENT_OPTIMIZATION line .+4 p[-1] == 25
FAIL: gcc.dg/guality/pr54970.c -O1 -DPREVENT_OPTIMIZATION line .+5 *p == 26
FAIL: gcc.dg/guality/pr54970.c -O1 -DPREVENT_OPTIMIZATION line .+6 a[2] == 26
FAIL: gcc.dg/guality/pr54970.c -O1 -DPREVENT_OPTIMIZATION line .+7 a[1] == 25
FAIL: gcc.dg/guality/pr54970.c -O2 -DPREVENT_OPTIMIZATION line . *q == 12
FAIL: gcc.dg/guality/pr54970.c -O2 -DPREVENT_OPTIMIZATION line . *q == 2
FAIL: gcc.dg/guality/pr54970.c -O2 -DPREVENT_OPTIMIZATION line . *q == 2
FAIL: gcc.dg/guality/pr54970.c -O2 -DPREVENT_OPTIMIZATION line . *q == 25
FAIL: gcc.dg/guality/pr54970.c -O2 -DPREVENT_OPTIMIZATION line . *q == 5
FAIL: gcc.dg/guality/pr54970.c -O2 -DPREVENT_OPTIMIZATION line . *q == 5
FAIL: gcc.dg/guality/pr54970.c -O2 -DPREVENT_OPTIMIZATION line .+1 *p == 13
FAIL: gcc.dg/guality/pr54970.c -O2 -DPREVENT_OPTIMIZATION line .+1 *p == 13
FAIL: gcc.dg/guality/pr54970.c -O2 -DPREVENT_OPTIMIZATION line .+1 *p == 26
FAIL: gcc.dg/guality/pr54970.c -O2 -DPREVENT_OPTIMIZATION line .+1 *p == 3
FAIL: gcc.dg/guality/pr54970.c -O2 -DPREVENT_OPTIMIZATION line .+1 *p == 6
FAIL: gcc.dg/guality/pr54970.c -O2 -DPREVENT_OPTIMIZATION line .+1 q[1] == 26
FAIL: gcc.dg/guality/pr54970.c -O2 -DPREVENT_OPTIMIZATION line .+2 a[2] == 13
FAIL: gcc.dg/guality/pr54970.c -O2 -DPREVENT_OPTIMIZATION line .+2 a[2] == 13
FAIL: gcc.dg/guality/pr54970.c -O2 -DPREVENT_OPTIMIZATION line .+2 a[2] == 26
FAIL: gcc.dg/guality/pr54970.c -O2 -DPREVENT_OPTIMIZATION line .+2 a[2] == 3
FAIL: gcc.dg/guality/pr54970.c -O2 -DPREVENT_OPTIMIZATION line .+2 a[2] == 6
FAIL: gcc.dg/guality/pr54970.c -O2 -DPREVENT_OPTIMIZATION line .+3 a[1] == 12
FAIL: gcc.dg/guality/pr54970.c -O2 -DPREVENT_OPTIMIZATION line .+3 a[1] == 2
FAIL: gcc.dg/guality/pr54970.c -O2 -DPREVENT_OPTIMIZATION line .+3 a[1] == 2
FAIL: gcc.dg/guality/pr54970.c -O2 -DPREVENT_OPTIMIZATION line .+3 a[1] == 5
FAIL: gcc.dg/guality/pr54970.c -O2 -DPREVENT_OPTIMIZATION line .+3 a[1] == 5
FAIL: gcc.dg/guality/pr54970.c -O2 -DPREVENT_OPTIMIZATION line .+4 a[0] == 1
FAIL: gcc.dg/guality/pr54970.c -O2 -DPREVENT_OPTIMIZATION line .+4 a[0] == 1
FAIL: gcc.dg/guality/pr54970.c -O2 -DPREVENT_OPTIMIZATION line .+4 a[0] == 1
FAIL: gcc.dg/guality/pr54970.c -O2 -DPREVENT_OPTIMIZATION line .+4 p[-1] == 25
FAIL: gcc.dg/guality/pr54970.c -O2 -DPREVENT_OPTIMIZATION line .+5 *p == 26
FAIL: gcc.dg/guality/pr54970.c -O2 -DPREVENT_OPTIMIZATION line .+6 a[2] == 26
FAIL: gcc.dg/guality/pr54970.c -O2 -DPREVENT_OPTIMIZATION line .+7 a[1] == 25
FAIL: gcc.dg/guality/pr54970.c -O2 -flto -fno-use-linker-plugin -flto-partition=none -DPREVENT_OPTIMIZATION line . *q == 12
FAIL: gcc.dg/guality/pr54970.c -O2 -flto -fno-use-linker-plugin -flto-partition=none -DPREVENT_OPTIMIZATION line . *q == 2
FAIL: gcc.dg/guality/pr54970.c -O2 -flto -fno-use-linker-plugin -flto-partition=none -DPREVENT_OPTIMIZATION line . *q == 2
FAIL: gcc.dg/guality/pr54970.c -O2 -flto -fno-use-linker-plugin -flto-partition=none -DPREVENT_OPTIMIZATION line . *q == 25
FAIL: gcc.dg/guality/pr54970.c -O2 -flto -fno-use-linker-plugin -flto-partition=none -DPREVENT_OPTIMIZATION line . *q == 5
FAIL: gcc.dg/guality/pr54970.c -O2 -flto -fno-use-linker-plugin -flto-partition=none -DPREVENT_OPTIMIZATION line . *q == 5
FAIL: gcc.dg/guality/pr54970.c -O2 -flto -fno-use-linker-plugin -flto-partition=none -DPREVENT_OPTIMIZATION line .+1 *p == 13
FAIL: gcc.dg/guality/pr54970.c -O2 -flto -fno-use-linker-plugin -flto-partition=none -DPREVENT_OPTIMIZATION line .+1 *p == 13
FAIL: gcc.dg/guality/pr54970.c -O2 -flto -fno-use-linker-plugin -flto-partition=none -DPREVENT_OPTIMIZATION line .+1 *p == 26
FAIL: gcc.dg/guality/pr54970.c -O2 -flto -fno-use-linker-plugin -flto-partition=none -DPREVENT_OPTIMIZATION line .+1 *p == 3
FAIL: gcc.dg/guality/pr54970.c -O2 -flto -fno-use-linker-plugin -flto-partition=none -DPREVENT_OPTIMIZATION line .+1 *p == 6
FAIL: gcc.dg/guality/pr54970.c -O2 -flto -fno-use-linker-plugin -flto-partition=none -DPREVENT_OPTIMIZATION line .+1 q[1] == 26
FAIL: gcc.dg/guality/pr54970.c -O2 -flto -fno-use-linker-plugin -flto-partition=none -DPREVENT_OPTIMIZATION line .+2 a[2] == 13
FAIL: gcc.dg/guality/pr54970.c -O2 -flto -fno-use-linker-plugin -flto-partition=none -DPREVENT_OPTIMIZATION line .+2 a[2] == 13
FAIL: gcc.dg/guality/pr54970.c -O2 -flto -fno-use-linker-plugin -flto-partition=none -DPREVENT_OPTIMIZATION line .+2 a[2] == 26
FAIL: gcc.dg/guality/pr54970.c -O2 -flto -fno-use-linker-plugin -flto-partition=none -DPREVENT_OPTIMIZATION line .+2 a[2] == 3
FAIL: gcc.dg/guality/pr54970.c -O2 -flto -fno-use-linker-plugin -flto-partition=none -DPREVENT_OPTIMIZATION line .+2 a[2] == 6
FAIL: gcc.dg/guality/pr54970.c -O2 -flto -fno-use-linker-plugin -flto-partition=none -DPREVENT_OPTIMIZATION line .+3 a[1] == 12
FAIL: gcc.dg/guality/pr54970.c -O2 -flto -fno-use-linker-plugin -flto-partition=none -DPREVENT_OPTIMIZATION line .+3 a[1] == 2
FAIL: gcc.dg/guality/pr54970.c -O2 -flto -fno-use-linker-plugin -flto-partition=none -DPREVENT_OPTIMIZATION line .+3 a[1] == 2
FAIL: gcc.dg/guality/pr54970.c -O2 -flto -fno-use-linker-plugin -flto-partition=none -DPREVENT_OPTIMIZATION line .+3 a[1] == 5
FAIL: gcc.dg/guality/pr54970.c -O2 -flto -fno-use-linker-plugin -flto-partition=none -DPREVENT_OPTIMIZATION line .+3 a[1] == 5
FAIL: gcc.dg/guality/pr54970.c -O2 -flto -fno-use-linker-plugin -flto-partition=none -DPREVENT_OPTIMIZATION line .+4 a[0] == 1
FAIL: gcc.dg/guality/pr54970.c -O2 -flto -fno-use-linker-plugin -flto-partition=none -DPREVENT_OPTIMIZATION line .+4 a[0] == 1
FAIL: gcc.dg/guality/pr54970.c -O2 -flto -fno-use-linker-plugin -flto-partition=none -DPREVENT_OPTIMIZATION line .+4 a[0] == 1
FAIL: gcc.dg/guality/pr54970.c -O2 -flto -fno-use-linker-plugin -flto-partition=none -DPREVENT_OPTIMIZATION line .+4 p[-1] == 25
FAIL: gcc.dg/guality/pr54970.c -O2 -flto -fno-use-linker-plugin -flto-partition=none -DPREVENT_OPTIMIZATION line .+5 *p == 26
FAIL: gcc.dg/guality/pr54970.c -O2 -flto -fno-use-linker-plugin -flto-partition=none -DPREVENT_OPTIMIZATION line .+6 a[2] == 26
FAIL: gcc.dg/guality/pr54970.c -O2 -flto -fno-use-linker-plugin -flto-partition=none -DPREVENT_OPTIMIZATION line .+7 a[1] == 25
FAIL: gcc.dg/guality/pr54970.c -O2 -flto -fuse-linker-plugin -fno-fat-lto-objects -DPREVENT_OPTIMIZATION line . *q == 12
FAIL: gcc.dg/guality/pr54970.c -O2 -flto -fuse-linker-plugin -fno-fat-lto-objects -DPREVENT_OPTIMIZATION line . *q == 2
FAIL: gcc.dg/guality/pr54970.c -O2 -flto -fuse-linker-plugin -fno-fat-lto-objects -DPREVENT_OPTIMIZATION line . *q == 2
FAIL: gcc.dg/guality/pr54970.c -O2 -flto -fuse-linker-plugin -fno-fat-lto-objects -DPREVENT_OPTIMIZATION line . *q == 25
FAIL: gcc.dg/guality/pr54970.c -O2 -flto -fuse-linker-plugin -fno-fat-lto-objects -DPREVENT_OPTIMIZATION line . *q == 5
FAIL: gcc.dg/guality/pr54970.c -O2 -flto -fuse-linker-plugin -fno-fat-lto-objects -DPREVENT_OPTIMIZATION line . *q == 5
FAIL: gcc.dg/guality/pr54970.c -O2 -flto -fuse-linker-plugin -fno-fat-lto-objects -DPREVENT_OPTIMIZATION line .+1 *p == 13
FAIL: gcc.dg/guality/pr54970.c -O2 -flto -fuse-linker-plugin -fno-fat-lto-objects -DPREVENT_OPTIMIZATION line .+1 *p == 13
FAIL: gcc.dg/guality/pr54970.c -O2 -flto -fuse-linker-plugin -fno-fat-lto-objects -DPREVENT_OPTIMIZATION line .+1 *p == 26
FAIL: gcc.dg/guality/pr54970.c -O2 -flto -fuse-linker-plugin -fno-fat-lto-objects -DPREVENT_OPTIMIZATION line .+1 *p == 3
FAIL: gcc.dg/guality/pr54970.c -O2 -flto -fuse-linker-plugin -fno-fat-lto-objects -DPREVENT_OPTIMIZATION line .+1 *p == 6
FAIL: gcc.dg/guality/pr54970.c -O2 -flto -fuse-linker-plugin -fno-fat-lto-objects -DPREVENT_OPTIMIZATION line .+1 q[1] == 26
FAIL: gcc.dg/guality/pr54970.c -O2 -flto -fuse-linker-plugin -fno-fat-lto-objects -DPREVENT_OPTIMIZATION line .+2 a[2] == 13
FAIL: gcc.dg/guality/pr54970.c -O2 -flto -fuse-linker-plugin -fno-fat-lto-objects -DPREVENT_OPTIMIZATION line .+2 a[2] == 13
FAIL: gcc.dg/guality/pr54970.c -O2 -flto -fuse-linker-plugin -fno-fat-lto-objects -DPREVENT_OPTIMIZATION line .+2 a[2] == 26
FAIL: gcc.dg/guality/pr54970.c -O2 -flto -fuse-linker-plugin -fno-fat-lto-objects -DPREVENT_OPTIMIZATION line .+2 a[2] == 3
FAIL: gcc.dg/guality/pr54970.c -O2 -flto -fuse-linker-plugin -fno-fat-lto-objects -DPREVENT_OPTIMIZATION line .+2 a[2] == 6
FAIL: gcc.dg/guality/pr54970.c -O2 -flto -fuse-linker-plugin -fno-fat-lto-objects -DPREVENT_OPTIMIZATION line .+3 a[1] == 12
FAIL: gcc.dg/guality/pr54970.c -O2 -flto -fuse-linker-plugin -fno-fat-lto-objects -DPREVENT_OPTIMIZATION line .+3 a[1] == 2
FAIL: gcc.dg/guality/pr54970.c -O2 -flto -fuse-linker-plugin -fno-fat-lto-objects -DPREVENT_OPTIMIZATION line .+3 a[1] == 2
FAIL: gcc.dg/guality/pr54970.c -O2 -flto -fuse-linker-plugin -fno-fat-lto-objects -DPREVENT_OPTIMIZATION line .+3 a[1] == 5
FAIL: gcc.dg/guality/pr54970.c -O2 -flto -fuse-linker-plugin -fno-fat-lto-objects -DPREVENT_OPTIMIZATION line .+3 a[1] == 5
FAIL: gcc.dg/guality/pr54970.c -O2 -flto -fuse-linker-plugin -fno-fat-lto-objects -DPREVENT_OPTIMIZATION line .+4 a[0] == 1
FAIL: gcc.dg/guality/pr54970.c -O2 -flto -fuse-linker-plugin -fno-fat-lto-objects -DPREVENT_OPTIMIZATION line .+4 a[0] == 1
FAIL: gcc.dg/guality/pr54970.c -O2 -flto -fuse-linker-plugin -fno-fat-lto-objects -DPREVENT_OPTIMIZATION line .+4 a[0] == 1
FAIL: gcc.dg/guality/pr54970.c -O2 -flto -fuse-linker-plugin -fno-fat-lto-objects -DPREVENT_OPTIMIZATION line .+4 p[-1] == 25
FAIL: gcc.dg/guality/pr54970.c -O2 -flto -fuse-linker-plugin -fno-fat-lto-objects -DPREVENT_OPTIMIZATION line .+5 *p == 26
FAIL: gcc.dg/guality/pr54970.c -O2 -flto -fuse-linker-plugin -fno-fat-lto-objects -DPREVENT_OPTIMIZATION line .+6 a[2] == 26
FAIL: gcc.dg/guality/pr54970.c -O2 -flto -fuse-linker-plugin -fno-fat-lto-objects -DPREVENT_OPTIMIZATION line .+7 a[1] == 25
FAIL: gcc.dg/guality/pr54970.c -O3 -g -DPREVENT_OPTIMIZATION line . *q == 12
FAIL: gcc.dg/guality/pr54970.c -O3 -g -DPREVENT_OPTIMIZATION line . *q == 2
FAIL: gcc.dg/guality/pr54970.c -O3 -g -DPREVENT_OPTIMIZATION line . *q == 2
FAIL: gcc.dg/guality/pr54970.c -O3 -g -DPREVENT_OPTIMIZATION line . *q == 25
FAIL: gcc.dg/guality/pr54970.c -O3 -g -DPREVENT_OPTIMIZATION line . *q == 5
FAIL: gcc.dg/guality/pr54970.c -O3 -g -DPREVENT_OPTIMIZATION line . *q == 5
FAIL: gcc.dg/guality/pr54970.c -O3 -g -DPREVENT_OPTIMIZATION line .+1 *p == 13
FAIL: gcc.dg/guality/pr54970.c -O3 -g -DPREVENT_OPTIMIZATION line .+1 *p == 13
FAIL: gcc.dg/guality/pr54970.c -O3 -g -DPREVENT_OPTIMIZATION line .+1 *p == 26
FAIL: gcc.dg/guality/pr54970.c -O3 -g -DPREVENT_OPTIMIZATION line .+1 *p == 3
FAIL: gcc.dg/guality/pr54970.c -O3 -g -DPREVENT_OPTIMIZATION line .+1 *p == 6
FAIL: gcc.dg/guality/pr54970.c -O3 -g -DPREVENT_OPTIMIZATION line .+1 q[1] == 26
FAIL: gcc.dg/guality/pr54970.c -O3 -g -DPREVENT_OPTIMIZATION line .+2 a[2] == 13
FAIL: gcc.dg/guality/pr54970.c -O3 -g -DPREVENT_OPTIMIZATION line .+2 a[2] == 13
FAIL: gcc.dg/guality/pr54970.c -O3 -g -DPREVENT_OPTIMIZATION line .+2 a[2] == 26
FAIL: gcc.dg/guality/pr54970.c -O3 -g -DPREVENT_OPTIMIZATION line .+2 a[2] == 3
FAIL: gcc.dg/guality/pr54970.c -O3 -g -DPREVENT_OPTIMIZATION line .+2 a[2] == 6
FAIL: gcc.dg/guality/pr54970.c -O3 -g -DPREVENT_OPTIMIZATION line .+3 a[1] == 12
FAIL: gcc.dg/guality/pr54970.c -O3 -g -DPREVENT_OPTIMIZATION line .+3 a[1] == 2
FAIL: gcc.dg/guality/pr54970.c -O3 -g -DPREVENT_OPTIMIZATION line .+3 a[1] == 2
FAIL: gcc.dg/guality/pr54970.c -O3 -g -DPREVENT_OPTIMIZATION line .+3 a[1] == 5
FAIL: gcc.dg/guality/pr54970.c -O3 -g -DPREVENT_OPTIMIZATION line .+3 a[1] == 5
FAIL: gcc.dg/guality/pr54970.c -O3 -g -DPREVENT_OPTIMIZATION line .+4 a[0] == 1
FAIL: gcc.dg/guality/pr54970.c -O3 -g -DPREVENT_OPTIMIZATION line .+4 a[0] == 1
FAIL: gcc.dg/guality/pr54970.c -O3 -g -DPREVENT_OPTIMIZATION line .+4 a[0] == 1
FAIL: gcc.dg/guality/pr54970.c -O3 -g -DPREVENT_OPTIMIZATION line .+4 p[-1] == 25
FAIL: gcc.dg/guality/pr54970.c -O3 -g -DPREVENT_OPTIMIZATION line .+5 *p == 26
FAIL: gcc.dg/guality/pr54970.c -O3 -g -DPREVENT_OPTIMIZATION line .+6 a[2] == 26
FAIL: gcc.dg/guality/pr54970.c -O3 -g -DPREVENT_OPTIMIZATION line .+7 a[1] == 25
FAIL: gcc.dg/guality/pr54970.c -Os -DPREVENT_OPTIMIZATION line . *q == 12
FAIL: gcc.dg/guality/pr54970.c -Os -DPREVENT_OPTIMIZATION line . *q == 2
FAIL: gcc.dg/guality/pr54970.c -Os -DPREVENT_OPTIMIZATION line . *q == 2
FAIL: gcc.dg/guality/pr54970.c -Os -DPREVENT_OPTIMIZATION line . *q == 25
FAIL: gcc.dg/guality/pr54970.c -Os -DPREVENT_OPTIMIZATION line . *q == 5
FAIL: gcc.dg/guality/pr54970.c -Os -DPREVENT_OPTIMIZATION line . *q == 5
FAIL: gcc.dg/guality/pr54970.c -Os -DPREVENT_OPTIMIZATION line .+1 *p == 13
FAIL: gcc.dg/guality/pr54970.c -Os -DPREVENT_OPTIMIZATION line .+1 *p == 13
FAIL: gcc.dg/guality/pr54970.c -Os -DPREVENT_OPTIMIZATION line .+1 *p == 26
FAIL: gcc.dg/guality/pr54970.c -Os -DPREVENT_OPTIMIZATION line .+1 *p == 3
FAIL: gcc.dg/guality/pr54970.c -Os -DPREVENT_OPTIMIZATION line .+1 *p == 6
FAIL: gcc.dg/guality/pr54970.c -Os -DPREVENT_OPTIMIZATION line .+1 q[1] == 26
FAIL: gcc.dg/guality/pr54970.c -Os -DPREVENT_OPTIMIZATION line .+2 a[2] == 13
FAIL: gcc.dg/guality/pr54970.c -Os -DPREVENT_OPTIMIZATION line .+2 a[2] == 13
FAIL: gcc.dg/guality/pr54970.c -Os -DPREVENT_OPTIMIZATION line .+2 a[2] == 26
FAIL: gcc.dg/guality/pr54970.c -Os -DPREVENT_OPTIMIZATION line .+2 a[2] == 3
FAIL: gcc.dg/guality/pr54970.c -Os -DPREVENT_OPTIMIZATION line .+2 a[2] == 6
FAIL: gcc.dg/guality/pr54970.c -Os -DPREVENT_OPTIMIZATION line .+3 a[1] == 12
FAIL: gcc.dg/guality/pr54970.c -Os -DPREVENT_OPTIMIZATION line .+3 a[1] == 2
FAIL: gcc.dg/guality/pr54970.c -Os -DPREVENT_OPTIMIZATION line .+3 a[1] == 2
FAIL: gcc.dg/guality/pr54970.c -Os -DPREVENT_OPTIMIZATION line .+3 a[1] == 5
FAIL: gcc.dg/guality/pr54970.c -Os -DPREVENT_OPTIMIZATION line .+3 a[1] == 5
FAIL: gcc.dg/guality/pr54970.c -Os -DPREVENT_OPTIMIZATION line .+4 a[0] == 1
FAIL: gcc.dg/guality/pr54970.c -Os -DPREVENT_OPTIMIZATION line .+4 a[0] == 1
FAIL: gcc.dg/guality/pr54970.c -Os -DPREVENT_OPTIMIZATION line .+4 a[0] == 1
FAIL: gcc.dg/guality/pr54970.c -Os -DPREVENT_OPTIMIZATION line .+4 p[-1] == 25
FAIL: gcc.dg/guality/pr54970.c -Os -DPREVENT_OPTIMIZATION line .+5 *p == 26
FAIL: gcc.dg/guality/pr54970.c -Os -DPREVENT_OPTIMIZATION line .+6 a[2] == 26
FAIL: gcc.dg/guality/pr54970.c -Os -DPREVENT_OPTIMIZATION line .+7 a[1] == 25
FAIL: gcc.dg/guality/pr56154-1.c -O1 -DPREVENT_OPTIMIZATION line pr56154-1.c:20 x.a == 6
FAIL: gcc.dg/guality/pr56154-1.c -O2 -DPREVENT_OPTIMIZATION line pr56154-1.c:20 x.a == 6
FAIL: gcc.dg/guality/pr56154-1.c -O2 -flto -fno-use-linker-plugin -flto-partition=none -DPREVENT_OPTIMIZATION line pr56154-1.c:20 x.a == 6
FAIL: gcc.dg/guality/pr56154-1.c -O2 -flto -fuse-linker-plugin -fno-fat-lto-objects -DPREVENT_OPTIMIZATION line pr56154-1.c:20 x.a == 6
FAIL: gcc.dg/guality/pr56154-1.c -O3 -g -DPREVENT_OPTIMIZATION line pr56154-1.c:20 x.a == 6
FAIL: gcc.dg/guality/pr56154-1.c -Os -DPREVENT_OPTIMIZATION line pr56154-1.c:20 x.a == 6
FAIL: gcc.dg/guality/pr58791-2.c -O2 -flto -fno-use-linker-plugin -flto-partition=none -DPREVENT_OPTIMIZATION line pr58791-2.c:27 d & 1 == 1
FAIL: gcc.dg/guality/pr68860-1.c -O2 -flto -fno-use-linker-plugin -flto-partition=none -DPREVENT_OPTIMIZATION line 14 arg3 == 3
FAIL: gcc.dg/guality/pr68860-1.c -O2 -flto -fno-use-linker-plugin -flto-partition=none -DPREVENT_OPTIMIZATION line 14 arg4 == 4
FAIL: gcc.dg/guality/pr68860-1.c -O2 -flto -fno-use-linker-plugin -flto-partition=none -DPREVENT_OPTIMIZATION line 14 arg5 == 5
FAIL: gcc.dg/guality/pr68860-1.c -O2 -flto -fno-use-linker-plugin -flto-partition=none -DPREVENT_OPTIMIZATION line 14 arg6 == 6
FAIL: gcc.dg/guality/pr68860-1.c -O2 -flto -fno-use-linker-plugin -flto-partition=none -DPREVENT_OPTIMIZATION line 16 arg3 == 3
FAIL: gcc.dg/guality/pr68860-1.c -O2 -flto -fno-use-linker-plugin -flto-partition=none -DPREVENT_OPTIMIZATION line 16 arg4 == 4
FAIL: gcc.dg/guality/pr68860-1.c -O2 -flto -fno-use-linker-plugin -flto-partition=none -DPREVENT_OPTIMIZATION line 16 arg5 == 5
FAIL: gcc.dg/guality/pr68860-1.c -O2 -flto -fno-use-linker-plugin -flto-partition=none -DPREVENT_OPTIMIZATION line 16 arg6 == 6
FAIL: gcc.dg/guality/pr68860-1.c -O2 -flto -fuse-linker-plugin -fno-fat-lto-objects -DPREVENT_OPTIMIZATION line 14 arg3 == 3
FAIL: gcc.dg/guality/pr68860-1.c -O2 -flto -fuse-linker-plugin -fno-fat-lto-objects -DPREVENT_OPTIMIZATION line 14 arg4 == 4
FAIL: gcc.dg/guality/pr68860-1.c -O2 -flto -fuse-linker-plugin -fno-fat-lto-objects -DPREVENT_OPTIMIZATION line 14 arg5 == 5
FAIL: gcc.dg/guality/pr68860-1.c -O2 -flto -fuse-linker-plugin -fno-fat-lto-objects -DPREVENT_OPTIMIZATION line 14 arg6 == 6
FAIL: gcc.dg/guality/pr68860-1.c -O2 -flto -fuse-linker-plugin -fno-fat-lto-objects -DPREVENT_OPTIMIZATION line 16 arg3 == 3
FAIL: gcc.dg/guality/pr68860-1.c -O2 -flto -fuse-linker-plugin -fno-fat-lto-objects -DPREVENT_OPTIMIZATION line 16 arg4 == 4
FAIL: gcc.dg/guality/pr68860-1.c -O2 -flto -fuse-linker-plugin -fno-fat-lto-objects -DPREVENT_OPTIMIZATION line 16 arg5 == 5
FAIL: gcc.dg/guality/pr68860-1.c -O2 -flto -fuse-linker-plugin -fno-fat-lto-objects -DPREVENT_OPTIMIZATION line 16 arg6 == 6
FAIL: gcc.dg/guality/pr68860-2.c -O2 -DPREVENT_OPTIMIZATION line 14 y == 2
FAIL: gcc.dg/guality/pr68860-2.c -O2 -flto -fno-use-linker-plugin -flto-partition=none -DPREVENT_OPTIMIZATION line 14 y == 2
FAIL: gcc.dg/guality/pr69244.c -O1 -DPREVENT_OPTIMIZATION line 25 c == p.i-4
FAIL: gcc.dg/guality/pr69244.c -O2 -DPREVENT_OPTIMIZATION line 25 c == p.i-4
FAIL: gcc.dg/guality/pr69244.c -O2 -flto -fno-use-linker-plugin -flto-partition=none -DPREVENT_OPTIMIZATION line 25 c == p.i-4
FAIL: gcc.dg/guality/pr69244.c -O2 -flto -fuse-linker-plugin -fno-fat-lto-objects -DPREVENT_OPTIMIZATION line 25 c == p.i-4
FAIL: gcc.dg/guality/pr69244.c -O3 -g -DPREVENT_OPTIMIZATION line 25 c == p.i-4
FAIL: gcc.dg/guality/pr69244.c -Os -DPREVENT_OPTIMIZATION line 25 c == p.i-4
FAIL: gcc.dg/guality/pr69947.c -O1 -DPREVENT_OPTIMIZATION line . b[4] == 'e'
FAIL: gcc.dg/guality/pr69947.c -O2 -DPREVENT_OPTIMIZATION line . b[4] == 'e'
FAIL: gcc.dg/guality/pr69947.c -O2 -flto -fno-use-linker-plugin -flto-partition=none -DPREVENT_OPTIMIZATION line . b[4] == 'e'
FAIL: gcc.dg/guality/pr69947.c -O2 -flto -fuse-linker-plugin -fno-fat-lto-objects -DPREVENT_OPTIMIZATION line . b[4] == 'e'
FAIL: gcc.dg/guality/pr69947.c -O3 -g -DPREVENT_OPTIMIZATION line . b[4] == 'e'
FAIL: gcc.dg/guality/pr69947.c -Os -DPREVENT_OPTIMIZATION line . b[4] == 'e'
FAIL: gcc.dg/guality/sra-1.c -O1 -DPREVENT_OPTIMIZATION line . a.j == 14
FAIL: gcc.dg/guality/sra-1.c -O2 -DPREVENT_OPTIMIZATION line . a.j == 14
FAIL: gcc.dg/guality/sra-1.c -O2 -flto -fno-use-linker-plugin -flto-partition=none -DPREVENT_OPTIMIZATION line . a.j == 14
FAIL: gcc.dg/guality/sra-1.c -O2 -flto -fuse-linker-plugin -fno-fat-lto-objects -DPREVENT_OPTIMIZATION line . a.j == 14
FAIL: gcc.dg/guality/sra-1.c -O3 -g -DPREVENT_OPTIMIZATION line . a.j == 14
FAIL: gcc.dg/guality/sra-1.c -Os -DPREVENT_OPTIMIZATION line . a.j == 14
FAIL: gcc.dg/guality/vla-1.c -O1 -DPREVENT_OPTIMIZATION line . sizeof (a) == 6
FAIL: gcc.dg/guality/vla-1.c -O2 -DPREVENT_OPTIMIZATION line . sizeof (a) == 6
FAIL: gcc.dg/guality/vla-1.c -O2 -flto -fno-use-linker-plugin -flto-partition=none -DPREVENT_OPTIMIZATION line . sizeof (a) == 17 * sizeof (short)
FAIL: gcc.dg/guality/vla-1.c -O2 -flto -fno-use-linker-plugin -flto-partition=none -DPREVENT_OPTIMIZATION line . sizeof (a) == 6
FAIL: gcc.dg/guality/vla-1.c -O2 -flto -fuse-linker-plugin -fno-fat-lto-objects -DPREVENT_OPTIMIZATION line . sizeof (a) == 17 * sizeof (short)
FAIL: gcc.dg/guality/vla-1.c -O2 -flto -fuse-linker-plugin -fno-fat-lto-objects -DPREVENT_OPTIMIZATION line . sizeof (a) == 6
FAIL: gcc.dg/guality/vla-1.c -O3 -g -DPREVENT_OPTIMIZATION line . sizeof (a) == 6
FAIL: gcc.dg/guality/vla-1.c -Os -DPREVENT_OPTIMIZATION line . sizeof (a) == 6
FAIL: gcc.dg/torture/inf-compare-1.c -O0 execution test
FAIL: gcc.dg/torture/inf-compare-1.c -O1 execution test
FAIL: gcc.dg/torture/inf-compare-1.c -O2 execution test
FAIL: gcc.dg/torture/inf-compare-1.c -O2 -flto -fno-use-linker-plugin -flto-partition=none execution test
FAIL: gcc.dg/torture/inf-compare-1.c -O2 -flto -fuse-linker-plugin -fno-fat-lto-objects execution test
FAIL: gcc.dg/torture/inf-compare-1.c -O3 -g execution test
FAIL: gcc.dg/torture/inf-compare-1.c -Os execution test
FAIL: gcc.dg/torture/inf-compare-2.c -O0 execution test
FAIL: gcc.dg/torture/inf-compare-2.c -O1 execution test
FAIL: gcc.dg/torture/inf-compare-2.c -O2 execution test
FAIL: gcc.dg/torture/inf-compare-2.c -O2 -flto -fno-use-linker-plugin -flto-partition=none execution test
FAIL: gcc.dg/torture/inf-compare-2.c -O2 -flto -fuse-linker-plugin -fno-fat-lto-objects execution test
FAIL: gcc.dg/torture/inf-compare-2.c -O3 -g execution test
FAIL: gcc.dg/torture/inf-compare-2.c -Os execution test
FAIL: gcc.dg/torture/inf-compare-3.c -O0 execution test
FAIL: gcc.dg/torture/inf-compare-3.c -O1 execution test
FAIL: gcc.dg/torture/inf-compare-3.c -O2 execution test
FAIL: gcc.dg/torture/inf-compare-3.c -O2 -flto -fno-use-linker-plugin -flto-partition=none execution test
FAIL: gcc.dg/torture/inf-compare-3.c -O2 -flto -fuse-linker-plugin -fno-fat-lto-objects execution test
FAIL: gcc.dg/torture/inf-compare-3.c -O3 -g execution test
FAIL: gcc.dg/torture/inf-compare-3.c -Os execution test
FAIL: gcc.dg/torture/inf-compare-4.c -O0 execution test
FAIL: gcc.dg/torture/inf-compare-4.c -O1 execution test
FAIL: gcc.dg/torture/inf-compare-4.c -O2 execution test
FAIL: gcc.dg/torture/inf-compare-4.c -O2 -flto -fno-use-linker-plugin -flto-partition=none execution test
FAIL: gcc.dg/torture/inf-compare-4.c -O2 -flto -fuse-linker-plugin -fno-fat-lto-objects execution test
FAIL: gcc.dg/torture/inf-compare-4.c -O3 -g execution test
FAIL: gcc.dg/torture/inf-compare-4.c -Os execution test
FAIL: gcc.dg/torture/pr52451.c -O0 execution test
FAIL: gcc.dg/torture/pr52451.c -O1 execution test
FAIL: gcc.dg/torture/pr52451.c -O2 execution test
FAIL: gcc.dg/torture/pr52451.c -O2 -flto -fno-use-linker-plugin -flto-partition=none execution test
FAIL: gcc.dg/torture/pr52451.c -O2 -flto -fuse-linker-plugin -fno-fat-lto-objects execution test
FAIL: gcc.dg/torture/pr52451.c -O3 -g execution test
FAIL: gcc.dg/torture/pr52451.c -Os execution test
FAIL: gcc.dg/tree-ssa/phi-opt-11.c scan-tree-dump-times optimized "if" 2
FAIL: gcc.dg/tree-ssa/pr84512.c scan-tree-dump optimized "return 285;"
XPASS: gcc.dg/vect/vect-24.c -flto -ffat-lto-objects scan-tree-dump-times vect "vectorized 3 loops" 1
XPASS: gcc.dg/vect/vect-24.c scan-tree-dump-times vect "vectorized 3 loops" 1
FAIL: gcc.target/s390/risbg-ll-1.c scan-assembler f1:\\n\\trisbg\\t%r2,%r2,64-1,128\\\\+63,53\\\\+1
FAIL: gcc.target/s390/risbg-ll-1.c scan-assembler f43:\\n\\trisbg\\t%r2,%r2,32,128\\\\+61,64-12
FAIL: gcc.target/s390/risbg-ll-2.c scan-assembler f3:\\n\\trisbg\\t%r2,%r3,64-4,63,4\\\\+52
FAIL: gcc.target/s390/risbg-ll-2.c scan-assembler f9:\\n\\trisbg\\t%r3,%r2,48,63,64-48
=== gcc Summary for unix/-m64 ===
# of expected passes 125503
# of unexpected failures 407
# of unexpected successes 22
# of expected failures 415
# of unsupported tests 2811
=== gcc Summary ===
# of expected passes 249148
# of unexpected failures 562
# of unexpected successes 43
# of expected failures 828
# of unsupported tests 5942
-zEC12/gcc/xgcc version 9.0.0 20180711 (experimental) (GCC)
=== gfortran tests ===
Running target unix/-m31
FAIL: gfortran.dg/lto/pr79108 f_lto_pr79108_0.o-f_lto_pr79108_0.o link, -Ofast -flto --param ggc-min-expand=0 --param ggc-min-heapsize=0
FAIL: gfortran.dg/vect/fast-math-mgrid-resid.f -O scan-tree-dump pcom "vectp_u.*__lsm.* = PHI <.*vectp_u.*__lsm"
FAIL: gfortran.dg/vect/fast-math-pr38968.f90 -O scan-tree-dump vect "vectorized 1 loops"
FAIL: gfortran.dg/vect/fast-math-rnflow-trs2a2.f90 -O scan-tree-dump-times vect "vectorized 2 loops" 1
FAIL: gfortran.dg/vect/pr62283.f -O scan-tree-dump-times vect "vectorized 1 loops" 2
FAIL: gfortran.dg/vect/vect-8.f90 -O scan-tree-dump-times vect "vectorized 17 loops" 1
=== gfortran Summary for unix/-m31 ===
# of expected passes 46572
# of unexpected failures 6
# of expected failures 94
# of unsupported tests 239
Running target unix/-m64
FAIL: gfortran.dg/lto/pr79108 f_lto_pr79108_0.o-f_lto_pr79108_0.o link, -Ofast -flto --param ggc-min-expand=0 --param ggc-min-heapsize=0
FAIL: gfortran.dg/vect/fast-math-mgrid-resid.f -O scan-tree-dump pcom "vectp_u.*__lsm.* = PHI <.*vectp_u.*__lsm"
FAIL: gfortran.dg/vect/fast-math-pr38968.f90 -O scan-tree-dump vect "vectorized 1 loops"
FAIL: gfortran.dg/vect/fast-math-rnflow-trs2a2.f90 -O scan-tree-dump-times vect "vectorized 2 loops" 1
FAIL: gfortran.dg/vect/pr62283.f -O scan-tree-dump-times vect "vectorized 1 loops" 2
FAIL: gfortran.dg/vect/vect-8.f90 -O scan-tree-dump-times vect "vectorized 17 loops" 1
=== gfortran Summary for unix/-m64 ===
# of expected passes 46819
# of unexpected failures 6
# of expected failures 94
# of unsupported tests 118
=== gfortran Summary ===
# of expected passes 93391
# of unexpected failures 12
# of expected failures 188
# of unsupported tests 357
-zEC12/gcc/testsuite/gfortran/../../gfortran version 9.0.0 20180711 (experimental) (GCC)
=== gnat tests ===
Running target unix/-m31
FAIL: gnat.dg/frame_overflow.adb (test for errors, line 14)
FAIL: gnat.dg/frame_overflow.adb (test for errors, line 5)
FAIL: gnat.dg/frame_overflow.adb (test for excess errors)
FAIL: gnat.dg/specs/atomic1.ads (test for errors, line 13)
FAIL: gnat.dg/specs/atomic1.ads (test for errors, line 9)
=== gnat Summary for unix/-m31 ===
# of expected passes 2793
# of unexpected failures 5
# of expected failures 24
# of unsupported tests 21
Running target unix/-m64
=== gnat Summary for unix/-m64 ===
# of expected passes 2798
# of expected failures 24
# of unsupported tests 21
=== gnat Summary ===
# of expected passes 5591
# of unexpected failures 5
# of expected failures 48
# of unsupported tests 42
-zEC12/gcc/gnatmake version 9.0.0 20180711 (experimental)
=== go tests ===
Running target unix/-m31
FAIL: go.test/test/ken/cplx2.go execution, -O2 -g
=== go Summary for unix/-m31 ===
# of expected passes 7401
# of unexpected failures 1
# of expected failures 1
# of untested testcases 7
# of unsupported tests 3
Running target unix/-m64
FAIL: ./index0-out.go execution, -O0 -g -fno-var-tracking-assignments
FAIL: go.test/test/ken/cplx2.go execution, -O2 -g
=== go Summary for unix/-m64 ===
# of expected passes 7280
# of unexpected failures 2
# of expected failures 1
# of untested testcases 7
# of unsupported tests 3
=== go Summary ===
# of expected passes 14681
# of unexpected failures 3
# of expected failures 2
# of untested testcases 14
# of unsupported tests 6
-zEC12/gcc/testsuite/go/../../gccgo version 9.0.0 20180711 (experimental) (GCC)
=== obj-c++ tests ===
Running target unix/-m31
=== obj-c++ Summary for unix/-m31 ===
# of expected passes 1464
# of expected failures 2
# of unsupported tests 77
Running target unix/-m64
=== obj-c++ Summary for unix/-m64 ===
# of expected passes 1456
# of expected failures 10
# of unsupported tests 77
=== obj-c++ Summary ===
# of expected passes 2920
# of expected failures 12
# of unsupported tests 154
-zEC12/gcc/testsuite/obj-c++/../../xg++ version 9.0.0 20180711 (experimental) (GCC)
=== objc tests ===
Running target unix/-m31
=== objc Summary for unix/-m31 ===
# of expected passes 2803
# of unsupported tests 68
Running target unix/-m64
=== objc Summary for unix/-m64 ===
# of expected passes 2803
# of unsupported tests 68
=== objc Summary ===
# of expected passes 5606
# of unsupported tests 136
-zEC12/gcc/xgcc version 9.0.0 20180711 (experimental) (GCC)
=== gotools tests ===
FAIL: TestBreakpoint
FAIL: TestCgoSignalDeadlock
FAIL: TestCrashHandler
FAIL: TestGccgoCrashTracebackNodebug
FAIL: go test runtime
FAIL: TestEarlySignalHandler
FAIL: TestSignalForwarding
FAIL: go test misc/cgo/testcarchive
=== gotools Summary ===
# of expected passes 260
# of unexpected failures 8
# of untested testcases 147
-zEC12/./gcc/gccgo version 9.0.0 20180711 (experimental) (GCC)
=== libatomic tests ===
Running target unix/-m31
=== libatomic Summary for unix/-m31 ===
# of expected passes 44
# of unsupported tests 5
Running target unix/-m64
=== libatomic Summary for unix/-m64 ===
# of expected passes 54
=== libatomic Summary ===
# of expected passes 98
# of unsupported tests 5
=== libffi tests ===
Running target unix/-m31
=== libffi Summary for unix/-m31 ===
# of expected passes 2214
Running target unix/-m64
=== libffi Summary for unix/-m64 ===
# of expected passes 2214
=== libffi Summary ===
# of expected passes 4428
=== libgo tests ===
Running target unix
FAIL: os/signal
FAIL: runtime/pprof
=== libgo Summary for unix ===
# of expected passes 161
# of unexpected failures 2
Running target unix/-m31
FAIL: os/signal
FAIL: runtime/pprof
=== libgo Summary for unix/-m31 ===
# of expected passes 161
# of unexpected failures 2
=== libgo Summary ===
# of expected passes 322
# of unexpected failures 4
-zEC12/./gcc/gccgo version 9.0.0 20180711 (experimental) (GCC)
=== libgomp tests ===
Running target unix/-m31
FAIL: libgomp.fortran/alloc-comp-3.f90 -O0 (test for excess errors)
FAIL: libgomp.fortran/alloc-comp-3.f90 -O2 (test for excess errors)
UNRESOLVED: libgomp.oacc-c++/non-scalar-data.C -DACC_DEVICE_TYPE_host=1 -DACC_MEM_SHARED=1 -O2 compilation failed to produce executable
=== libgomp Summary for unix/-m31 ===
# of expected passes 5848
# of unexpected failures 2
# of expected failures 2
# of unresolved testcases 1
# of unsupported tests 395
Running target unix/-m64
FAIL: libgomp.fortran/alloc-comp-3.f90 -O0 (test for excess errors)
FAIL: libgomp.fortran/alloc-comp-3.f90 -O2 (test for excess errors)
UNRESOLVED: libgomp.oacc-c++/non-scalar-data.C -DACC_DEVICE_TYPE_host=1 -DACC_MEM_SHARED=1 -O2 compilation failed to produce executable
=== libgomp Summary for unix/-m64 ===
# of expected passes 5848
# of unexpected failures 2
# of expected failures 2
# of unresolved testcases 1
# of unsupported tests 395
=== libgomp Summary ===
# of expected passes 11696
# of unexpected failures 4
# of expected failures 4
# of unresolved testcases 2
# of unsupported tests 790
=== libitm tests ===
Running target unix/-m31
=== libitm Summary for unix/-m31 ===
# of expected passes 42
# of expected failures 3
# of unsupported tests 1
Running target unix/-m64
=== libitm Summary for unix/-m64 ===
# of expected passes 42
# of expected failures 3
# of unsupported tests 1
=== libitm Summary ===
# of expected passes 84
# of expected failures 6
# of unsupported tests 2
=== libstdc++ tests ===
Running target unix/-m31
FAIL: libstdc++-abi/abi_check
FAIL: libstdc++-prettyprinters/80276.cc whatis p4
FAIL: libstdc++-prettyprinters/80276.cc whatis p4
=== libstdc++ Summary for unix/-m31 ===
# of expected passes 13160
# of unexpected failures 3
# of expected failures 77
# of unsupported tests 284
Running target unix/-m64
FAIL: libstdc++-abi/abi_check
FAIL: libstdc++-prettyprinters/80276.cc whatis p4
FAIL: libstdc++-prettyprinters/80276.cc whatis p4
=== libstdc++ Summary for unix/-m64 ===
# of expected passes 13160
# of unexpected failures 3
# of expected failures 77
# of unsupported tests 284
=== libstdc++ Summary ===
# of expected passes 26320
# of unexpected failures 6
# of expected failures 154
# of unsupported tests 568
Version: 9.0.0 20180711 (experimental) (GCC)
Platform: s390x-ibm-linux-gnu zEC12
configure flags: --enable-shared --with-system-zlib --enable-threads=posix --enable-__cxa_atexit --enable-checking --with-diagnostics-color=never --prefix=/home/dailybuild/gnu-dailybuild/arena/20180711/gcc-head/install-s390x-zEC12 --enable-languages=c,c++,objc,obj-c++,fortran,go,ada --with-mode=zarch --with-arch=zEC12
GCC version:
More information about the Gcc-testresults
mailing list