Results for 8.0.1 20180123 (experimental) [trunk revision 256971] (GCC) testsuite on x86_64-pc-linux-gnu
Andreas Tobler
andreast.dev@gmail.com
Tue Jan 23 20:46:00 GMT 2018
LAST_UPDATED: Tue Jan 23 06:14:01 UTC 2018 (revision 256971)
Native configuration is x86_64-pc-linux-gnu
=== gcc tests ===
Running target unix
FAIL: c-c++-common/asan/swapcontext-test-1.c -O0 execution test
FAIL: c-c++-common/asan/swapcontext-test-1.c -O1 execution test
FAIL: c-c++-common/asan/swapcontext-test-1.c -O2 execution test
FAIL: c-c++-common/asan/swapcontext-test-1.c -O2 -flto -fno-use-linker-plugin -flto-partition=none execution test
FAIL: c-c++-common/asan/swapcontext-test-1.c -O2 -flto -fuse-linker-plugin -fno-fat-lto-objects execution test
FAIL: c-c++-common/asan/swapcontext-test-1.c -O3 -fomit-frame-pointer -funroll-loops -fpeel-loops -ftracer -finline-functions execution test
FAIL: c-c++-common/asan/swapcontext-test-1.c -O3 -g execution test
FAIL: c-c++-common/asan/swapcontext-test-1.c -Os execution test
FAIL: gcc.dg/20050503-1.c scan-assembler-not call
FAIL: gcc.dg/ipa/inline-2.c scan-ipa-dump inline "op2 change 10.000000. of time"
FAIL: gcc.dg/ipa/inline-3.c scan-ipa-dump inline "Scaling time by probability:0.100000"
FAIL: gcc.dg/lto/chkp-ctor-merge c_lto_chkp-ctor-merge_0.o-c_lto_chkp-ctor-merge_0.o link, -O2 -flto -fcheck-pointer-bounds -mmpx -nodefaultlibs -lc (internal compiler error)
XPASS: gcc.dg/vect/vect-95.c -flto -ffat-lto-objects scan-tree-dump-times vect "Alignment of access forced using peeling" 0
XPASS: gcc.dg/vect/vect-95.c scan-tree-dump-times vect "Alignment of access forced using peeling" 0
=== gcc Summary for unix ===
# of expected passes 133290
# of unexpected failures 12
# of unexpected successes 2
# of expected failures 385
# of unsupported tests 2181
Running target unix/-m32
FAIL: c-c++-common/asan/swapcontext-test-1.c -O0 execution test
FAIL: c-c++-common/asan/swapcontext-test-1.c -O1 execution test
FAIL: c-c++-common/asan/swapcontext-test-1.c -O2 execution test
FAIL: c-c++-common/asan/swapcontext-test-1.c -O2 -flto -fno-use-linker-plugin -flto-partition=none execution test
FAIL: c-c++-common/asan/swapcontext-test-1.c -O2 -flto -fuse-linker-plugin -fno-fat-lto-objects execution test
FAIL: c-c++-common/asan/swapcontext-test-1.c -O3 -fomit-frame-pointer -funroll-loops -fpeel-loops -ftracer -finline-functions execution test
FAIL: c-c++-common/asan/swapcontext-test-1.c -O3 -g execution test
FAIL: c-c++-common/asan/swapcontext-test-1.c -Os execution test
FAIL: gcc.dg/20050503-1.c scan-assembler-not call
FAIL: gcc.dg/ipa/inline-2.c scan-ipa-dump inline "op2 change 10.000000. of time"
FAIL: gcc.dg/ipa/inline-3.c scan-ipa-dump inline "Scaling time by probability:0.100000"
FAIL: gcc.dg/lto/chkp-ctor-merge c_lto_chkp-ctor-merge_0.o-c_lto_chkp-ctor-merge_0.o link, -O2 -flto -fcheck-pointer-bounds -mmpx -nodefaultlibs -lc (internal compiler error)
FAIL: c-c++-common/ubsan/ptr-overflow-sanitization-1.c -O0 scan-tree-dump-times optimized "__ubsan_handle_pointer_overflow" 17 (found 14 times)
FAIL: c-c++-common/ubsan/ptr-overflow-sanitization-1.c -O1 scan-tree-dump-times optimized "__ubsan_handle_pointer_overflow" 17 (found 14 times)
FAIL: c-c++-common/ubsan/ptr-overflow-sanitization-1.c -O2 scan-tree-dump-times optimized "__ubsan_handle_pointer_overflow" 17 (found 14 times)
FAIL: c-c++-common/ubsan/ptr-overflow-sanitization-1.c -O3 -g scan-tree-dump-times optimized "__ubsan_handle_pointer_overflow" 17 (found 14 times)
FAIL: c-c++-common/ubsan/ptr-overflow-sanitization-1.c -Os scan-tree-dump-times optimized "__ubsan_handle_pointer_overflow" 17 (found 14 times)
XPASS: gcc.dg/vect/vect-95.c -flto -ffat-lto-objects scan-tree-dump-times vect "Alignment of access forced using peeling" 0
XPASS: gcc.dg/vect/vect-95.c scan-tree-dump-times vect "Alignment of access forced using peeling" 0
=== gcc Summary for unix/-m32 ===
# of expected passes 131541
# of unexpected failures 17
# of unexpected successes 2
# of expected failures 396
# of unsupported tests 2291
=== gcc Summary ===
# of expected passes 264831
# of unexpected failures 29
# of unexpected successes 4
# of expected failures 781
# of unsupported tests 4472
/export/devel/build/gcc/head/objdir/gcc/xgcc version 8.0.1 20180123 (experimental) [trunk revision 256971] (GCC)
=== gfortran tests ===
Running target unix
=== gfortran Summary for unix ===
# of expected passes 46590
# of expected failures 82
# of unsupported tests 73
Running target unix/-m32
FAIL: gfortran.dg/string_1.f90 -O (test for errors, line 10)
FAIL: gfortran.dg/string_1.f90 -O (test for errors, line 7)
FAIL: gfortran.dg/string_1.f90 -O (test for errors, line 8)
FAIL: gfortran.dg/string_1.f90 -O (test for errors, line 9)
FAIL: gfortran.dg/string_1.f90 -O (test for excess errors)
=== gfortran Summary for unix/-m32 ===
# of expected passes 46366
# of unexpected failures 5
# of expected failures 82
# of unsupported tests 178
=== gfortran Summary ===
# of expected passes 92956
# of unexpected failures 5
# of expected failures 164
# of unsupported tests 251
/export/devel/build/gcc/head/objdir/gcc/gfortran version 8.0.1 20180123 (experimental) [trunk revision 256971] (GCC)
=== g++ tests ===
Running target unix
FAIL: c-c++-common/asan/swapcontext-test-1.c -O0 execution test
FAIL: c-c++-common/asan/swapcontext-test-1.c -O1 execution test
FAIL: c-c++-common/asan/swapcontext-test-1.c -O2 execution test
FAIL: c-c++-common/asan/swapcontext-test-1.c -O2 -flto -fno-use-linker-plugin -flto-partition=none execution test
FAIL: c-c++-common/asan/swapcontext-test-1.c -O2 -flto -fuse-linker-plugin -fno-fat-lto-objects execution test
FAIL: c-c++-common/asan/swapcontext-test-1.c -O3 -fomit-frame-pointer -funroll-loops -fpeel-loops -ftracer -finline-functions execution test
FAIL: c-c++-common/asan/swapcontext-test-1.c -O3 -g execution test
FAIL: c-c++-common/asan/swapcontext-test-1.c -Os execution test
FAIL: g++.dg/vect/slp-pr56812.cc -std=c++11 scan-tree-dump-times slp1 "basic block vectorized" 1 (found 0 times)
FAIL: g++.dg/vect/slp-pr56812.cc -std=c++14 scan-tree-dump-times slp1 "basic block vectorized" 1 (found 0 times)
FAIL: g++.dg/vect/slp-pr56812.cc -std=c++98 scan-tree-dump-times slp1 "basic block vectorized" 1 (found 0 times)
=== g++ Summary for unix ===
# of expected passes 121577
# of unexpected failures 11
# of expected failures 488
# of unsupported tests 4676
Running target unix/-m32
FAIL: c-c++-common/asan/swapcontext-test-1.c -O0 execution test
FAIL: c-c++-common/asan/swapcontext-test-1.c -O1 execution test
FAIL: c-c++-common/asan/swapcontext-test-1.c -O2 execution test
FAIL: c-c++-common/asan/swapcontext-test-1.c -O2 -flto -fno-use-linker-plugin -flto-partition=none execution test
FAIL: c-c++-common/asan/swapcontext-test-1.c -O2 -flto -fuse-linker-plugin -fno-fat-lto-objects execution test
FAIL: c-c++-common/asan/swapcontext-test-1.c -O3 -fomit-frame-pointer -funroll-loops -fpeel-loops -ftracer -finline-functions execution test
FAIL: c-c++-common/asan/swapcontext-test-1.c -O3 -g execution test
FAIL: c-c++-common/asan/swapcontext-test-1.c -Os execution test
FAIL: c-c++-common/ubsan/ptr-overflow-sanitization-1.c -O0 scan-tree-dump-times optimized "__ubsan_handle_pointer_overflow" 17 (found 14 times)
FAIL: c-c++-common/ubsan/ptr-overflow-sanitization-1.c -O1 scan-tree-dump-times optimized "__ubsan_handle_pointer_overflow" 17 (found 14 times)
FAIL: c-c++-common/ubsan/ptr-overflow-sanitization-1.c -O2 scan-tree-dump-times optimized "__ubsan_handle_pointer_overflow" 17 (found 14 times)
FAIL: c-c++-common/ubsan/ptr-overflow-sanitization-1.c -O3 -g scan-tree-dump-times optimized "__ubsan_handle_pointer_overflow" 17 (found 14 times)
FAIL: c-c++-common/ubsan/ptr-overflow-sanitization-1.c -Os scan-tree-dump-times optimized "__ubsan_handle_pointer_overflow" 17 (found 14 times)
FAIL: g++.dg/vect/slp-pr56812.cc -std=c++11 scan-tree-dump-times slp1 "basic block vectorized" 1 (found 0 times)
FAIL: g++.dg/vect/slp-pr56812.cc -std=c++14 scan-tree-dump-times slp1 "basic block vectorized" 1 (found 0 times)
FAIL: g++.dg/vect/slp-pr56812.cc -std=c++98 scan-tree-dump-times slp1 "basic block vectorized" 1 (found 0 times)
=== g++ Summary for unix/-m32 ===
# of expected passes 119775
# of unexpected failures 16
# of expected failures 485
# of unsupported tests 4513
=== g++ Summary ===
# of expected passes 241352
# of unexpected failures 27
# of expected failures 973
# of unsupported tests 9189
/export/devel/build/gcc/head/objdir/gcc/xg++ version 8.0.1 20180123 (experimental) [trunk revision 256971] (GCC)
=== objc tests ===
Running target unix
=== objc Summary for unix ===
# of expected passes 2797
# of expected failures 6
# of unsupported tests 68
Running target unix/-m32
=== objc Summary for unix/-m32 ===
# of expected passes 2797
# of expected failures 6
# of unsupported tests 68
=== objc Summary ===
# of expected passes 5594
# of expected failures 12
# of unsupported tests 136
/export/devel/build/gcc/head/objdir/gcc/xgcc version 8.0.1 20180123 (experimental) [trunk revision 256971] (GCC)
=== libatomic tests ===
Running target unix/-m32
=== libatomic Summary for unix/-m32 ===
# of expected passes 44
# of unsupported tests 5
Running target unix
=== libatomic Summary for unix ===
# of expected passes 54
=== libatomic Summary ===
# of expected passes 98
# of unsupported tests 5
=== libgomp tests ===
Running target unix/-m32
=== libgomp Summary for unix/-m32 ===
# of expected passes 5351
# of unsupported tests 290
Running target unix
=== libgomp Summary for unix ===
# of expected passes 5351
# of unsupported tests 290
=== libgomp Summary ===
# of expected passes 10702
# of unsupported tests 580
=== libitm tests ===
Running target unix/-m32
=== libitm Summary for unix/-m32 ===
# of expected passes 42
# of expected failures 3
# of unsupported tests 1
Running target unix
=== libitm Summary for unix ===
# of expected passes 42
# of expected failures 3
# of unsupported tests 1
=== libitm Summary ===
# of expected passes 84
# of expected failures 6
# of unsupported tests 2
=== libstdc++ tests ===
Running target unix
=== libstdc++ Summary for unix ===
# of expected passes 12292
# of expected failures 71
# of unsupported tests 571
Running target unix/-m32
FAIL: 26_numerics/random/chi_squared_distribution/83833.cc execution test
=== libstdc++ Summary for unix/-m32 ===
# of expected passes 12299
# of unexpected failures 1
# of expected failures 71
# of unsupported tests 567
=== libstdc++ Summary ===
# of expected passes 24591
# of unexpected failures 1
# of expected failures 142
# of unsupported tests 1138
Compiler version: 8.0.1 20180123 (experimental) [trunk revision 256971] (GCC)
Platform: x86_64-pc-linux-gnu
configure flags: --prefix=/export/devel/build/gcc/head/testbin
More information about the Gcc-testresults
mailing list