Results for 8.0.0 20180102 (experimental) (GCC) testsuite on x86_64-unknown-cygwin
Tim Prince
tprince818.tp@gmail.com
Sat Jan 6 04:19:00 GMT 2018
Native configuration is x86_64-unknown-cygwin
      === g++ tests ===
Running target unix
FAIL: tmpdir-g++.dg-struct-layout-1/t001
cp_compat_x_tst.o-cp_compat_y_tst.o execute
....
FAIL: g++.old-deja/g++.robertl/eb8.CÂ -std=c++14Â (test for errors, line 6)
      === g++ Summary ===
# of expected passes      111669
# of unexpected failures   648
# of unexpected successes   3
# of expected failures      482
# of unresolved testcases   58
# of unsupported tests      4753
/cygdrive/c/users/tim/tim/tim/src/gnu/gcc2/cyg64/gcc/testsuite/g++/../../xg++Â
version 8.0.0 20180102 (experimental) (GCC)
      === gcc tests ===
Running target unix
FAIL: gcc.c-torture/compile/limits-exprparen.c  -O0 (internal compiler
error)
...
FAIL: gcc.target/x86_64/abi/callabi/vaarg-5b.c (internal compiler error)
FAIL: gcc.target/x86_64/abi/callabi/vaarg-5b.c (test for excess errors)
WARNING: program timed out.
FAIL: gcc.target/x86_64/abi/ms-sysv/ms-sysv.c -O2 "-DGEN_ARGS=-p5"
(test for excess errors)
UNRESOLVED: gcc.target/x86_64/abi/ms-sysv/ms-sysv.c -O2
"-DGEN_ARGS=-p5" compilation failed to produce executable
      === gcc Summary ===
# of expected passes      121910
# of unexpected failures   1017
# of unexpected successes   24
# of expected failures      418
# of unresolved testcases   433
# of unsupported tests      2635
/cygdrive/c/users/tim/tim/tim/src/gnu/gcc2/cyg64/gcc/xgcc version 8.0.0
20180102 (experimental) (GCC)
      === gfortran tests ===
Running target unix
XPASS: gfortran.dg/default_format_denormal_1.f90Â Â -O0Â execution test
XPASS: gfortran.dg/default_format_denormal_1.f90Â Â -O1Â execution test
XPASS: gfortran.dg/default_format_denormal_1.f90Â Â -O2Â execution test
XPASS: gfortran.dg/default_format_denormal_1.f90Â Â -O3
-fomit-frame-pointer -funroll-loops -fpeel-loops -ftracer
-finline-functions execution test
XPASS: gfortran.dg/default_format_denormal_1.f90  -O3 -g execution test
XPASS: gfortran.dg/default_format_denormal_1.f90  -Os execution test
FAIL: gfortran.dg/round_4.f90Â Â -O0Â execution test
FAIL: gfortran.dg/round_4.f90Â Â -O1Â execution test
FAIL: gfortran.dg/round_4.f90Â Â -O2Â execution test
FAIL: gfortran.dg/round_4.f90Â Â -O3 -fomit-frame-pointer -funroll-loops
-fpeel-loops -ftracer -finline-functions execution test
FAIL: gfortran.dg/round_4.f90  -O3 -g execution test
FAIL: gfortran.dg/round_4.f90  -Os execution test
FAIL: gfortran.dg/save_6.f90Â Â -O0Â (test for excess errors)
UNRESOLVED: gfortran.dg/save_6.f90Â Â -O0Â compilation failed to produce
executable
FAIL: gfortran.dg/save_6.f90Â Â -O1Â (test for excess errors)
UNRESOLVED: gfortran.dg/save_6.f90Â Â -O1Â compilation failed to produce
executable
FAIL: gfortran.dg/save_6.f90Â Â -O2Â (test for excess errors)
UNRESOLVED: gfortran.dg/save_6.f90Â Â -O2Â compilation failed to produce
executable
FAIL: gfortran.dg/save_6.f90Â Â -O3 -fomit-frame-pointer -funroll-loops
-fpeel-loops -ftracer -finline-functions (test for excess errors)
UNRESOLVED: gfortran.dg/save_6.f90Â Â -O3 -fomit-frame-pointer
-funroll-loops -fpeel-loops -ftracer -finline-functions compilation
failed to produce executable
FAIL: gfortran.dg/save_6.f90  -O3 -g (test for excess errors)
UNRESOLVED: gfortran.dg/save_6.f90  -O3 -g compilation failed to
produce executable
FAIL: gfortran.dg/save_6.f90  -Os (test for excess errors)
UNRESOLVED: gfortran.dg/save_6.f90  -Os compilation failed to produce
executable
FAIL: gfortran.dg/submodule_6.f08  -O3 -g (test for excess errors)
UNRESOLVED: gfortran.dg/submodule_6.f08  -O3 -g compilation failed to
produce executable
FAIL: gfortran.dg/lto/20091016-1
f_lto_20091016-1_0.o-f_lto_20091016-1_0.o link, -flto -g -fPIC -r -nostdlib
UNRESOLVED: gfortran.dg/lto/20091016-1
f_lto_20091016-1_0.o-f_lto_20091016-1_0.o execute -flto -g -fPIC -r
-nostdlib
FAIL: gfortran.dg/lto/20091016-1
f_lto_20091016-1_0.o-f_lto_20091016-1_0.o link, -O -flto -g -fPIC -r
-nostdlib
UNRESOLVED: gfortran.dg/lto/20091016-1
f_lto_20091016-1_0.o-f_lto_20091016-1_0.o execute -O -flto -g -fPIC -r
-nostdlib
FAIL: gfortran.dg/lto/pr41521 f_lto_pr41521_0.o-f_lto_pr41521_1.o link,
-g -flto -Wno-lto-type-mismatch
UNRESOLVED: gfortran.dg/lto/pr41521 f_lto_pr41521_0.o-f_lto_pr41521_1.o
execute -g -flto -Wno-lto-type-mismatch
FAIL: gfortran.dg/lto/pr41521 f_lto_pr41521_0.o-f_lto_pr41521_1.o link,
-g -O -flto -Wno-lto-type-mismatch
UNRESOLVED: gfortran.dg/lto/pr41521 f_lto_pr41521_0.o-f_lto_pr41521_1.o
execute -g -O -flto -Wno-lto-type-mismatch
FAIL: gfortran.dg/lto/pr46911 f_lto_pr46911_0.o-f_lto_pr46911_0.o link,Â
-O2 -flto -g
UNRESOLVED: gfortran.dg/lto/pr46911 f_lto_pr46911_0.o-f_lto_pr46911_0.o
execute -O2 -flto -g
FAIL: gfortran.dg/lto/pr47839 f_lto_pr47839_0.o-f_lto_pr47839_1.o link,Â
-g -flto
UNRESOLVED: gfortran.dg/lto/pr47839 f_lto_pr47839_0.o-f_lto_pr47839_1.o
execute -g -flto
      === gfortran Summary ===
# of expected passes      46116
# of unexpected failures   19
# of unexpected successes   6
# of expected failures      79
# of unresolved testcases   13
# of unsupported tests      170
/cygdrive/c/users/tim/tim/tim/src/gnu/gcc2/cyg64/gcc/testsuite/gfortran/../../gfortranÂ
version 8.0.0 20180102 (experimental) (GCC)
      === libatomic tests ===
Running target unix
      === libatomic Summary ===
# of expected passes      54
      === libgomp tests ===
Running target unix
FAIL: libgomp.c/examples-4/target-1.c execution test
FAIL: libgomp.c/examples-4/target-3.c execution test
FAIL: libgomp.c/examples-4/target-4.c execution test
FAIL: libgomp.c++/member-5.C execution test
FAIL: libgomp.c++/pr69393.C 1 blank line(s) in output
FAIL: libgomp.c++/pr69393.C (test for excess errors)
UNRESOLVED: libgomp.c++/pr69393.C compilation failed to produce executable
FAIL: libgomp.fortran/declare-simd-1.f90Â Â -O1Â execution test
FAIL: libgomp.fortran/declare-simd-1.f90  -Os execution test
FAIL: libgomp.fortran/declare-simd-4.f90  -O3 -g  1 blank line(s) in
output
FAIL: libgomp.fortran/declare-simd-4.f90  -O3 -g (test for excess errors)
FAIL: libgomp.oacc-c/../libgomp.oacc-c-c++-common/kernels-loop-nest.c
-DACC_DEVICE_TYPE_host=1 -DACC_MEM_SHARED=1Â -O2Â execution test
FAIL: libgomp.oacc-c++/../libgomp.oacc-c-c++-common/kernels-loop-nest.c
-DACC_DEVICE_TYPE_host=1 -DACC_MEM_SHARED=1Â -O2Â execution test
      === libgomp Summary ===
# of expected passes      5320
# of unexpected failures   12
# of unresolved testcases   1
# of unsupported tests      292
      === libstdc++ tests ===
Running target unix
FAIL: 22_locale/ctype/scan/wchar_t/1.cc execution test
XPASS: 23_containers/array/element_access/at_neg.cc execution test
FAIL: 30_threads/call_once/constexpr.cc (test for excess errors)
FAIL: 30_threads/mutex/cons/constexpr.cc (test for excess errors)
FAIL: ext/codecvt/wchar_t.cc execution test
UNRESOLVED: libstdc++-prettyprinters/48362.cc compilation failed to
produce executable
UNRESOLVED: libstdc++-prettyprinters/59161.cc compilation failed to
produce executable
UNRESOLVED: libstdc++-prettyprinters/cxx11.cc compilation failed to
produce executable
UNRESOLVED: libstdc++-prettyprinters/cxx17.cc compilation failed to
produce executable
UNRESOLVED: libstdc++-prettyprinters/debug.cc compilation failed to
produce executable
UNRESOLVED: libstdc++-prettyprinters/debug_cxx11.cc compilation failed
to produce executable
UNRESOLVED: libstdc++-prettyprinters/libfundts.cc compilation failed to
produce executable
UNRESOLVED: libstdc++-prettyprinters/shared_ptr.cc compilation failed to
produce executable
UNRESOLVED: libstdc++-prettyprinters/simple.cc compilation failed to
produce executable
UNRESOLVED: libstdc++-prettyprinters/simple11.cc compilation failed to
produce executable
UNRESOLVED: libstdc++-prettyprinters/tr1.cc compilation failed to
produce executable
UNRESOLVED: libstdc++-prettyprinters/whatis.cc compilation failed to
produce executable
      === libstdc++ Summary ===
# of expected passes      11543
# of unexpected failures   4
# of unexpected successes   1
# of expected failures      69
# of unresolved testcases   12
# of unsupported tests      791
Compiler version: 8.0.0 20180102 (experimental) (GCC)
Platform: x86_64-unknown-cygwin
configure flags: --prefix=/usr/local/gcc8 --enable-languages='c c++
fortran' --enable-libgomp --enable-threads=posix --with-dwarf2
--without-libiconv-prefix --without-libintl-prefix --with-system-zlib
--disable-werror --without-cloog --without-isl --disable-multilib
More information about the Gcc-testresults
mailing list