Results for 9.0.0 20181229 (experimental) (GCC) testsuite on i586-unknown-freebsd11.2
Gerald Pfeifer
gerald@FreeBSD.org
Sat Dec 29 01:31:00 GMT 2018
Native configuration is i586-unknown-freebsd11.2
=== g++ tests ===
Running target unix
FAIL: c-c++-common/Wconversion-real.c -std=gnu++14 (test for warnings, line 27)
FAIL: c-c++-common/Wconversion-real.c -std=gnu++14 (test for warnings, line 28)
FAIL: c-c++-common/Wconversion-real.c -std=gnu++17 (test for warnings, line 27)
FAIL: c-c++-common/Wconversion-real.c -std=gnu++17 (test for warnings, line 28)
FAIL: c-c++-common/Wconversion-real.c -std=gnu++98 (test for warnings, line 27)
FAIL: c-c++-common/Wconversion-real.c -std=gnu++98 (test for warnings, line 28)
FAIL: c-c++-common/Wfloat-conversion.c -std=gnu++14 (test for warnings, line 36)
FAIL: c-c++-common/Wfloat-conversion.c -std=gnu++14 (test for warnings, line 37)
FAIL: c-c++-common/Wfloat-conversion.c -std=gnu++17 (test for warnings, line 36)
FAIL: c-c++-common/Wfloat-conversion.c -std=gnu++17 (test for warnings, line 37)
FAIL: c-c++-common/Wfloat-conversion.c -std=gnu++98 (test for warnings, line 36)
FAIL: c-c++-common/Wfloat-conversion.c -std=gnu++98 (test for warnings, line 37)
FAIL: g++.dg/ext/pr81706.C -std=gnu++14 scan-assembler call[^\\n\\r]__?ZGVdN4v_cos
FAIL: g++.dg/ext/pr81706.C -std=gnu++14 scan-assembler call[^\\n\\r]__?ZGVdN4v_sin
FAIL: g++.dg/ext/pr81706.C -std=gnu++17 scan-assembler call[^\\n\\r]__?ZGVdN4v_cos
FAIL: g++.dg/ext/pr81706.C -std=gnu++17 scan-assembler call[^\\n\\r]__?ZGVdN4v_sin
FAIL: g++.dg/ext/pr81706.C -std=gnu++98 scan-assembler call[^\\n\\r]__?ZGVdN4v_cos
FAIL: g++.dg/ext/pr81706.C -std=gnu++98 scan-assembler call[^\\n\\r]__?ZGVdN4v_sin
UNRESOLVED: g++.dg/ipa/devirt-53.C scan-tree-dump fre "f::d"
FAIL: g++.dg/gcov/pr16855-priority.C -std=gnu++14 gcov: 1 failures in line counts, 0 in branch percentages, 0 in return percentages, 0 in intermediate format
FAIL: g++.dg/gcov/pr16855-priority.C -std=gnu++14 line 22: is #####:should be 1
FAIL: g++.dg/gcov/pr16855-priority.C -std=gnu++17 gcov: 1 failures in line counts, 0 in branch percentages, 0 in return percentages, 0 in intermediate format
FAIL: g++.dg/gcov/pr16855-priority.C -std=gnu++17 line 22: is #####:should be 1
FAIL: g++.dg/gcov/pr16855-priority.C -std=gnu++98 gcov: 1 failures in line counts, 0 in branch percentages, 0 in return percentages, 0 in intermediate format
FAIL: g++.dg/gcov/pr16855-priority.C -std=gnu++98 line 22: is #####:should be 1
FAIL: g++.dg/gcov/pr16855.C -std=gnu++14 gcov: 1 failures in line counts, 0 in branch percentages, 0 in return percentages, 0 in intermediate format
FAIL: g++.dg/gcov/pr16855.C -std=gnu++14 line 21: is #####:should be 1
FAIL: g++.dg/gcov/pr16855.C -std=gnu++17 gcov: 1 failures in line counts, 0 in branch percentages, 0 in return percentages, 0 in intermediate format
FAIL: g++.dg/gcov/pr16855.C -std=gnu++17 line 21: is #####:should be 1
FAIL: g++.dg/gcov/pr16855.C -std=gnu++98 gcov: 1 failures in line counts, 0 in branch percentages, 0 in return percentages, 0 in intermediate format
FAIL: g++.dg/gcov/pr16855.C -std=gnu++98 line 21: is #####:should be 1
UNRESOLVED: g++-dg-lto-devirt-13-01.exe scan-tree-dump-times ssa "OBJ_TYPE_REF" 0
UNRESOLVED: g++-dg-lto-devirt-13-11.exe scan-tree-dump-times ssa "OBJ_TYPE_REF" 0
UNRESOLVED: g++-dg-lto-devirt-13-21.exe scan-tree-dump-times ssa "OBJ_TYPE_REF" 0
UNRESOLVED: g++-dg-lto-devirt-14-01.exe scan-tree-dump-not ssa "A.*foo"
UNRESOLVED: g++-dg-lto-devirt-14-11.exe scan-tree-dump-not ssa "A.*foo"
UNRESOLVED: g++-dg-lto-devirt-23-01.exe scan-wpa-ipa-dump cp "Discovered a virtual call to"
FAIL: g++.dg/pch/system-1.C -O2 -I. -Dwith_PCH (test for excess errors)
FAIL: g++.dg/pch/system-1.C -O2 -g -I. -Dwith_PCH (test for excess errors)
FAIL: g++.dg/pch/system-1.C -g -I. -Dwith_PCH (test for excess errors)
FAIL: g++.dg/pch/system-1.C -O2 -g assembly comparison
FAIL: g++.dg/pch/system-1.C -O2 assembly comparison
FAIL: g++.dg/pch/system-1.C -g assembly comparison
FAIL: g++.dg/pch/system-2.C -O2 -I. -Dwith_PCH (test for excess errors)
FAIL: g++.dg/pch/system-2.C -O2 -g -I. -Dwith_PCH (test for excess errors)
FAIL: g++.dg/pch/system-2.C -g -I. -Dwith_PCH (test for excess errors)
FAIL: g++.dg/pch/system-2.C -O2 -g assembly comparison
FAIL: g++.dg/pch/system-2.C -O2 assembly comparison
FAIL: g++.dg/pch/system-2.C -g assembly comparison
FAIL: g++.dg/vect/slp-pr56812.cc -std=c++14 (test for errors, line 17)
FAIL: g++.dg/vect/slp-pr56812.cc -std=c++17 (test for errors, line 17)
FAIL: g++.dg/vect/slp-pr56812.cc -std=c++98 (test for errors, line 17)
FAIL: g++.old-deja/g++.other/init18.C -std=c++14 execution test
FAIL: g++.old-deja/g++.other/init18.C -std=c++17 execution test
FAIL: g++.old-deja/g++.other/init18.C -std=c++98 execution test
FAIL: g++.old-deja/g++.other/init19.C -std=c++14 execution test
FAIL: g++.old-deja/g++.other/init19.C -std=c++17 execution test
FAIL: g++.old-deja/g++.other/init19.C -std=c++98 execution test
=== g++ Summary ===
# of expected passes 121090
# of unexpected failures 51
# of expected failures 544
# of unresolved testcases 7
# of unsupported tests 5349
/scratch/tmp/gerald/OBJ-1229-0020/gcc/xg++ version 9.0.0 20181229 (experimental) (GCC)
=== gcc tests ===
Running target unix
FAIL: gcc.c-torture/execute/20030125-1.c -Os execution test
FAIL: gcc.c-torture/execute/conversion.c -O0 execution test
FAIL: gcc.c-torture/execute/fprintf-2.c -O0 (test for excess errors)
FAIL: gcc.c-torture/execute/fprintf-2.c -O1 (test for excess errors)
FAIL: gcc.c-torture/execute/fprintf-2.c -O2 (test for excess errors)
FAIL: gcc.c-torture/execute/fprintf-2.c -O2 -flto -fno-use-linker-plugin -flto-partition=none (test for excess errors)
FAIL: gcc.c-torture/execute/fprintf-2.c -O2 -flto -fuse-linker-plugin -fno-fat-lto-objects (test for excess errors)
FAIL: gcc.c-torture/execute/fprintf-2.c -O3 -g (test for excess errors)
FAIL: gcc.c-torture/execute/fprintf-2.c -Os (test for excess errors)
FAIL: gcc.c-torture/execute/pr36691.c -O2 -flto -fno-use-linker-plugin -flto-partition=none (test for excess errors)
UNRESOLVED: gcc.c-torture/execute/pr36691.c -O2 -flto -fno-use-linker-plugin -flto-partition=none compilation failed to produce executable
FAIL: gcc.c-torture/execute/pr36691.c -O2 -flto -fuse-linker-plugin -fno-fat-lto-objects (test for excess errors)
UNRESOLVED: gcc.c-torture/execute/pr36691.c -O2 -flto -fuse-linker-plugin -fno-fat-lto-objects compilation failed to produce executable
FAIL: gcc.c-torture/execute/pr36691.c -O3 -g (test for excess errors)
UNRESOLVED: gcc.c-torture/execute/pr36691.c -O3 -g compilation failed to produce executable
FAIL: gcc.c-torture/execute/pr36691.c -Os (test for excess errors)
UNRESOLVED: gcc.c-torture/execute/pr36691.c -Os compilation failed to produce executable
FAIL: gcc.c-torture/execute/pr36765.c -O0 (test for excess errors)
UNRESOLVED: gcc.c-torture/execute/pr36765.c -O0 compilation failed to produce executable
FAIL: gcc.c-torture/execute/pr36765.c -O1 (test for excess errors)
UNRESOLVED: gcc.c-torture/execute/pr36765.c -O1 compilation failed to produce executable
FAIL: gcc.c-torture/execute/pr36765.c -O2 (test for excess errors)
UNRESOLVED: gcc.c-torture/execute/pr36765.c -O2 compilation failed to produce executable
FAIL: gcc.c-torture/execute/pr36765.c -O2 -flto -fno-use-linker-plugin -flto-partition=none (test for excess errors)
UNRESOLVED: gcc.c-torture/execute/pr36765.c -O2 -flto -fno-use-linker-plugin -flto-partition=none compilation failed to produce executable
FAIL: gcc.c-torture/execute/pr36765.c -O2 -flto -fuse-linker-plugin -fno-fat-lto-objects (test for excess errors)
UNRESOLVED: gcc.c-torture/execute/pr36765.c -O2 -flto -fuse-linker-plugin -fno-fat-lto-objects compilation failed to produce executable
FAIL: gcc.c-torture/execute/pr36765.c -O3 -g (test for excess errors)
UNRESOLVED: gcc.c-torture/execute/pr36765.c -O3 -g compilation failed to produce executable
FAIL: gcc.c-torture/execute/pr36765.c -Os (test for excess errors)
UNRESOLVED: gcc.c-torture/execute/pr36765.c -Os compilation failed to produce executable
FAIL: gcc.c-torture/execute/pr37102.c -O0 (test for excess errors)
UNRESOLVED: gcc.c-torture/execute/pr37102.c -O0 compilation failed to produce executable
FAIL: gcc.c-torture/execute/pr37102.c -O1 (test for excess errors)
UNRESOLVED: gcc.c-torture/execute/pr37102.c -O1 compilation failed to produce executable
FAIL: gcc.c-torture/execute/pr37102.c -O2 (test for excess errors)
UNRESOLVED: gcc.c-torture/execute/pr37102.c -O2 compilation failed to produce executable
FAIL: gcc.c-torture/execute/pr37102.c -O2 -flto -fno-use-linker-plugin -flto-partition=none (test for excess errors)
UNRESOLVED: gcc.c-torture/execute/pr37102.c -O2 -flto -fno-use-linker-plugin -flto-partition=none compilation failed to produce executable
FAIL: gcc.c-torture/execute/pr37102.c -O2 -flto -fuse-linker-plugin -fno-fat-lto-objects (test for excess errors)
UNRESOLVED: gcc.c-torture/execute/pr37102.c -O2 -flto -fuse-linker-plugin -fno-fat-lto-objects compilation failed to produce executable
FAIL: gcc.c-torture/execute/pr37102.c -O3 -fomit-frame-pointer -funroll-loops -fpeel-loops -ftracer -finline-functions (test for excess errors)
UNRESOLVED: gcc.c-torture/execute/pr37102.c -O3 -fomit-frame-pointer -funroll-loops -fpeel-loops -ftracer -finline-functions compilation failed to produce executable
FAIL: gcc.c-torture/execute/pr37102.c -O3 -g (test for excess errors)
UNRESOLVED: gcc.c-torture/execute/pr37102.c -O3 -g compilation failed to produce executable
FAIL: gcc.c-torture/execute/pr37102.c -Os (test for excess errors)
UNRESOLVED: gcc.c-torture/execute/pr37102.c -Os compilation failed to produce executable
FAIL: gcc.c-torture/execute/pr38048-1.c -O2 -flto -fno-use-linker-plugin -flto-partition=none (test for excess errors)
UNRESOLVED: gcc.c-torture/execute/pr38048-1.c -O2 -flto -fno-use-linker-plugin -flto-partition=none compilation failed to produce executable
FAIL: gcc.c-torture/execute/pr38048-1.c -O2 -flto -fuse-linker-plugin -fno-fat-lto-objects (test for excess errors)
UNRESOLVED: gcc.c-torture/execute/pr38048-1.c -O2 -flto -fuse-linker-plugin -fno-fat-lto-objects compilation failed to produce executable
FAIL: gcc.c-torture/execute/pr38048-1.c -O3 -g (test for excess errors)
UNRESOLVED: gcc.c-torture/execute/pr38048-1.c -O3 -g compilation failed to produce executable
FAIL: gcc.c-torture/execute/pr38048-1.c -Os (test for excess errors)
UNRESOLVED: gcc.c-torture/execute/pr38048-1.c -Os compilation failed to produce executable
FAIL: gcc.c-torture/execute/pr38048-2.c -O0 (test for excess errors)
UNRESOLVED: gcc.c-torture/execute/pr38048-2.c -O0 compilation failed to produce executable
FAIL: gcc.c-torture/execute/pr38048-2.c -O1 (test for excess errors)
UNRESOLVED: gcc.c-torture/execute/pr38048-2.c -O1 compilation failed to produce executable
FAIL: gcc.c-torture/execute/pr38048-2.c -O2 (test for excess errors)
UNRESOLVED: gcc.c-torture/execute/pr38048-2.c -O2 compilation failed to produce executable
FAIL: gcc.c-torture/execute/pr38048-2.c -O2 -flto -fno-use-linker-plugin -flto-partition=none (test for excess errors)
UNRESOLVED: gcc.c-torture/execute/pr38048-2.c -O2 -flto -fno-use-linker-plugin -flto-partition=none compilation failed to produce executable
FAIL: gcc.c-torture/execute/pr38048-2.c -O2 -flto -fuse-linker-plugin -fno-fat-lto-objects (test for excess errors)
UNRESOLVED: gcc.c-torture/execute/pr38048-2.c -O2 -flto -fuse-linker-plugin -fno-fat-lto-objects compilation failed to produce executable
FAIL: gcc.c-torture/execute/pr38048-2.c -O3 -fomit-frame-pointer -funroll-loops -fpeel-loops -ftracer -finline-functions (test for excess errors)
UNRESOLVED: gcc.c-torture/execute/pr38048-2.c -O3 -fomit-frame-pointer -funroll-loops -fpeel-loops -ftracer -finline-functions compilation failed to produce executable
FAIL: gcc.c-torture/execute/pr38048-2.c -O3 -g (test for excess errors)
UNRESOLVED: gcc.c-torture/execute/pr38048-2.c -O3 -g compilation failed to produce executable
FAIL: gcc.c-torture/execute/pr38048-2.c -Os (test for excess errors)
UNRESOLVED: gcc.c-torture/execute/pr38048-2.c -Os compilation failed to produce executable
FAIL: gcc.c-torture/execute/pr38051.c -O0 (test for excess errors)
UNRESOLVED: gcc.c-torture/execute/pr38051.c -O0 compilation failed to produce executable
FAIL: gcc.c-torture/execute/pr38051.c -O1 (test for excess errors)
UNRESOLVED: gcc.c-torture/execute/pr38051.c -O1 compilation failed to produce executable
FAIL: gcc.c-torture/execute/pr38051.c -O2 (test for excess errors)
UNRESOLVED: gcc.c-torture/execute/pr38051.c -O2 compilation failed to produce executable
FAIL: gcc.c-torture/execute/pr38051.c -O2 -flto -fno-use-linker-plugin -flto-partition=none (test for excess errors)
UNRESOLVED: gcc.c-torture/execute/pr38051.c -O2 -flto -fno-use-linker-plugin -flto-partition=none compilation failed to produce executable
FAIL: gcc.c-torture/execute/pr38051.c -O2 -flto -fuse-linker-plugin -fno-fat-lto-objects (test for excess errors)
UNRESOLVED: gcc.c-torture/execute/pr38051.c -O2 -flto -fuse-linker-plugin -fno-fat-lto-objects compilation failed to produce executable
FAIL: gcc.c-torture/execute/pr38051.c -O3 -fomit-frame-pointer -funroll-loops -fpeel-loops -ftracer -finline-functions (test for excess errors)
UNRESOLVED: gcc.c-torture/execute/pr38051.c -O3 -fomit-frame-pointer -funroll-loops -fpeel-loops -ftracer -finline-functions compilation failed to produce executable
FAIL: gcc.c-torture/execute/pr38051.c -O3 -g (test for excess errors)
UNRESOLVED: gcc.c-torture/execute/pr38051.c -O3 -g compilation failed to produce executable
FAIL: gcc.c-torture/execute/pr38051.c -Os (test for excess errors)
UNRESOLVED: gcc.c-torture/execute/pr38051.c -Os compilation failed to produce executable
FAIL: gcc.c-torture/execute/pr38151.c -O0 (test for excess errors)
UNRESOLVED: gcc.c-torture/execute/pr38151.c -O0 compilation failed to produce executable
FAIL: gcc.c-torture/execute/pr38151.c -O1 (test for excess errors)
UNRESOLVED: gcc.c-torture/execute/pr38151.c -O1 compilation failed to produce executable
FAIL: gcc.c-torture/execute/pr38151.c -O2 (test for excess errors)
UNRESOLVED: gcc.c-torture/execute/pr38151.c -O2 compilation failed to produce executable
FAIL: gcc.c-torture/execute/pr38151.c -O2 -flto -fno-use-linker-plugin -flto-partition=none (test for excess errors)
UNRESOLVED: gcc.c-torture/execute/pr38151.c -O2 -flto -fno-use-linker-plugin -flto-partition=none compilation failed to produce executable
FAIL: gcc.c-torture/execute/pr38151.c -O2 -flto -fuse-linker-plugin -fno-fat-lto-objects (test for excess errors)
UNRESOLVED: gcc.c-torture/execute/pr38151.c -O2 -flto -fuse-linker-plugin -fno-fat-lto-objects compilation failed to produce executable
FAIL: gcc.c-torture/execute/pr38151.c -O3 -g (test for excess errors)
UNRESOLVED: gcc.c-torture/execute/pr38151.c -O3 -g compilation failed to produce executable
FAIL: gcc.c-torture/execute/pr38151.c -Os (test for excess errors)
UNRESOLVED: gcc.c-torture/execute/pr38151.c -Os compilation failed to produce executable
FAIL: gcc.c-torture/execute/pr38533.c -O2 -flto -fno-use-linker-plugin -flto-partition=none (test for excess errors)
UNRESOLVED: gcc.c-torture/execute/pr38533.c -O2 -flto -fno-use-linker-plugin -flto-partition=none compilation failed to produce executable
FAIL: gcc.c-torture/execute/pr38533.c -O2 -flto -fuse-linker-plugin -fno-fat-lto-objects (test for excess errors)
UNRESOLVED: gcc.c-torture/execute/pr38533.c -O2 -flto -fuse-linker-plugin -fno-fat-lto-objects compilation failed to produce executable
FAIL: gcc.c-torture/execute/pr38533.c -Os (test for excess errors)
UNRESOLVED: gcc.c-torture/execute/pr38533.c -Os compilation failed to produce executable
FAIL: gcc.c-torture/execute/pr38819.c -O0 (test for excess errors)
UNRESOLVED: gcc.c-torture/execute/pr38819.c -O0 compilation failed to produce executable
FAIL: gcc.c-torture/execute/pr38819.c -O1 (test for excess errors)
UNRESOLVED: gcc.c-torture/execute/pr38819.c -O1 compilation failed to produce executable
FAIL: gcc.c-torture/execute/pr38819.c -O2 (test for excess errors)
UNRESOLVED: gcc.c-torture/execute/pr38819.c -O2 compilation failed to produce executable
FAIL: gcc.c-torture/execute/pr38819.c -O2 -flto -fno-use-linker-plugin -flto-partition=none (test for excess errors)
UNRESOLVED: gcc.c-torture/execute/pr38819.c -O2 -flto -fno-use-linker-plugin -flto-partition=none compilation failed to produce executable
FAIL: gcc.c-torture/execute/pr38819.c -O2 -flto -fuse-linker-plugin -fno-fat-lto-objects (test for excess errors)
UNRESOLVED: gcc.c-torture/execute/pr38819.c -O2 -flto -fuse-linker-plugin -fno-fat-lto-objects compilation failed to produce executable
FAIL: gcc.c-torture/execute/pr38819.c -O3 -fomit-frame-pointer -funroll-loops -fpeel-loops -ftracer -finline-functions (test for excess errors)
UNRESOLVED: gcc.c-torture/execute/pr38819.c -O3 -fomit-frame-pointer -funroll-loops -fpeel-loops -ftracer -finline-functions compilation failed to produce executable
FAIL: gcc.c-torture/execute/pr38819.c -O3 -g (test for excess errors)
UNRESOLVED: gcc.c-torture/execute/pr38819.c -O3 -g compilation failed to produce executable
FAIL: gcc.c-torture/execute/pr38819.c -Os (test for excess errors)
UNRESOLVED: gcc.c-torture/execute/pr38819.c -Os compilation failed to produce executable
FAIL: gcc.c-torture/execute/pr38969.c -O0 (test for excess errors)
UNRESOLVED: gcc.c-torture/execute/pr38969.c -O0 compilation failed to produce executable
FAIL: gcc.c-torture/execute/pr38969.c -O1 (test for excess errors)
UNRESOLVED: gcc.c-torture/execute/pr38969.c -O1 compilation failed to produce executable
FAIL: gcc.c-torture/execute/pr38969.c -O2 (test for excess errors)
UNRESOLVED: gcc.c-torture/execute/pr38969.c -O2 compilation failed to produce executable
FAIL: gcc.c-torture/execute/pr38969.c -O2 -flto -fno-use-linker-plugin -flto-partition=none (test for excess errors)
UNRESOLVED: gcc.c-torture/execute/pr38969.c -O2 -flto -fno-use-linker-plugin -flto-partition=none compilation failed to produce executable
FAIL: gcc.c-torture/execute/pr38969.c -O2 -flto -fuse-linker-plugin -fno-fat-lto-objects (test for excess errors)
UNRESOLVED: gcc.c-torture/execute/pr38969.c -O2 -flto -fuse-linker-plugin -fno-fat-lto-objects compilation failed to produce executable
FAIL: gcc.c-torture/execute/pr38969.c -O3 -g (test for excess errors)
UNRESOLVED: gcc.c-torture/execute/pr38969.c -O3 -g compilation failed to produce executable
FAIL: gcc.c-torture/execute/pr38969.c -Os (test for excess errors)
UNRESOLVED: gcc.c-torture/execute/pr38969.c -Os compilation failed to produce executable
FAIL: gcc.c-torture/execute/pr39100.c -O0 (test for excess errors)
UNRESOLVED: gcc.c-torture/execute/pr39100.c -O0 compilation failed to produce executable
FAIL: gcc.c-torture/execute/pr39100.c -O1 (test for excess errors)
UNRESOLVED: gcc.c-torture/execute/pr39100.c -O1 compilation failed to produce executable
FAIL: gcc.c-torture/execute/pr39100.c -O2 (test for excess errors)
UNRESOLVED: gcc.c-torture/execute/pr39100.c -O2 compilation failed to produce executable
FAIL: gcc.c-torture/execute/pr39100.c -O2 -flto -fno-use-linker-plugin -flto-partition=none (test for excess errors)
UNRESOLVED: gcc.c-torture/execute/pr39100.c -O2 -flto -fno-use-linker-plugin -flto-partition=none compilation failed to produce executable
FAIL: gcc.c-torture/execute/pr39100.c -O2 -flto -fuse-linker-plugin -fno-fat-lto-objects (test for excess errors)
UNRESOLVED: gcc.c-torture/execute/pr39100.c -O2 -flto -fuse-linker-plugin -fno-fat-lto-objects compilation failed to produce executable
FAIL: gcc.c-torture/execute/pr39100.c -O3 -fomit-frame-pointer -funroll-loops -fpeel-loops -ftracer -finline-functions (test for excess errors)
UNRESOLVED: gcc.c-torture/execute/pr39100.c -O3 -fomit-frame-pointer -funroll-loops -fpeel-loops -ftracer -finline-functions compilation failed to produce executable
FAIL: gcc.c-torture/execute/pr39100.c -O3 -g (test for excess errors)
UNRESOLVED: gcc.c-torture/execute/pr39100.c -O3 -g compilation failed to produce executable
FAIL: gcc.c-torture/execute/pr39100.c -Os (test for excess errors)
UNRESOLVED: gcc.c-torture/execute/pr39100.c -Os compilation failed to produce executable
FAIL: gcc.c-torture/execute/pr39120.c -O0 (test for excess errors)
UNRESOLVED: gcc.c-torture/execute/pr39120.c -O0 compilation failed to produce executable
FAIL: gcc.c-torture/execute/pr39120.c -O1 (test for excess errors)
UNRESOLVED: gcc.c-torture/execute/pr39120.c -O1 compilation failed to produce executable
FAIL: gcc.c-torture/execute/pr39120.c -O2 (test for excess errors)
UNRESOLVED: gcc.c-torture/execute/pr39120.c -O2 compilation failed to produce executable
FAIL: gcc.c-torture/execute/pr39120.c -O2 -flto -fno-use-linker-plugin -flto-partition=none (test for excess errors)
UNRESOLVED: gcc.c-torture/execute/pr39120.c -O2 -flto -fno-use-linker-plugin -flto-partition=none compilation failed to produce executable
FAIL: gcc.c-torture/execute/pr39120.c -O2 -flto -fuse-linker-plugin -fno-fat-lto-objects (test for excess errors)
UNRESOLVED: gcc.c-torture/execute/pr39120.c -O2 -flto -fuse-linker-plugin -fno-fat-lto-objects compilation failed to produce executable
FAIL: gcc.c-torture/execute/pr39120.c -O3 -g (test for excess errors)
UNRESOLVED: gcc.c-torture/execute/pr39120.c -O3 -g compilation failed to produce executable
FAIL: gcc.c-torture/execute/pr39120.c -Os (test for excess errors)
UNRESOLVED: gcc.c-torture/execute/pr39120.c -Os compilation failed to produce executable
FAIL: gcc.c-torture/execute/pr39228.c -O0 (test for excess errors)
UNRESOLVED: gcc.c-torture/execute/pr39228.c -O0 compilation failed to produce executable
FAIL: gcc.c-torture/execute/pr39228.c -O1 (test for excess errors)
UNRESOLVED: gcc.c-torture/execute/pr39228.c -O1 compilation failed to produce executable
FAIL: gcc.c-torture/execute/pr39228.c -O2 (test for excess errors)
UNRESOLVED: gcc.c-torture/execute/pr39228.c -O2 compilation failed to produce executable
FAIL: gcc.c-torture/execute/pr39228.c -O2 -flto -fno-use-linker-plugin -flto-partition=none (test for excess errors)
UNRESOLVED: gcc.c-torture/execute/pr39228.c -O2 -flto -fno-use-linker-plugin -flto-partition=none compilation failed to produce executable
FAIL: gcc.c-torture/execute/pr39228.c -O2 -flto -fuse-linker-plugin -fno-fat-lto-objects (test for excess errors)
UNRESOLVED: gcc.c-torture/execute/pr39228.c -O2 -flto -fuse-linker-plugin -fno-fat-lto-objects compilation failed to produce executable
FAIL: gcc.c-torture/execute/pr39228.c -O3 -g (test for excess errors)
UNRESOLVED: gcc.c-torture/execute/pr39228.c -O3 -g compilation failed to produce executable
FAIL: gcc.c-torture/execute/pr39228.c -Os (test for excess errors)
UNRESOLVED: gcc.c-torture/execute/pr39228.c -Os compilation failed to produce executable
FAIL: gcc.c-torture/execute/pr39233.c -O0 (test for excess errors)
UNRESOLVED: gcc.c-torture/execute/pr39233.c -O0 compilation failed to produce executable
FAIL: gcc.c-torture/execute/pr39233.c -O1 (test for excess errors)
UNRESOLVED: gcc.c-torture/execute/pr39233.c -O1 compilation failed to produce executable
FAIL: gcc.c-torture/execute/pr39233.c -O2 (test for excess errors)
UNRESOLVED: gcc.c-torture/execute/pr39233.c -O2 compilation failed to produce executable
FAIL: gcc.c-torture/execute/pr39233.c -O2 -flto -fno-use-linker-plugin -flto-partition=none (test for excess errors)
UNRESOLVED: gcc.c-torture/execute/pr39233.c -O2 -flto -fno-use-linker-plugin -flto-partition=none compilation failed to produce executable
FAIL: gcc.c-torture/execute/pr39233.c -O2 -flto -fuse-linker-plugin -fno-fat-lto-objects (test for excess errors)
UNRESOLVED: gcc.c-torture/execute/pr39233.c -O2 -flto -fuse-linker-plugin -fno-fat-lto-objects compilation failed to produce executable
FAIL: gcc.c-torture/execute/pr39233.c -O3 -fomit-frame-pointer -funroll-loops -fpeel-loops -ftracer -finline-functions (test for excess errors)
UNRESOLVED: gcc.c-torture/execute/pr39233.c -O3 -fomit-frame-pointer -funroll-loops -fpeel-loops -ftracer -finline-functions compilation failed to produce executable
FAIL: gcc.c-torture/execute/pr39233.c -O3 -g (test for excess errors)
UNRESOLVED: gcc.c-torture/execute/pr39233.c -O3 -g compilation failed to produce executable
FAIL: gcc.c-torture/execute/pr39233.c -Os (test for excess errors)
UNRESOLVED: gcc.c-torture/execute/pr39233.c -Os compilation failed to produce executable
WARNING: Could not compile gcc.dg/compat/struct-layout-1 generator
WARNING: Could not compile gcc.dg/compat/struct-layout-1 generator
WARNING: Could not compile gcc.dg/compat/struct-layout-1 generator
WARNING: Could not compile gcc.dg/compat/struct-layout-1 generator
WARNING: Could not compile gcc.dg/compat/struct-layout-1 generator
WARNING: Could not compile gcc.dg/compat/struct-layout-1 generator
WARNING: Could not compile gcc.dg/compat/struct-layout-1 generator
WARNING: Could not compile gcc.dg/compat/struct-layout-1 generator
WARNING: Could not compile gcc.dg/compat/struct-layout-1 generator
WARNING: Could not compile gcc.dg/compat/struct-layout-1 generator
ERROR: couldn't open "/scratch/tmp/gerald/OBJ-1229-0020/gcc/testsuite/gcc/../../params.options": no such file or directory
ERROR: couldn't open "/scratch/tmp/gerald/OBJ-1229-0020/gcc/testsuite/gcc1/../../params.options": no such file or directory
ERROR: couldn't open "/scratch/tmp/gerald/OBJ-1229-0020/gcc/testsuite/gcc2/../../params.options": no such file or directory
ERROR: tcl error sourcing /scratch/tmp/gerald/GCC-HEAD/gcc/testsuite/gcc.dg/params/params.exp.
ERROR: tcl error sourcing /scratch/tmp/gerald/GCC-HEAD/gcc/testsuite/gcc.dg/params/params.exp.
ERROR: tcl error sourcing /scratch/tmp/gerald/GCC-HEAD/gcc/testsuite/gcc.dg/params/params.exp.
=== gcc Summary ===
# of expected passes 28785
# of unexpected failures 103
# of unresolved testcases 94
# of unsupported tests 88
WARNING: /scratch/tmp/gerald/OBJ-1229-0020/gcc/xgcc does not exist
=== objc tests ===
Running target unix
=== objc Summary ===
# of expected passes 2797
# of expected failures 6
# of unsupported tests 68
/scratch/tmp/gerald/OBJ-1229-0020/gcc/xgcc version 9.0.0 20181229 (experimental) (GCC)
=== libatomic tests ===
Running target unix
=== libatomic Summary ===
# of expected passes 44
# of unsupported tests 5
=== libgomp tests ===
Running target unix
FAIL: libgomp.c/../libgomp.c-c++-common/simd-14.c execution test
FAIL: libgomp.c/../libgomp.c-c++-common/simd-15.c execution test
FAIL: libgomp.c/../libgomp.c-c++-common/simd-16.c execution test
FAIL: libgomp.c/../libgomp.c-c++-common/simd-17.c execution test
FAIL: libgomp.c/../libgomp.c-c++-common/taskloop-2.c execution test
FAIL: libgomp.c/pr58392.c execution test
FAIL: libgomp.c/simd-12.c execution test
FAIL: libgomp.c/simd-13.c execution test
FAIL: libgomp.c/simd-6.c execution test
FAIL: libgomp.c++/../libgomp.c-c++-common/simd-14.c execution test
FAIL: libgomp.c++/../libgomp.c-c++-common/simd-15.c execution test
FAIL: libgomp.c++/../libgomp.c-c++-common/simd-16.c execution test
FAIL: libgomp.c++/../libgomp.c-c++-common/simd-17.c execution test
FAIL: libgomp.c++/../libgomp.c-c++-common/taskloop-2.c execution test
FAIL: libgomp.c++/simd-8.C execution test
FAIL: libgomp.fortran/simd5.f90 -O1 execution test
FAIL: libgomp.fortran/simd5.f90 -O2 execution test
FAIL: libgomp.fortran/simd5.f90 -O3 -fomit-frame-pointer -funroll-loops -fpeel-loops -ftracer -finline-functions execution test
FAIL: libgomp.fortran/simd5.f90 -O3 -g execution test
FAIL: libgomp.fortran/simd5.f90 -Os execution test
FAIL: libgomp.fortran/simd6.f90 -O1 execution test
FAIL: libgomp.fortran/simd6.f90 -O2 execution test
FAIL: libgomp.fortran/simd6.f90 -O3 -fomit-frame-pointer -funroll-loops -fpeel-loops -ftracer -finline-functions execution test
FAIL: libgomp.fortran/simd6.f90 -O3 -g execution test
FAIL: libgomp.fortran/simd6.f90 -Os execution test
FAIL: libgomp.fortran/taskloop2.f90 -O0 execution test
FAIL: libgomp.fortran/taskloop2.f90 -O1 execution test
FAIL: libgomp.fortran/taskloop2.f90 -O2 execution test
FAIL: libgomp.fortran/taskloop2.f90 -O3 -fomit-frame-pointer -funroll-loops -fpeel-loops -ftracer -finline-functions execution test
FAIL: libgomp.fortran/taskloop2.f90 -O3 -g execution test
FAIL: libgomp.fortran/taskloop2.f90 -Os execution test
FAIL: libgomp.oacc-c/../libgomp.oacc-c-c++-common/loop-default-runtime.c -DACC_DEVICE_TYPE_host=1 -DACC_MEM_SHARED=1 -O2 (test for excess errors)
UNRESOLVED: libgomp.oacc-c/../libgomp.oacc-c-c++-common/loop-default-runtime.c -DACC_DEVICE_TYPE_host=1 -DACC_MEM_SHARED=1 -O2 compilation failed to produce executable
FAIL: libgomp.oacc-c/../libgomp.oacc-c-c++-common/loop-dim-default.c -DACC_DEVICE_TYPE_host=1 -DACC_MEM_SHARED=1 -O2 (test for excess errors)
UNRESOLVED: libgomp.oacc-c/../libgomp.oacc-c-c++-common/loop-dim-default.c -DACC_DEVICE_TYPE_host=1 -DACC_MEM_SHARED=1 -O2 compilation failed to produce executable
FAIL: libgomp.oacc-c++/../libgomp.oacc-c-c++-common/loop-default-runtime.c -DACC_DEVICE_TYPE_host=1 -DACC_MEM_SHARED=1 -O2 (test for excess errors)
UNRESOLVED: libgomp.oacc-c++/../libgomp.oacc-c-c++-common/loop-default-runtime.c -DACC_DEVICE_TYPE_host=1 -DACC_MEM_SHARED=1 -O2 compilation failed to produce executable
FAIL: libgomp.oacc-c++/../libgomp.oacc-c-c++-common/loop-dim-default.c -DACC_DEVICE_TYPE_host=1 -DACC_MEM_SHARED=1 -O2 (test for excess errors)
UNRESOLVED: libgomp.oacc-c++/../libgomp.oacc-c-c++-common/loop-dim-default.c -DACC_DEVICE_TYPE_host=1 -DACC_MEM_SHARED=1 -O2 compilation failed to produce executable
=== libgomp Summary ===
# of expected passes 6398
# of unexpected failures 35
# of expected failures 1
# of unresolved testcases 4
# of unsupported tests 323
=== libitm tests ===
Running target unix
=== libitm Summary ===
# of expected passes 42
# of expected failures 3
# of unsupported tests 1
=== libstdc++ tests ===
Running target unix
FAIL: 17_intro/headers/c++1998/all.cc (test for excess errors)
FAIL: 17_intro/headers/c++1998/all_c++200x_compatibility.cc (test for excess errors)
FAIL: 17_intro/headers/c++1998/stdc++.cc (test for excess errors)
FAIL: 17_intro/headers/c++1998/stdc++_multiple_inclusion.cc (test for excess errors)
FAIL: 17_intro/headers/c++2011/stdc++.cc (test for excess errors)
FAIL: 17_intro/headers/c++2011/stdc++_multiple_inclusion.cc (test for excess errors)
FAIL: 17_intro/headers/c++2014/stdc++.cc (test for excess errors)
FAIL: 17_intro/headers/c++2014/stdc++_multiple_inclusion.cc (test for excess errors)
FAIL: 17_intro/headers/c++2017/stdc++.cc (test for excess errors)
FAIL: 17_intro/headers/c++2017/stdc++_multiple_inclusion.cc (test for excess errors)
FAIL: 17_intro/headers/c++2020/stdc++.cc (test for excess errors)
FAIL: 17_intro/headers/c++2020/stdc++_multiple_inclusion.cc (test for excess errors)
FAIL: 22_locale/codecvt/max_length/wchar_t/4.cc execution test
FAIL: 22_locale/ctype/is/char/wrapped_env.cc execution test
FAIL: 22_locale/ctype/is/char/wrapped_locale.cc execution test
FAIL: 22_locale/ctype/is/wchar_t/wrapped_env.cc execution test
FAIL: 22_locale/ctype/is/wchar_t/wrapped_locale.cc execution test
FAIL: 22_locale/locale/cons/12658_thread-1.cc execution test
FAIL: 22_locale/locale/cons/12658_thread-2.cc execution test
FAIL: 22_locale/locale/cons/29217.cc execution test
FAIL: 22_locale/locale/cons/38368.cc execution test
FAIL: 22_locale/locale/cons/40184.cc execution test
FAIL: 22_locale/locale/global_locale_objects/14071.cc execution test
FAIL: 22_locale/messages/13631.cc execution test
FAIL: 22_locale/messages/members/char/1.cc execution test
FAIL: 22_locale/messages/members/char/2.cc execution test
FAIL: 22_locale/messages/members/char/wrapped_env.cc execution test
FAIL: 22_locale/messages/members/char/wrapped_locale.cc execution test
FAIL: 22_locale/messages_byname/named_equivalence.cc execution test
FAIL: 22_locale/money_get/get/char/16.cc execution test
FAIL: 22_locale/money_get/get/char/18.cc execution test
FAIL: 22_locale/money_get/get/char/2.cc execution test
FAIL: 22_locale/money_get/get/char/4.cc execution test
FAIL: 22_locale/money_get/get/char/wrapped_env.cc execution test
FAIL: 22_locale/money_get/get/char/wrapped_locale.cc execution test
FAIL: 22_locale/money_get/get/wchar_t/1.cc execution test
FAIL: 22_locale/money_get/get/wchar_t/16.cc execution test
FAIL: 22_locale/money_get/get/wchar_t/18.cc execution test
FAIL: 22_locale/money_get/get/wchar_t/2.cc execution test
FAIL: 22_locale/money_get/get/wchar_t/4.cc execution test
FAIL: 22_locale/money_get/get/wchar_t/wrapped_env.cc execution test
FAIL: 22_locale/money_get/get/wchar_t/wrapped_locale.cc execution test
FAIL: 22_locale/money_put/put/char/2.cc execution test
FAIL: 22_locale/money_put/put/char/9780-3.cc execution test
FAIL: 22_locale/money_put/put/char/wrapped_env.cc execution test
FAIL: 22_locale/money_put/put/char/wrapped_locale.cc execution test
FAIL: 22_locale/money_put/put/wchar_t/1.cc execution test
FAIL: 22_locale/money_put/put/wchar_t/2.cc execution test
FAIL: 22_locale/money_put/put/wchar_t/3.cc execution test
FAIL: 22_locale/money_put/put/wchar_t/wrapped_env.cc execution test
FAIL: 22_locale/money_put/put/wchar_t/wrapped_locale.cc execution test
FAIL: 22_locale/numpunct/members/char/3.cc execution test
FAIL: 22_locale/time_get/get_date/char/12750.cc execution test
FAIL: 22_locale/time_get/get_date/char/2.cc execution test
FAIL: 22_locale/time_get/get_date/char/wrapped_env.cc execution test
FAIL: 22_locale/time_get/get_date/char/wrapped_locale.cc execution test
FAIL: 22_locale/time_get/get_date/wchar_t/12750.cc execution test
FAIL: 22_locale/time_get/get_date/wchar_t/2.cc execution test
FAIL: 22_locale/time_get/get_date/wchar_t/4.cc execution test
FAIL: 22_locale/time_get/get_date/wchar_t/wrapped_env.cc execution test
FAIL: 22_locale/time_get/get_date/wchar_t/wrapped_locale.cc execution test
FAIL: 22_locale/time_get/get_time/char/2.cc execution test
FAIL: 22_locale/time_get/get_time/char/wrapped_env.cc execution test
FAIL: 22_locale/time_get/get_time/char/wrapped_locale.cc execution test
FAIL: 22_locale/time_get/get_time/wchar_t/2.cc execution test
FAIL: 22_locale/time_get/get_time/wchar_t/wrapped_env.cc execution test
FAIL: 22_locale/time_get/get_time/wchar_t/wrapped_locale.cc execution test
FAIL: 22_locale/time_get/get_weekday/char/38081-1.cc execution test
FAIL: 22_locale/time_get/get_weekday/char/38081-2.cc execution test
FAIL: 22_locale/time_put/put/char/2.cc execution test
FAIL: 22_locale/time_put/put/char/3.cc execution test
FAIL: 22_locale/time_put/put/char/4.cc execution test
FAIL: 22_locale/time_put/put/char/wrapped_env.cc execution test
FAIL: 22_locale/time_put/put/char/wrapped_locale.cc execution test
FAIL: 22_locale/time_put/put/wchar_t/2.cc execution test
FAIL: 22_locale/time_put/put/wchar_t/3.cc execution test
FAIL: 22_locale/time_put/put/wchar_t/4.cc execution test
FAIL: 22_locale/time_put/put/wchar_t/wrapped_env.cc execution test
FAIL: 22_locale/time_put/put/wchar_t/wrapped_locale.cc execution test
FAIL: 23_containers/multimap/debug/invalidation/2.cc execution test
FAIL: 23_containers/multimap/modifiers/dr130.cc execution test
FAIL: 23_containers/multimap/modifiers/emplace/1.cc (test for excess errors)
UNRESOLVED: 23_containers/multimap/modifiers/emplace/1.cc compilation failed to produce executable
FAIL: 23_containers/multimap/modifiers/erase/47628.cc (test for excess errors)
FAIL: 23_containers/multimap/modifiers/erase/51142.cc (test for excess errors)
FAIL: 23_containers/multimap/modifiers/erase/abi_tag.cc (test for excess errors)
UNRESOLVED: 23_containers/multimap/modifiers/erase/abi_tag.cc scan-assembler _ZNSt8multimapIiiSt4lessIiESaISt4pairIKiiEEE5eraseB5cxx11ESt17_Rb_tree_iteratorIS4_E
FAIL: 23_containers/multimap/modifiers/insert/22102.cc execution test
FAIL: 23_containers/multimap/modifiers/insert/3.cc (test for excess errors)
UNRESOLVED: 23_containers/multimap/modifiers/insert/3.cc compilation failed to produce executable
FAIL: 23_containers/multimap/modifiers/insert/4.cc (test for excess errors)
UNRESOLVED: 23_containers/multimap/modifiers/insert/4.cc compilation failed to produce executable
FAIL: 23_containers/multimap/modifiers/insert/78595.cc (test for excess errors)
UNRESOLVED: 23_containers/multimap/modifiers/insert/78595.cc compilation failed to produce executable
FAIL: 23_containers/multimap/modifiers/insert/87194.cc (test for excess errors)
UNRESOLVED: 23_containers/multimap/modifiers/insert/87194.cc compilation failed to produce executable
FAIL: 23_containers/multimap/modifiers/insert/dr2354.cc (test for excess errors)
ERROR: couldn't open "config.ii": no such file or directory
ERROR: tcl error sourcing /scratch/tmp/gerald/GCC-HEAD/libstdc++-v3/testsuite/libstdc++-dg/conformance.exp.
ERROR: could not compile testsuite_abi.cc
ERROR: could not compile testsuite_abi.cc
ERROR: could not compile testsuite_abi.cc
ERROR: couldn't open "config.ii": no such file or directory
ERROR: tcl error sourcing /scratch/tmp/gerald/GCC-HEAD/libstdc++-v3/testsuite/libstdc++-prettyprinters/prettyprinters.exp.
ERROR: tcl error sourcing /scratch/tmp/gerald/GCC-HEAD/libstdc++-v3/testsuite/libstdc++-prettyprinters/prettyprinters.exp.
ERROR: tcl error sourcing /scratch/tmp/gerald/GCC-HEAD/libstdc++-v3/testsuite/libstdc++-prettyprinters/prettyprinters.exp.
ERROR: tcl error sourcing /scratch/tmp/gerald/GCC-HEAD/libstdc++-v3/testsuite/libstdc++-prettyprinters/prettyprinters.exp.
=== libstdc++ Summary ===
# of expected passes 4431
# of unexpected failures 91
# of expected failures 30
# of unresolved testcases 6
# of unsupported tests 98
Compiler version: 9.0.0 20181229 (experimental) (GCC)
Platform: i586-unknown-freebsd11.2
configure flags: --prefix=/home/gerald/gcc-ref11-i386 --with-gmp=/home/gerald/11-i386 --with-as=/home/gerald/11-i386/bin/as --with-ld=/home/gerald/11-i386/bin/ld
More information about the Gcc-testresults
mailing list