Results for 9.0.0 20181225 (experimental) [master revision 267418] (GCC) testsuite on aarch64-unknown-linux-gnu
LINARO TCWG
tcwg-buildslave@linaro.org
Tue Dec 25 23:35:00 GMT 2018
LAST_UPDATED: Tue Dec 25 20:21:44 UTC 2018 (revision 267418)
Native configuration is aarch64-unknown-linux-gnu
=== libatomic tests ===
Running target tcwg-local
=== libatomic Summary ===
# of expected passes 54
=== libgomp tests ===
Running target tcwg-local
FAIL: libgomp.fortran/aligned1.f03 -O0 (test for excess errors)
UNRESOLVED: libgomp.fortran/aligned1.f03 -O0 compilation failed to produce executable
FAIL: libgomp.fortran/aligned1.f03 -O1 (test for excess errors)
UNRESOLVED: libgomp.fortran/aligned1.f03 -O1 compilation failed to produce executable
FAIL: libgomp.fortran/aligned1.f03 -O2 (test for excess errors)
UNRESOLVED: libgomp.fortran/aligned1.f03 -O2 compilation failed to produce executable
FAIL: libgomp.fortran/aligned1.f03 -O3 -fomit-frame-pointer -funroll-loops -fpeel-loops -ftracer -finline-functions (test for excess errors)
UNRESOLVED: libgomp.fortran/aligned1.f03 -O3 -fomit-frame-pointer -funroll-loops -fpeel-loops -ftracer -finline-functions compilation failed to produce executable
FAIL: libgomp.fortran/aligned1.f03 -O3 -g (test for excess errors)
UNRESOLVED: libgomp.fortran/aligned1.f03 -O3 -g compilation failed to produce executable
FAIL: libgomp.fortran/aligned1.f03 -Os (test for excess errors)
UNRESOLVED: libgomp.fortran/aligned1.f03 -Os compilation failed to produce executable
=== libgomp Summary ===
# of expected passes 6233
# of unexpected failures 6
# of unresolved testcases 6
# of unsupported tests 396
=== libitm tests ===
Running target tcwg-local
=== libitm Summary ===
# of expected passes 42
# of expected failures 3
# of unsupported tests 1
=== libstdc++ tests ===
Running target tcwg-local
FAIL: 27_io/filesystem/path/compare/strings.cc execution test
FAIL: libstdc++-prettyprinters/80276.cc whatis p4
FAIL: libstdc++-prettyprinters/80276.cc whatis p4
FAIL: libstdc++-prettyprinters/cxx17.cc print p
FAIL: libstdc++-prettyprinters/cxx17.cc print p
FAIL: libstdc++-prettyprinters/cxx17.cc print q
FAIL: libstdc++-prettyprinters/cxx17.cc print q
FAIL: libstdc++-prettyprinters/cxx17.cc print wp
FAIL: libstdc++-prettyprinters/cxx17.cc print wp
FAIL: libstdc++-prettyprinters/cxx17.cc print wq
FAIL: libstdc++-prettyprinters/cxx17.cc print wq
FAIL: libstdc++-prettyprinters/shared_ptr.cc print sp1
FAIL: libstdc++-prettyprinters/shared_ptr.cc print sp1
FAIL: libstdc++-prettyprinters/shared_ptr.cc print wp1
FAIL: libstdc++-prettyprinters/shared_ptr.cc print wp1
FAIL: libstdc++-prettyprinters/shared_ptr.cc print wp2
FAIL: libstdc++-prettyprinters/shared_ptr.cc print wp2
=== libstdc++ Summary ===
# of expected passes 12514
# of unexpected failures 17
# of expected failures 77
# of unsupported tests 639
=== g++ tests ===
Running target tcwg-local
FAIL: c-c++-common/pr51628-10.c -std=gnu++14 execution test
FAIL: c-c++-common/pr51628-10.c -std=gnu++17 execution test
FAIL: c-c++-common/pr51628-10.c -std=gnu++98 execution test
UNRESOLVED: g++-dg-lto-devirt-13-01.exe scan-tree-dump-times ssa "OBJ_TYPE_REF" 0
UNRESOLVED: g++-dg-lto-devirt-13-11.exe scan-tree-dump-times ssa "OBJ_TYPE_REF" 0
UNRESOLVED: g++-dg-lto-devirt-13-21.exe scan-tree-dump-times ssa "OBJ_TYPE_REF" 0
UNRESOLVED: g++-dg-lto-devirt-14-01.exe scan-tree-dump-not ssa "A.*foo"
UNRESOLVED: g++-dg-lto-devirt-14-11.exe scan-tree-dump-not ssa "A.*foo"
UNRESOLVED: g++-dg-lto-devirt-23-01.exe scan-wpa-ipa-dump cp "Discovered a virtual call to"
UNRESOLVED: g++.dg/tree-prof/devirt.C scan-ipa-dump-times dom3 "3" folding virtual function call to virtual unsigned int mozPersonalDictionary::AddRef
UNRESOLVED: g++.dg/tree-prof/devirt.C scan-ipa-dump-times dom3 "3" folding virtual function call to virtual unsigned int mozPersonalDictionary::_ZThn16
=== g++ Summary ===
# of expected passes 128360
# of unexpected failures 3
# of expected failures 547
# of unresolved testcases 8
# of unsupported tests 6005
/home/tcwg-buildslave/workspace/tcwg-buildfarm_1/_build/builds/aarch64-unknown-linux-gnu/aarch64-unknown-linux-gnu/gcc.git~master_rev_e87b1dcbf1fc98c166b1549650d880a73a5fe83d-stage2/gcc/xg++ version 9.0.0 20181225 (experimental) [master revision 267418] (GCC)
=== gcc tests ===
Running target tcwg-local
FAIL: gcc.dg/debug/dwarf2/inline5.c scan-assembler-times DW_TAG_lexical_block\\\\)[^#/!]*[#/!] DW_AT_abstract_origin 2
FAIL: gcc.dg/debug/dwarf2/inline5.c scan-assembler-times DW_TAG_lexical_block\\\\)[^#/!]*[#/!] \\\\(DIE \\\\(0x[0-9a-f]*\\\\) DW_TAG_variable 1
FAIL: c-c++-common/pr51628-10.c -Wc++-compat execution test
FAIL: gcc.dg/torture/pr84682-2.c -O0 (internal compiler error)
FAIL: gcc.dg/torture/pr84682-2.c -O0 (test for excess errors)
FAIL: gcc.dg/torture/pr84682-2.c -O1 (internal compiler error)
FAIL: gcc.dg/torture/pr84682-2.c -O1 (test for excess errors)
FAIL: gcc.dg/torture/pr84682-2.c -O2 (internal compiler error)
FAIL: gcc.dg/torture/pr84682-2.c -O2 (test for excess errors)
FAIL: gcc.dg/torture/pr84682-2.c -O2 -flto -fno-use-linker-plugin -flto-partition=none (internal compiler error)
FAIL: gcc.dg/torture/pr84682-2.c -O2 -flto -fno-use-linker-plugin -flto-partition=none (test for excess errors)
FAIL: gcc.dg/torture/pr84682-2.c -O3 -fomit-frame-pointer -funroll-loops -fpeel-loops -ftracer -finline-functions (internal compiler error)
FAIL: gcc.dg/torture/pr84682-2.c -O3 -fomit-frame-pointer -funroll-loops -fpeel-loops -ftracer -finline-functions (test for excess errors)
FAIL: gcc.dg/torture/pr84682-2.c -O3 -g (internal compiler error)
FAIL: gcc.dg/torture/pr84682-2.c -O3 -g (test for excess errors)
FAIL: gcc.dg/torture/pr84682-2.c -Os (internal compiler error)
FAIL: gcc.dg/torture/pr84682-2.c -Os (test for excess errors)
FAIL: gcc.dg/vect/vect-nop-move.c -flto -ffat-lto-objects scan-rtl-dump combine "deleting noop move"
FAIL: gcc.dg/vect/vect-nop-move.c scan-rtl-dump combine "deleting noop move"
FAIL: gcc.target/aarch64/combine_bfi_1.c scan-assembler-times \\\\tbfi\\\\t 5
FAIL: gcc.target/aarch64/combine_bfxil.c scan-assembler-times bfxil\\\\t 13
FAIL: gcc.target/aarch64/insv_1.c scan-assembler bfi\\tx[0-9]+, x[0-9]+, 0, 8
FAIL: gcc.target/aarch64/insv_1.c scan-assembler bfi\\tx[0-9]+, x[0-9]+, 16, 5
FAIL: gcc.target/aarch64/insv_1.c scan-assembler movk\\tx[0-9]+, 0x1d6b, lsl 32
FAIL: gcc.target/aarch64/lsl_asr_sbfiz.c scan-assembler sbfiz\\tw
FAIL: gcc.target/aarch64/tst_5.c scan-assembler tst\\t(x|w)[0-9]+,[ \\t]*255
FAIL: gcc.target/aarch64/tst_5.c scan-assembler tst\\t(x|w)[0-9]+,[ \\t]*65535
FAIL: gcc.target/aarch64/tst_6.c scan-assembler tst\\t(x|w)[0-9]+,[ \\t]*65535
FAIL: gcc.target/aarch64/sve/tls_preserve_1.c -march=armv8.2-a+sve scan-assembler-not \\\\tst[rp]\\\\t[dqv]
=== gcc Summary ===
# of expected passes 129870
# of unexpected failures 29
# of expected failures 568
# of unsupported tests 3436
/home/tcwg-buildslave/workspace/tcwg-buildfarm_1/_build/builds/aarch64-unknown-linux-gnu/aarch64-unknown-linux-gnu/gcc.git~master_rev_e87b1dcbf1fc98c166b1549650d880a73a5fe83d-stage2/gcc/xgcc version 9.0.0 20181225 (experimental) [master revision 267418] (GCC)
=== gfortran tests ===
Running target tcwg-local
=== gfortran Summary ===
# of expected passes 47920
# of expected failures 127
# of unsupported tests 86
/home/tcwg-buildslave/workspace/tcwg-buildfarm_1/_build/builds/aarch64-unknown-linux-gnu/aarch64-unknown-linux-gnu/gcc.git~master_rev_e87b1dcbf1fc98c166b1549650d880a73a5fe83d-stage2/gcc/gfortran version 9.0.0 20181225 (experimental) [master revision 267418] (GCC)
=== obj-c++ tests ===
Running target tcwg-local
=== obj-c++ Summary ===
# of expected passes 1458
# of expected failures 10
# of unsupported tests 77
/home/tcwg-buildslave/workspace/tcwg-buildfarm_1/_build/builds/aarch64-unknown-linux-gnu/aarch64-unknown-linux-gnu/gcc.git~master_rev_e87b1dcbf1fc98c166b1549650d880a73a5fe83d-stage2/gcc/xg++ version 9.0.0 20181225 (experimental) [master revision 267418] (GCC)
=== objc tests ===
Running target tcwg-local
=== objc Summary ===
# of expected passes 2801
# of unsupported tests 69
/home/tcwg-buildslave/workspace/tcwg-buildfarm_1/_build/builds/aarch64-unknown-linux-gnu/aarch64-unknown-linux-gnu/gcc.git~master_rev_e87b1dcbf1fc98c166b1549650d880a73a5fe83d-stage2/gcc/xgcc version 9.0.0 20181225 (experimental) [master revision 267418] (GCC)
Compiler version: 9.0.0 20181225 (experimental) [master revision 267418] (GCC)
Platform: aarch64-unknown-linux-gnu
configure flags: SHELL=/bin/bash --with-mpc=/home/tcwg-buildslave/workspace/tcwg-buildfarm_1/_build/builds/destdir/aarch64-unknown-linux-gnu --with-mpfr=/home/tcwg-buildslave/workspace/tcwg-buildfarm_1/_build/builds/destdir/aarch64-unknown-linux-gnu --with-gmp=/home/tcwg-buildslave/workspace/tcwg-buildfarm_1/_build/builds/destdir/aarch64-unknown-linux-gnu --with-gnu-as --with-gnu-ld --disable-libmudflap --enable-lto --enable-shared --without-included-gettext --enable-nls --with-system-zlib --disable-sjlj-exceptions --enable-gnu-unique-object --enable-linker-build-id --disable-libstdcxx-pch --enable-c99 --enable-clocale=gnu --enable-libstdcxx-debug --enable-long-long --with-cloog=no --with-ppl=no --with-isl=no --disable-multilib --enable-fix-cortex-a53-835769 --enable-fix-cortex-a53-843419 --with-arch=armv8-a --enable-threads=posix --enable-multiarch --enable-libstdcxx-time=yes --enable-gnu-indirect-function --enable-checking=yes --enable-bootstrap --enable-languages=c,c++,fortran,lto
,objc,obj-c++ --build=aarch64-unknown-linux-gnu --host=aarch64-unknown-linux-gnu --target=aarch64-unknown-linux-gnu --prefix=/home/tcwg-buildslave/workspace/tcwg-buildfarm_1/_build/builds/destdir/aarch64-unknown-linux-gnu
More information about the Gcc-testresults
mailing list