Results for 9.0.0 20181207 (experimental) [trunk revision 266884] (GCC) testsuite on sparcv9-sun-solaris2.11
Rainer Orth
ro@CeBiTec.Uni-Bielefeld.DE
Sat Dec 8 08:16:00 GMT 2018
LAST_UPDATED: Fri Dec 7 10:06:17 UTC 2018 (revision 266884)
=== acats tests ===
=== acats Summary ===
# of expected passes 2320
# of unexpected failures 0
Native configuration is sparcv9-sun-solaris2.11
=== g++ tests ===
Running target unix
FAIL: c-c++-common/spec-barrier-1.c -std=gnu++14 (test for excess errors)
FAIL: c-c++-common/spec-barrier-1.c -std=gnu++17 (test for excess errors)
FAIL: c-c++-common/spec-barrier-1.c -std=gnu++98 (test for excess errors)
FAIL: g++.dg/pr83239.C -std=gnu++98 (test for excess errors)
FAIL: g++.dg/gcov/pr16855-priority.C -std=gnu++14 gcov: 1 failures in line counts, 0 in branch percentages, 0 in return percentages, 0 in intermediate format
FAIL: g++.dg/gcov/pr16855-priority.C -std=gnu++14 line 22: is #####:should be 1
FAIL: g++.dg/gcov/pr16855-priority.C -std=gnu++17 gcov: 1 failures in line counts, 0 in branch percentages, 0 in return percentages, 0 in intermediate format
FAIL: g++.dg/gcov/pr16855-priority.C -std=gnu++17 line 22: is #####:should be 1
FAIL: g++.dg/gcov/pr16855-priority.C -std=gnu++98 gcov: 1 failures in line counts, 0 in branch percentages, 0 in return percentages, 0 in intermediate format
FAIL: g++.dg/gcov/pr16855-priority.C -std=gnu++98 line 22: is #####:should be 1
FAIL: g++.dg/gcov/pr16855.C -std=gnu++14 gcov: 1 failures in line counts, 0 in branch percentages, 0 in return percentages, 0 in intermediate format
FAIL: g++.dg/gcov/pr16855.C -std=gnu++14 line 21: is #####:should be 1
FAIL: g++.dg/gcov/pr16855.C -std=gnu++17 gcov: 1 failures in line counts, 0 in branch percentages, 0 in return percentages, 0 in intermediate format
FAIL: g++.dg/gcov/pr16855.C -std=gnu++17 line 21: is #####:should be 1
FAIL: g++.dg/gcov/pr16855.C -std=gnu++98 gcov: 1 failures in line counts, 0 in branch percentages, 0 in return percentages, 0 in intermediate format
FAIL: g++.dg/gcov/pr16855.C -std=gnu++98 line 21: is #####:should be 1
UNRESOLVED: g++.dg/tree-prof/pr57451.C compilation, -fprofile-use -D_PROFILE_USE
FAIL: g++.dg/tree-prof/pr57451.C execution, -fprofile-generate -D_PROFILE_GENERATE
UNRESOLVED: g++.dg/tree-prof/pr57451.C execution, -fprofile-use -D_PROFILE_USE
=== g++ Summary for unix ===
# of expected passes 125044
# of unexpected failures 17
# of expected failures 551
# of unresolved testcases 2
# of unsupported tests 5938
Running target unix/-m32
FAIL: c-c++-common/asan/global-overflow-1.c -O0 output pattern test
FAIL: c-c++-common/asan/global-overflow-1.c -O1 output pattern test
FAIL: c-c++-common/asan/global-overflow-1.c -O2 output pattern test
FAIL: c-c++-common/asan/global-overflow-1.c -O2 -flto output pattern test
FAIL: c-c++-common/asan/global-overflow-1.c -O2 -flto -flto-partition=none output pattern test
FAIL: c-c++-common/asan/global-overflow-1.c -O3 -g output pattern test
FAIL: c-c++-common/asan/global-overflow-1.c -Os output pattern test
FAIL: c-c++-common/asan/pointer-compare-1.c -O0 execution test
FAIL: c-c++-common/asan/pointer-compare-1.c -O1 execution test
FAIL: c-c++-common/asan/pointer-compare-1.c -O2 execution test
FAIL: c-c++-common/asan/pointer-compare-1.c -O2 -flto execution test
FAIL: c-c++-common/asan/pointer-compare-1.c -O2 -flto -flto-partition=none execution test
FAIL: c-c++-common/asan/pointer-compare-1.c -O3 -g execution test
FAIL: c-c++-common/asan/pointer-compare-1.c -Os execution test
FAIL: c-c++-common/asan/pointer-compare-2.c -O0 execution test
FAIL: c-c++-common/asan/pointer-compare-2.c -O1 execution test
FAIL: c-c++-common/asan/pointer-compare-2.c -O2 execution test
FAIL: c-c++-common/asan/pointer-compare-2.c -O2 -flto execution test
FAIL: c-c++-common/asan/pointer-compare-2.c -O2 -flto -flto-partition=none execution test
FAIL: c-c++-common/asan/pointer-compare-2.c -O3 -g execution test
FAIL: c-c++-common/asan/pointer-compare-2.c -Os execution test
FAIL: c-c++-common/asan/pointer-subtract-1.c -O0 execution test
FAIL: c-c++-common/asan/pointer-subtract-1.c -O1 execution test
FAIL: c-c++-common/asan/pointer-subtract-1.c -O2 execution test
FAIL: c-c++-common/asan/pointer-subtract-1.c -O2 -flto execution test
FAIL: c-c++-common/asan/pointer-subtract-1.c -O2 -flto -flto-partition=none execution test
FAIL: c-c++-common/asan/pointer-subtract-1.c -O3 -g execution test
FAIL: c-c++-common/asan/pointer-subtract-1.c -Os execution test
FAIL: c-c++-common/asan/pointer-subtract-2.c -O0 execution test
FAIL: c-c++-common/asan/pointer-subtract-2.c -O1 execution test
FAIL: c-c++-common/asan/pointer-subtract-2.c -O2 execution test
FAIL: c-c++-common/asan/pointer-subtract-2.c -O2 -flto execution test
FAIL: c-c++-common/asan/pointer-subtract-2.c -O2 -flto -flto-partition=none execution test
FAIL: c-c++-common/asan/pointer-subtract-2.c -O3 -g execution test
FAIL: c-c++-common/asan/pointer-subtract-2.c -Os execution test
FAIL: c-c++-common/asan/pr62089.c -O0 output pattern test
FAIL: c-c++-common/asan/pr62089.c -O1 output pattern test
FAIL: c-c++-common/asan/pr62089.c -O2 output pattern test
FAIL: c-c++-common/asan/pr62089.c -O2 -flto output pattern test
FAIL: c-c++-common/asan/pr62089.c -O2 -flto -flto-partition=none output pattern test
FAIL: c-c++-common/asan/pr62089.c -O3 -g output pattern test
FAIL: c-c++-common/asan/pr62089.c -Os output pattern test
FAIL: c-c++-common/asan/strlen-overflow-1.c -O0 output pattern test
FAIL: c-c++-common/asan/strlen-overflow-1.c -O1 output pattern test
FAIL: c-c++-common/asan/strlen-overflow-1.c -O2 output pattern test
FAIL: c-c++-common/asan/strlen-overflow-1.c -O3 -g output pattern test
FAIL: c-c++-common/asan/strlen-overflow-1.c -Os output pattern test
FAIL: g++.dg/asan/deep-tail-call-1.C -O0 output pattern test
FAIL: g++.dg/asan/deep-tail-call-1.C -O1 output pattern test
FAIL: g++.dg/asan/deep-tail-call-1.C -O2 output pattern test
FAIL: g++.dg/asan/deep-tail-call-1.C -O2 -flto output pattern test
FAIL: g++.dg/asan/deep-tail-call-1.C -O2 -flto -flto-partition=none output pattern test
FAIL: g++.dg/asan/deep-tail-call-1.C -O3 -g output pattern test
FAIL: g++.dg/asan/deep-tail-call-1.C -Os output pattern test
FAIL: g++.dg/asan/default-options-1.C -O0 execution test
FAIL: g++.dg/asan/default-options-1.C -O1 execution test
FAIL: g++.dg/asan/default-options-1.C -O2 execution test
FAIL: g++.dg/asan/default-options-1.C -O2 -flto execution test
FAIL: g++.dg/asan/default-options-1.C -O2 -flto -flto-partition=none execution test
FAIL: g++.dg/asan/default-options-1.C -O3 -g execution test
FAIL: g++.dg/asan/default-options-1.C -Os execution test
FAIL: g++.dg/asan/function-argument-3.C -O0 output pattern test
FAIL: g++.dg/asan/function-argument-3.C -O1 execution test
FAIL: g++.dg/asan/function-argument-3.C -O2 execution test
FAIL: g++.dg/asan/function-argument-3.C -O2 -flto execution test
FAIL: g++.dg/asan/function-argument-3.C -O2 -flto -flto-partition=none execution test
FAIL: g++.dg/asan/function-argument-3.C -O3 -g execution test
FAIL: g++.dg/asan/function-argument-3.C -Os execution test
FAIL: c-c++-common/spec-barrier-1.c -std=gnu++14 (test for excess errors)
FAIL: c-c++-common/spec-barrier-1.c -std=gnu++17 (test for excess errors)
FAIL: c-c++-common/spec-barrier-1.c -std=gnu++98 (test for excess errors)
FAIL: g++.dg/pr83239.C -std=gnu++98 (test for excess errors)
FAIL: g++.dg/gcov/pr16855-priority.C -std=gnu++14 gcov: 1 failures in line counts, 0 in branch percentages, 0 in return percentages, 0 in intermediate format
FAIL: g++.dg/gcov/pr16855-priority.C -std=gnu++14 line 22: is #####:should be 1
FAIL: g++.dg/gcov/pr16855-priority.C -std=gnu++17 gcov: 1 failures in line counts, 0 in branch percentages, 0 in return percentages, 0 in intermediate format
FAIL: g++.dg/gcov/pr16855-priority.C -std=gnu++17 line 22: is #####:should be 1
FAIL: g++.dg/gcov/pr16855-priority.C -std=gnu++98 gcov: 1 failures in line counts, 0 in branch percentages, 0 in return percentages, 0 in intermediate format
FAIL: g++.dg/gcov/pr16855-priority.C -std=gnu++98 line 22: is #####:should be 1
FAIL: g++.dg/gcov/pr16855.C -std=gnu++14 gcov: 1 failures in line counts, 0 in branch percentages, 0 in return percentages, 0 in intermediate format
FAIL: g++.dg/gcov/pr16855.C -std=gnu++14 line 21: is #####:should be 1
FAIL: g++.dg/gcov/pr16855.C -std=gnu++17 gcov: 1 failures in line counts, 0 in branch percentages, 0 in return percentages, 0 in intermediate format
FAIL: g++.dg/gcov/pr16855.C -std=gnu++17 line 21: is #####:should be 1
FAIL: g++.dg/gcov/pr16855.C -std=gnu++98 gcov: 1 failures in line counts, 0 in branch percentages, 0 in return percentages, 0 in intermediate format
FAIL: g++.dg/gcov/pr16855.C -std=gnu++98 line 21: is #####:should be 1
UNRESOLVED: g++.dg/tree-prof/pr57451.C compilation, -fprofile-use -D_PROFILE_USE
FAIL: g++.dg/tree-prof/pr57451.C execution, -fprofile-generate -D_PROFILE_GENERATE
UNRESOLVED: g++.dg/tree-prof/pr57451.C execution, -fprofile-use -D_PROFILE_USE
=== g++ Summary for unix/-m32 ===
# of expected passes 124816
# of unexpected failures 85
# of expected failures 548
# of unresolved testcases 2
# of unsupported tests 6203
=== g++ Summary ===
# of expected passes 249860
# of unexpected failures 102
# of expected failures 1099
# of unresolved testcases 4
# of unsupported tests 12141
/var/gcc/regression/trunk/11.5-gcc-64/build/gcc/xg++ version 9.0.0 20181207 (experimental) [trunk revision 266884] (GCC)
=== gcc tests ===
Running target unix
FAIL: gcc.c-torture/execute/pr64242.c -O2 execution test
FAIL: gcc.c-torture/execute/pr64242.c -O2 -flto execution test
FAIL: gcc.c-torture/execute/pr64242.c -O2 -flto -flto-partition=none execution test
FAIL: gcc.c-torture/execute/pr64242.c -O3 -g execution test
FAIL: gcc.c-torture/execute/pr64242.c -Os execution test
FAIL: gcc.dg/debug/dwarf2/inline5.c scan-assembler-not \\\\(DIE \\\\(0x([0-9a-f]*)\\\\) DW_TAG_lexical_block\\\\)[^#/!]*[#/!] [^(].*DW_TAG_lexical_block\\\\)[^#/!x]*x\\\\1[^#/!]*[#/!] DW_AT_abstract_origin
FAIL: gcc.dg/debug/dwarf2/inline5.c scan-assembler-times DW_TAG_lexical_block\\\\)[^#/!]*[#/!] \\\\(DIE \\\\(0x[0-9a-f]*\\\\) DW_TAG_variable 1
FAIL: c-c++-common/spec-barrier-1.c -Wc++-compat (test for excess errors)
FAIL: gcc.dg/ipa/ipa-icf-38.c scan-ltrans-tree-dump-not optimized "Function bar"
XPASS: gcc.dg/vect/bb-slp-div-1.c -flto -ffat-lto-objects scan-tree-dump slp2 "basic block vectorized"
XPASS: gcc.dg/vect/bb-slp-div-1.c scan-tree-dump slp2 "basic block vectorized"
=== gcc Summary for unix ===
# of expected passes 111704
# of unexpected failures 9
# of unexpected successes 2
# of expected failures 562
# of unsupported tests 2822
Running target unix/-m32
FAIL: gcc.c-torture/execute/pr64242.c -O2 execution test
FAIL: gcc.c-torture/execute/pr64242.c -O2 -flto execution test
FAIL: gcc.c-torture/execute/pr64242.c -O2 -flto -flto-partition=none execution test
FAIL: gcc.c-torture/execute/pr64242.c -O3 -g execution test
FAIL: gcc.c-torture/execute/pr64242.c -Os execution test
FAIL: c-c++-common/asan/global-overflow-1.c -O0 output pattern test
FAIL: c-c++-common/asan/global-overflow-1.c -O1 output pattern test
FAIL: c-c++-common/asan/global-overflow-1.c -O2 output pattern test
FAIL: c-c++-common/asan/global-overflow-1.c -O2 -flto output pattern test
FAIL: c-c++-common/asan/global-overflow-1.c -O2 -flto -flto-partition=none output pattern test
FAIL: c-c++-common/asan/global-overflow-1.c -O3 -g output pattern test
FAIL: c-c++-common/asan/global-overflow-1.c -Os output pattern test
FAIL: c-c++-common/asan/pointer-compare-1.c -O0 execution test
FAIL: c-c++-common/asan/pointer-compare-1.c -O1 execution test
FAIL: c-c++-common/asan/pointer-compare-1.c -O2 execution test
FAIL: c-c++-common/asan/pointer-compare-1.c -O2 -flto execution test
FAIL: c-c++-common/asan/pointer-compare-1.c -O2 -flto -flto-partition=none execution test
FAIL: c-c++-common/asan/pointer-compare-1.c -O3 -g execution test
FAIL: c-c++-common/asan/pointer-compare-1.c -Os execution test
FAIL: c-c++-common/asan/pointer-compare-2.c -O0 execution test
FAIL: c-c++-common/asan/pointer-compare-2.c -O1 execution test
FAIL: c-c++-common/asan/pointer-compare-2.c -O2 execution test
FAIL: c-c++-common/asan/pointer-compare-2.c -O2 -flto execution test
FAIL: c-c++-common/asan/pointer-compare-2.c -O2 -flto -flto-partition=none execution test
FAIL: c-c++-common/asan/pointer-compare-2.c -O3 -g execution test
FAIL: c-c++-common/asan/pointer-compare-2.c -Os execution test
FAIL: c-c++-common/asan/pointer-subtract-1.c -O0 execution test
FAIL: c-c++-common/asan/pointer-subtract-1.c -O1 execution test
FAIL: c-c++-common/asan/pointer-subtract-1.c -O2 execution test
FAIL: c-c++-common/asan/pointer-subtract-1.c -O2 -flto execution test
FAIL: c-c++-common/asan/pointer-subtract-1.c -O2 -flto -flto-partition=none execution test
FAIL: c-c++-common/asan/pointer-subtract-1.c -O3 -g execution test
FAIL: c-c++-common/asan/pointer-subtract-1.c -Os execution test
FAIL: c-c++-common/asan/pointer-subtract-2.c -O0 execution test
FAIL: c-c++-common/asan/pointer-subtract-2.c -O1 execution test
FAIL: c-c++-common/asan/pointer-subtract-2.c -O2 execution test
FAIL: c-c++-common/asan/pointer-subtract-2.c -O2 -flto execution test
FAIL: c-c++-common/asan/pointer-subtract-2.c -O2 -flto -flto-partition=none execution test
FAIL: c-c++-common/asan/pointer-subtract-2.c -O3 -g execution test
FAIL: c-c++-common/asan/pointer-subtract-2.c -Os execution test
FAIL: c-c++-common/asan/strlen-overflow-1.c -O0 output pattern test
FAIL: c-c++-common/asan/strlen-overflow-1.c -O1 output pattern test
FAIL: c-c++-common/asan/strlen-overflow-1.c -O2 output pattern test
FAIL: c-c++-common/asan/strlen-overflow-1.c -O3 -g output pattern test
FAIL: c-c++-common/asan/strlen-overflow-1.c -Os output pattern test
FAIL: gcc.dg/asan/use-after-scope-5.c -O0 output pattern test
FAIL: gcc.dg/asan/use-after-scope-5.c -O1 output pattern test
FAIL: gcc.dg/asan/use-after-scope-5.c -O2 output pattern test
FAIL: gcc.dg/asan/use-after-scope-5.c -O2 -flto output pattern test
FAIL: gcc.dg/asan/use-after-scope-5.c -O2 -flto -flto-partition=none output pattern test
FAIL: gcc.dg/asan/use-after-scope-5.c -O3 -fomit-frame-pointer -funroll-loops -fpeel-loops -ftracer -finline-functions output pattern test
FAIL: gcc.dg/asan/use-after-scope-5.c -O3 -g output pattern test
FAIL: gcc.dg/asan/use-after-scope-5.c -Os output pattern test
FAIL: gcc.dg/debug/dwarf2/inline5.c scan-assembler-not \\\\(DIE \\\\(0x([0-9a-f]*)\\\\) DW_TAG_lexical_block\\\\)[^#/!]*[#/!] [^(].*DW_TAG_lexical_block\\\\)[^#/!x]*x\\\\1[^#/!]*[#/!] DW_AT_abstract_origin
FAIL: gcc.dg/debug/dwarf2/inline5.c scan-assembler-times DW_TAG_lexical_block\\\\)[^#/!]*[#/!] \\\\(DIE \\\\(0x[0-9a-f]*\\\\) DW_TAG_variable 1
FAIL: c-c++-common/spec-barrier-1.c -Wc++-compat (test for excess errors)
FAIL: gcc.dg/ipa/ipa-icf-38.c scan-ltrans-tree-dump-not optimized "Function bar"
FAIL: gcc.dg/simulate-thread/atomic-other-int.c -O2 -g thread simulation test
FAIL: gcc.dg/simulate-thread/atomic-other-int.c -O3 -g thread simulation test
FAIL: gcc.dg/simulate-thread/speculative-store-4.c -O0 -g thread simulation test
FAIL: gcc.dg/simulate-thread/speculative-store-4.c -O2 -g thread simulation test
FAIL: gcc.dg/simulate-thread/speculative-store-4.c -O3 -g thread simulation test
FAIL: gcc.dg/simulate-thread/speculative-store.c -O0 -g thread simulation test
XPASS: gcc.dg/vect/bb-slp-div-1.c -flto -ffat-lto-objects scan-tree-dump slp2 "basic block vectorized"
XPASS: gcc.dg/vect/bb-slp-div-1.c scan-tree-dump slp2 "basic block vectorized"
FAIL: gcc.target/sparc/overflow-2.c scan-assembler-not save\\t%
=== gcc Summary for unix/-m32 ===
# of expected passes 112205
# of unexpected failures 64
# of unexpected successes 2
# of expected failures 567
# of unsupported tests 3353
=== gcc Summary ===
# of expected passes 223909
# of unexpected failures 73
# of unexpected successes 4
# of expected failures 1129
# of unsupported tests 6175
/var/gcc/regression/trunk/11.5-gcc-64/build/gcc/xgcc version 9.0.0 20181207 (experimental) [trunk revision 266884] (GCC)
=== gdc tests ===
Running target unix
FAIL: gdc.test/compilable/line.d output-exists line.o
FAIL: gdc.test/compilable/line.d -O2 output-exists line.o
FAIL: gdc.test/compilable/line.d -O2 -frelease output-exists line.o
FAIL: gdc.test/compilable/line.d -frelease output-exists line.o
FAIL: gdc.test/compilable/line.d -g output-exists line.o
FAIL: gdc.test/compilable/line.d -g -O2 output-exists line.o
FAIL: gdc.test/compilable/line.d -g -O2 -frelease output-exists line.o
FAIL: gdc.test/compilable/line.d -g -frelease output-exists line.o
=== gdc Summary for unix ===
# of expected passes 22590
# of unexpected failures 8
# of unsupported tests 40
Running target unix/-m32
FAIL: gdc.test/compilable/line.d output-exists line.o
FAIL: gdc.test/compilable/line.d -O2 output-exists line.o
FAIL: gdc.test/compilable/line.d -O2 -frelease output-exists line.o
FAIL: gdc.test/compilable/line.d -frelease output-exists line.o
FAIL: gdc.test/compilable/line.d -g output-exists line.o
FAIL: gdc.test/compilable/line.d -g -O2 output-exists line.o
FAIL: gdc.test/compilable/line.d -g -O2 -frelease output-exists line.o
FAIL: gdc.test/compilable/line.d -g -frelease output-exists line.o
=== gdc Summary for unix/-m32 ===
# of expected passes 22590
# of unexpected failures 8
# of unsupported tests 40
=== gdc Summary ===
# of expected passes 45180
# of unexpected failures 16
# of unsupported tests 80
/var/gcc/regression/trunk/11.5-gcc-64/build/gcc/gdc version 9.0.0 20181207 (experimental) [trunk revision 266884] (GCC)
=== gfortran tests ===
Running target unix
FAIL: gfortran.dg/elemental_subroutine_3.f90 -O1 (test for excess errors)
FAIL: gfortran.dg/elemental_subroutine_3.f90 -O2 (test for excess errors)
FAIL: gfortran.dg/elemental_subroutine_3.f90 -O3 -fomit-frame-pointer -funroll-loops -fpeel-loops -ftracer -finline-functions (test for excess errors)
FAIL: gfortran.dg/elemental_subroutine_3.f90 -O3 -g (test for excess errors)
FAIL: gfortran.dg/elemental_subroutine_3.f90 -Os (test for excess errors)
FAIL: gfortran.dg/unlimited_polymorphic_30.f03 -O0 execution test
FAIL: gfortran.dg/unlimited_polymorphic_30.f03 -O1 execution test
FAIL: gfortran.dg/unlimited_polymorphic_30.f03 -O2 execution test
FAIL: gfortran.dg/unlimited_polymorphic_30.f03 -O3 -fomit-frame-pointer -funroll-loops -fpeel-loops -ftracer -finline-functions execution test
FAIL: gfortran.dg/unlimited_polymorphic_30.f03 -O3 -g execution test
FAIL: gfortran.dg/unlimited_polymorphic_30.f03 -Os execution test
=== gfortran Summary for unix ===
# of expected passes 48260
# of unexpected failures 11
# of expected failures 114
# of unsupported tests 146
Running target unix/-m32
FAIL: gfortran.dg/elemental_subroutine_3.f90 -O1 (test for excess errors)
FAIL: gfortran.dg/elemental_subroutine_3.f90 -O2 (test for excess errors)
FAIL: gfortran.dg/elemental_subroutine_3.f90 -O3 -fomit-frame-pointer -funroll-loops -fpeel-loops -ftracer -finline-functions (test for excess errors)
FAIL: gfortran.dg/elemental_subroutine_3.f90 -O3 -g (test for excess errors)
FAIL: gfortran.dg/elemental_subroutine_3.f90 -Os (test for excess errors)
FAIL: gfortran.dg/unlimited_polymorphic_30.f03 -O0 execution test
=== gfortran Summary for unix/-m32 ===
# of expected passes 48018
# of unexpected failures 6
# of expected failures 114
# of unsupported tests 267
=== gfortran Summary ===
# of expected passes 96278
# of unexpected failures 17
# of expected failures 228
# of unsupported tests 413
/var/gcc/regression/trunk/11.5-gcc-64/build/gcc/gfortran version 9.0.0 20181207 (experimental) [trunk revision 266884] (GCC)
=== gnat tests ===
Running target unix
XPASS: gnat.dg/lto19.adb (test for excess errors)
FAIL: gnat.dg/lto8.adb (test for excess errors)
FAIL: gnat.dg/lto8.adb 3 blank line(s) in output
UNRESOLVED: gnat.dg/lto8.adb compilation failed to produce executable
=== gnat Summary for unix ===
# of expected passes 2889
# of unexpected failures 2
# of unexpected successes 1
# of expected failures 23
# of unresolved testcases 1
# of unsupported tests 30
Running target unix/-m32
XPASS: gnat.dg/lto19.adb (test for excess errors)
FAIL: gnat.dg/lto8.adb (test for excess errors)
FAIL: gnat.dg/lto8.adb 3 blank line(s) in output
UNRESOLVED: gnat.dg/lto8.adb compilation failed to produce executable
=== gnat Summary for unix/-m32 ===
# of expected passes 2889
# of unexpected failures 2
# of unexpected successes 1
# of expected failures 23
# of unresolved testcases 1
# of unsupported tests 30
=== gnat Summary ===
# of expected passes 5778
# of unexpected failures 4
# of unexpected successes 2
# of expected failures 46
# of unresolved testcases 2
# of unsupported tests 60
/var/gcc/regression/trunk/11.5-gcc-64/build/gcc/gnatmake version 9.0.0 20181207 (experimental) [trunk revision 266884]
=== go tests ===
Running target unix
FAIL: ./index0-out.go execution, -O0 -g -fno-var-tracking-assignments
FAIL: go.test/test/cmplxdivide.go
WARNING: program timed out
=== go Summary for unix ===
# of expected passes 7272
# of unexpected failures 2
# of expected failures 1
# of untested testcases 11
# of unsupported tests 3
Running target unix/-m32
FAIL: ./index0-out.go execution, -O0 -g -fno-var-tracking-assignments
FAIL: go.test/test/fixedbugs/issue4562.go execution, -O2 -g
FAIL: go.test/test/nil.go execution, -O2 -g
=== go Summary for unix/-m32 ===
# of expected passes 7391
# of unexpected failures 3
# of expected failures 1
# of untested testcases 11
# of unsupported tests 3
=== go Summary ===
# of expected passes 14663
# of unexpected failures 5
# of expected failures 2
# of untested testcases 22
# of unsupported tests 6
=== obj-c++ tests ===
Running target unix/-m32
=== obj-c++ Summary for unix/-m32 ===
# of expected passes 1466
# of expected failures 2
# of unsupported tests 77
Running target unix
=== obj-c++ Summary for unix ===
# of expected passes 1458
# of expected failures 10
# of unsupported tests 77
=== obj-c++ Summary ===
# of expected passes 2924
# of expected failures 12
# of unsupported tests 154
/var/gcc/regression/trunk/11.5-gcc-64/build/gcc/xg++ version 9.0.0 20181207 (experimental) [trunk revision 266884] (GCC)
=== objc tests ===
Running target unix
=== objc Summary for unix ===
# of expected passes 2803
# of unsupported tests 68
Running target unix/-m32
=== objc Summary for unix/-m32 ===
# of expected passes 2803
# of unsupported tests 68
=== objc Summary ===
# of expected passes 5606
# of unsupported tests 136
/var/gcc/regression/trunk/11.5-gcc-64/build/gcc/xgcc version 9.0.0 20181207 (experimental) [trunk revision 266884] (GCC)
=== gotools tests ===
FAIL: go test cmd/go
FAIL: TestAbort
FAIL: TestArenaCollision
FAIL: TestCgoLockOSThreadExit
FAIL: TestG0StackOverflow
FAIL: TestGccgoCrashTracebackNodebug
FAIL: TestPanicInlined
FAIL: go test runtime
FAIL: go test misc/cgo/test
FAIL: TestCompileWithoutShared
FAIL: TestEarlySignalHandler
FAIL: TestInstall
FAIL: TestOsSignal
FAIL: TestPIE
FAIL: TestSIGPROF
FAIL: TestSigaltstack
FAIL: TestSignalForwarding
FAIL: TestSignalForwardingExternal
FAIL: go test misc/cgo/testcarchive
=== gotools Summary ===
# of expected passes 220
# of unexpected failures 19
# of untested testcases 109
/var/gcc/regression/trunk/11.5-gcc-64/build/./gcc/gccgo version 9.0.0 20181207 (experimental) [trunk revision 266884] (GCC)
=== libatomic tests ===
Running target unix/-m32
=== libatomic Summary for unix/-m32 ===
# of expected passes 44
# of unsupported tests 5
Running target unix
=== libatomic Summary for unix ===
# of expected passes 54
=== libatomic Summary ===
# of expected passes 98
# of unsupported tests 5
=== libffi tests ===
Running target unix/-m32
=== libffi Summary for unix/-m32 ===
# of expected passes 2214
Running target unix
=== libffi Summary for unix ===
# of expected passes 2214
=== libffi Summary ===
# of expected passes 4428
=== libgo tests ===
Running target unix
FAIL: cmd/go/internal/par
FAIL: go/build
FAIL: net/http
FAIL: os
FAIL: os/signal
FAIL: runtime
=== libgo Summary for unix ===
# of expected passes 178
# of unexpected failures 6
Running target unix/-m32
FAIL: cmd/go/internal/par
FAIL: go/build
FAIL: go/types
FAIL: golang_org/x/crypto/cryptobyte
FAIL: net
FAIL: net/http
FAIL: os/signal
FAIL: runtime
FAIL: runtime/pprof
=== libgo Summary for unix/-m32 ===
# of expected passes 175
# of unexpected failures 9
=== libgo Summary ===
# of expected passes 353
# of unexpected failures 15
/var/gcc/regression/trunk/11.5-gcc-64/build/./gcc/gccgo version 9.0.0 20181207 (experimental) [trunk revision 266884] (GCC)
=== libgomp tests ===
Running target unix/-m32
FAIL: libgomp.c/../libgomp.c-c++-common/cancel-taskgroup-3.c execution test
FAIL: libgomp.c++/../libgomp.c-c++-common/cancel-taskgroup-3.c execution test
=== libgomp Summary for unix/-m32 ===
# of expected passes 6250
# of unexpected failures 2
# of expected failures 1
# of unsupported tests 413
Running target unix
FAIL: libgomp.c/../libgomp.c-c++-common/cancel-taskgroup-3.c execution test
FAIL: libgomp.c++/../libgomp.c-c++-common/cancel-taskgroup-3.c execution test
=== libgomp Summary for unix ===
# of expected passes 6250
# of unexpected failures 2
# of expected failures 1
# of unsupported tests 413
=== libgomp Summary ===
# of expected passes 12500
# of unexpected failures 4
# of expected failures 2
# of unsupported tests 826
=== libitm tests ===
Running target unix/-m32
=== libitm Summary for unix/-m32 ===
# of expected passes 42
# of expected failures 3
# of unsupported tests 1
Running target unix
=== libitm Summary for unix ===
# of expected passes 42
# of expected failures 3
# of unsupported tests 1
=== libitm Summary ===
# of expected passes 84
# of expected failures 6
# of unsupported tests 2
=== libstdc++ tests ===
Running target unix
=== libstdc++ Summary for unix ===
# of expected passes 11790
# of expected failures 77
# of unsupported tests 658
Running target unix/-m32
=== libstdc++ Summary for unix/-m32 ===
# of expected passes 11790
# of expected failures 77
# of unsupported tests 658
=== libstdc++ Summary ===
# of expected passes 23580
# of expected failures 154
# of unsupported tests 1316
Compiler version: 9.0.0 20181207 (experimental) [trunk revision 266884] (GCC)
Platform: sparcv9-sun-solaris2.11
configure flags: --prefix=/vol/gcc --target=sparcv9-sun-solaris2.11 --enable-objc-gc --with-target-bdw-gc-include=/vol/gcc/include --with-target-bdw-gc-lib=/vol/gcc/lib/sparcv9,sparcv8plus=/vol/gcc/lib --with-as=/usr/ccs/bin/as --without-gnu-as --with-gmp-include=/vol/gcc/include --with-gmp-lib=/vol/gcc/lib/sparcv9 --with-mpfr-include=/vol/gcc/include --with-mpfr-lib=/vol/gcc/lib/sparcv9 --with-mpc-include=/vol/gcc/include --with-mpc-lib=/vol/gcc/lib/sparcv9 --enable-languages=all,ada,obj-c++,go --with-isl-include=/vol/gcc/include --with-isl-lib=/vol/gcc/lib/sparcv9 --build=sparcv9-sun-solaris2.11 --host=sparcv9-sun-solaris2.11
BOOT_CFLAGS=-g -O2
More information about the Gcc-testresults
mailing list