Results for 9.0.0 20180826 (experimental) [trunk revision 263863] (GCC) testsuite on x86_64-pc-linux-gnu
Andreas Tobler
andreast.dev@gmail.com
Mon Aug 27 04:31:00 GMT 2018
LAST_UPDATED: Sun Aug 26 18:51:52 UTC 2018 (revision 263863)
Native configuration is x86_64-pc-linux-gnu
=== gcc tests ===
Running target unix
FAIL: gcc.c-torture/execute/builtins/strnlen.c compilation, -O1 (internal compiler error)
FAIL: gcc.c-torture/execute/builtins/strnlen.c compilation, -Og -g (internal compiler error)
FAIL: gcc.c-torture/execute/builtins/strnlen.c compilation, -Os (internal compiler error)
UNRESOLVED: gcc.c-torture/execute/builtins/strnlen.c execution, -O1
UNRESOLVED: gcc.c-torture/execute/builtins/strnlen.c execution, -Og -g
UNRESOLVED: gcc.c-torture/execute/builtins/strnlen.c execution, -Os
FAIL: c-c++-common/asan/swapcontext-test-1.c -O0 execution test
FAIL: c-c++-common/asan/swapcontext-test-1.c -O1 execution test
FAIL: c-c++-common/asan/swapcontext-test-1.c -O2 execution test
FAIL: c-c++-common/asan/swapcontext-test-1.c -O2 -flto -fno-use-linker-plugin -flto-partition=none execution test
FAIL: c-c++-common/asan/swapcontext-test-1.c -O2 -flto -fuse-linker-plugin -fno-fat-lto-objects execution test
FAIL: c-c++-common/asan/swapcontext-test-1.c -O3 -fomit-frame-pointer -funroll-loops -fpeel-loops -ftracer -finline-functions execution test
FAIL: c-c++-common/asan/swapcontext-test-1.c -O3 -g execution test
FAIL: c-c++-common/asan/swapcontext-test-1.c -Os execution test
=== gcc Summary for unix ===
# of expected passes 133360
# of unexpected failures 11
# of expected failures 415
# of unresolved testcases 3
# of unsupported tests 2099
Running target unix/-m32
FAIL: gcc.c-torture/execute/builtins/strnlen.c compilation, -O1 (internal compiler error)
FAIL: gcc.c-torture/execute/builtins/strnlen.c compilation, -Og -g (internal compiler error)
FAIL: gcc.c-torture/execute/builtins/strnlen.c compilation, -Os (internal compiler error)
UNRESOLVED: gcc.c-torture/execute/builtins/strnlen.c execution, -O1
UNRESOLVED: gcc.c-torture/execute/builtins/strnlen.c execution, -Og -g
UNRESOLVED: gcc.c-torture/execute/builtins/strnlen.c execution, -Os
FAIL: c-c++-common/asan/swapcontext-test-1.c -O0 execution test
FAIL: c-c++-common/asan/swapcontext-test-1.c -O1 execution test
FAIL: c-c++-common/asan/swapcontext-test-1.c -O2 execution test
FAIL: c-c++-common/asan/swapcontext-test-1.c -O2 -flto -fno-use-linker-plugin -flto-partition=none execution test
FAIL: c-c++-common/asan/swapcontext-test-1.c -O2 -flto -fuse-linker-plugin -fno-fat-lto-objects execution test
FAIL: c-c++-common/asan/swapcontext-test-1.c -O3 -fomit-frame-pointer -funroll-loops -fpeel-loops -ftracer -finline-functions execution test
FAIL: c-c++-common/asan/swapcontext-test-1.c -O3 -g execution test
FAIL: c-c++-common/asan/swapcontext-test-1.c -Os execution test
FAIL: gcc.dg/Wvla-larger-than-3.c (test for warnings, line 66)
FAIL: gcc.dg/attr-alloc_size-3.c (test for warnings, line 403)
FAIL: gcc.dg/attr-alloc_size-3.c (test for warnings, line 404)
FAIL: gcc.dg/attr-alloc_size-3.c (test for warnings, line 406)
FAIL: gcc.dg/attr-alloc_size-3.c (test for warnings, line 407)
FAIL: gcc.dg/attr-alloc_size-3.c (test for warnings, line 408)
FAIL: gcc.dg/attr-alloc_size-3.c (test for warnings, line 409)
FAIL: gcc.dg/attr-alloc_size-3.c (test for warnings, line 410)
FAIL: gcc.dg/attr-alloc_size-3.c (test for warnings, line 413)
FAIL: gcc.dg/attr-alloc_size-3.c (test for warnings, line 414)
FAIL: gcc.dg/attr-alloc_size-3.c (test for warnings, line 416)
FAIL: gcc.dg/attr-alloc_size-3.c (test for warnings, line 438)
FAIL: gcc.dg/attr-alloc_size-3.c (test for warnings, line 449)
FAIL: gcc.dg/attr-alloc_size-3.c (test for warnings, line 453)
FAIL: gcc.dg/attr-alloc_size-3.c (test for warnings, line 454)
FAIL: gcc.dg/attr-alloc_size-3.c (test for warnings, line 455)
FAIL: gcc.dg/attr-alloc_size-3.c (test for excess errors)
FAIL: gcc.dg/attr-alloc_size-3.c argument 2 (test for warnings, line 410)
FAIL: gcc.dg/attr-alloc_size-3.c argument 2 (test for warnings, line 455)
FAIL: gcc.dg/pr42611.c (test for warnings, line 17)
FAIL: gcc.dg/tree-ssa/builtin-sprintf-10.c (test for excess errors)
XPASS: gcc.dg/vect/vect-24.c -flto -ffat-lto-objects scan-tree-dump-times vect "vectorized 3 loops" 1
XPASS: gcc.dg/vect/vect-24.c scan-tree-dump-times vect "vectorized 3 loops" 1
XPASS: gcc.target/i386/addr-sel-1.c scan-assembler b\\\\+1
=== gcc Summary for unix/-m32 ===
# of expected passes 131423
# of unexpected failures 32
# of unexpected successes 3
# of expected failures 417
# of unresolved testcases 3
# of unsupported tests 2292
=== gcc Summary ===
# of expected passes 264783
# of unexpected failures 43
# of unexpected successes 3
# of expected failures 832
# of unresolved testcases 6
# of unsupported tests 4391
/export/devel/build/gcc/head/objdir/gcc/xgcc version 9.0.0 20180826 (experimental) [trunk revision 263863] (GCC)
=== gfortran tests ===
Running target unix
=== gfortran Summary for unix ===
# of expected passes 47492
# of expected failures 94
# of unsupported tests 74
Running target unix/-m32
=== gfortran Summary for unix/-m32 ===
# of expected passes 47273
# of expected failures 94
# of unsupported tests 179
=== gfortran Summary ===
# of expected passes 94765
# of expected failures 188
# of unsupported tests 253
/export/devel/build/gcc/head/objdir/gcc/gfortran version 9.0.0 20180826 (experimental) [trunk revision 263863] (GCC)
=== g++ tests ===
Running target unix
FAIL: c-c++-common/asan/swapcontext-test-1.c -O0 execution test
FAIL: c-c++-common/asan/swapcontext-test-1.c -O1 execution test
FAIL: c-c++-common/asan/swapcontext-test-1.c -O2 execution test
FAIL: c-c++-common/asan/swapcontext-test-1.c -O2 -flto -fno-use-linker-plugin -flto-partition=none execution test
FAIL: c-c++-common/asan/swapcontext-test-1.c -O2 -flto -fuse-linker-plugin -fno-fat-lto-objects execution test
FAIL: c-c++-common/asan/swapcontext-test-1.c -O3 -fomit-frame-pointer -funroll-loops -fpeel-loops -ftracer -finline-functions execution test
FAIL: c-c++-common/asan/swapcontext-test-1.c -O3 -g execution test
FAIL: c-c++-common/asan/swapcontext-test-1.c -Os execution test
FAIL: g++.dg/pr80481.C -std=gnu++11 scan-assembler-not vmovaps
FAIL: g++.dg/pr80481.C -std=gnu++14 scan-assembler-not vmovaps
FAIL: g++.dg/pr80481.C -std=gnu++98 scan-assembler-not vmovaps
FAIL: g++.dg/pr83239.C -std=gnu++98 (test for excess errors)
=== g++ Summary for unix ===
# of expected passes 126782
# of unexpected failures 12
# of expected failures 526
# of unsupported tests 5013
Running target unix/-m32
FAIL: c-c++-common/asan/swapcontext-test-1.c -O0 execution test
FAIL: c-c++-common/asan/swapcontext-test-1.c -O1 execution test
FAIL: c-c++-common/asan/swapcontext-test-1.c -O2 execution test
FAIL: c-c++-common/asan/swapcontext-test-1.c -O2 -flto -fno-use-linker-plugin -flto-partition=none execution test
FAIL: c-c++-common/asan/swapcontext-test-1.c -O2 -flto -fuse-linker-plugin -fno-fat-lto-objects execution test
FAIL: c-c++-common/asan/swapcontext-test-1.c -O3 -fomit-frame-pointer -funroll-loops -fpeel-loops -ftracer -finline-functions execution test
FAIL: c-c++-common/asan/swapcontext-test-1.c -O3 -g execution test
FAIL: c-c++-common/asan/swapcontext-test-1.c -Os execution test
FAIL: g++.dg/Walloca1.C -std=gnu++11 (test for warnings, line 7)
FAIL: g++.dg/Walloca1.C -std=gnu++14 (test for warnings, line 7)
FAIL: g++.dg/Walloca1.C -std=gnu++98 (test for warnings, line 7)
FAIL: g++.dg/pr83239.C -std=gnu++98 (test for excess errors)
=== g++ Summary for unix/-m32 ===
# of expected passes 125009
# of unexpected failures 12
# of expected failures 523
# of unsupported tests 4844
=== g++ Summary ===
# of expected passes 251791
# of unexpected failures 24
# of expected failures 1049
# of unsupported tests 9857
/export/devel/build/gcc/head/objdir/gcc/xg++ version 9.0.0 20180826 (experimental) [trunk revision 263863] (GCC)
=== objc tests ===
Running target unix
=== objc Summary for unix ===
# of expected passes 2797
# of expected failures 6
# of unsupported tests 68
Running target unix/-m32
=== objc Summary for unix/-m32 ===
# of expected passes 2797
# of expected failures 6
# of unsupported tests 68
=== objc Summary ===
# of expected passes 5594
# of expected failures 12
# of unsupported tests 136
/export/devel/build/gcc/head/objdir/gcc/xgcc version 9.0.0 20180826 (experimental) [trunk revision 263863] (GCC)
=== libatomic tests ===
Running target unix/-m32
=== libatomic Summary for unix/-m32 ===
# of expected passes 44
# of unsupported tests 5
Running target unix
=== libatomic Summary for unix ===
# of expected passes 54
=== libatomic Summary ===
# of expected passes 98
# of unsupported tests 5
=== libgomp tests ===
Running target unix/-m32
UNRESOLVED: libgomp.oacc-c++/non-scalar-data.C -DACC_DEVICE_TYPE_host=1 -DACC_MEM_SHARED=1 -O2 compilation failed to produce executable
=== libgomp Summary for unix/-m32 ===
# of expected passes 6086
# of expected failures 2
# of unresolved testcases 1
# of unsupported tests 322
Running target unix
UNRESOLVED: libgomp.oacc-c++/non-scalar-data.C -DACC_DEVICE_TYPE_host=1 -DACC_MEM_SHARED=1 -O2 compilation failed to produce executable
=== libgomp Summary for unix ===
# of expected passes 6086
# of expected failures 2
# of unresolved testcases 1
# of unsupported tests 322
=== libgomp Summary ===
# of expected passes 12172
# of expected failures 4
# of unresolved testcases 2
# of unsupported tests 644
=== libitm tests ===
Running target unix/-m32
=== libitm Summary for unix/-m32 ===
# of expected passes 42
# of expected failures 3
# of unsupported tests 1
Running target unix
=== libitm Summary for unix ===
# of expected passes 42
# of expected failures 3
# of unsupported tests 1
=== libitm Summary ===
# of expected passes 84
# of expected failures 6
# of unsupported tests 2
=== libstdc++ tests ===
Running target unix
=== libstdc++ Summary for unix ===
# of expected passes 12648
# of expected failures 77
# of unsupported tests 589
Running target unix/-m32
=== libstdc++ Summary for unix/-m32 ===
# of expected passes 12656
# of expected failures 77
# of unsupported tests 585
=== libstdc++ Summary ===
# of expected passes 25304
# of expected failures 154
# of unsupported tests 1174
Compiler version: 9.0.0 20180826 (experimental) [trunk revision 263863] (GCC)
Platform: x86_64-pc-linux-gnu
configure flags: --prefix=/export/devel/build/gcc/head/testbin
More information about the Gcc-testresults
mailing list