Results for 9.0.0 20180823 (experimental) [trunk revision 263820] (GCC) libstdc++ testsuite on x86_64-pc-linux-gnu
Jonathan Wakely
jwakely.gcc@gmail.com
Fri Aug 24 05:59:00 GMT 2018
Native configuration is x86_64-pc-linux-gnu
=== libstdc++ tests ===
Running target unix/-std=gnu++11
=== libstdc++ Summary for unix/-std=gnu++11 ===
# of expected passes 12635
# of expected failures 77
# of unsupported tests 617
Running target unix/-std=gnu++11/-D_GLIBCXX_DEBUG
XPASS: 21_strings/basic_string_view/element_access/char/2.cc execution test
XPASS: 21_strings/basic_string_view/element_access/wchar_t/2.cc execution test
FAIL: libstdc++-prettyprinters/80276.cc whatis p1
FAIL: libstdc++-prettyprinters/80276.cc whatis p1
FAIL: libstdc++-prettyprinters/80276.cc whatis p2
FAIL: libstdc++-prettyprinters/80276.cc whatis p2
FAIL: libstdc++-prettyprinters/80276.cc whatis p3
FAIL: libstdc++-prettyprinters/80276.cc whatis p3
FAIL: libstdc++-prettyprinters/80276.cc whatis p4
FAIL: libstdc++-prettyprinters/80276.cc whatis p4
FAIL: libstdc++-prettyprinters/cxx11.cc print efl
FAIL: libstdc++-prettyprinters/cxx11.cc print efl
FAIL: libstdc++-prettyprinters/cxx11.cc print eum
FAIL: libstdc++-prettyprinters/cxx11.cc print eum
FAIL: libstdc++-prettyprinters/cxx11.cc print eumm
FAIL: libstdc++-prettyprinters/cxx11.cc print eumm
FAIL: libstdc++-prettyprinters/cxx11.cc print eums
FAIL: libstdc++-prettyprinters/cxx11.cc print eums
FAIL: libstdc++-prettyprinters/cxx11.cc print eus
FAIL: libstdc++-prettyprinters/cxx11.cc print eus
FAIL: libstdc++-prettyprinters/cxx11.cc print fl
FAIL: libstdc++-prettyprinters/cxx11.cc print fl
FAIL: libstdc++-prettyprinters/cxx11.cc print refl
FAIL: libstdc++-prettyprinters/cxx11.cc print refl
FAIL: libstdc++-prettyprinters/cxx11.cc print reum
FAIL: libstdc++-prettyprinters/cxx11.cc print reum
FAIL: libstdc++-prettyprinters/cxx11.cc print reumm
FAIL: libstdc++-prettyprinters/cxx11.cc print reumm
FAIL: libstdc++-prettyprinters/cxx11.cc print reums
FAIL: libstdc++-prettyprinters/cxx11.cc print reums
FAIL: libstdc++-prettyprinters/cxx11.cc print reus
FAIL: libstdc++-prettyprinters/cxx11.cc print reus
FAIL: libstdc++-prettyprinters/cxx11.cc print rfl
FAIL: libstdc++-prettyprinters/cxx11.cc print rfl
FAIL: libstdc++-prettyprinters/cxx11.cc print ruom
FAIL: libstdc++-prettyprinters/cxx11.cc print ruom
FAIL: libstdc++-prettyprinters/cxx11.cc print ruomm
FAIL: libstdc++-prettyprinters/cxx11.cc print ruomm
FAIL: libstdc++-prettyprinters/cxx11.cc print ruoms
FAIL: libstdc++-prettyprinters/cxx11.cc print ruoms
FAIL: libstdc++-prettyprinters/cxx11.cc print ruos
FAIL: libstdc++-prettyprinters/cxx11.cc print ruos
FAIL: libstdc++-prettyprinters/cxx11.cc print uom
FAIL: libstdc++-prettyprinters/cxx11.cc print uom
FAIL: libstdc++-prettyprinters/cxx11.cc print uomm
FAIL: libstdc++-prettyprinters/cxx11.cc print uomm
FAIL: libstdc++-prettyprinters/cxx11.cc print uoms
FAIL: libstdc++-prettyprinters/cxx11.cc print uoms
FAIL: libstdc++-prettyprinters/cxx11.cc print uos
FAIL: libstdc++-prettyprinters/cxx11.cc print uos
FAIL: libstdc++-prettyprinters/cxx17.cc print am
FAIL: libstdc++-prettyprinters/cxx17.cc print am
FAIL: libstdc++-prettyprinters/cxx17.cc print om
FAIL: libstdc++-prettyprinters/cxx17.cc print om
FAIL: libstdc++-prettyprinters/simple.cc print bs
FAIL: libstdc++-prettyprinters/simple.cc print bs
FAIL: libstdc++-prettyprinters/simple.cc print const_intset
FAIL: libstdc++-prettyprinters/simple.cc print const_intset
FAIL: libstdc++-prettyprinters/simple.cc print deq
FAIL: libstdc++-prettyprinters/simple.cc print deq
FAIL: libstdc++-prettyprinters/simple.cc print lst
FAIL: libstdc++-prettyprinters/simple.cc print lst
FAIL: libstdc++-prettyprinters/simple.cc print mp
FAIL: libstdc++-prettyprinters/simple.cc print mp
FAIL: libstdc++-prettyprinters/simple.cc print sp
FAIL: libstdc++-prettyprinters/simple.cc print sp
FAIL: libstdc++-prettyprinters/simple.cc print v
FAIL: libstdc++-prettyprinters/simple.cc print v
FAIL: libstdc++-prettyprinters/simple11.cc print bs
FAIL: libstdc++-prettyprinters/simple11.cc print bs
FAIL: libstdc++-prettyprinters/simple11.cc print const_intset
FAIL: libstdc++-prettyprinters/simple11.cc print const_intset
FAIL: libstdc++-prettyprinters/simple11.cc print deq
FAIL: libstdc++-prettyprinters/simple11.cc print deq
FAIL: libstdc++-prettyprinters/simple11.cc print lst
FAIL: libstdc++-prettyprinters/simple11.cc print lst
FAIL: libstdc++-prettyprinters/simple11.cc print mp
FAIL: libstdc++-prettyprinters/simple11.cc print mp
FAIL: libstdc++-prettyprinters/simple11.cc print sp
FAIL: libstdc++-prettyprinters/simple11.cc print sp
FAIL: libstdc++-prettyprinters/simple11.cc print v
FAIL: libstdc++-prettyprinters/simple11.cc print v
FAIL: libstdc++-prettyprinters/whatis.cc whatis assoc1_holder
FAIL: libstdc++-prettyprinters/whatis.cc whatis assoc1_holder
FAIL: libstdc++-prettyprinters/whatis.cc whatis assoc2_holder
FAIL: libstdc++-prettyprinters/whatis.cc whatis assoc2_holder
FAIL: libstdc++-prettyprinters/whatis.cc whatis seq1_holder
FAIL: libstdc++-prettyprinters/whatis.cc whatis seq1_holder
FAIL: libstdc++-prettyprinters/whatis.cc whatis seq2_holder
FAIL: libstdc++-prettyprinters/whatis.cc whatis seq2_holder
FAIL: libstdc++-prettyprinters/whatis.cc whatis unord1_holder
FAIL: libstdc++-prettyprinters/whatis.cc whatis unord1_holder
FAIL: libstdc++-prettyprinters/whatis.cc whatis unord2_holder
FAIL: libstdc++-prettyprinters/whatis.cc whatis unord2_holder
FAIL: libstdc++-prettyprinters/whatis2.cc whatis assoc1_holder
FAIL: libstdc++-prettyprinters/whatis2.cc whatis assoc1_holder
FAIL: libstdc++-prettyprinters/whatis2.cc whatis assoc2_holder
FAIL: libstdc++-prettyprinters/whatis2.cc whatis assoc2_holder
FAIL: libstdc++-prettyprinters/whatis2.cc whatis seq1_holder
FAIL: libstdc++-prettyprinters/whatis2.cc whatis seq1_holder
FAIL: libstdc++-prettyprinters/whatis2.cc whatis seq2_holder
FAIL: libstdc++-prettyprinters/whatis2.cc whatis seq2_holder
FAIL: libstdc++-prettyprinters/whatis2.cc whatis unord1_holder
FAIL: libstdc++-prettyprinters/whatis2.cc whatis unord1_holder
FAIL: libstdc++-prettyprinters/whatis2.cc whatis unord2_holder
FAIL: libstdc++-prettyprinters/whatis2.cc whatis unord2_holder
=== libstdc++ Summary for unix/-std=gnu++11/-D_GLIBCXX_DEBUG ===
# of expected passes 12625
# of unexpected failures 104
# of unexpected successes 2
# of expected failures 290
# of unsupported tests 399
Running target unix/-std=gnu++11/-D_GLIBCXX_USE_CXX11_ABI=0
XPASS: 21_strings/basic_string/requirements/explicit_instantiation/debug.cc (test for excess errors)
=== libstdc++ Summary for unix/-std=gnu++11/-D_GLIBCXX_USE_CXX11_ABI=0 ===
# of expected passes 12593
# of unexpected successes 1
# of expected failures 79
# of unsupported tests 639
Running target unix/-std=gnu++11/-D_GLIBCXX_USE_CXX11_ABI=0/-D_GLIBCXX_DEBUG
XPASS: 21_strings/basic_string/requirements/explicit_instantiation/debug.cc (test for excess errors)
XPASS: 21_strings/basic_string_view/element_access/char/2.cc execution test
XPASS: 21_strings/basic_string_view/element_access/wchar_t/2.cc execution test
FAIL: libstdc++-prettyprinters/80276.cc whatis p1
FAIL: libstdc++-prettyprinters/80276.cc whatis p1
FAIL: libstdc++-prettyprinters/80276.cc whatis p2
FAIL: libstdc++-prettyprinters/80276.cc whatis p2
FAIL: libstdc++-prettyprinters/80276.cc whatis p3
FAIL: libstdc++-prettyprinters/80276.cc whatis p3
FAIL: libstdc++-prettyprinters/80276.cc whatis p4
FAIL: libstdc++-prettyprinters/80276.cc whatis p4
FAIL: libstdc++-prettyprinters/cxx11.cc print efl
FAIL: libstdc++-prettyprinters/cxx11.cc print efl
FAIL: libstdc++-prettyprinters/cxx11.cc print eum
FAIL: libstdc++-prettyprinters/cxx11.cc print eum
FAIL: libstdc++-prettyprinters/cxx11.cc print eumm
FAIL: libstdc++-prettyprinters/cxx11.cc print eumm
FAIL: libstdc++-prettyprinters/cxx11.cc print eums
FAIL: libstdc++-prettyprinters/cxx11.cc print eums
FAIL: libstdc++-prettyprinters/cxx11.cc print eus
FAIL: libstdc++-prettyprinters/cxx11.cc print eus
FAIL: libstdc++-prettyprinters/cxx11.cc print fl
FAIL: libstdc++-prettyprinters/cxx11.cc print fl
FAIL: libstdc++-prettyprinters/cxx11.cc print refl
FAIL: libstdc++-prettyprinters/cxx11.cc print refl
FAIL: libstdc++-prettyprinters/cxx11.cc print reum
FAIL: libstdc++-prettyprinters/cxx11.cc print reum
FAIL: libstdc++-prettyprinters/cxx11.cc print reumm
FAIL: libstdc++-prettyprinters/cxx11.cc print reumm
FAIL: libstdc++-prettyprinters/cxx11.cc print reums
FAIL: libstdc++-prettyprinters/cxx11.cc print reums
FAIL: libstdc++-prettyprinters/cxx11.cc print reus
FAIL: libstdc++-prettyprinters/cxx11.cc print reus
FAIL: libstdc++-prettyprinters/cxx11.cc print rfl
FAIL: libstdc++-prettyprinters/cxx11.cc print rfl
FAIL: libstdc++-prettyprinters/cxx11.cc print ruom
FAIL: libstdc++-prettyprinters/cxx11.cc print ruom
FAIL: libstdc++-prettyprinters/cxx11.cc print ruomm
FAIL: libstdc++-prettyprinters/cxx11.cc print ruomm
FAIL: libstdc++-prettyprinters/cxx11.cc print ruoms
FAIL: libstdc++-prettyprinters/cxx11.cc print ruoms
FAIL: libstdc++-prettyprinters/cxx11.cc print ruos
FAIL: libstdc++-prettyprinters/cxx11.cc print ruos
FAIL: libstdc++-prettyprinters/cxx11.cc print uom
FAIL: libstdc++-prettyprinters/cxx11.cc print uom
FAIL: libstdc++-prettyprinters/cxx11.cc print uomm
FAIL: libstdc++-prettyprinters/cxx11.cc print uomm
FAIL: libstdc++-prettyprinters/cxx11.cc print uoms
FAIL: libstdc++-prettyprinters/cxx11.cc print uoms
FAIL: libstdc++-prettyprinters/cxx11.cc print uos
FAIL: libstdc++-prettyprinters/cxx11.cc print uos
FAIL: libstdc++-prettyprinters/cxx17.cc print am
FAIL: libstdc++-prettyprinters/cxx17.cc print am
FAIL: libstdc++-prettyprinters/cxx17.cc print om
FAIL: libstdc++-prettyprinters/cxx17.cc print om
FAIL: libstdc++-prettyprinters/simple.cc print bs
FAIL: libstdc++-prettyprinters/simple.cc print bs
FAIL: libstdc++-prettyprinters/simple.cc print const_intset
FAIL: libstdc++-prettyprinters/simple.cc print const_intset
FAIL: libstdc++-prettyprinters/simple.cc print deq
FAIL: libstdc++-prettyprinters/simple.cc print deq
FAIL: libstdc++-prettyprinters/simple.cc print lst
FAIL: libstdc++-prettyprinters/simple.cc print lst
FAIL: libstdc++-prettyprinters/simple.cc print mp
FAIL: libstdc++-prettyprinters/simple.cc print mp
FAIL: libstdc++-prettyprinters/simple.cc print sp
FAIL: libstdc++-prettyprinters/simple.cc print sp
FAIL: libstdc++-prettyprinters/simple.cc print v
FAIL: libstdc++-prettyprinters/simple.cc print v
FAIL: libstdc++-prettyprinters/simple11.cc print bs
FAIL: libstdc++-prettyprinters/simple11.cc print bs
FAIL: libstdc++-prettyprinters/simple11.cc print const_intset
FAIL: libstdc++-prettyprinters/simple11.cc print const_intset
FAIL: libstdc++-prettyprinters/simple11.cc print deq
FAIL: libstdc++-prettyprinters/simple11.cc print deq
FAIL: libstdc++-prettyprinters/simple11.cc print lst
FAIL: libstdc++-prettyprinters/simple11.cc print lst
FAIL: libstdc++-prettyprinters/simple11.cc print mp
FAIL: libstdc++-prettyprinters/simple11.cc print mp
FAIL: libstdc++-prettyprinters/simple11.cc print sp
FAIL: libstdc++-prettyprinters/simple11.cc print sp
FAIL: libstdc++-prettyprinters/simple11.cc print v
FAIL: libstdc++-prettyprinters/simple11.cc print v
FAIL: libstdc++-prettyprinters/whatis.cc whatis assoc1_holder
FAIL: libstdc++-prettyprinters/whatis.cc whatis assoc1_holder
FAIL: libstdc++-prettyprinters/whatis.cc whatis assoc2_holder
FAIL: libstdc++-prettyprinters/whatis.cc whatis assoc2_holder
FAIL: libstdc++-prettyprinters/whatis.cc whatis seq1_holder
FAIL: libstdc++-prettyprinters/whatis.cc whatis seq1_holder
FAIL: libstdc++-prettyprinters/whatis.cc whatis seq2_holder
FAIL: libstdc++-prettyprinters/whatis.cc whatis seq2_holder
FAIL: libstdc++-prettyprinters/whatis.cc whatis unord1_holder
FAIL: libstdc++-prettyprinters/whatis.cc whatis unord1_holder
FAIL: libstdc++-prettyprinters/whatis.cc whatis unord2_holder
FAIL: libstdc++-prettyprinters/whatis.cc whatis unord2_holder
FAIL: libstdc++-prettyprinters/whatis2.cc whatis assoc1_holder
FAIL: libstdc++-prettyprinters/whatis2.cc whatis assoc1_holder
FAIL: libstdc++-prettyprinters/whatis2.cc whatis assoc2_holder
FAIL: libstdc++-prettyprinters/whatis2.cc whatis assoc2_holder
FAIL: libstdc++-prettyprinters/whatis2.cc whatis seq1_holder
FAIL: libstdc++-prettyprinters/whatis2.cc whatis seq1_holder
FAIL: libstdc++-prettyprinters/whatis2.cc whatis seq2_holder
FAIL: libstdc++-prettyprinters/whatis2.cc whatis seq2_holder
FAIL: libstdc++-prettyprinters/whatis2.cc whatis unord1_holder
FAIL: libstdc++-prettyprinters/whatis2.cc whatis unord1_holder
FAIL: libstdc++-prettyprinters/whatis2.cc whatis unord2_holder
FAIL: libstdc++-prettyprinters/whatis2.cc whatis unord2_holder
=== libstdc++ Summary for unix/-std=gnu++11/-D_GLIBCXX_USE_CXX11_ABI=0/-D_GLIBCXX_DEBUG ===
# of expected passes 12585
# of unexpected failures 104
# of unexpected successes 3
# of expected failures 292
# of unsupported tests 420
Running target unix/-std=gnu++17
FAIL: ext/profile/mutex_extensions_neg.cc (test for excess errors)
=== libstdc++ Summary for unix/-std=gnu++17 ===
# of expected passes 13216
# of unexpected failures 1
# of expected failures 78
# of unsupported tests 288
Running target unix/-std=gnu++17/-D_GLIBCXX_DEBUG
XPASS: 21_strings/basic_string_view/element_access/char/2.cc execution test
XPASS: 21_strings/basic_string_view/element_access/wchar_t/2.cc execution test
FAIL: 23_containers/vector/debug/invalidation/1.cc (test for excess errors)
UNRESOLVED: 23_containers/vector/debug/invalidation/1.cc compilation failed to produce executable
FAIL: 23_containers/vector/debug/invalidation/2.cc (test for excess errors)
UNRESOLVED: 23_containers/vector/debug/invalidation/2.cc compilation failed to produce executable
FAIL: 23_containers/vector/debug/invalidation/3.cc (test for excess errors)
UNRESOLVED: 23_containers/vector/debug/invalidation/3.cc compilation failed to produce executable
FAIL: 23_containers/vector/debug/invalidation/4.cc (test for excess errors)
UNRESOLVED: 23_containers/vector/debug/invalidation/4.cc compilation failed to produce executable
FAIL: 25_algorithms/max/constexpr.cc (test for excess errors)
FAIL: 25_algorithms/max_element/constexpr.cc (test for excess errors)
FAIL: 25_algorithms/min/constexpr.cc (test for excess errors)
FAIL: 25_algorithms/min_element/constexpr.cc (test for excess errors)
FAIL: 25_algorithms/minmax/constexpr.cc (test for excess errors)
FAIL: 25_algorithms/minmax_element/constexpr.cc (test for excess errors)
XPASS: experimental/string_view/element_access/char/2.cc execution test
XPASS: experimental/string_view/element_access/wchar_t/2.cc execution test
FAIL: ext/profile/mutex_extensions_neg.cc (test for excess errors)
FAIL: libstdc++-prettyprinters/80276.cc whatis p1
FAIL: libstdc++-prettyprinters/80276.cc whatis p1
FAIL: libstdc++-prettyprinters/80276.cc whatis p2
FAIL: libstdc++-prettyprinters/80276.cc whatis p2
FAIL: libstdc++-prettyprinters/80276.cc whatis p3
FAIL: libstdc++-prettyprinters/80276.cc whatis p3
FAIL: libstdc++-prettyprinters/80276.cc whatis p4
FAIL: libstdc++-prettyprinters/80276.cc whatis p4
FAIL: libstdc++-prettyprinters/cxx11.cc print efl
FAIL: libstdc++-prettyprinters/cxx11.cc print efl
FAIL: libstdc++-prettyprinters/cxx11.cc print eum
FAIL: libstdc++-prettyprinters/cxx11.cc print eum
FAIL: libstdc++-prettyprinters/cxx11.cc print eumm
FAIL: libstdc++-prettyprinters/cxx11.cc print eumm
FAIL: libstdc++-prettyprinters/cxx11.cc print eums
FAIL: libstdc++-prettyprinters/cxx11.cc print eums
FAIL: libstdc++-prettyprinters/cxx11.cc print eus
FAIL: libstdc++-prettyprinters/cxx11.cc print eus
FAIL: libstdc++-prettyprinters/cxx11.cc print fl
FAIL: libstdc++-prettyprinters/cxx11.cc print fl
FAIL: libstdc++-prettyprinters/cxx11.cc print refl
FAIL: libstdc++-prettyprinters/cxx11.cc print refl
FAIL: libstdc++-prettyprinters/cxx11.cc print reum
FAIL: libstdc++-prettyprinters/cxx11.cc print reum
FAIL: libstdc++-prettyprinters/cxx11.cc print reumm
FAIL: libstdc++-prettyprinters/cxx11.cc print reumm
FAIL: libstdc++-prettyprinters/cxx11.cc print reums
FAIL: libstdc++-prettyprinters/cxx11.cc print reums
FAIL: libstdc++-prettyprinters/cxx11.cc print reus
FAIL: libstdc++-prettyprinters/cxx11.cc print reus
FAIL: libstdc++-prettyprinters/cxx11.cc print rfl
FAIL: libstdc++-prettyprinters/cxx11.cc print rfl
FAIL: libstdc++-prettyprinters/cxx11.cc print ruom
FAIL: libstdc++-prettyprinters/cxx11.cc print ruom
FAIL: libstdc++-prettyprinters/cxx11.cc print ruomm
FAIL: libstdc++-prettyprinters/cxx11.cc print ruomm
FAIL: libstdc++-prettyprinters/cxx11.cc print ruoms
FAIL: libstdc++-prettyprinters/cxx11.cc print ruoms
FAIL: libstdc++-prettyprinters/cxx11.cc print ruos
FAIL: libstdc++-prettyprinters/cxx11.cc print ruos
FAIL: libstdc++-prettyprinters/cxx11.cc print uom
FAIL: libstdc++-prettyprinters/cxx11.cc print uom
FAIL: libstdc++-prettyprinters/cxx11.cc print uomm
FAIL: libstdc++-prettyprinters/cxx11.cc print uomm
FAIL: libstdc++-prettyprinters/cxx11.cc print uoms
FAIL: libstdc++-prettyprinters/cxx11.cc print uoms
FAIL: libstdc++-prettyprinters/cxx11.cc print uos
FAIL: libstdc++-prettyprinters/cxx11.cc print uos
FAIL: libstdc++-prettyprinters/cxx17.cc print am
FAIL: libstdc++-prettyprinters/cxx17.cc print am
FAIL: libstdc++-prettyprinters/cxx17.cc print om
FAIL: libstdc++-prettyprinters/cxx17.cc print om
FAIL: libstdc++-prettyprinters/libfundts.cc print am
FAIL: libstdc++-prettyprinters/libfundts.cc print am
FAIL: libstdc++-prettyprinters/libfundts.cc print om
FAIL: libstdc++-prettyprinters/libfundts.cc print om
FAIL: libstdc++-prettyprinters/simple.cc print bs
FAIL: libstdc++-prettyprinters/simple.cc print bs
FAIL: libstdc++-prettyprinters/simple.cc print const_intset
FAIL: libstdc++-prettyprinters/simple.cc print const_intset
FAIL: libstdc++-prettyprinters/simple.cc print deq
FAIL: libstdc++-prettyprinters/simple.cc print deq
FAIL: libstdc++-prettyprinters/simple.cc print lst
FAIL: libstdc++-prettyprinters/simple.cc print lst
FAIL: libstdc++-prettyprinters/simple.cc print mp
FAIL: libstdc++-prettyprinters/simple.cc print mp
FAIL: libstdc++-prettyprinters/simple.cc print sp
FAIL: libstdc++-prettyprinters/simple.cc print sp
FAIL: libstdc++-prettyprinters/simple.cc print v
FAIL: libstdc++-prettyprinters/simple.cc print v
FAIL: libstdc++-prettyprinters/simple11.cc print bs
FAIL: libstdc++-prettyprinters/simple11.cc print bs
FAIL: libstdc++-prettyprinters/simple11.cc print const_intset
FAIL: libstdc++-prettyprinters/simple11.cc print const_intset
FAIL: libstdc++-prettyprinters/simple11.cc print deq
FAIL: libstdc++-prettyprinters/simple11.cc print deq
FAIL: libstdc++-prettyprinters/simple11.cc print lst
FAIL: libstdc++-prettyprinters/simple11.cc print lst
FAIL: libstdc++-prettyprinters/simple11.cc print mp
FAIL: libstdc++-prettyprinters/simple11.cc print mp
FAIL: libstdc++-prettyprinters/simple11.cc print sp
FAIL: libstdc++-prettyprinters/simple11.cc print sp
FAIL: libstdc++-prettyprinters/simple11.cc print v
FAIL: libstdc++-prettyprinters/simple11.cc print v
FAIL: libstdc++-prettyprinters/whatis.cc whatis assoc1_holder
FAIL: libstdc++-prettyprinters/whatis.cc whatis assoc1_holder
FAIL: libstdc++-prettyprinters/whatis.cc whatis assoc2_holder
FAIL: libstdc++-prettyprinters/whatis.cc whatis assoc2_holder
FAIL: libstdc++-prettyprinters/whatis.cc whatis seq1_holder
FAIL: libstdc++-prettyprinters/whatis.cc whatis seq1_holder
FAIL: libstdc++-prettyprinters/whatis.cc whatis seq2_holder
FAIL: libstdc++-prettyprinters/whatis.cc whatis seq2_holder
FAIL: libstdc++-prettyprinters/whatis.cc whatis unord1_holder
FAIL: libstdc++-prettyprinters/whatis.cc whatis unord1_holder
FAIL: libstdc++-prettyprinters/whatis.cc whatis unord2_holder
FAIL: libstdc++-prettyprinters/whatis.cc whatis unord2_holder
FAIL: libstdc++-prettyprinters/whatis2.cc whatis assoc1_holder
FAIL: libstdc++-prettyprinters/whatis2.cc whatis assoc1_holder
FAIL: libstdc++-prettyprinters/whatis2.cc whatis assoc2_holder
FAIL: libstdc++-prettyprinters/whatis2.cc whatis assoc2_holder
FAIL: libstdc++-prettyprinters/whatis2.cc whatis seq1_holder
FAIL: libstdc++-prettyprinters/whatis2.cc whatis seq1_holder
FAIL: libstdc++-prettyprinters/whatis2.cc whatis seq2_holder
FAIL: libstdc++-prettyprinters/whatis2.cc whatis seq2_holder
FAIL: libstdc++-prettyprinters/whatis2.cc whatis unord1_holder
FAIL: libstdc++-prettyprinters/whatis2.cc whatis unord1_holder
FAIL: libstdc++-prettyprinters/whatis2.cc whatis unord2_holder
FAIL: libstdc++-prettyprinters/whatis2.cc whatis unord2_holder
=== libstdc++ Summary for unix/-std=gnu++17/-D_GLIBCXX_DEBUG ===
# of expected passes 13196
# of unexpected failures 119
# of unexpected successes 4
# of expected failures 291
# of unresolved testcases 4
# of unsupported tests 68
Running target unix/-std=gnu++17/-D_GLIBCXX_USE_CXX11_ABI=0
XPASS: 21_strings/basic_string/requirements/explicit_instantiation/debug.cc (test for excess errors)
FAIL: ext/profile/mutex_extensions_neg.cc (test for excess errors)
=== libstdc++ Summary for unix/-std=gnu++17/-D_GLIBCXX_USE_CXX11_ABI=0 ===
# of expected passes 13172
# of unexpected failures 1
# of unexpected successes 1
# of expected failures 80
# of unsupported tests 312
Running target unix/-std=gnu++17/-D_GLIBCXX_USE_CXX11_ABI=0/-D_GLIBCXX_DEBUG
XPASS: 21_strings/basic_string/requirements/explicit_instantiation/debug.cc (test for excess errors)
XPASS: 21_strings/basic_string_view/element_access/char/2.cc execution test
XPASS: 21_strings/basic_string_view/element_access/wchar_t/2.cc execution test
FAIL: 23_containers/vector/debug/invalidation/1.cc (test for excess errors)
UNRESOLVED: 23_containers/vector/debug/invalidation/1.cc compilation failed to produce executable
FAIL: 23_containers/vector/debug/invalidation/2.cc (test for excess errors)
UNRESOLVED: 23_containers/vector/debug/invalidation/2.cc compilation failed to produce executable
FAIL: 23_containers/vector/debug/invalidation/3.cc (test for excess errors)
UNRESOLVED: 23_containers/vector/debug/invalidation/3.cc compilation failed to produce executable
FAIL: 23_containers/vector/debug/invalidation/4.cc (test for excess errors)
UNRESOLVED: 23_containers/vector/debug/invalidation/4.cc compilation failed to produce executable
FAIL: 25_algorithms/max/constexpr.cc (test for excess errors)
FAIL: 25_algorithms/max_element/constexpr.cc (test for excess errors)
FAIL: 25_algorithms/min/constexpr.cc (test for excess errors)
FAIL: 25_algorithms/min_element/constexpr.cc (test for excess errors)
FAIL: 25_algorithms/minmax/constexpr.cc (test for excess errors)
FAIL: 25_algorithms/minmax_element/constexpr.cc (test for excess errors)
XPASS: experimental/string_view/element_access/char/2.cc execution test
XPASS: experimental/string_view/element_access/wchar_t/2.cc execution test
FAIL: ext/profile/mutex_extensions_neg.cc (test for excess errors)
FAIL: libstdc++-prettyprinters/80276.cc whatis p1
FAIL: libstdc++-prettyprinters/80276.cc whatis p1
FAIL: libstdc++-prettyprinters/80276.cc whatis p2
FAIL: libstdc++-prettyprinters/80276.cc whatis p2
FAIL: libstdc++-prettyprinters/80276.cc whatis p3
FAIL: libstdc++-prettyprinters/80276.cc whatis p3
FAIL: libstdc++-prettyprinters/80276.cc whatis p4
FAIL: libstdc++-prettyprinters/80276.cc whatis p4
FAIL: libstdc++-prettyprinters/cxx11.cc print efl
FAIL: libstdc++-prettyprinters/cxx11.cc print efl
FAIL: libstdc++-prettyprinters/cxx11.cc print eum
FAIL: libstdc++-prettyprinters/cxx11.cc print eum
FAIL: libstdc++-prettyprinters/cxx11.cc print eumm
FAIL: libstdc++-prettyprinters/cxx11.cc print eumm
FAIL: libstdc++-prettyprinters/cxx11.cc print eums
FAIL: libstdc++-prettyprinters/cxx11.cc print eums
FAIL: libstdc++-prettyprinters/cxx11.cc print eus
FAIL: libstdc++-prettyprinters/cxx11.cc print eus
FAIL: libstdc++-prettyprinters/cxx11.cc print fl
FAIL: libstdc++-prettyprinters/cxx11.cc print fl
FAIL: libstdc++-prettyprinters/cxx11.cc print refl
FAIL: libstdc++-prettyprinters/cxx11.cc print refl
FAIL: libstdc++-prettyprinters/cxx11.cc print reum
FAIL: libstdc++-prettyprinters/cxx11.cc print reum
FAIL: libstdc++-prettyprinters/cxx11.cc print reumm
FAIL: libstdc++-prettyprinters/cxx11.cc print reumm
FAIL: libstdc++-prettyprinters/cxx11.cc print reums
FAIL: libstdc++-prettyprinters/cxx11.cc print reums
FAIL: libstdc++-prettyprinters/cxx11.cc print reus
FAIL: libstdc++-prettyprinters/cxx11.cc print reus
FAIL: libstdc++-prettyprinters/cxx11.cc print rfl
FAIL: libstdc++-prettyprinters/cxx11.cc print rfl
FAIL: libstdc++-prettyprinters/cxx11.cc print ruom
FAIL: libstdc++-prettyprinters/cxx11.cc print ruom
FAIL: libstdc++-prettyprinters/cxx11.cc print ruomm
FAIL: libstdc++-prettyprinters/cxx11.cc print ruomm
FAIL: libstdc++-prettyprinters/cxx11.cc print ruoms
FAIL: libstdc++-prettyprinters/cxx11.cc print ruoms
FAIL: libstdc++-prettyprinters/cxx11.cc print ruos
FAIL: libstdc++-prettyprinters/cxx11.cc print ruos
FAIL: libstdc++-prettyprinters/cxx11.cc print uom
FAIL: libstdc++-prettyprinters/cxx11.cc print uom
FAIL: libstdc++-prettyprinters/cxx11.cc print uomm
FAIL: libstdc++-prettyprinters/cxx11.cc print uomm
FAIL: libstdc++-prettyprinters/cxx11.cc print uoms
FAIL: libstdc++-prettyprinters/cxx11.cc print uoms
FAIL: libstdc++-prettyprinters/cxx11.cc print uos
FAIL: libstdc++-prettyprinters/cxx11.cc print uos
FAIL: libstdc++-prettyprinters/cxx17.cc print am
FAIL: libstdc++-prettyprinters/cxx17.cc print am
FAIL: libstdc++-prettyprinters/cxx17.cc print om
FAIL: libstdc++-prettyprinters/cxx17.cc print om
FAIL: libstdc++-prettyprinters/libfundts.cc print am
FAIL: libstdc++-prettyprinters/libfundts.cc print am
FAIL: libstdc++-prettyprinters/libfundts.cc print om
FAIL: libstdc++-prettyprinters/libfundts.cc print om
FAIL: libstdc++-prettyprinters/simple.cc print bs
FAIL: libstdc++-prettyprinters/simple.cc print bs
FAIL: libstdc++-prettyprinters/simple.cc print const_intset
FAIL: libstdc++-prettyprinters/simple.cc print const_intset
FAIL: libstdc++-prettyprinters/simple.cc print deq
FAIL: libstdc++-prettyprinters/simple.cc print deq
FAIL: libstdc++-prettyprinters/simple.cc print lst
FAIL: libstdc++-prettyprinters/simple.cc print lst
FAIL: libstdc++-prettyprinters/simple.cc print mp
FAIL: libstdc++-prettyprinters/simple.cc print mp
FAIL: libstdc++-prettyprinters/simple.cc print sp
FAIL: libstdc++-prettyprinters/simple.cc print sp
FAIL: libstdc++-prettyprinters/simple.cc print v
FAIL: libstdc++-prettyprinters/simple.cc print v
FAIL: libstdc++-prettyprinters/simple11.cc print bs
FAIL: libstdc++-prettyprinters/simple11.cc print bs
FAIL: libstdc++-prettyprinters/simple11.cc print const_intset
FAIL: libstdc++-prettyprinters/simple11.cc print const_intset
FAIL: libstdc++-prettyprinters/simple11.cc print deq
FAIL: libstdc++-prettyprinters/simple11.cc print deq
FAIL: libstdc++-prettyprinters/simple11.cc print lst
FAIL: libstdc++-prettyprinters/simple11.cc print lst
FAIL: libstdc++-prettyprinters/simple11.cc print mp
FAIL: libstdc++-prettyprinters/simple11.cc print mp
FAIL: libstdc++-prettyprinters/simple11.cc print sp
FAIL: libstdc++-prettyprinters/simple11.cc print sp
FAIL: libstdc++-prettyprinters/simple11.cc print v
FAIL: libstdc++-prettyprinters/simple11.cc print v
FAIL: libstdc++-prettyprinters/whatis.cc whatis assoc1_holder
FAIL: libstdc++-prettyprinters/whatis.cc whatis assoc1_holder
FAIL: libstdc++-prettyprinters/whatis.cc whatis assoc2_holder
FAIL: libstdc++-prettyprinters/whatis.cc whatis assoc2_holder
FAIL: libstdc++-prettyprinters/whatis.cc whatis seq1_holder
FAIL: libstdc++-prettyprinters/whatis.cc whatis seq1_holder
FAIL: libstdc++-prettyprinters/whatis.cc whatis seq2_holder
FAIL: libstdc++-prettyprinters/whatis.cc whatis seq2_holder
FAIL: libstdc++-prettyprinters/whatis.cc whatis unord1_holder
FAIL: libstdc++-prettyprinters/whatis.cc whatis unord1_holder
FAIL: libstdc++-prettyprinters/whatis.cc whatis unord2_holder
FAIL: libstdc++-prettyprinters/whatis.cc whatis unord2_holder
FAIL: libstdc++-prettyprinters/whatis2.cc whatis assoc1_holder
FAIL: libstdc++-prettyprinters/whatis2.cc whatis assoc1_holder
FAIL: libstdc++-prettyprinters/whatis2.cc whatis assoc2_holder
FAIL: libstdc++-prettyprinters/whatis2.cc whatis assoc2_holder
FAIL: libstdc++-prettyprinters/whatis2.cc whatis seq1_holder
FAIL: libstdc++-prettyprinters/whatis2.cc whatis seq1_holder
FAIL: libstdc++-prettyprinters/whatis2.cc whatis seq2_holder
FAIL: libstdc++-prettyprinters/whatis2.cc whatis seq2_holder
FAIL: libstdc++-prettyprinters/whatis2.cc whatis unord1_holder
FAIL: libstdc++-prettyprinters/whatis2.cc whatis unord1_holder
FAIL: libstdc++-prettyprinters/whatis2.cc whatis unord2_holder
FAIL: libstdc++-prettyprinters/whatis2.cc whatis unord2_holder
=== libstdc++ Summary for unix/-std=gnu++17/-D_GLIBCXX_USE_CXX11_ABI=0/-D_GLIBCXX_DEBUG ===
# of expected passes 13154
# of unexpected failures 119
# of unexpected successes 5
# of expected failures 293
# of unresolved testcases 4
# of unsupported tests 91
Running target unix/-std=gnu++2a
FAIL: 21_strings/basic_string/types/1.cc (test for excess errors)
FAIL: ext/profile/mutex_extensions_neg.cc (test for excess errors)
=== libstdc++ Summary for unix/-std=gnu++2a ===
# of expected passes 13215
# of unexpected failures 2
# of expected failures 78
# of unsupported tests 288
Running target unix/-std=gnu++2a/-D_GLIBCXX_DEBUG
FAIL: 21_strings/basic_string/types/1.cc (test for excess errors)
XPASS: 21_strings/basic_string_view/element_access/char/2.cc execution test
XPASS: 21_strings/basic_string_view/element_access/wchar_t/2.cc execution test
FAIL: 23_containers/vector/debug/invalidation/1.cc (test for excess errors)
UNRESOLVED: 23_containers/vector/debug/invalidation/1.cc compilation failed to produce executable
FAIL: 23_containers/vector/debug/invalidation/2.cc (test for excess errors)
UNRESOLVED: 23_containers/vector/debug/invalidation/2.cc compilation failed to produce executable
FAIL: 23_containers/vector/debug/invalidation/3.cc (test for excess errors)
UNRESOLVED: 23_containers/vector/debug/invalidation/3.cc compilation failed to produce executable
FAIL: 23_containers/vector/debug/invalidation/4.cc (test for excess errors)
UNRESOLVED: 23_containers/vector/debug/invalidation/4.cc compilation failed to produce executable
FAIL: 25_algorithms/max/constexpr.cc (test for excess errors)
FAIL: 25_algorithms/max_element/constexpr.cc (test for excess errors)
FAIL: 25_algorithms/min/constexpr.cc (test for excess errors)
FAIL: 25_algorithms/min_element/constexpr.cc (test for excess errors)
FAIL: 25_algorithms/minmax/constexpr.cc (test for excess errors)
FAIL: 25_algorithms/minmax_element/constexpr.cc (test for excess errors)
XPASS: experimental/string_view/element_access/char/2.cc execution test
XPASS: experimental/string_view/element_access/wchar_t/2.cc execution test
FAIL: ext/profile/mutex_extensions_neg.cc (test for excess errors)
FAIL: libstdc++-prettyprinters/80276.cc whatis p1
FAIL: libstdc++-prettyprinters/80276.cc whatis p1
FAIL: libstdc++-prettyprinters/80276.cc whatis p2
FAIL: libstdc++-prettyprinters/80276.cc whatis p2
FAIL: libstdc++-prettyprinters/80276.cc whatis p3
FAIL: libstdc++-prettyprinters/80276.cc whatis p3
FAIL: libstdc++-prettyprinters/80276.cc whatis p4
FAIL: libstdc++-prettyprinters/80276.cc whatis p4
FAIL: libstdc++-prettyprinters/cxx11.cc print efl
FAIL: libstdc++-prettyprinters/cxx11.cc print efl
FAIL: libstdc++-prettyprinters/cxx11.cc print eum
FAIL: libstdc++-prettyprinters/cxx11.cc print eum
FAIL: libstdc++-prettyprinters/cxx11.cc print eumm
FAIL: libstdc++-prettyprinters/cxx11.cc print eumm
FAIL: libstdc++-prettyprinters/cxx11.cc print eums
FAIL: libstdc++-prettyprinters/cxx11.cc print eums
FAIL: libstdc++-prettyprinters/cxx11.cc print eus
FAIL: libstdc++-prettyprinters/cxx11.cc print eus
FAIL: libstdc++-prettyprinters/cxx11.cc print fl
FAIL: libstdc++-prettyprinters/cxx11.cc print fl
FAIL: libstdc++-prettyprinters/cxx11.cc print refl
FAIL: libstdc++-prettyprinters/cxx11.cc print refl
FAIL: libstdc++-prettyprinters/cxx11.cc print reum
FAIL: libstdc++-prettyprinters/cxx11.cc print reum
FAIL: libstdc++-prettyprinters/cxx11.cc print reumm
FAIL: libstdc++-prettyprinters/cxx11.cc print reumm
FAIL: libstdc++-prettyprinters/cxx11.cc print reums
FAIL: libstdc++-prettyprinters/cxx11.cc print reums
FAIL: libstdc++-prettyprinters/cxx11.cc print reus
FAIL: libstdc++-prettyprinters/cxx11.cc print reus
FAIL: libstdc++-prettyprinters/cxx11.cc print rfl
FAIL: libstdc++-prettyprinters/cxx11.cc print rfl
FAIL: libstdc++-prettyprinters/cxx11.cc print ruom
FAIL: libstdc++-prettyprinters/cxx11.cc print ruom
FAIL: libstdc++-prettyprinters/cxx11.cc print ruomm
FAIL: libstdc++-prettyprinters/cxx11.cc print ruomm
FAIL: libstdc++-prettyprinters/cxx11.cc print ruoms
FAIL: libstdc++-prettyprinters/cxx11.cc print ruoms
FAIL: libstdc++-prettyprinters/cxx11.cc print ruos
FAIL: libstdc++-prettyprinters/cxx11.cc print ruos
FAIL: libstdc++-prettyprinters/cxx11.cc print uom
FAIL: libstdc++-prettyprinters/cxx11.cc print uom
FAIL: libstdc++-prettyprinters/cxx11.cc print uomm
FAIL: libstdc++-prettyprinters/cxx11.cc print uomm
FAIL: libstdc++-prettyprinters/cxx11.cc print uoms
FAIL: libstdc++-prettyprinters/cxx11.cc print uoms
FAIL: libstdc++-prettyprinters/cxx11.cc print uos
FAIL: libstdc++-prettyprinters/cxx11.cc print uos
FAIL: libstdc++-prettyprinters/cxx17.cc print am
FAIL: libstdc++-prettyprinters/cxx17.cc print am
FAIL: libstdc++-prettyprinters/cxx17.cc print om
FAIL: libstdc++-prettyprinters/cxx17.cc print om
FAIL: libstdc++-prettyprinters/libfundts.cc print am
FAIL: libstdc++-prettyprinters/libfundts.cc print am
FAIL: libstdc++-prettyprinters/libfundts.cc print om
FAIL: libstdc++-prettyprinters/libfundts.cc print om
FAIL: libstdc++-prettyprinters/simple.cc print bs
FAIL: libstdc++-prettyprinters/simple.cc print bs
FAIL: libstdc++-prettyprinters/simple.cc print const_intset
FAIL: libstdc++-prettyprinters/simple.cc print const_intset
FAIL: libstdc++-prettyprinters/simple.cc print deq
FAIL: libstdc++-prettyprinters/simple.cc print deq
FAIL: libstdc++-prettyprinters/simple.cc print lst
FAIL: libstdc++-prettyprinters/simple.cc print lst
FAIL: libstdc++-prettyprinters/simple.cc print mp
FAIL: libstdc++-prettyprinters/simple.cc print mp
FAIL: libstdc++-prettyprinters/simple.cc print sp
FAIL: libstdc++-prettyprinters/simple.cc print sp
FAIL: libstdc++-prettyprinters/simple.cc print v
FAIL: libstdc++-prettyprinters/simple.cc print v
FAIL: libstdc++-prettyprinters/simple11.cc print bs
FAIL: libstdc++-prettyprinters/simple11.cc print bs
FAIL: libstdc++-prettyprinters/simple11.cc print const_intset
FAIL: libstdc++-prettyprinters/simple11.cc print const_intset
FAIL: libstdc++-prettyprinters/simple11.cc print deq
FAIL: libstdc++-prettyprinters/simple11.cc print deq
FAIL: libstdc++-prettyprinters/simple11.cc print lst
FAIL: libstdc++-prettyprinters/simple11.cc print lst
FAIL: libstdc++-prettyprinters/simple11.cc print mp
FAIL: libstdc++-prettyprinters/simple11.cc print mp
FAIL: libstdc++-prettyprinters/simple11.cc print sp
FAIL: libstdc++-prettyprinters/simple11.cc print sp
FAIL: libstdc++-prettyprinters/simple11.cc print v
FAIL: libstdc++-prettyprinters/simple11.cc print v
FAIL: libstdc++-prettyprinters/whatis.cc whatis assoc1_holder
FAIL: libstdc++-prettyprinters/whatis.cc whatis assoc1_holder
FAIL: libstdc++-prettyprinters/whatis.cc whatis assoc2_holder
FAIL: libstdc++-prettyprinters/whatis.cc whatis assoc2_holder
FAIL: libstdc++-prettyprinters/whatis.cc whatis seq1_holder
FAIL: libstdc++-prettyprinters/whatis.cc whatis seq1_holder
FAIL: libstdc++-prettyprinters/whatis.cc whatis seq2_holder
FAIL: libstdc++-prettyprinters/whatis.cc whatis seq2_holder
FAIL: libstdc++-prettyprinters/whatis.cc whatis unord1_holder
FAIL: libstdc++-prettyprinters/whatis.cc whatis unord1_holder
FAIL: libstdc++-prettyprinters/whatis.cc whatis unord2_holder
FAIL: libstdc++-prettyprinters/whatis.cc whatis unord2_holder
FAIL: libstdc++-prettyprinters/whatis2.cc whatis assoc1_holder
FAIL: libstdc++-prettyprinters/whatis2.cc whatis assoc1_holder
FAIL: libstdc++-prettyprinters/whatis2.cc whatis assoc2_holder
FAIL: libstdc++-prettyprinters/whatis2.cc whatis assoc2_holder
FAIL: libstdc++-prettyprinters/whatis2.cc whatis seq1_holder
FAIL: libstdc++-prettyprinters/whatis2.cc whatis seq1_holder
FAIL: libstdc++-prettyprinters/whatis2.cc whatis seq2_holder
FAIL: libstdc++-prettyprinters/whatis2.cc whatis seq2_holder
FAIL: libstdc++-prettyprinters/whatis2.cc whatis unord1_holder
FAIL: libstdc++-prettyprinters/whatis2.cc whatis unord1_holder
FAIL: libstdc++-prettyprinters/whatis2.cc whatis unord2_holder
FAIL: libstdc++-prettyprinters/whatis2.cc whatis unord2_holder
=== libstdc++ Summary for unix/-std=gnu++2a/-D_GLIBCXX_DEBUG ===
# of expected passes 13195
# of unexpected failures 120
# of unexpected successes 4
# of expected failures 291
# of unresolved testcases 4
# of unsupported tests 68
Running target unix/-std=gnu++2a/-D_GLIBCXX_USE_CXX11_ABI=0
XPASS: 21_strings/basic_string/requirements/explicit_instantiation/debug.cc (test for excess errors)
FAIL: 21_strings/basic_string/types/1.cc (test for excess errors)
FAIL: ext/profile/mutex_extensions_neg.cc (test for excess errors)
=== libstdc++ Summary for unix/-std=gnu++2a/-D_GLIBCXX_USE_CXX11_ABI=0 ===
# of expected passes 13171
# of unexpected failures 2
# of unexpected successes 1
# of expected failures 80
# of unsupported tests 312
Running target unix/-std=gnu++2a/-D_GLIBCXX_USE_CXX11_ABI=0/-D_GLIBCXX_DEBUG
XPASS: 21_strings/basic_string/requirements/explicit_instantiation/debug.cc (test for excess errors)
FAIL: 21_strings/basic_string/types/1.cc (test for excess errors)
XPASS: 21_strings/basic_string_view/element_access/char/2.cc execution test
XPASS: 21_strings/basic_string_view/element_access/wchar_t/2.cc execution test
FAIL: 23_containers/vector/debug/invalidation/1.cc (test for excess errors)
UNRESOLVED: 23_containers/vector/debug/invalidation/1.cc compilation failed to produce executable
FAIL: 23_containers/vector/debug/invalidation/2.cc (test for excess errors)
UNRESOLVED: 23_containers/vector/debug/invalidation/2.cc compilation failed to produce executable
FAIL: 23_containers/vector/debug/invalidation/3.cc (test for excess errors)
UNRESOLVED: 23_containers/vector/debug/invalidation/3.cc compilation failed to produce executable
FAIL: 23_containers/vector/debug/invalidation/4.cc (test for excess errors)
UNRESOLVED: 23_containers/vector/debug/invalidation/4.cc compilation failed to produce executable
FAIL: 25_algorithms/max/constexpr.cc (test for excess errors)
FAIL: 25_algorithms/max_element/constexpr.cc (test for excess errors)
FAIL: 25_algorithms/min/constexpr.cc (test for excess errors)
FAIL: 25_algorithms/min_element/constexpr.cc (test for excess errors)
FAIL: 25_algorithms/minmax/constexpr.cc (test for excess errors)
FAIL: 25_algorithms/minmax_element/constexpr.cc (test for excess errors)
XPASS: experimental/string_view/element_access/char/2.cc execution test
XPASS: experimental/string_view/element_access/wchar_t/2.cc execution test
FAIL: ext/profile/mutex_extensions_neg.cc (test for excess errors)
FAIL: libstdc++-prettyprinters/80276.cc whatis p1
FAIL: libstdc++-prettyprinters/80276.cc whatis p1
FAIL: libstdc++-prettyprinters/80276.cc whatis p2
FAIL: libstdc++-prettyprinters/80276.cc whatis p2
FAIL: libstdc++-prettyprinters/80276.cc whatis p3
FAIL: libstdc++-prettyprinters/80276.cc whatis p3
FAIL: libstdc++-prettyprinters/80276.cc whatis p4
FAIL: libstdc++-prettyprinters/80276.cc whatis p4
FAIL: libstdc++-prettyprinters/cxx11.cc print efl
FAIL: libstdc++-prettyprinters/cxx11.cc print efl
FAIL: libstdc++-prettyprinters/cxx11.cc print eum
FAIL: libstdc++-prettyprinters/cxx11.cc print eum
FAIL: libstdc++-prettyprinters/cxx11.cc print eumm
FAIL: libstdc++-prettyprinters/cxx11.cc print eumm
FAIL: libstdc++-prettyprinters/cxx11.cc print eums
FAIL: libstdc++-prettyprinters/cxx11.cc print eums
FAIL: libstdc++-prettyprinters/cxx11.cc print eus
FAIL: libstdc++-prettyprinters/cxx11.cc print eus
FAIL: libstdc++-prettyprinters/cxx11.cc print fl
FAIL: libstdc++-prettyprinters/cxx11.cc print fl
FAIL: libstdc++-prettyprinters/cxx11.cc print refl
FAIL: libstdc++-prettyprinters/cxx11.cc print refl
FAIL: libstdc++-prettyprinters/cxx11.cc print reum
FAIL: libstdc++-prettyprinters/cxx11.cc print reum
FAIL: libstdc++-prettyprinters/cxx11.cc print reumm
FAIL: libstdc++-prettyprinters/cxx11.cc print reumm
FAIL: libstdc++-prettyprinters/cxx11.cc print reums
FAIL: libstdc++-prettyprinters/cxx11.cc print reums
FAIL: libstdc++-prettyprinters/cxx11.cc print reus
FAIL: libstdc++-prettyprinters/cxx11.cc print reus
FAIL: libstdc++-prettyprinters/cxx11.cc print rfl
FAIL: libstdc++-prettyprinters/cxx11.cc print rfl
FAIL: libstdc++-prettyprinters/cxx11.cc print ruom
FAIL: libstdc++-prettyprinters/cxx11.cc print ruom
FAIL: libstdc++-prettyprinters/cxx11.cc print ruomm
FAIL: libstdc++-prettyprinters/cxx11.cc print ruomm
FAIL: libstdc++-prettyprinters/cxx11.cc print ruoms
FAIL: libstdc++-prettyprinters/cxx11.cc print ruoms
FAIL: libstdc++-prettyprinters/cxx11.cc print ruos
FAIL: libstdc++-prettyprinters/cxx11.cc print ruos
FAIL: libstdc++-prettyprinters/cxx11.cc print uom
FAIL: libstdc++-prettyprinters/cxx11.cc print uom
FAIL: libstdc++-prettyprinters/cxx11.cc print uomm
FAIL: libstdc++-prettyprinters/cxx11.cc print uomm
FAIL: libstdc++-prettyprinters/cxx11.cc print uoms
FAIL: libstdc++-prettyprinters/cxx11.cc print uoms
FAIL: libstdc++-prettyprinters/cxx11.cc print uos
FAIL: libstdc++-prettyprinters/cxx11.cc print uos
FAIL: libstdc++-prettyprinters/cxx17.cc print am
FAIL: libstdc++-prettyprinters/cxx17.cc print am
FAIL: libstdc++-prettyprinters/cxx17.cc print om
FAIL: libstdc++-prettyprinters/cxx17.cc print om
FAIL: libstdc++-prettyprinters/libfundts.cc print am
FAIL: libstdc++-prettyprinters/libfundts.cc print am
FAIL: libstdc++-prettyprinters/libfundts.cc print om
FAIL: libstdc++-prettyprinters/libfundts.cc print om
FAIL: libstdc++-prettyprinters/simple.cc print bs
FAIL: libstdc++-prettyprinters/simple.cc print bs
FAIL: libstdc++-prettyprinters/simple.cc print const_intset
FAIL: libstdc++-prettyprinters/simple.cc print const_intset
FAIL: libstdc++-prettyprinters/simple.cc print deq
FAIL: libstdc++-prettyprinters/simple.cc print deq
FAIL: libstdc++-prettyprinters/simple.cc print lst
FAIL: libstdc++-prettyprinters/simple.cc print lst
FAIL: libstdc++-prettyprinters/simple.cc print mp
FAIL: libstdc++-prettyprinters/simple.cc print mp
FAIL: libstdc++-prettyprinters/simple.cc print sp
FAIL: libstdc++-prettyprinters/simple.cc print sp
FAIL: libstdc++-prettyprinters/simple.cc print v
FAIL: libstdc++-prettyprinters/simple.cc print v
FAIL: libstdc++-prettyprinters/simple11.cc print bs
FAIL: libstdc++-prettyprinters/simple11.cc print bs
FAIL: libstdc++-prettyprinters/simple11.cc print const_intset
FAIL: libstdc++-prettyprinters/simple11.cc print const_intset
FAIL: libstdc++-prettyprinters/simple11.cc print deq
FAIL: libstdc++-prettyprinters/simple11.cc print deq
FAIL: libstdc++-prettyprinters/simple11.cc print lst
FAIL: libstdc++-prettyprinters/simple11.cc print lst
FAIL: libstdc++-prettyprinters/simple11.cc print mp
FAIL: libstdc++-prettyprinters/simple11.cc print mp
FAIL: libstdc++-prettyprinters/simple11.cc print sp
FAIL: libstdc++-prettyprinters/simple11.cc print sp
FAIL: libstdc++-prettyprinters/simple11.cc print v
FAIL: libstdc++-prettyprinters/simple11.cc print v
FAIL: libstdc++-prettyprinters/whatis.cc whatis assoc1_holder
FAIL: libstdc++-prettyprinters/whatis.cc whatis assoc1_holder
FAIL: libstdc++-prettyprinters/whatis.cc whatis assoc2_holder
FAIL: libstdc++-prettyprinters/whatis.cc whatis assoc2_holder
FAIL: libstdc++-prettyprinters/whatis.cc whatis seq1_holder
FAIL: libstdc++-prettyprinters/whatis.cc whatis seq1_holder
FAIL: libstdc++-prettyprinters/whatis.cc whatis seq2_holder
FAIL: libstdc++-prettyprinters/whatis.cc whatis seq2_holder
FAIL: libstdc++-prettyprinters/whatis.cc whatis unord1_holder
FAIL: libstdc++-prettyprinters/whatis.cc whatis unord1_holder
FAIL: libstdc++-prettyprinters/whatis.cc whatis unord2_holder
FAIL: libstdc++-prettyprinters/whatis.cc whatis unord2_holder
FAIL: libstdc++-prettyprinters/whatis2.cc whatis assoc1_holder
FAIL: libstdc++-prettyprinters/whatis2.cc whatis assoc1_holder
FAIL: libstdc++-prettyprinters/whatis2.cc whatis assoc2_holder
FAIL: libstdc++-prettyprinters/whatis2.cc whatis assoc2_holder
FAIL: libstdc++-prettyprinters/whatis2.cc whatis seq1_holder
FAIL: libstdc++-prettyprinters/whatis2.cc whatis seq1_holder
FAIL: libstdc++-prettyprinters/whatis2.cc whatis seq2_holder
FAIL: libstdc++-prettyprinters/whatis2.cc whatis seq2_holder
FAIL: libstdc++-prettyprinters/whatis2.cc whatis unord1_holder
FAIL: libstdc++-prettyprinters/whatis2.cc whatis unord1_holder
FAIL: libstdc++-prettyprinters/whatis2.cc whatis unord2_holder
FAIL: libstdc++-prettyprinters/whatis2.cc whatis unord2_holder
=== libstdc++ Summary for unix/-std=gnu++2a/-D_GLIBCXX_USE_CXX11_ABI=0/-D_GLIBCXX_DEBUG ===
# of expected passes 13153
# of unexpected failures 120
# of unexpected successes 5
# of expected failures 293
# of unresolved testcases 4
# of unsupported tests 91
Running target unix/-std=gnu++98
=== libstdc++ Summary for unix/-std=gnu++98 ===
# of expected passes 6973
# of expected failures 25
# of unsupported tests 3712
Running target unix/-std=gnu++98/-D_GLIBCXX_DEBUG
FAIL: 21_strings/basic_string/modifiers/insert/char/1.cc (test for excess errors)
UNRESOLVED: 21_strings/basic_string/modifiers/insert/char/1.cc compilation failed to produce executable
XPASS: 21_strings/basic_string_view/element_access/char/2.cc execution test
XPASS: 21_strings/basic_string_view/element_access/wchar_t/2.cc execution test
FAIL: libstdc++-prettyprinters/cxx17.cc print am
FAIL: libstdc++-prettyprinters/cxx17.cc print am
FAIL: libstdc++-prettyprinters/cxx17.cc print om
FAIL: libstdc++-prettyprinters/cxx17.cc print om
FAIL: libstdc++-prettyprinters/simple.cc print bs
FAIL: libstdc++-prettyprinters/simple.cc print bs
FAIL: libstdc++-prettyprinters/simple.cc print const_intset
FAIL: libstdc++-prettyprinters/simple.cc print const_intset
FAIL: libstdc++-prettyprinters/simple.cc print deq
FAIL: libstdc++-prettyprinters/simple.cc print deq
FAIL: libstdc++-prettyprinters/simple.cc print lst
FAIL: libstdc++-prettyprinters/simple.cc print lst
FAIL: libstdc++-prettyprinters/simple.cc print mp
FAIL: libstdc++-prettyprinters/simple.cc print mp
FAIL: libstdc++-prettyprinters/simple.cc print sp
FAIL: libstdc++-prettyprinters/simple.cc print sp
FAIL: libstdc++-prettyprinters/simple.cc print v
FAIL: libstdc++-prettyprinters/simple.cc print v
=== libstdc++ Summary for unix/-std=gnu++98/-D_GLIBCXX_DEBUG ===
# of expected passes 6969
# of unexpected failures 19
# of unexpected successes 2
# of expected failures 106
# of unresolved testcases 1
# of unsupported tests 3626
Running target unix/-std=gnu++98/-D_GLIBCXX_USE_CXX11_ABI=0
XPASS: 21_strings/basic_string/requirements/explicit_instantiation/debug.cc (test for excess errors)
=== libstdc++ Summary for unix/-std=gnu++98/-D_GLIBCXX_USE_CXX11_ABI=0 ===
# of expected passes 6968
# of unexpected successes 1
# of expected failures 27
# of unsupported tests 3714
Running target unix/-std=gnu++98/-D_GLIBCXX_USE_CXX11_ABI=0/-D_GLIBCXX_DEBUG
XPASS: 21_strings/basic_string/requirements/explicit_instantiation/debug.cc (test for excess errors)
XPASS: 21_strings/basic_string_view/element_access/char/2.cc execution test
XPASS: 21_strings/basic_string_view/element_access/wchar_t/2.cc execution test
FAIL: libstdc++-prettyprinters/cxx17.cc print am
FAIL: libstdc++-prettyprinters/cxx17.cc print am
FAIL: libstdc++-prettyprinters/cxx17.cc print om
FAIL: libstdc++-prettyprinters/cxx17.cc print om
FAIL: libstdc++-prettyprinters/simple.cc print bs
FAIL: libstdc++-prettyprinters/simple.cc print bs
FAIL: libstdc++-prettyprinters/simple.cc print const_intset
FAIL: libstdc++-prettyprinters/simple.cc print const_intset
FAIL: libstdc++-prettyprinters/simple.cc print deq
FAIL: libstdc++-prettyprinters/simple.cc print deq
FAIL: libstdc++-prettyprinters/simple.cc print lst
FAIL: libstdc++-prettyprinters/simple.cc print lst
FAIL: libstdc++-prettyprinters/simple.cc print mp
FAIL: libstdc++-prettyprinters/simple.cc print mp
FAIL: libstdc++-prettyprinters/simple.cc print sp
FAIL: libstdc++-prettyprinters/simple.cc print sp
FAIL: libstdc++-prettyprinters/simple.cc print v
FAIL: libstdc++-prettyprinters/simple.cc print v
=== libstdc++ Summary for unix/-std=gnu++98/-D_GLIBCXX_USE_CXX11_ABI=0/-D_GLIBCXX_DEBUG ===
# of expected passes 6966
# of unexpected failures 18
# of unexpected successes 3
# of expected failures 108
# of unsupported tests 3628
=== libstdc++ Summary ===
# of expected passes 183786
# of unexpected failures 729
# of unexpected successes 32
# of expected failures 2488
# of unresolved testcases 17
# of unsupported tests 18273
gcc version 9.0.0 20180823 (experimental) [trunk revision 263820] (GCC)
Compiler version: 9.0.0 20180823 (experimental) [trunk revision 263820] (GCC) libstdc++
Platform: x86_64-pc-linux-gnu
configure flags: --enable-languages=c++ --disable-bootstrap --disable-libcc1 --disable-libcilkrts --disable-libhsail-rt --disable-libmpx --disable-liboffloadmic --disable-libvtv --with-system-zlib --with-gnu-ld --with-gnu-as --without-isl
Fedora release 27 (Twenty Seven)
GNU C Library (GNU libc) stable release version 2.26, by Roland McGrath et al.
GNU assembler version 2.29-13.fc27
GNU ld version 2.29-13.fc27
DejaGnu version 1.6
Expect version 5.45
Tcl version 8.6
More information about the Gcc-testresults
mailing list