Results for 9.0.0 20180812 (experimental) [trunk revision 263496] (GCC) testsuite on powerpc64-unknown-linux-gnu
Bill Seurer (POWER7)
seurer@linux.ibm.com
Sun Aug 12 16:20:00 GMT 2018
Linux 4.17.3-100.fc27.ppc64 ppc64
GNU ld version 2.29-13.fc27
GNU assembler version 2.29-13.fc27
GNU Make 4.2.1
DejaGnu:
DejaGnu version 1.6
Expect version 5.45
Tcl version 8.6
64-bit
LAST_UPDATED: Sun Aug 12 14:47:56 UTC 2018 (revision 263496)
Native configuration is powerpc64-unknown-linux-gnu
=== gcc tests ===
Running target unix
FAIL: gcc.c-torture/execute/pr70903.c -O0 execution test
FAIL: gcc.c-torture/execute/pr70903.c -O1 (test for excess errors)
UNRESOLVED: gcc.c-torture/execute/pr70903.c -O1 compilation failed to produce executable
FAIL: gcc.c-torture/execute/pr70903.c -O2 (test for excess errors)
UNRESOLVED: gcc.c-torture/execute/pr70903.c -O2 compilation failed to produce executable
FAIL: gcc.c-torture/execute/pr70903.c -O2 -flto -fno-use-linker-plugin -flto-partition=none (test for excess errors)
UNRESOLVED: gcc.c-torture/execute/pr70903.c -O2 -flto -fno-use-linker-plugin -flto-partition=none compilation failed to produce executable
FAIL: gcc.c-torture/execute/pr70903.c -O2 -flto -fuse-linker-plugin -fno-fat-lto-objects (test for excess errors)
UNRESOLVED: gcc.c-torture/execute/pr70903.c -O2 -flto -fuse-linker-plugin -fno-fat-lto-objects compilation failed to produce executable
FAIL: gcc.c-torture/execute/pr70903.c -O3 -g (test for excess errors)
UNRESOLVED: gcc.c-torture/execute/pr70903.c -O3 -g compilation failed to produce executable
FAIL: gcc.c-torture/execute/pr70903.c -Os (test for excess errors)
UNRESOLVED: gcc.c-torture/execute/pr70903.c -Os compilation failed to produce executable
FAIL: gcc.c-torture/execute/pr71083.c -O0 (test for excess errors)
UNRESOLVED: gcc.c-torture/execute/pr71083.c -O0 compilation failed to produce executable
FAIL: gcc.c-torture/execute/pr71083.c -O1 (test for excess errors)
UNRESOLVED: gcc.c-torture/execute/pr71083.c -O1 compilation failed to produce executable
FAIL: gcc.c-torture/execute/pr71083.c -O2 (test for excess errors)
UNRESOLVED: gcc.c-torture/execute/pr71083.c -O2 compilation failed to produce executable
FAIL: gcc.c-torture/execute/pr71083.c -O2 -flto -fno-use-linker-plugin -flto-partition=none (test for excess errors)
UNRESOLVED: gcc.c-torture/execute/pr71083.c -O2 -flto -fno-use-linker-plugin -flto-partition=none compilation failed to produce executable
FAIL: gcc.c-torture/execute/pr71083.c -O2 -flto -fuse-linker-plugin -fno-fat-lto-objects (test for excess errors)
UNRESOLVED: gcc.c-torture/execute/pr71083.c -O2 -flto -fuse-linker-plugin -fno-fat-lto-objects compilation failed to produce executable
FAIL: gcc.c-torture/execute/pr71083.c -O3 -fomit-frame-pointer -funroll-loops -fpeel-loops -ftracer -finline-functions (test for excess errors)
UNRESOLVED: gcc.c-torture/execute/pr71083.c -O3 -fomit-frame-pointer -funroll-loops -fpeel-loops -ftracer -finline-functions compilation failed to produce executable
FAIL: gcc.c-torture/execute/pr71083.c -O3 -g (test for excess errors)
UNRESOLVED: gcc.c-torture/execute/pr71083.c -O3 -g compilation failed to produce executable
FAIL: gcc.c-torture/execute/pr71083.c -Os (test for excess errors)
UNRESOLVED: gcc.c-torture/execute/pr71083.c -Os compilation failed to produce executable
FAIL: gcc.c-torture/execute/pr71335.c -O0 (test for excess errors)
UNRESOLVED: gcc.c-torture/execute/pr71335.c -O0 compilation failed to produce executable
FAIL: gcc.c-torture/execute/pr71335.c -O1 (test for excess errors)
UNRESOLVED: gcc.c-torture/execute/pr71335.c -O1 compilation failed to produce executable
FAIL: gcc.c-torture/execute/pr71335.c -O2 (test for excess errors)
UNRESOLVED: gcc.c-torture/execute/pr71335.c -O2 compilation failed to produce executable
FAIL: gcc.c-torture/execute/pr71335.c -O2 -flto -fno-use-linker-plugin -flto-partition=none (test for excess errors)
UNRESOLVED: gcc.c-torture/execute/pr71335.c -O2 -flto -fno-use-linker-plugin -flto-partition=none compilation failed to produce executable
FAIL: gcc.c-torture/execute/pr71335.c -O2 -flto -fuse-linker-plugin -fno-fat-lto-objects (test for excess errors)
UNRESOLVED: gcc.c-torture/execute/pr71335.c -O2 -flto -fuse-linker-plugin -fno-fat-lto-objects compilation failed to produce executable
FAIL: gcc.c-torture/execute/pr71335.c -O3 -fomit-frame-pointer -funroll-loops -fpeel-loops -ftracer -finline-functions (test for excess errors)
UNRESOLVED: gcc.c-torture/execute/pr71335.c -O3 -fomit-frame-pointer -funroll-loops -fpeel-loops -ftracer -finline-functions compilation failed to produce executable
FAIL: gcc.c-torture/execute/pr71335.c -O3 -g (test for excess errors)
UNRESOLVED: gcc.c-torture/execute/pr71335.c -O3 -g compilation failed to produce executable
FAIL: gcc.c-torture/execute/pr71335.c -Os (test for excess errors)
UNRESOLVED: gcc.c-torture/execute/pr71335.c -Os compilation failed to produce executable
FAIL: gcc.c-torture/execute/pr71494.c -O0 (test for excess errors)
UNRESOLVED: gcc.c-torture/execute/pr71494.c -O0 compilation failed to produce executable
FAIL: gcc.c-torture/execute/pr71494.c -O1 (test for excess errors)
UNRESOLVED: gcc.c-torture/execute/pr71494.c -O1 compilation failed to produce executable
FAIL: gcc.c-torture/execute/pr71494.c -O2 (test for excess errors)
UNRESOLVED: gcc.c-torture/execute/pr71494.c -O2 compilation failed to produce executable
FAIL: gcc.c-torture/execute/pr71494.c -O2 -flto -fno-use-linker-plugin -flto-partition=none (test for excess errors)
UNRESOLVED: gcc.c-torture/execute/pr71494.c -O2 -flto -fno-use-linker-plugin -flto-partition=none compilation failed to produce executable
FAIL: gcc.c-torture/execute/pr71494.c -O2 -flto -fuse-linker-plugin -fno-fat-lto-objects (test for excess errors)
UNRESOLVED: gcc.c-torture/execute/pr71494.c -O2 -flto -fuse-linker-plugin -fno-fat-lto-objects compilation failed to produce executable
FAIL: gcc.c-torture/execute/pr71494.c -O3 -g (test for excess errors)
UNRESOLVED: gcc.c-torture/execute/pr71494.c -O3 -g compilation failed to produce executable
FAIL: gcc.c-torture/execute/pr71494.c -Os (test for excess errors)
UNRESOLVED: gcc.c-torture/execute/pr71494.c -Os compilation failed to produce executable
FAIL: gcc.c-torture/execute/pr71550.c -O0 (test for excess errors)
UNRESOLVED: gcc.c-torture/execute/pr71550.c -O0 compilation failed to produce executable
FAIL: gcc.c-torture/execute/pr71550.c -O1 (test for excess errors)
UNRESOLVED: gcc.c-torture/execute/pr71550.c -O1 compilation failed to produce executable
FAIL: gcc.c-torture/execute/pr71550.c -O2 (test for excess errors)
UNRESOLVED: gcc.c-torture/execute/pr71550.c -O2 compilation failed to produce executable
FAIL: gcc.c-torture/execute/pr71550.c -O3 -fomit-frame-pointer -funroll-loops -fpeel-loops -ftracer -finline-functions (test for excess errors)
UNRESOLVED: gcc.c-torture/execute/pr71550.c -O3 -fomit-frame-pointer -funroll-loops -fpeel-loops -ftracer -finline-functions compilation failed to produce executable
FAIL: gcc.c-torture/execute/pr71550.c -O3 -g (test for excess errors)
UNRESOLVED: gcc.c-torture/execute/pr71550.c -O3 -g compilation failed to produce executable
FAIL: gcc.c-torture/execute/pr71550.c -Os (test for excess errors)
UNRESOLVED: gcc.c-torture/execute/pr71550.c -Os compilation failed to produce executable
FAIL: gcc.c-torture/execute/pr71700.c -O2 -flto -fuse-linker-plugin -fno-fat-lto-objects execution test
FAIL: gcc.c-torture/execute/pr77718.c -O0 (test for excess errors)
UNRESOLVED: gcc.c-torture/execute/pr77718.c -O0 compilation failed to produce executable
FAIL: gcc.c-torture/execute/pr77718.c -O1 (test for excess errors)
UNRESOLVED: gcc.c-torture/execute/pr77718.c -O1 compilation failed to produce executable
FAIL: gcc.c-torture/execute/pr77718.c -O2 (test for excess errors)
UNRESOLVED: gcc.c-torture/execute/pr77718.c -O2 compilation failed to produce executable
FAIL: gcc.c-torture/execute/pr77718.c -O2 -flto -fno-use-linker-plugin -flto-partition=none (test for excess errors)
UNRESOLVED: gcc.c-torture/execute/pr77718.c -O2 -flto -fno-use-linker-plugin -flto-partition=none compilation failed to produce executable
FAIL: gcc.c-torture/execute/pr77718.c -O2 -flto -fuse-linker-plugin -fno-fat-lto-objects (test for excess errors)
UNRESOLVED: gcc.c-torture/execute/pr77718.c -O2 -flto -fuse-linker-plugin -fno-fat-lto-objects compilation failed to produce executable
FAIL: gcc.c-torture/execute/pr77718.c -O3 -g (test for excess errors)
UNRESOLVED: gcc.c-torture/execute/pr77718.c -O3 -g compilation failed to produce executable
FAIL: gcc.c-torture/execute/pr77718.c -Os (test for excess errors)
UNRESOLVED: gcc.c-torture/execute/pr77718.c -Os compilation failed to produce executable
FAIL: gcc.c-torture/execute/pr77766.c -O0 (test for excess errors)
UNRESOLVED: gcc.c-torture/execute/pr77766.c -O0 compilation failed to produce executable
FAIL: gcc.c-torture/execute/pr77766.c -O1 (test for excess errors)
UNRESOLVED: gcc.c-torture/execute/pr77766.c -O1 compilation failed to produce executable
FAIL: gcc.c-torture/execute/pr77766.c -O2 (test for excess errors)
UNRESOLVED: gcc.c-torture/execute/pr77766.c -O2 compilation failed to produce executable
FAIL: gcc.c-torture/execute/pr77766.c -O2 -flto -fno-use-linker-plugin -flto-partition=none (test for excess errors)
UNRESOLVED: gcc.c-torture/execute/pr77766.c -O2 -flto -fno-use-linker-plugin -flto-partition=none compilation failed to produce executable
FAIL: gcc.c-torture/execute/pr77766.c -O2 -flto -fuse-linker-plugin -fno-fat-lto-objects (test for excess errors)
UNRESOLVED: gcc.c-torture/execute/pr77766.c -O2 -flto -fuse-linker-plugin -fno-fat-lto-objects compilation failed to produce executable
FAIL: gcc.c-torture/execute/pr77766.c -O3 -fomit-frame-pointer -funroll-loops -fpeel-loops -ftracer -finline-functions (test for excess errors)
UNRESOLVED: gcc.c-torture/execute/pr77766.c -O3 -fomit-frame-pointer -funroll-loops -fpeel-loops -ftracer -finline-functions compilation failed to produce executable
FAIL: gcc.c-torture/execute/pr77766.c -O3 -g (test for excess errors)
UNRESOLVED: gcc.c-torture/execute/pr77766.c -O3 -g compilation failed to produce executable
FAIL: gcc.c-torture/execute/pr77766.c -Os (test for excess errors)
UNRESOLVED: gcc.c-torture/execute/pr77766.c -Os compilation failed to produce executable
FAIL: gcc.c-torture/execute/pr77767.c -O0 (test for excess errors)
UNRESOLVED: gcc.c-torture/execute/pr77767.c -O0 compilation failed to produce executable
FAIL: gcc.c-torture/execute/pr77767.c -O1 (test for excess errors)
UNRESOLVED: gcc.c-torture/execute/pr77767.c -O1 compilation failed to produce executable
FAIL: gcc.c-torture/execute/pr77767.c -O2 (test for excess errors)
UNRESOLVED: gcc.c-torture/execute/pr77767.c -O2 compilation failed to produce executable
FAIL: gcc.c-torture/execute/pr77767.c -O2 -flto -fno-use-linker-plugin -flto-partition=none (test for excess errors)
UNRESOLVED: gcc.c-torture/execute/pr77767.c -O2 -flto -fno-use-linker-plugin -flto-partition=none compilation failed to produce executable
FAIL: gcc.c-torture/execute/pr77767.c -O2 -flto -fuse-linker-plugin -fno-fat-lto-objects (test for excess errors)
UNRESOLVED: gcc.c-torture/execute/pr77767.c -O2 -flto -fuse-linker-plugin -fno-fat-lto-objects compilation failed to produce executable
FAIL: gcc.c-torture/execute/pr77767.c -O3 -g (test for excess errors)
UNRESOLVED: gcc.c-torture/execute/pr77767.c -O3 -g compilation failed to produce executable
FAIL: gcc.c-torture/execute/pr77767.c -Os (test for excess errors)
UNRESOLVED: gcc.c-torture/execute/pr77767.c -Os compilation failed to produce executable
FAIL: gcc.c-torture/execute/pr78378.c -O0 (test for excess errors)
UNRESOLVED: gcc.c-torture/execute/pr78378.c -O0 compilation failed to produce executable
FAIL: gcc.c-torture/execute/pr78378.c -O1 (test for excess errors)
UNRESOLVED: gcc.c-torture/execute/pr78378.c -O1 compilation failed to produce executable
FAIL: gcc.c-torture/execute/pr78378.c -O2 (test for excess errors)
UNRESOLVED: gcc.c-torture/execute/pr78378.c -O2 compilation failed to produce executable
FAIL: gcc.c-torture/execute/pr78378.c -O2 -flto -fno-use-linker-plugin -flto-partition=none (test for excess errors)
UNRESOLVED: gcc.c-torture/execute/pr78378.c -O2 -flto -fno-use-linker-plugin -flto-partition=none compilation failed to produce executable
FAIL: gcc.c-torture/execute/pr78378.c -O2 -flto -fuse-linker-plugin -fno-fat-lto-objects (test for excess errors)
UNRESOLVED: gcc.c-torture/execute/pr78378.c -O2 -flto -fuse-linker-plugin -fno-fat-lto-objects compilation failed to produce executable
FAIL: gcc.c-torture/execute/pr78378.c -O3 -g (test for excess errors)
UNRESOLVED: gcc.c-torture/execute/pr78378.c -O3 -g compilation failed to produce executable
FAIL: gcc.c-torture/execute/pr78378.c -Os (test for excess errors)
UNRESOLVED: gcc.c-torture/execute/pr78378.c -Os compilation failed to produce executable
FAIL: gcc.c-torture/execute/strct-pack-1.c -O0 (test for excess errors)
UNRESOLVED: gcc.c-torture/execute/strct-pack-1.c -O0 compilation failed to produce executable
FAIL: gcc.c-torture/execute/strct-pack-1.c -O1 (test for excess errors)
UNRESOLVED: gcc.c-torture/execute/strct-pack-1.c -O1 compilation failed to produce executable
FAIL: gcc.c-torture/execute/strct-pack-1.c -O2 (test for excess errors)
UNRESOLVED: gcc.c-torture/execute/strct-pack-1.c -O2 compilation failed to produce executable
FAIL: gcc.c-torture/execute/strct-pack-1.c -O3 -g (test for excess errors)
UNRESOLVED: gcc.c-torture/execute/strct-pack-1.c -O3 -g compilation failed to produce executable
FAIL: gcc.c-torture/execute/strct-pack-1.c -Os (test for excess errors)
UNRESOLVED: gcc.c-torture/execute/strct-pack-1.c -Os compilation failed to produce executable
FAIL: gcc.dg/sms-1.c scan-rtl-dump-times sms "SMS succeeded" 1
FAIL: gcc.dg/strcmpopt_6.c scan-rtl-dump-times expand "__builtin_memcmp" 6
FAIL: gcc.dg/gomp/pr82374.c scan-tree-dump-times vect "vectorized 1 loops" 2
ERROR: couldn't fork child process: resource temporarily unavailable
ERROR: couldn't fork child process: resource temporarily unavailable
ERROR: couldn't fork child process: resource temporarily unavailable
ERROR: couldn't fork child process: resource temporarily unavailable
ERROR: couldn't fork child process: resource temporarily unavailable
ERROR: couldn't fork child process: resource temporarily unavailable
ERROR: couldn't fork child process: resource temporarily unavailable
ERROR: couldn't fork child process: resource temporarily unavailable
UNRESOLVED: gcc.dg/guality/const-volatile.c -O0 line main type:cvfoo == const volatile struct foo { const long cli; const signed char csc; }
ERROR: gcc.dg/guality/const-volatile.c -O0 : error executing dg-final: couldn't fork child process: resource temporarily unavailable
FAIL: gcc.dg/guality/const-volatile.c -O1 -DPREVENT_OPTIMIZATION (test for excess errors)
UNRESOLVED: gcc.dg/guality/const-volatile.c -O1 -DPREVENT_OPTIMIZATION compilation failed to produce executable
FAIL: gcc.dg/guality/const-volatile.c -O2 -DPREVENT_OPTIMIZATION (test for excess errors)
UNRESOLVED: gcc.dg/guality/const-volatile.c -O2 -DPREVENT_OPTIMIZATION compilation failed to produce executable
UNRESOLVED: gcc.dg/guality/csttest.c -O0 line 55 j == -(0x17ULL << 31)
ERROR: gcc.dg/guality/csttest.c -O0 : error executing dg-final: couldn't fork child process: resource temporarily unavailable
FAIL: gcc.dg/guality/csttest.c -O1 -DPREVENT_OPTIMIZATION (test for excess errors)
UNRESOLVED: gcc.dg/guality/csttest.c -O1 -DPREVENT_OPTIMIZATION compilation failed to produce executable
XPASS: gcc.dg/guality/example.c -O0 execution test
XPASS: gcc.dg/guality/example.c -O1 -DPREVENT_OPTIMIZATION execution test
XPASS: gcc.dg/guality/example.c -Og -DPREVENT_OPTIMIZATION execution test
XPASS: gcc.dg/guality/guality.c -O0 execution test
XPASS: gcc.dg/guality/guality.c -O1 -DPREVENT_OPTIMIZATION execution test
XPASS: gcc.dg/guality/guality.c -O2 -DPREVENT_OPTIMIZATION execution test
XPASS: gcc.dg/guality/guality.c -O2 -flto -fno-use-linker-plugin -flto-partition=none -DPREVENT_OPTIMIZATION execution test
XPASS: gcc.dg/guality/guality.c -O2 -flto -fuse-linker-plugin -fno-fat-lto-objects -DPREVENT_OPTIMIZATION execution test
XPASS: gcc.dg/guality/guality.c -O3 -g -DPREVENT_OPTIMIZATION execution test
XPASS: gcc.dg/guality/guality.c -Os -DPREVENT_OPTIMIZATION execution test
XPASS: gcc.dg/guality/guality.c -Og -DPREVENT_OPTIMIZATION execution test
XPASS: gcc.dg/guality/inline-params.c -O2 -DPREVENT_OPTIMIZATION execution test
XPASS: gcc.dg/guality/inline-params.c -O2 -flto -fno-use-linker-plugin -flto-partition=none -DPREVENT_OPTIMIZATION execution test
XPASS: gcc.dg/guality/inline-params.c -O2 -flto -fuse-linker-plugin -fno-fat-lto-objects -DPREVENT_OPTIMIZATION execution test
XPASS: gcc.dg/guality/inline-params.c -O3 -g -DPREVENT_OPTIMIZATION execution test
XPASS: gcc.dg/guality/inline-params.c -Os -DPREVENT_OPTIMIZATION execution test
UNRESOLVED: gcc.dg/guality/pr36728-1.c -O1 -DPREVENT_OPTIMIZATION line 16 arg4 == 4
ERROR: gcc.dg/guality/pr36728-1.c -O1 -DPREVENT_OPTIMIZATION : error executing dg-final: couldn't fork child process: resource temporarily unavailable
FAIL: gcc.dg/guality/pr36728-1.c -O2 -DPREVENT_OPTIMIZATION (test for excess errors)
UNRESOLVED: gcc.dg/guality/pr36728-1.c -O2 -DPREVENT_OPTIMIZATION compilation failed to produce executable
FAIL: gcc.dg/guality/pr36728-1.c -O2 -flto -fuse-linker-plugin -fno-fat-lto-objects -DPREVENT_OPTIMIZATION line 16 y == 2
FAIL: gcc.dg/guality/pr36728-1.c -O3 -g -DPREVENT_OPTIMIZATION (test for excess errors)
UNRESOLVED: gcc.dg/guality/pr36728-1.c -O3 -g -DPREVENT_OPTIMIZATION compilation failed to produce executable
FAIL: gcc.dg/guality/pr36728-2.c -O2 -DPREVENT_OPTIMIZATION line 18 *x == (char) 25
FAIL: gcc.dg/guality/pr36728-2.c -O2 -flto -fno-use-linker-plugin -flto-partition=none -DPREVENT_OPTIMIZATION line 18 *x == (char) 25
FAIL: gcc.dg/guality/pr36728-2.c -O2 -flto -fuse-linker-plugin -fno-fat-lto-objects -DPREVENT_OPTIMIZATION line 16 arg1 == 1
FAIL: gcc.dg/guality/pr36728-2.c -O2 -flto -fuse-linker-plugin -fno-fat-lto-objects -DPREVENT_OPTIMIZATION line 16 arg2 == 2
FAIL: gcc.dg/guality/pr36728-2.c -O2 -flto -fuse-linker-plugin -fno-fat-lto-objects -DPREVENT_OPTIMIZATION line 16 arg3 == 3
FAIL: gcc.dg/guality/pr36728-2.c -O2 -flto -fuse-linker-plugin -fno-fat-lto-objects -DPREVENT_OPTIMIZATION line 16 arg4 == 4
FAIL: gcc.dg/guality/pr36728-2.c -O2 -flto -fuse-linker-plugin -fno-fat-lto-objects -DPREVENT_OPTIMIZATION line 16 arg5 == 5
FAIL: gcc.dg/guality/pr36728-2.c -O2 -flto -fuse-linker-plugin -fno-fat-lto-objects -DPREVENT_OPTIMIZATION line 16 arg6 == 6
FAIL: gcc.dg/guality/pr36728-2.c -O2 -flto -fuse-linker-plugin -fno-fat-lto-objects -DPREVENT_OPTIMIZATION line 16 arg7 == 30
FAIL: gcc.dg/guality/pr36728-2.c -O2 -flto -fuse-linker-plugin -fno-fat-lto-objects -DPREVENT_OPTIMIZATION line 18 arg1 == 1
FAIL: gcc.dg/guality/pr36728-2.c -O2 -flto -fuse-linker-plugin -fno-fat-lto-objects -DPREVENT_OPTIMIZATION line 18 arg2 == 2
FAIL: gcc.dg/guality/pr36728-2.c -O2 -flto -fuse-linker-plugin -fno-fat-lto-objects -DPREVENT_OPTIMIZATION line 18 arg3 == 3
FAIL: gcc.dg/guality/pr36728-2.c -O2 -flto -fuse-linker-plugin -fno-fat-lto-objects -DPREVENT_OPTIMIZATION line 18 arg4 == 4
FAIL: gcc.dg/guality/pr36728-2.c -O2 -flto -fuse-linker-plugin -fno-fat-lto-objects -DPREVENT_OPTIMIZATION line 18 arg5 == 5
FAIL: gcc.dg/guality/pr36728-2.c -O2 -flto -fuse-linker-plugin -fno-fat-lto-objects -DPREVENT_OPTIMIZATION line 18 arg6 == 6
FAIL: gcc.dg/guality/pr36728-2.c -O2 -flto -fuse-linker-plugin -fno-fat-lto-objects -DPREVENT_OPTIMIZATION line 18 arg7 == 30
FAIL: gcc.dg/guality/pr36728-2.c -O3 -g -DPREVENT_OPTIMIZATION line 16 arg1 == 1
FAIL: gcc.dg/guality/pr36728-2.c -O3 -g -DPREVENT_OPTIMIZATION line 16 arg2 == 2
FAIL: gcc.dg/guality/pr36728-2.c -O3 -g -DPREVENT_OPTIMIZATION line 16 arg3 == 3
FAIL: gcc.dg/guality/pr36728-2.c -O3 -g -DPREVENT_OPTIMIZATION line 16 arg4 == 4
FAIL: gcc.dg/guality/pr36728-2.c -O3 -g -DPREVENT_OPTIMIZATION line 16 arg5 == 5
FAIL: gcc.dg/guality/pr36728-2.c -O3 -g -DPREVENT_OPTIMIZATION line 16 arg6 == 6
FAIL: gcc.dg/guality/pr36728-2.c -O3 -g -DPREVENT_OPTIMIZATION line 16 arg7 == 30
FAIL: gcc.dg/guality/pr36728-2.c -O3 -g -DPREVENT_OPTIMIZATION line 18 *x == (char) 25
FAIL: gcc.dg/guality/pr36728-2.c -O3 -g -DPREVENT_OPTIMIZATION line 18 arg1 == 1
FAIL: gcc.dg/guality/pr36728-2.c -O3 -g -DPREVENT_OPTIMIZATION line 18 arg2 == 2
FAIL: gcc.dg/guality/pr36728-2.c -O3 -g -DPREVENT_OPTIMIZATION line 18 arg3 == 3
FAIL: gcc.dg/guality/pr36728-2.c -O3 -g -DPREVENT_OPTIMIZATION line 18 arg4 == 4
FAIL: gcc.dg/guality/pr36728-2.c -O3 -g -DPREVENT_OPTIMIZATION line 18 arg5 == 5
FAIL: gcc.dg/guality/pr36728-2.c -O3 -g -DPREVENT_OPTIMIZATION line 18 arg6 == 6
FAIL: gcc.dg/guality/pr36728-2.c -O3 -g -DPREVENT_OPTIMIZATION line 18 arg7 == 30
XPASS: gcc.dg/guality/pr41353-1.c -O0 line 28 j == 28 + 37
FAIL: gcc.dg/guality/pr41353-1.c -Og -DPREVENT_OPTIMIZATION line 28 i == 37
FAIL: gcc.dg/guality/pr41353-1.c -Og -DPREVENT_OPTIMIZATION line 28 i1 == 2 * 37
FAIL: gcc.dg/guality/pr41353-1.c -Og -DPREVENT_OPTIMIZATION line 28 i2 == 3 * 37
XPASS: gcc.dg/guality/pr41353-1.c -Og -DPREVENT_OPTIMIZATION line 28 j == 28 + 37
FAIL: gcc.dg/guality/pr41616-1.c -O2 -DPREVENT_OPTIMIZATION execution test
FAIL: gcc.dg/guality/pr41616-1.c -O2 -flto -fno-use-linker-plugin -flto-partition=none -DPREVENT_OPTIMIZATION execution test
FAIL: gcc.dg/guality/pr41616-1.c -O2 -flto -fuse-linker-plugin -fno-fat-lto-objects -DPREVENT_OPTIMIZATION execution test
FAIL: gcc.dg/guality/pr41616-1.c -O3 -g -DPREVENT_OPTIMIZATION execution test
FAIL: gcc.dg/guality/pr43051-1.c -O1 -DPREVENT_OPTIMIZATION line 35 v == 1
FAIL: gcc.dg/guality/pr43051-1.c -O1 -DPREVENT_OPTIMIZATION line 40 v == 1
FAIL: gcc.dg/guality/pr43051-1.c -O2 -DPREVENT_OPTIMIZATION line 35 v == 1
FAIL: gcc.dg/guality/pr43051-1.c -O2 -DPREVENT_OPTIMIZATION line 40 v == 1
FAIL: gcc.dg/guality/pr43051-1.c -O2 -flto -fno-use-linker-plugin -flto-partition=none -DPREVENT_OPTIMIZATION line 35 v == 1
FAIL: gcc.dg/guality/pr43051-1.c -O2 -flto -fno-use-linker-plugin -flto-partition=none -DPREVENT_OPTIMIZATION line 40 v == 1
FAIL: gcc.dg/guality/pr43051-1.c -O2 -flto -fuse-linker-plugin -fno-fat-lto-objects -DPREVENT_OPTIMIZATION line 35 v == 1
FAIL: gcc.dg/guality/pr43051-1.c -O2 -flto -fuse-linker-plugin -fno-fat-lto-objects -DPREVENT_OPTIMIZATION line 40 v == 1
FAIL: gcc.dg/guality/pr43051-1.c -O3 -fomit-frame-pointer -funroll-loops -fpeel-loops -ftracer -finline-functions -DPREVENT_OPTIMIZATION line 35 v == 1
FAIL: gcc.dg/guality/pr43051-1.c -O3 -fomit-frame-pointer -funroll-loops -fpeel-loops -ftracer -finline-functions -DPREVENT_OPTIMIZATION line 40 v == 1
FAIL: gcc.dg/guality/pr43051-1.c -O3 -g -DPREVENT_OPTIMIZATION line 35 v == 1
FAIL: gcc.dg/guality/pr43051-1.c -O3 -g -DPREVENT_OPTIMIZATION line 40 v == 1
FAIL: gcc.dg/guality/pr43051-1.c -Os -DPREVENT_OPTIMIZATION line 35 v == 1
FAIL: gcc.dg/guality/pr43051-1.c -Os -DPREVENT_OPTIMIZATION line 40 v == 1
FAIL: gcc.dg/guality/pr43051-1.c -Og -DPREVENT_OPTIMIZATION line 35 v == 1
FAIL: gcc.dg/guality/pr43051-1.c -Og -DPREVENT_OPTIMIZATION line 40 v == 1
UNRESOLVED: gcc.dg/guality/pr43479.c -O1 -DPREVENT_OPTIMIZATION line 18 j == 8
ERROR: gcc.dg/guality/pr43479.c -O1 -DPREVENT_OPTIMIZATION : error executing dg-final: couldn't fork child process: resource temporarily unavailable
FAIL: gcc.dg/guality/pr43479.c -O2 -DPREVENT_OPTIMIZATION (test for excess errors)
UNRESOLVED: gcc.dg/guality/pr43479.c -O2 -DPREVENT_OPTIMIZATION compilation failed to produce executable
FAIL: gcc.dg/guality/pr43479.c -O2 -flto -fno-use-linker-plugin -flto-partition=none -DPREVENT_OPTIMIZATION (test for excess errors)
UNRESOLVED: gcc.dg/guality/pr43479.c -O2 -flto -fno-use-linker-plugin -flto-partition=none -DPREVENT_OPTIMIZATION compilation failed to produce executable
FAIL: gcc.dg/guality/pr43479.c -O3 -g -DPREVENT_OPTIMIZATION (test for excess errors)
UNRESOLVED: gcc.dg/guality/pr43479.c -O3 -g -DPREVENT_OPTIMIZATION compilation failed to produce executable
FAIL: gcc.dg/guality/pr43479.c -Os -DPREVENT_OPTIMIZATION (test for excess errors)
UNRESOLVED: gcc.dg/guality/pr43479.c -Os -DPREVENT_OPTIMIZATION compilation failed to produce executable
FAIL: gcc.dg/guality/pr43479.c -Og -DPREVENT_OPTIMIZATION (test for excess errors)
UNRESOLVED: gcc.dg/guality/pr43479.c -Og -DPREVENT_OPTIMIZATION compilation failed to produce executable
FAIL: gcc.dg/guality/pr54200.c -O1 -DPREVENT_OPTIMIZATION line 20 z == 3
FAIL: gcc.dg/guality/pr54200.c -O2 -DPREVENT_OPTIMIZATION line 20 z == 3
FAIL: gcc.dg/guality/pr54200.c -O2 -flto -fno-use-linker-plugin -flto-partition=none -DPREVENT_OPTIMIZATION line 20 z == 3
FAIL: gcc.dg/guality/pr54200.c -O3 -g -DPREVENT_OPTIMIZATION line 20 z == 3
FAIL: gcc.dg/guality/pr54200.c -Os -DPREVENT_OPTIMIZATION line 20 z == 3
FAIL: gcc.dg/guality/pr54200.c -Og -DPREVENT_OPTIMIZATION line 20 z == 3
FAIL: gcc.dg/guality/pr54519-1.c -O1 -DPREVENT_OPTIMIZATION line 20 x == 36
FAIL: gcc.dg/guality/pr54519-1.c -O1 -DPREVENT_OPTIMIZATION line 20 y == 25
FAIL: gcc.dg/guality/pr54519-1.c -O1 -DPREVENT_OPTIMIZATION line 23 x == 98
FAIL: gcc.dg/guality/pr54519-1.c -O1 -DPREVENT_OPTIMIZATION line 23 y == 117
FAIL: gcc.dg/guality/pr54519-1.c -O2 -DPREVENT_OPTIMIZATION line 20 x == 36
FAIL: gcc.dg/guality/pr54519-1.c -O2 -DPREVENT_OPTIMIZATION line 23 x == 98
UNRESOLVED: gcc.dg/guality/pr54519-1.c -O2 -DPREVENT_OPTIMIZATION line 23 y == 117
ERROR: gcc.dg/guality/pr54519-1.c -O2 -DPREVENT_OPTIMIZATION : error executing dg-final: couldn't fork child process: resource temporarily unavailable
FAIL: gcc.dg/guality/pr54519-1.c -O2 -flto -fno-use-linker-plugin -flto-partition=none -DPREVENT_OPTIMIZATION (test for excess errors)
UNRESOLVED: gcc.dg/guality/pr54519-1.c -O2 -flto -fno-use-linker-plugin -flto-partition=none -DPREVENT_OPTIMIZATION compilation failed to produce executable
FAIL: gcc.dg/guality/pr54519-1.c -O3 -g -DPREVENT_OPTIMIZATION (test for excess errors)
UNRESOLVED: gcc.dg/guality/pr54519-1.c -O3 -g -DPREVENT_OPTIMIZATION compilation failed to produce executable
FAIL: gcc.dg/guality/pr54519-1.c -Os -DPREVENT_OPTIMIZATION (test for excess errors)
UNRESOLVED: gcc.dg/guality/pr54519-1.c -Os -DPREVENT_OPTIMIZATION compilation failed to produce executable
FAIL: gcc.dg/guality/pr54519-1.c -Og -DPREVENT_OPTIMIZATION (test for excess errors)
UNRESOLVED: gcc.dg/guality/pr54519-1.c -Og -DPREVENT_OPTIMIZATION compilation failed to produce executable
FAIL: gcc.dg/guality/pr54519-2.c -O1 -DPREVENT_OPTIMIZATION line 17 x == 6
FAIL: gcc.dg/guality/pr54519-2.c -O2 -DPREVENT_OPTIMIZATION line 17 x == 6
FAIL: gcc.dg/guality/pr54519-2.c -O2 -flto -fno-use-linker-plugin -flto-partition=none -DPREVENT_OPTIMIZATION line 17 x == 6
FAIL: gcc.dg/guality/pr54519-2.c -O2 -flto -fno-use-linker-plugin -flto-partition=none -DPREVENT_OPTIMIZATION line 17 y == 25
FAIL: gcc.dg/guality/pr54519-2.c -O2 -flto -fuse-linker-plugin -fno-fat-lto-objects -DPREVENT_OPTIMIZATION line 17 y == 25
FAIL: gcc.dg/guality/pr54519-2.c -Og -DPREVENT_OPTIMIZATION line 17 x == 6
FAIL: gcc.dg/guality/pr54519-3.c -O1 -DPREVENT_OPTIMIZATION line 20 x == 36
FAIL: gcc.dg/guality/pr54519-3.c -O1 -DPREVENT_OPTIMIZATION line 20 y == 25
FAIL: gcc.dg/guality/pr54519-3.c -O1 -DPREVENT_OPTIMIZATION line 20 z == 6
FAIL: gcc.dg/guality/pr54519-3.c -O1 -DPREVENT_OPTIMIZATION line 23 x == 98
FAIL: gcc.dg/guality/pr54519-3.c -O1 -DPREVENT_OPTIMIZATION line 23 y == 117
FAIL: gcc.dg/guality/pr54519-3.c -O1 -DPREVENT_OPTIMIZATION line 23 z == 8
FAIL: gcc.dg/guality/pr54519-3.c -O2 -DPREVENT_OPTIMIZATION line 20 z == 6
FAIL: gcc.dg/guality/pr54519-3.c -O2 -DPREVENT_OPTIMIZATION line 23 z == 8
FAIL: gcc.dg/guality/pr54519-3.c -O2 -flto -fno-use-linker-plugin -flto-partition=none -DPREVENT_OPTIMIZATION line 20 y == 25
FAIL: gcc.dg/guality/pr54519-3.c -O2 -flto -fno-use-linker-plugin -flto-partition=none -DPREVENT_OPTIMIZATION line 20 z == 6
FAIL: gcc.dg/guality/pr54519-3.c -O2 -flto -fno-use-linker-plugin -flto-partition=none -DPREVENT_OPTIMIZATION line 23 y == 117
FAIL: gcc.dg/guality/pr54519-3.c -O2 -flto -fno-use-linker-plugin -flto-partition=none -DPREVENT_OPTIMIZATION line 23 z == 8
FAIL: gcc.dg/guality/pr54519-3.c -O2 -flto -fuse-linker-plugin -fno-fat-lto-objects -DPREVENT_OPTIMIZATION line 20 y == 25
FAIL: gcc.dg/guality/pr54519-3.c -O2 -flto -fuse-linker-plugin -fno-fat-lto-objects -DPREVENT_OPTIMIZATION line 20 z == 6
FAIL: gcc.dg/guality/pr54519-3.c -O2 -flto -fuse-linker-plugin -fno-fat-lto-objects -DPREVENT_OPTIMIZATION line 23 y == 117
FAIL: gcc.dg/guality/pr54519-3.c -O2 -flto -fuse-linker-plugin -fno-fat-lto-objects -DPREVENT_OPTIMIZATION line 23 z == 8
FAIL: gcc.dg/guality/pr54519-3.c -O3 -g -DPREVENT_OPTIMIZATION line 20 z == 6
FAIL: gcc.dg/guality/pr54519-3.c -O3 -g -DPREVENT_OPTIMIZATION line 23 z == 8
FAIL: gcc.dg/guality/pr54519-3.c -Os -DPREVENT_OPTIMIZATION line 20 z == 6
FAIL: gcc.dg/guality/pr54519-3.c -Os -DPREVENT_OPTIMIZATION line 23 z == 8
FAIL: gcc.dg/guality/pr54519-3.c -Og -DPREVENT_OPTIMIZATION line 20 x == 36
FAIL: gcc.dg/guality/pr54519-3.c -Og -DPREVENT_OPTIMIZATION line 20 y == 25
FAIL: gcc.dg/guality/pr54519-3.c -Og -DPREVENT_OPTIMIZATION line 20 z == 6
FAIL: gcc.dg/guality/pr54519-3.c -Og -DPREVENT_OPTIMIZATION line 23 x == 98
FAIL: gcc.dg/guality/pr54519-3.c -Og -DPREVENT_OPTIMIZATION line 23 y == 117
FAIL: gcc.dg/guality/pr54519-3.c -Og -DPREVENT_OPTIMIZATION line 23 z == 8
FAIL: gcc.dg/guality/pr54519-4.c -O1 -DPREVENT_OPTIMIZATION line 17 x == 6
FAIL: gcc.dg/guality/pr54519-4.c -O1 -DPREVENT_OPTIMIZATION line 17 y == 25
FAIL: gcc.dg/guality/pr54519-4.c -O2 -DPREVENT_OPTIMIZATION line 17 y == 25
FAIL: gcc.dg/guality/pr54519-4.c -O2 -flto -fno-use-linker-plugin -flto-partition=none -DPREVENT_OPTIMIZATION line 17 y == 25
FAIL: gcc.dg/guality/pr54519-4.c -O2 -flto -fuse-linker-plugin -fno-fat-lto-objects -DPREVENT_OPTIMIZATION line 17 y == 25
FAIL: gcc.dg/guality/pr54519-4.c -O3 -g -DPREVENT_OPTIMIZATION line 17 y == 25
FAIL: gcc.dg/guality/pr54519-4.c -Os -DPREVENT_OPTIMIZATION line 17 y == 25
FAIL: gcc.dg/guality/pr54519-4.c -Og -DPREVENT_OPTIMIZATION line 17 x == 6
FAIL: gcc.dg/guality/pr54519-4.c -Og -DPREVENT_OPTIMIZATION line 17 y == 25
FAIL: gcc.dg/guality/pr54519-5.c -O1 -DPREVENT_OPTIMIZATION line 17 x == 6
FAIL: gcc.dg/guality/pr54519-5.c -O1 -DPREVENT_OPTIMIZATION line 17 y == 25
FAIL: gcc.dg/guality/pr54519-5.c -O2 -DPREVENT_OPTIMIZATION line 17 x == 6
FAIL: gcc.dg/guality/pr54519-5.c -O2 -DPREVENT_OPTIMIZATION line 17 y == 25
FAIL: gcc.dg/guality/pr54519-5.c -O2 -flto -fno-use-linker-plugin -flto-partition=none -DPREVENT_OPTIMIZATION line 17 x == 6
FAIL: gcc.dg/guality/pr54519-5.c -O2 -flto -fno-use-linker-plugin -flto-partition=none -DPREVENT_OPTIMIZATION line 17 y == 25
FAIL: gcc.dg/guality/pr54519-5.c -O2 -flto -fuse-linker-plugin -fno-fat-lto-objects -DPREVENT_OPTIMIZATION line 17 y == 25
FAIL: gcc.dg/guality/pr54519-5.c -O3 -g -DPREVENT_OPTIMIZATION line 17 y == 25
FAIL: gcc.dg/guality/pr54519-5.c -Os -DPREVENT_OPTIMIZATION line 17 y == 25
FAIL: gcc.dg/guality/pr54519-5.c -Og -DPREVENT_OPTIMIZATION line 17 x == 6
FAIL: gcc.dg/guality/pr54519-5.c -Og -DPREVENT_OPTIMIZATION line 17 y == 25
FAIL: gcc.dg/guality/pr54551.c -O1 -DPREVENT_OPTIMIZATION line 18 a == 4
FAIL: gcc.dg/guality/pr54551.c -O2 -DPREVENT_OPTIMIZATION line 18 a == 4
FAIL: gcc.dg/guality/pr54551.c -O2 -flto -fno-use-linker-plugin -flto-partition=none -DPREVENT_OPTIMIZATION line 18 a == 4
FAIL: gcc.dg/guality/pr54551.c -O3 -g -DPREVENT_OPTIMIZATION line 18 a == 4
FAIL: gcc.dg/guality/pr54551.c -Os -DPREVENT_OPTIMIZATION line 18 a == 4
FAIL: gcc.dg/guality/pr54551.c -Og -DPREVENT_OPTIMIZATION line 18 a == 4
FAIL: gcc.dg/guality/pr54693-2.c -O1 -DPREVENT_OPTIMIZATION line 21 x == 10 - i
FAIL: gcc.dg/guality/pr54693-2.c -O2 -DPREVENT_OPTIMIZATION line 21 x == 10 - i
FAIL: gcc.dg/guality/pr54693-2.c -O2 -flto -fno-use-linker-plugin -flto-partition=none -DPREVENT_OPTIMIZATION line 21 x == 10 - i
FAIL: gcc.dg/guality/pr54693-2.c -O2 -flto -fuse-linker-plugin -fno-fat-lto-objects -DPREVENT_OPTIMIZATION line 21 y == 20 - 2 * i
FAIL: gcc.dg/guality/pr54693-2.c -O2 -flto -fuse-linker-plugin -fno-fat-lto-objects -DPREVENT_OPTIMIZATION line 21 z == 30 - 3 * i
FAIL: gcc.dg/guality/pr54693-2.c -O3 -fomit-frame-pointer -funroll-loops -fpeel-loops -ftracer -finline-functions -DPREVENT_OPTIMIZATION line 21 x == 10 - i
FAIL: gcc.dg/guality/pr54693-2.c -O3 -g -DPREVENT_OPTIMIZATION line 21 x == 10 - i
FAIL: gcc.dg/guality/pr54693-2.c -Os -DPREVENT_OPTIMIZATION line 21 y == 20 - 2 * i
FAIL: gcc.dg/guality/pr54693-2.c -Os -DPREVENT_OPTIMIZATION line 21 z == 30 - 3 * i
FAIL: gcc.dg/guality/pr54693.c -Os -DPREVENT_OPTIMIZATION line 22 i == c - 48
UNRESOLVED: gcc.dg/guality/pr54970.c -O0 line 15 a[0] == 1
ERROR: gcc.dg/guality/pr54970.c -O0 : error executing dg-final: couldn't fork child process: resource temporarily unavailable
FAIL: gcc.dg/guality/pr54970.c -O1 -DPREVENT_OPTIMIZATION (test for excess errors)
UNRESOLVED: gcc.dg/guality/pr54970.c -O1 -DPREVENT_OPTIMIZATION compilation failed to produce executable
FAIL: gcc.dg/guality/pr54970.c -Og -DPREVENT_OPTIMIZATION line 15 *p == 3
FAIL: gcc.dg/guality/pr54970.c -Og -DPREVENT_OPTIMIZATION line 15 *q == 2
FAIL: gcc.dg/guality/pr54970.c -Og -DPREVENT_OPTIMIZATION line 15 a[0] == 1
FAIL: gcc.dg/guality/pr54970.c -Og -DPREVENT_OPTIMIZATION line 15 a[1] == 2
FAIL: gcc.dg/guality/pr54970.c -Og -DPREVENT_OPTIMIZATION line 15 a[2] == 3
FAIL: gcc.dg/guality/pr54970.c -Og -DPREVENT_OPTIMIZATION line 20 *p == 13
FAIL: gcc.dg/guality/pr54970.c -Og -DPREVENT_OPTIMIZATION line 20 *q == 2
FAIL: gcc.dg/guality/pr54970.c -Og -DPREVENT_OPTIMIZATION line 20 a[0] == 1
FAIL: gcc.dg/guality/pr54970.c -Og -DPREVENT_OPTIMIZATION line 20 a[1] == 2
FAIL: gcc.dg/guality/pr54970.c -Og -DPREVENT_OPTIMIZATION line 20 a[2] == 13
FAIL: gcc.dg/guality/pr54970.c -Og -DPREVENT_OPTIMIZATION line 25 *p == 13
FAIL: gcc.dg/guality/pr54970.c -Og -DPREVENT_OPTIMIZATION line 25 *q == 12
FAIL: gcc.dg/guality/pr54970.c -Og -DPREVENT_OPTIMIZATION line 25 a[0] == 1
FAIL: gcc.dg/guality/pr54970.c -Og -DPREVENT_OPTIMIZATION line 25 a[1] == 12
FAIL: gcc.dg/guality/pr54970.c -Og -DPREVENT_OPTIMIZATION line 25 a[2] == 13
FAIL: gcc.dg/guality/pr54970.c -Og -DPREVENT_OPTIMIZATION line 31 *p == 6
FAIL: gcc.dg/guality/pr54970.c -Og -DPREVENT_OPTIMIZATION line 31 *q == 5
FAIL: gcc.dg/guality/pr54970.c -Og -DPREVENT_OPTIMIZATION line 31 a[1] == 5
FAIL: gcc.dg/guality/pr54970.c -Og -DPREVENT_OPTIMIZATION line 31 a[2] == 6
FAIL: gcc.dg/guality/pr54970.c -Og -DPREVENT_OPTIMIZATION line 36 *p == 26
FAIL: gcc.dg/guality/pr54970.c -Og -DPREVENT_OPTIMIZATION line 36 *q == 5
FAIL: gcc.dg/guality/pr54970.c -Og -DPREVENT_OPTIMIZATION line 36 a[1] == 5
FAIL: gcc.dg/guality/pr54970.c -Og -DPREVENT_OPTIMIZATION line 36 a[2] == 26
FAIL: gcc.dg/guality/pr54970.c -Og -DPREVENT_OPTIMIZATION line 45 *p == 26
FAIL: gcc.dg/guality/pr54970.c -Og -DPREVENT_OPTIMIZATION line 45 *q == 25
FAIL: gcc.dg/guality/pr54970.c -Og -DPREVENT_OPTIMIZATION line 45 a[1] == 25
FAIL: gcc.dg/guality/pr54970.c -Og -DPREVENT_OPTIMIZATION line 45 a[2] == 26
FAIL: gcc.dg/guality/pr54970.c -Og -DPREVENT_OPTIMIZATION line 45 p[-1] == 25
FAIL: gcc.dg/guality/pr54970.c -Og -DPREVENT_OPTIMIZATION line 45 q[1] == 26
FAIL: gcc.dg/guality/pr56154-1.c -Og -DPREVENT_OPTIMIZATION line pr56154-1.c:20 x.a == 6
FAIL: gcc.dg/guality/pr58791-2.c -O2 -flto -fno-use-linker-plugin -flto-partition=none -DPREVENT_OPTIMIZATION line pr58791-2.c:27 d & 1 == 1
FAIL: gcc.dg/guality/pr58791-5.c -O2 -flto -fno-use-linker-plugin -flto-partition=none -DPREVENT_OPTIMIZATION (test for excess errors)
UNRESOLVED: gcc.dg/guality/pr58791-5.c -O2 -flto -fno-use-linker-plugin -flto-partition=none -DPREVENT_OPTIMIZATION compilation failed to produce executable
FAIL: gcc.dg/guality/pr58791-5.c -O2 -flto -fuse-linker-plugin -fno-fat-lto-objects -DPREVENT_OPTIMIZATION (test for excess errors)
UNRESOLVED: gcc.dg/guality/pr58791-5.c -O2 -flto -fuse-linker-plugin -fno-fat-lto-objects -DPREVENT_OPTIMIZATION compilation failed to produce executable
UNRESOLVED: gcc.dg/guality/pr58791-5.c -Os -DPREVENT_OPTIMIZATION line pr58791-5.c:20 e == 0
ERROR: gcc.dg/guality/pr58791-5.c -Os -DPREVENT_OPTIMIZATION : error executing dg-final: couldn't fork child process: resource temporarily unavailable
FAIL: gcc.dg/guality/pr58791-5.c -Og -DPREVENT_OPTIMIZATION (test for excess errors)
UNRESOLVED: gcc.dg/guality/pr58791-5.c -Og -DPREVENT_OPTIMIZATION compilation failed to produce executable
FAIL: gcc.dg/guality/pr59776.c -O0 (test for excess errors)
UNRESOLVED: gcc.dg/guality/pr59776.c -O0 compilation failed to produce executable
FAIL: gcc.dg/guality/pr59776.c -O1 -DPREVENT_OPTIMIZATION (test for excess errors)
UNRESOLVED: gcc.dg/guality/pr59776.c -O1 -DPREVENT_OPTIMIZATION compilation failed to produce executable
FAIL: gcc.dg/guality/pr59776.c -Og -DPREVENT_OPTIMIZATION line pr59776.c:17 s1.f == 5.0
FAIL: gcc.dg/guality/pr59776.c -Og -DPREVENT_OPTIMIZATION line pr59776.c:17 s1.g == 6.0
FAIL: gcc.dg/guality/pr59776.c -Og -DPREVENT_OPTIMIZATION line pr59776.c:17 s2.f == 0.0
FAIL: gcc.dg/guality/pr59776.c -Og -DPREVENT_OPTIMIZATION line pr59776.c:17 s2.g == 6.0
FAIL: gcc.dg/guality/pr59776.c -Og -DPREVENT_OPTIMIZATION line pr59776.c:20 s1.f == 5.0
FAIL: gcc.dg/guality/pr59776.c -Og -DPREVENT_OPTIMIZATION line pr59776.c:20 s1.g == 6.0
FAIL: gcc.dg/guality/pr59776.c -Og -DPREVENT_OPTIMIZATION line pr59776.c:20 s2.f == 5.0
FAIL: gcc.dg/guality/pr59776.c -Og -DPREVENT_OPTIMIZATION line pr59776.c:20 s2.g == 6.0
FAIL: gcc.dg/guality/pr68860-1.c -O2 -flto -fno-use-linker-plugin -flto-partition=none -DPREVENT_OPTIMIZATION line 14 arg1 == 1
FAIL: gcc.dg/guality/pr68860-1.c -O2 -flto -fno-use-linker-plugin -flto-partition=none -DPREVENT_OPTIMIZATION line 14 arg2 == 2
FAIL: gcc.dg/guality/pr68860-1.c -O2 -flto -fno-use-linker-plugin -flto-partition=none -DPREVENT_OPTIMIZATION line 14 arg3 == 3
FAIL: gcc.dg/guality/pr68860-1.c -O2 -flto -fno-use-linker-plugin -flto-partition=none -DPREVENT_OPTIMIZATION line 14 arg4 == 4
FAIL: gcc.dg/guality/pr68860-1.c -O2 -flto -fno-use-linker-plugin -flto-partition=none -DPREVENT_OPTIMIZATION line 14 arg5 == 5
FAIL: gcc.dg/guality/pr68860-1.c -O2 -flto -fno-use-linker-plugin -flto-partition=none -DPREVENT_OPTIMIZATION line 14 arg6 == 6
FAIL: gcc.dg/guality/pr68860-1.c -O2 -flto -fno-use-linker-plugin -flto-partition=none -DPREVENT_OPTIMIZATION line 16 arg1 == 1
FAIL: gcc.dg/guality/pr68860-1.c -O2 -flto -fno-use-linker-plugin -flto-partition=none -DPREVENT_OPTIMIZATION line 16 arg2 == 2
FAIL: gcc.dg/guality/pr68860-1.c -O2 -flto -fno-use-linker-plugin -flto-partition=none -DPREVENT_OPTIMIZATION line 16 arg3 == 3
FAIL: gcc.dg/guality/pr68860-1.c -O2 -flto -fno-use-linker-plugin -flto-partition=none -DPREVENT_OPTIMIZATION line 16 arg4 == 4
FAIL: gcc.dg/guality/pr68860-1.c -O2 -flto -fno-use-linker-plugin -flto-partition=none -DPREVENT_OPTIMIZATION line 16 arg5 == 5
FAIL: gcc.dg/guality/pr68860-1.c -O2 -flto -fno-use-linker-plugin -flto-partition=none -DPREVENT_OPTIMIZATION line 16 arg6 == 6
FAIL: gcc.dg/guality/pr68860-1.c -O2 -flto -fuse-linker-plugin -fno-fat-lto-objects -DPREVENT_OPTIMIZATION line 14 arg1 == 1
FAIL: gcc.dg/guality/pr68860-1.c -O2 -flto -fuse-linker-plugin -fno-fat-lto-objects -DPREVENT_OPTIMIZATION line 14 arg2 == 2
FAIL: gcc.dg/guality/pr68860-1.c -O2 -flto -fuse-linker-plugin -fno-fat-lto-objects -DPREVENT_OPTIMIZATION line 14 arg3 == 3
FAIL: gcc.dg/guality/pr68860-1.c -O2 -flto -fuse-linker-plugin -fno-fat-lto-objects -DPREVENT_OPTIMIZATION line 14 arg4 == 4
FAIL: gcc.dg/guality/pr68860-1.c -O2 -flto -fuse-linker-plugin -fno-fat-lto-objects -DPREVENT_OPTIMIZATION line 14 arg5 == 5
FAIL: gcc.dg/guality/pr68860-1.c -O2 -flto -fuse-linker-plugin -fno-fat-lto-objects -DPREVENT_OPTIMIZATION line 14 arg6 == 6
FAIL: gcc.dg/guality/pr68860-1.c -O2 -flto -fuse-linker-plugin -fno-fat-lto-objects -DPREVENT_OPTIMIZATION line 16 arg1 == 1
FAIL: gcc.dg/guality/pr68860-1.c -O2 -flto -fuse-linker-plugin -fno-fat-lto-objects -DPREVENT_OPTIMIZATION line 16 arg2 == 2
FAIL: gcc.dg/guality/pr68860-1.c -O2 -flto -fuse-linker-plugin -fno-fat-lto-objects -DPREVENT_OPTIMIZATION line 16 arg3 == 3
FAIL: gcc.dg/guality/pr68860-1.c -O2 -flto -fuse-linker-plugin -fno-fat-lto-objects -DPREVENT_OPTIMIZATION line 16 arg4 == 4
FAIL: gcc.dg/guality/pr68860-1.c -O2 -flto -fuse-linker-plugin -fno-fat-lto-objects -DPREVENT_OPTIMIZATION line 16 arg5 == 5
FAIL: gcc.dg/guality/pr68860-1.c -O2 -flto -fuse-linker-plugin -fno-fat-lto-objects -DPREVENT_OPTIMIZATION line 16 arg6 == 6
UNRESOLVED: gcc.dg/guality/pr69947.c -O2 -flto -fuse-linker-plugin -fno-fat-lto-objects -DPREVENT_OPTIMIZATION line 14 b[4] == 'e'
ERROR: gcc.dg/guality/pr69947.c -O2 -flto -fuse-linker-plugin -fno-fat-lto-objects -DPREVENT_OPTIMIZATION: error executing dg-final: couldn't fork child process: resource temporarily unavailable
FAIL: gcc.dg/guality/pr78726.c -O0 (test for excess errors)
UNRESOLVED: gcc.dg/guality/pr78726.c -O0 compilation failed to produce executable
FAIL: gcc.dg/guality/pr78726.c -O1 -DPREVENT_OPTIMIZATION (test for excess errors)
UNRESOLVED: gcc.dg/guality/pr78726.c -O1 -DPREVENT_OPTIMIZATION compilation failed to produce executable
FAIL: gcc.dg/guality/pr78726.c -O2 -DPREVENT_OPTIMIZATION (test for excess errors)
UNRESOLVED: gcc.dg/guality/pr78726.c -O2 -DPREVENT_OPTIMIZATION compilation failed to produce executable
FAIL: gcc.dg/guality/pr78726.c -O3 -g -DPREVENT_OPTIMIZATION (test for excess errors)
UNRESOLVED: gcc.dg/guality/pr78726.c -O3 -g -DPREVENT_OPTIMIZATION compilation failed to produce executable
FAIL: gcc.dg/guality/pr78726.c -Os -DPREVENT_OPTIMIZATION (test for excess errors)
UNRESOLVED: gcc.dg/guality/pr78726.c -Os -DPREVENT_OPTIMIZATION compilation failed to produce executable
FAIL: gcc.dg/guality/sra-1.c -Og -DPREVENT_OPTIMIZATION line 21 a.i == 4
FAIL: gcc.dg/guality/sra-1.c -Og -DPREVENT_OPTIMIZATION line 21 a.j == 14
FAIL: gcc.dg/guality/sra-1.c -Og -DPREVENT_OPTIMIZATION line 32 a[0] == 4
FAIL: gcc.dg/guality/sra-1.c -Og -DPREVENT_OPTIMIZATION line 32 a[1] == 14
FAIL: gcc.dg/guality/sra-1.c -Og -DPREVENT_OPTIMIZATION line 43 a.i == 4
FAIL: gcc.dg/guality/sra-1.c -Og -DPREVENT_OPTIMIZATION line 43 a.j == 14
FAIL: gcc.dg/guality/vla-1.c -O1 -DPREVENT_OPTIMIZATION line 17 sizeof (a) == 6
FAIL: gcc.dg/guality/vla-1.c -O2 -DPREVENT_OPTIMIZATION line 17 sizeof (a) == 6
FAIL: gcc.dg/guality/vla-1.c -O2 -flto -fno-use-linker-plugin -flto-partition=none -DPREVENT_OPTIMIZATION line 17 sizeof (a) == 6
FAIL: gcc.dg/guality/vla-1.c -O2 -flto -fno-use-linker-plugin -flto-partition=none -DPREVENT_OPTIMIZATION line 24 sizeof (a) == 17 * sizeof (short)
FAIL: gcc.dg/guality/vla-1.c -O2 -flto -fuse-linker-plugin -fno-fat-lto-objects -DPREVENT_OPTIMIZATION line 17 sizeof (a) == 6
FAIL: gcc.dg/guality/vla-1.c -O2 -flto -fuse-linker-plugin -fno-fat-lto-objects -DPREVENT_OPTIMIZATION line 24 sizeof (a) == 17 * sizeof (short)
FAIL: gcc.dg/guality/vla-1.c -O3 -g -DPREVENT_OPTIMIZATION line 17 sizeof (a) == 6
FAIL: gcc.dg/guality/vla-1.c -Os -DPREVENT_OPTIMIZATION line 17 sizeof (a) == 6
FAIL: gcc.dg/lto/20100825-1 c_lto_20100825-1_0.o-c_lto_20100825-1_0.o link, -O3 -flto
FAIL: gcc.dg/lto/20101009-1 c_lto_20101009-1_0.o assemble, -O0 -flto -flto-partition=1to1 -fno-use-linker-plugin
FAIL: gcc.dg/lto/20101009-1 c_lto_20101009-1_0.o assemble, -O0 -flto -flto-partition=none -fuse-linker-plugin
FAIL: gcc.dg/lto/20101009-1 c_lto_20101009-1_0.o assemble, -O0 -flto -fuse-linker-plugin -fno-fat-lto-objects
FAIL: gcc.dg/lto/20101009-1 c_lto_20101009-1_0.o assemble, -O2 -flto -flto-partition=1to1 -fno-use-linker-plugin
FAIL: gcc.dg/lto/20101009-1 c_lto_20101009-1_0.o assemble, -O2 -flto -flto-partition=none -fuse-linker-plugin -fno-fat-lto-objects
FAIL: gcc.dg/lto/20101009-1 c_lto_20101009-1_0.o assemble, -O2 -flto -fuse-linker-plugin
UNRESOLVED: gcc.dg/lto/20101009-1 c_lto_20101009-1_0.o-c_lto_20101009-1_0.o execute -O0 -flto -flto-partition=1to1 -fno-use-linker-plugin
UNRESOLVED: gcc.dg/lto/20101009-1 c_lto_20101009-1_0.o-c_lto_20101009-1_0.o execute -O0 -flto -flto-partition=none -fuse-linker-plugin
UNRESOLVED: gcc.dg/lto/20101009-1 c_lto_20101009-1_0.o-c_lto_20101009-1_0.o execute -O0 -flto -fuse-linker-plugin -fno-fat-lto-objects
UNRESOLVED: gcc.dg/lto/20101009-1 c_lto_20101009-1_0.o-c_lto_20101009-1_0.o execute -O2 -flto -flto-partition=1to1 -fno-use-linker-plugin
UNRESOLVED: gcc.dg/lto/20101009-1 c_lto_20101009-1_0.o-c_lto_20101009-1_0.o execute -O2 -flto -flto-partition=none -fuse-linker-plugin -fno-fat-lto-objects
UNRESOLVED: gcc.dg/lto/20101009-1 c_lto_20101009-1_0.o-c_lto_20101009-1_0.o execute -O2 -flto -fuse-linker-plugin
UNRESOLVED: gcc.dg/lto/20101009-1 c_lto_20101009-1_0.o-c_lto_20101009-1_0.o link -O0 -flto -flto-partition=1to1 -fno-use-linker-plugin
UNRESOLVED: gcc.dg/lto/20101009-1 c_lto_20101009-1_0.o-c_lto_20101009-1_0.o link -O0 -flto -flto-partition=none -fuse-linker-plugin
UNRESOLVED: gcc.dg/lto/20101009-1 c_lto_20101009-1_0.o-c_lto_20101009-1_0.o link -O0 -flto -fuse-linker-plugin -fno-fat-lto-objects
UNRESOLVED: gcc.dg/lto/20101009-1 c_lto_20101009-1_0.o-c_lto_20101009-1_0.o link -O2 -flto -flto-partition=1to1 -fno-use-linker-plugin
UNRESOLVED: gcc.dg/lto/20101009-1 c_lto_20101009-1_0.o-c_lto_20101009-1_0.o link -O2 -flto -flto-partition=none -fuse-linker-plugin -fno-fat-lto-objects
UNRESOLVED: gcc.dg/lto/20101009-1 c_lto_20101009-1_0.o-c_lto_20101009-1_0.o link -O2 -flto -fuse-linker-plugin
FAIL: gcc.dg/lto/pr60911 c_lto_pr60911_0.o-c_lto_pr60911_0.o execute -O2 -flto -fipa-pta
FAIL: gcc.dg/lto/pr61278 c_lto_pr61278_0.o assemble, -flto -O0
UNRESOLVED: gcc.dg/lto/pr61278 c_lto_pr61278_0.o-c_lto_pr61278_1.o execute -flto -O0
UNRESOLVED: gcc.dg/lto/pr61278 c_lto_pr61278_0.o-c_lto_pr61278_1.o link -flto -O0
FAIL: gcc.dg/lto/pr61278 c_lto_pr61278_1.o assemble, -flto -O0
FAIL: gcc.dg/lto/pr83388 c_lto_pr83388_0.o-c_lto_pr83388_0.o link, -O0 -flto -fsanitize=null
FAIL: gcc.dg/noncompile/init-3.c -O2 -flto -fuse-linker-plugin -fno-fat-lto-objects (test for excess errors)
FAIL: gcc.dg/noncompile/pr44517.c -O2 -flto -fno-use-linker-plugin -flto-partition=none (test for errors, line 12)
FAIL: gcc.dg/noncompile/pr44517.c -O2 -flto -fno-use-linker-plugin -flto-partition=none (test for errors, line 14)
FAIL: gcc.dg/noncompile/pr44517.c -O2 -flto -fno-use-linker-plugin -flto-partition=none (test for errors, line 15)
FAIL: gcc.dg/noncompile/pr44517.c -O2 -flto -fno-use-linker-plugin -flto-partition=none (test for errors, line 16)
FAIL: gcc.dg/noncompile/pr44517.c -O2 -flto -fno-use-linker-plugin -flto-partition=none (test for errors, line 17)
FAIL: gcc.dg/noncompile/pr44517.c -O2 -flto -fno-use-linker-plugin -flto-partition=none (test for errors, line 18)
FAIL: gcc.dg/noncompile/pr44517.c -O2 -flto -fno-use-linker-plugin -flto-partition=none (test for errors, line 8)
FAIL: gcc.dg/noncompile/pr44517.c -O2 -flto -fno-use-linker-plugin -flto-partition=none (test for excess errors)
FAIL: gcc.dg/noncompile/pr44517.c -O2 -flto -fno-use-linker-plugin -flto-partition=none in (test for errors, line 2)
FAIL: gcc.dg/noncompile/pr44517.c -O2 -flto -fno-use-linker-plugin -flto-partition=none pid_t (test for errors, line 2)
FAIL: gcc.dg/noncompile/pr44517.c -O2 -flto -fuse-linker-plugin -fno-fat-lto-objects (test for errors, line 12)
FAIL: gcc.dg/noncompile/pr44517.c -O2 -flto -fuse-linker-plugin -fno-fat-lto-objects (test for errors, line 14)
FAIL: gcc.dg/noncompile/pr44517.c -O2 -flto -fuse-linker-plugin -fno-fat-lto-objects (test for errors, line 15)
FAIL: gcc.dg/noncompile/pr44517.c -O2 -flto -fuse-linker-plugin -fno-fat-lto-objects (test for errors, line 16)
FAIL: gcc.dg/noncompile/pr44517.c -O2 -flto -fuse-linker-plugin -fno-fat-lto-objects (test for errors, line 17)
FAIL: gcc.dg/noncompile/pr44517.c -O2 -flto -fuse-linker-plugin -fno-fat-lto-objects (test for errors, line 18)
FAIL: gcc.dg/noncompile/pr44517.c -O2 -flto -fuse-linker-plugin -fno-fat-lto-objects (test for errors, line 8)
FAIL: gcc.dg/noncompile/pr44517.c -O2 -flto -fuse-linker-plugin -fno-fat-lto-objects (test for excess errors)
FAIL: gcc.dg/noncompile/pr44517.c -O2 -flto -fuse-linker-plugin -fno-fat-lto-objects in (test for errors, line 2)
FAIL: gcc.dg/noncompile/pr44517.c -O2 -flto -fuse-linker-plugin -fno-fat-lto-objects pid_t (test for errors, line 2)
FAIL: gcc.dg/noncompile/pr44517.c -O3 -g (test for errors, line 12)
FAIL: gcc.dg/noncompile/pr44517.c -O3 -g (test for errors, line 14)
FAIL: gcc.dg/noncompile/pr44517.c -O3 -g (test for errors, line 15)
FAIL: gcc.dg/noncompile/pr44517.c -O3 -g (test for errors, line 16)
FAIL: gcc.dg/noncompile/pr44517.c -O3 -g (test for errors, line 17)
FAIL: gcc.dg/noncompile/pr44517.c -O3 -g (test for errors, line 18)
FAIL: gcc.dg/noncompile/pr44517.c -O3 -g (test for errors, line 8)
FAIL: gcc.dg/noncompile/pr44517.c -O3 -g (test for excess errors)
FAIL: gcc.dg/noncompile/pr44517.c -O3 -g in (test for errors, line 2)
FAIL: gcc.dg/noncompile/pr44517.c -O3 -g pid_t (test for errors, line 2)
FAIL: gcc.dg/noncompile/pr44517.c -Os (test for errors, line 12)
FAIL: gcc.dg/noncompile/pr44517.c -Os (test for errors, line 14)
FAIL: gcc.dg/noncompile/pr44517.c -Os (test for errors, line 15)
FAIL: gcc.dg/noncompile/pr44517.c -Os (test for errors, line 16)
FAIL: gcc.dg/noncompile/pr44517.c -Os (test for errors, line 17)
FAIL: gcc.dg/noncompile/pr44517.c -Os (test for errors, line 18)
FAIL: gcc.dg/noncompile/pr44517.c -Os (test for errors, line 8)
FAIL: gcc.dg/noncompile/pr44517.c -Os (test for excess errors)
FAIL: gcc.dg/noncompile/pr44517.c -Os in (test for errors, line 2)
FAIL: gcc.dg/noncompile/pr44517.c -Os pid_t (test for errors, line 2)
FAIL: gcc.dg/noncompile/pr52290.c -O0 (test for excess errors)
FAIL: gcc.dg/noncompile/pr52290.c -O0 expected (test for errors, line 3)
FAIL: gcc.dg/noncompile/pr52290.c -O0 undeclared (test for errors, line 3)
FAIL: gcc.dg/noncompile/pr52290.c -O1 (test for excess errors)
FAIL: gcc.dg/noncompile/pr52290.c -O1 expected (test for errors, line 3)
FAIL: gcc.dg/noncompile/pr52290.c -O1 undeclared (test for errors, line 3)
FAIL: gcc.dg/noncompile/pr52290.c -O2 (test for excess errors)
FAIL: gcc.dg/noncompile/pr52290.c -O2 expected (test for errors, line 3)
FAIL: gcc.dg/noncompile/pr52290.c -O2 undeclared (test for errors, line 3)
FAIL: gcc.dg/noncompile/pr52290.c -O2 -flto -fno-use-linker-plugin -flto-partition=none (test for excess errors)
FAIL: gcc.dg/noncompile/pr52290.c -O2 -flto -fno-use-linker-plugin -flto-partition=none expected (test for errors, line 3)
FAIL: gcc.dg/noncompile/pr52290.c -O2 -flto -fno-use-linker-plugin -flto-partition=none undeclared (test for errors, line 3)
FAIL: gcc.dg/noncompile/pr52290.c -O2 -flto -fuse-linker-plugin -fno-fat-lto-objects (test for excess errors)
FAIL: gcc.dg/noncompile/pr52290.c -O2 -flto -fuse-linker-plugin -fno-fat-lto-objects expected (test for errors, line 3)
FAIL: gcc.dg/noncompile/pr52290.c -O2 -flto -fuse-linker-plugin -fno-fat-lto-objects undeclared (test for errors, line 3)
FAIL: gcc.dg/noncompile/pr52290.c -O3 -g (test for excess errors)
FAIL: gcc.dg/noncompile/pr52290.c -O3 -g expected (test for errors, line 3)
FAIL: gcc.dg/noncompile/pr52290.c -O3 -g undeclared (test for errors, line 3)
FAIL: gcc.dg/noncompile/pr52290.c -Os (test for excess errors)
FAIL: gcc.dg/noncompile/pr52290.c -Os expected (test for errors, line 3)
FAIL: gcc.dg/noncompile/pr52290.c -Os undeclared (test for errors, line 3)
FAIL: gcc.dg/noncompile/pr55976-1.c -O0 (test for excess errors)
FAIL: gcc.dg/noncompile/pr55976-1.c -O0 function returning non-void (test for errors, line 9)
FAIL: gcc.dg/noncompile/pr55976-1.c -O0 function returning void (test for errors, line 8)
FAIL: gcc.dg/noncompile/pr55976-1.c -O1 (test for excess errors)
FAIL: gcc.dg/noncompile/pr55976-1.c -O1 function returning non-void (test for errors, line 9)
FAIL: gcc.dg/noncompile/pr55976-1.c -O1 function returning void (test for errors, line 8)
FAIL: gcc.dg/noncompile/pr55976-1.c -O2 (test for excess errors)
FAIL: gcc.dg/noncompile/pr55976-1.c -O2 function returning non-void (test for errors, line 9)
FAIL: gcc.dg/noncompile/pr55976-1.c -O2 function returning void (test for errors, line 8)
FAIL: gcc.dg/noncompile/pr55976-1.c -O2 -flto -fno-use-linker-plugin -flto-partition=none (test for excess errors)
FAIL: gcc.dg/noncompile/pr55976-1.c -O2 -flto -fno-use-linker-plugin -flto-partition=none function returning non-void (test for errors, line 9)
FAIL: gcc.dg/noncompile/pr55976-1.c -O2 -flto -fno-use-linker-plugin -flto-partition=none function returning void (test for errors, line 8)
FAIL: gcc.dg/noncompile/pr55976-1.c -O2 -flto -fuse-linker-plugin -fno-fat-lto-objects (test for excess errors)
FAIL: gcc.dg/noncompile/pr55976-1.c -O2 -flto -fuse-linker-plugin -fno-fat-lto-objects function returning non-void (test for errors, line 9)
FAIL: gcc.dg/noncompile/pr55976-1.c -O2 -flto -fuse-linker-plugin -fno-fat-lto-objects function returning void (test for errors, line 8)
FAIL: gcc.dg/noncompile/pr55976-1.c -O3 -g (test for excess errors)
FAIL: gcc.dg/noncompile/pr55976-1.c -O3 -g function returning non-void (test for errors, line 9)
FAIL: gcc.dg/noncompile/pr55976-1.c -O3 -g function returning void (test for errors, line 8)
FAIL: gcc.dg/noncompile/pr55976-1.c -Os (test for excess errors)
FAIL: gcc.dg/noncompile/pr55976-1.c -Os function returning non-void (test for errors, line 9)
FAIL: gcc.dg/noncompile/pr55976-1.c -Os function returning void (test for errors, line 8)
FAIL: gcc.dg/noncompile/pr55976-2.c -O0 (test for excess errors)
FAIL: gcc.dg/noncompile/pr55976-2.c -O1 (test for excess errors)
FAIL: gcc.dg/noncompile/pr55976-2.c -O2 (test for excess errors)
FAIL: gcc.dg/noncompile/pr55976-2.c -O2 -flto -fno-use-linker-plugin -flto-partition=none (test for excess errors)
FAIL: gcc.dg/noncompile/pr55976-2.c -O2 -flto -fuse-linker-plugin -fno-fat-lto-objects (test for excess errors)
FAIL: gcc.dg/noncompile/pr55976-2.c -O3 -g (test for excess errors)
FAIL: gcc.dg/noncompile/pr55976-2.c -Os (test for excess errors)
FAIL: gcc.dg/noncompile/pr71265.c -O0 (test for errors, line 5)
FAIL: gcc.dg/noncompile/pr71265.c -O0 (test for excess errors)
FAIL: gcc.dg/noncompile/pr81289.c -O0 (test for errors, line 8)
FAIL: gcc.dg/noncompile/pr81289.c -O0 (test for excess errors)
FAIL: gcc.dg/noncompile/pr81289.c -O1 (test for errors, line 8)
FAIL: gcc.dg/noncompile/pr81289.c -O1 (test for excess errors)
FAIL: gcc.dg/noncompile/pr81289.c -O2 (test for errors, line 8)
FAIL: gcc.dg/noncompile/pr81289.c -O2 (test for excess errors)
FAIL: gcc.dg/noncompile/pr81289.c -O2 -flto -fno-use-linker-plugin -flto-partition=none (test for errors, line 8)
FAIL: gcc.dg/noncompile/pr81289.c -O2 -flto -fno-use-linker-plugin -flto-partition=none (test for excess errors)
FAIL: gcc.dg/noncompile/pr81289.c -O2 -flto -fuse-linker-plugin -fno-fat-lto-objects (test for errors, line 8)
FAIL: gcc.dg/noncompile/pr81289.c -O2 -flto -fuse-linker-plugin -fno-fat-lto-objects (test for excess errors)
FAIL: gcc.dg/noncompile/pr81289.c -O3 -g (test for errors, line 8)
FAIL: gcc.dg/noncompile/pr81289.c -O3 -g (test for excess errors)
FAIL: gcc.dg/noncompile/pr81289.c -Os (test for errors, line 8)
FAIL: gcc.dg/noncompile/pr81289.c -Os (test for excess errors)
FAIL: gcc.dg/noncompile/redecl-1.c -O0 (test for excess errors)
FAIL: gcc.dg/noncompile/redecl-1.c -O0 conflicting type qualifiers (test for errors, line 8)
FAIL: gcc.dg/noncompile/redecl-1.c -O0 previous.*decl (test for warnings, line 7)
FAIL: gcc.dg/noncompile/redecl-1.c -O1 (test for excess errors)
FAIL: gcc.dg/noncompile/redecl-1.c -O1 conflicting type qualifiers (test for errors, line 8)
FAIL: gcc.dg/noncompile/redecl-1.c -O1 previous.*decl (test for warnings, line 7)
FAIL: gcc.dg/noncompile/redecl-1.c -O2 (test for excess errors)
FAIL: gcc.dg/noncompile/redecl-1.c -O2 conflicting type qualifiers (test for errors, line 8)
FAIL: gcc.dg/noncompile/redecl-1.c -O2 previous.*decl (test for warnings, line 7)
FAIL: gcc.dg/noncompile/redecl-1.c -O2 -flto -fno-use-linker-plugin -flto-partition=none (test for excess errors)
FAIL: gcc.dg/noncompile/redecl-1.c -O2 -flto -fno-use-linker-plugin -flto-partition=none conflicting type qualifiers (test for errors, line 8)
FAIL: gcc.dg/noncompile/redecl-1.c -O2 -flto -fno-use-linker-plugin -flto-partition=none previous.*decl (test for warnings, line 7)
FAIL: gcc.dg/noncompile/redecl-1.c -O2 -flto -fuse-linker-plugin -fno-fat-lto-objects (test for excess errors)
FAIL: gcc.dg/noncompile/redecl-1.c -O2 -flto -fuse-linker-plugin -fno-fat-lto-objects conflicting type qualifiers (test for errors, line 8)
FAIL: gcc.dg/noncompile/redecl-1.c -O2 -flto -fuse-linker-plugin -fno-fat-lto-objects previous.*decl (test for warnings, line 7)
FAIL: gcc.dg/noncompile/redecl-1.c -O3 -g (test for excess errors)
FAIL: gcc.dg/noncompile/redecl-1.c -O3 -g conflicting type qualifiers (test for errors, line 8)
FAIL: gcc.dg/noncompile/redecl-1.c -O3 -g previous.*decl (test for warnings, line 7)
FAIL: gcc.dg/noncompile/redecl-1.c -Os (test for excess errors)
FAIL: gcc.dg/noncompile/redecl-1.c -Os conflicting type qualifiers (test for errors, line 8)
FAIL: gcc.dg/noncompile/redecl-1.c -Os previous.*decl (test for warnings, line 7)
FAIL: gcc.dg/noncompile/scope.c -O0 (test for errors, line 10)
FAIL: gcc.dg/noncompile/scope.c -O0 (test for excess errors)
FAIL: gcc.dg/noncompile/scope.c -O1 (test for errors, line 10)
FAIL: gcc.dg/noncompile/scope.c -O1 (test for excess errors)
FAIL: gcc.dg/noncompile/scope.c -O2 (test for errors, line 10)
FAIL: gcc.dg/noncompile/scope.c -O2 (test for excess errors)
FAIL: gcc.dg/noncompile/scope.c -O2 -flto -fno-use-linker-plugin -flto-partition=none (test for errors, line 10)
FAIL: gcc.dg/noncompile/scope.c -O2 -flto -fno-use-linker-plugin -flto-partition=none (test for excess errors)
FAIL: gcc.dg/noncompile/scope.c -O2 -flto -fuse-linker-plugin -fno-fat-lto-objects (test for errors, line 10)
FAIL: gcc.dg/noncompile/scope.c -O2 -flto -fuse-linker-plugin -fno-fat-lto-objects (test for excess errors)
FAIL: gcc.dg/noncompile/scope.c -O3 -g (test for errors, line 10)
FAIL: gcc.dg/noncompile/scope.c -O3 -g (test for excess errors)
FAIL: gcc.dg/noncompile/scope.c -Os (test for errors, line 10)
FAIL: gcc.dg/noncompile/scope.c -Os (test for excess errors)
FAIL: gcc.dg/noncompile/undeclared-1.c -O0 (test for errors, line 6)
FAIL: gcc.dg/noncompile/undeclared-1.c -O0 (test for excess errors)
FAIL: gcc.dg/noncompile/undeclared-1.c -O1 (test for errors, line 6)
FAIL: gcc.dg/noncompile/undeclared-1.c -O1 (test for excess errors)
FAIL: gcc.dg/noncompile/undeclared-1.c -O2 (test for errors, line 6)
FAIL: gcc.dg/noncompile/undeclared-1.c -O2 (test for excess errors)
FAIL: gcc.dg/noncompile/undeclared-1.c -O2 -flto -fno-use-linker-plugin -flto-partition=none (test for errors, line 6)
FAIL: gcc.dg/noncompile/undeclared-1.c -O2 -flto -fno-use-linker-plugin -flto-partition=none (test for excess errors)
FAIL: gcc.dg/noncompile/undeclared-1.c -O2 -flto -fuse-linker-plugin -fno-fat-lto-objects (test for errors, line 6)
FAIL: gcc.dg/noncompile/undeclared-1.c -O2 -flto -fuse-linker-plugin -fno-fat-lto-objects (test for excess errors)
FAIL: gcc.dg/noncompile/undeclared-1.c -O3 -g (test for errors, line 6)
FAIL: gcc.dg/noncompile/undeclared-1.c -O3 -g (test for excess errors)
FAIL: gcc.dg/noncompile/undeclared-1.c -Os (test for errors, line 6)
FAIL: gcc.dg/noncompile/undeclared-1.c -Os (test for excess errors)
FAIL: gcc.dg/noncompile/va-arg-1.c -O2 -flto -fno-use-linker-plugin -flto-partition=none (test for errors, line 7)
FAIL: gcc.dg/noncompile/va-arg-1.c -O2 -flto -fno-use-linker-plugin -flto-partition=none (test for excess errors)
FAIL: gcc.dg/noncompile/va-arg-1.c -O2 -flto -fuse-linker-plugin -fno-fat-lto-objects (test for errors, line 7)
FAIL: gcc.dg/noncompile/va-arg-1.c -O2 -flto -fuse-linker-plugin -fno-fat-lto-objects (test for excess errors)
FAIL: gcc.dg/noncompile/voidparam-1.c -O0 (test for excess errors)
FAIL: gcc.dg/noncompile/voidparam-1.c -O0 const void decl (test for errors, line 7)
FAIL: gcc.dg/noncompile/voidparam-1.c -O0 const void decl (test for errors, line 8)
FAIL: gcc.dg/noncompile/voidparam-1.c -O0 const void defn (test for errors, line 13)
FAIL: gcc.dg/noncompile/voidparam-1.c -O0 const void defn (test for errors, line 14)
FAIL: gcc.dg/noncompile/voidparam-1.c -O0 register void decl (test for errors, line 11)
FAIL: gcc.dg/noncompile/voidparam-1.c -O0 register void defn (test for errors, line 17)
FAIL: gcc.dg/noncompile/voidparam-1.c -O0 volatile void decl (test for errors, line 10)
FAIL: gcc.dg/noncompile/voidparam-1.c -O0 volatile void decl (test for errors, line 9)
FAIL: gcc.dg/noncompile/voidparam-1.c -O0 volatile void defn (test for errors, line 15)
FAIL: gcc.dg/noncompile/voidparam-1.c -O0 volatile void defn (test for errors, line 16)
FAIL: gcc.dg/noncompile/voidparam-1.c -O1 (test for excess errors)
FAIL: gcc.dg/noncompile/voidparam-1.c -O1 const void decl (test for errors, line 7)
FAIL: gcc.dg/noncompile/voidparam-1.c -O1 const void decl (test for errors, line 8)
FAIL: gcc.dg/noncompile/voidparam-1.c -O1 const void defn (test for errors, line 13)
FAIL: gcc.dg/noncompile/voidparam-1.c -O1 const void defn (test for errors, line 14)
FAIL: gcc.dg/noncompile/voidparam-1.c -O1 register void decl (test for errors, line 11)
FAIL: gcc.dg/noncompile/voidparam-1.c -O1 register void defn (test for errors, line 17)
FAIL: gcc.dg/noncompile/voidparam-1.c -O1 volatile void decl (test for errors, line 10)
FAIL: gcc.dg/noncompile/voidparam-1.c -O1 volatile void decl (test for errors, line 9)
FAIL: gcc.dg/noncompile/voidparam-1.c -O1 volatile void defn (test for errors, line 15)
FAIL: gcc.dg/noncompile/voidparam-1.c -O1 volatile void defn (test for errors, line 16)
FAIL: gcc.dg/noncompile/voidparam-1.c -O2 (test for excess errors)
FAIL: gcc.dg/noncompile/voidparam-1.c -O2 const void decl (test for errors, line 7)
FAIL: gcc.dg/noncompile/voidparam-1.c -O2 const void decl (test for errors, line 8)
FAIL: gcc.dg/noncompile/voidparam-1.c -O2 const void defn (test for errors, line 13)
FAIL: gcc.dg/noncompile/voidparam-1.c -O2 const void defn (test for errors, line 14)
FAIL: gcc.dg/noncompile/voidparam-1.c -O2 register void decl (test for errors, line 11)
FAIL: gcc.dg/noncompile/voidparam-1.c -O2 register void defn (test for errors, line 17)
FAIL: gcc.dg/noncompile/voidparam-1.c -O2 volatile void decl (test for errors, line 10)
FAIL: gcc.dg/noncompile/voidparam-1.c -O2 volatile void decl (test for errors, line 9)
FAIL: gcc.dg/noncompile/voidparam-1.c -O2 volatile void defn (test for errors, line 15)
FAIL: gcc.dg/noncompile/voidparam-1.c -O2 volatile void defn (test for errors, line 16)
FAIL: gcc.dg/noncompile/voidparam-1.c -O2 -flto -fno-use-linker-plugin -flto-partition=none (test for excess errors)
FAIL: gcc.dg/noncompile/voidparam-1.c -O2 -flto -fno-use-linker-plugin -flto-partition=none const void decl (test for errors, line 7)
FAIL: gcc.dg/noncompile/voidparam-1.c -O2 -flto -fno-use-linker-plugin -flto-partition=none const void decl (test for errors, line 8)
FAIL: gcc.dg/noncompile/voidparam-1.c -O2 -flto -fno-use-linker-plugin -flto-partition=none const void defn (test for errors, line 13)
FAIL: gcc.dg/noncompile/voidparam-1.c -O2 -flto -fno-use-linker-plugin -flto-partition=none const void defn (test for errors, line 14)
FAIL: gcc.dg/noncompile/voidparam-1.c -O2 -flto -fno-use-linker-plugin -flto-partition=none register void decl (test for errors, line 11)
FAIL: gcc.dg/noncompile/voidparam-1.c -O2 -flto -fno-use-linker-plugin -flto-partition=none register void defn (test for errors, line 17)
FAIL: gcc.dg/noncompile/voidparam-1.c -O2 -flto -fno-use-linker-plugin -flto-partition=none volatile void decl (test for errors, line 10)
FAIL: gcc.dg/noncompile/voidparam-1.c -O2 -flto -fno-use-linker-plugin -flto-partition=none volatile void decl (test for errors, line 9)
FAIL: gcc.dg/noncompile/voidparam-1.c -O2 -flto -fno-use-linker-plugin -flto-partition=none volatile void defn (test for errors, line 15)
FAIL: gcc.dg/noncompile/voidparam-1.c -O2 -flto -fno-use-linker-plugin -flto-partition=none volatile void defn (test for errors, line 16)
FAIL: gcc.dg/noncompile/voidparam-1.c -O2 -flto -fuse-linker-plugin -fno-fat-lto-objects (test for excess errors)
FAIL: gcc.dg/noncompile/voidparam-1.c -O2 -flto -fuse-linker-plugin -fno-fat-lto-objects const void decl (test for errors, line 7)
FAIL: gcc.dg/noncompile/voidparam-1.c -O2 -flto -fuse-linker-plugin -fno-fat-lto-objects const void decl (test for errors, line 8)
FAIL: gcc.dg/noncompile/voidparam-1.c -O2 -flto -fuse-linker-plugin -fno-fat-lto-objects const void defn (test for errors, line 13)
FAIL: gcc.dg/noncompile/voidparam-1.c -O2 -flto -fuse-linker-plugin -fno-fat-lto-objects const void defn (test for errors, line 14)
FAIL: gcc.dg/noncompile/voidparam-1.c -O2 -flto -fuse-linker-plugin -fno-fat-lto-objects register void decl (test for errors, line 11)
FAIL: gcc.dg/noncompile/voidparam-1.c -O2 -flto -fuse-linker-plugin -fno-fat-lto-objects register void defn (test for errors, line 17)
FAIL: gcc.dg/noncompile/voidparam-1.c -O2 -flto -fuse-linker-plugin -fno-fat-lto-objects volatile void decl (test for errors, line 10)
FAIL: gcc.dg/noncompile/voidparam-1.c -O2 -flto -fuse-linker-plugin -fno-fat-lto-objects volatile void decl (test for errors, line 9)
FAIL: gcc.dg/noncompile/voidparam-1.c -O2 -flto -fuse-linker-plugin -fno-fat-lto-objects volatile void defn (test for errors, line 15)
FAIL: gcc.dg/noncompile/voidparam-1.c -O2 -flto -fuse-linker-plugin -fno-fat-lto-objects volatile void defn (test for errors, line 16)
FAIL: gcc.dg/noncompile/voidparam-1.c -O3 -g (test for excess errors)
FAIL: gcc.dg/noncompile/voidparam-1.c -O3 -g const void decl (test for errors, line 7)
FAIL: gcc.dg/noncompile/voidparam-1.c -O3 -g const void decl (test for errors, line 8)
FAIL: gcc.dg/noncompile/voidparam-1.c -O3 -g const void defn (test for errors, line 13)
FAIL: gcc.dg/noncompile/voidparam-1.c -O3 -g const void defn (test for errors, line 14)
FAIL: gcc.dg/noncompile/voidparam-1.c -O3 -g register void decl (test for errors, line 11)
FAIL: gcc.dg/noncompile/voidparam-1.c -O3 -g register void defn (test for errors, line 17)
FAIL: gcc.dg/noncompile/voidparam-1.c -O3 -g volatile void decl (test for errors, line 10)
FAIL: gcc.dg/noncompile/voidparam-1.c -O3 -g volatile void decl (test for errors, line 9)
FAIL: gcc.dg/noncompile/voidparam-1.c -O3 -g volatile void defn (test for errors, line 15)
FAIL: gcc.dg/noncompile/voidparam-1.c -O3 -g volatile void defn (test for errors, line 16)
FAIL: gcc.dg/noncompile/voidparam-1.c -Os (test for excess errors)
FAIL: gcc.dg/noncompile/voidparam-1.c -Os const void decl (test for errors, line 7)
FAIL: gcc.dg/noncompile/voidparam-1.c -Os const void decl (test for errors, line 8)
FAIL: gcc.dg/noncompile/voidparam-1.c -Os const void defn (test for errors, line 13)
FAIL: gcc.dg/noncompile/voidparam-1.c -Os const void defn (test for errors, line 14)
FAIL: gcc.dg/noncompile/voidparam-1.c -Os register void decl (test for errors, line 11)
FAIL: gcc.dg/noncompile/voidparam-1.c -Os register void defn (test for errors, line 17)
FAIL: gcc.dg/noncompile/voidparam-1.c -Os volatile void decl (test for errors, line 10)
FAIL: gcc.dg/noncompile/voidparam-1.c -Os volatile void decl (test for errors, line 9)
FAIL: gcc.dg/noncompile/voidparam-1.c -Os volatile void defn (test for errors, line 15)
FAIL: gcc.dg/noncompile/voidparam-1.c -Os volatile void defn (test for errors, line 16)
FAIL: gcc.dg/params/blocksort-part.c -O3 --param align-loop-iterations=0 (test for excess errors)
FAIL: gcc.dg/params/blocksort-part.c -O3 --param align-threshold=1 (test for excess errors)
FAIL: gcc.dg/params/blocksort-part.c -O3 --param avg-loop-niter=1 (test for excess errors)
FAIL: gcc.dg/params/blocksort-part.c -O3 --param builtin-expect-probability=0 (test for excess errors)
FAIL: gcc.dg/params/blocksort-part.c -O3 --param builtin-expect-probability=100 (test for excess errors)
FAIL: gcc.dg/params/blocksort-part.c -O3 --param builtin-string-cmp-inline-length=0 (test for excess errors)
FAIL: gcc.dg/params/blocksort-part.c -O3 --param builtin-string-cmp-inline-length=100 (test for excess errors)
FAIL: gcc.dg/params/blocksort-part.c -O3 --param dse-max-alias-queries-per-store=0 (test for excess errors)
FAIL: gcc.dg/params/blocksort-part.c -O3 --param dse-max-object-size=0 (test for excess errors)
FAIL: gcc.dg/params/blocksort-part.c -O3 --param early-inlining-insns=0 (test for excess errors)
FAIL: gcc.dg/params/blocksort-part.c -O3 --param gcse-after-reload-critical-fraction=0 (test for excess errors)
FAIL: gcc.dg/params/blocksort-part.c -O3 --param gcse-after-reload-partial-fraction=0 (test for excess errors)
FAIL: gcc.dg/params/blocksort-part.c -O3 --param gcse-cost-distance-ratio=0 (test for excess errors)
FAIL: gcc.dg/params/blocksort-part.c -O3 --param gcse-unrestricted-cost=0 (test for excess errors)
FAIL: gcc.dg/params/blocksort-part.c -O3 --param hot-bb-count-ws-permille=0 (test for excess errors)
FAIL: gcc.dg/params/blocksort-part.c -O3 --param hot-bb-count-ws-permille=1000 (test for excess errors)
FAIL: gcc.dg/params/blocksort-part.c -O3 --param hot-bb-frequency-fraction=0 (test for excess errors)
FAIL: gcc.dg/params/blocksort-part.c -O3 --param inline-min-speedup=0 (test for excess errors)
FAIL: gcc.dg/params/blocksort-part.c -O3 --param inline-unit-growth=0 (test for excess errors)
FAIL: gcc.dg/params/blocksort-part.c -O3 --param ipcp-unit-growth=0 (test for excess errors)
FAIL: gcc.dg/params/blocksort-part.c -O3 --param iv-always-prune-cand-set-bound=0 (test for excess errors)
FAIL: gcc.dg/params/blocksort-part.c -O3 --param iv-consider-all-candidates-bound=0 (test for excess errors)
FAIL: gcc.dg/params/blocksort-part.c -O3 --param iv-max-considered-uses=0 (test for excess errors)
FAIL: gcc.dg/params/blocksort-part.c -O3 --param large-function-growth=0 (test for excess errors)
FAIL: gcc.dg/params/blocksort-part.c -O3 --param large-function-insns=0 (test for excess errors)
FAIL: gcc.dg/params/blocksort-part.c -O3 --param large-stack-frame-growth=0 (test for excess errors)
FAIL: gcc.dg/params/blocksort-part.c -O3 --param large-stack-frame=0 (test for excess errors)
FAIL: gcc.dg/params/blocksort-part.c -O3 --param large-unit-insns=0 (test for excess errors)
FAIL: gcc.dg/params/blocksort-part.c -O3 --param lim-expensive=0 (test for excess errors)
FAIL: gcc.dg/params/blocksort-part.c -O3 --param max-average-unrolled-insns=0 (test for excess errors)
FAIL: gcc.dg/params/blocksort-part.c -O3 --param max-combine-insns=4 (test for excess errors)
FAIL: gcc.dg/params/blocksort-part.c -O3 --param max-completely-peel-loop-nest-depth=0 (test for excess errors)
FAIL: gcc.dg/params/blocksort-part.c -O3 --param max-completely-peel-times=0 (test for excess errors)
FAIL: gcc.dg/params/blocksort-part.c -O3 --param max-completely-peeled-insns=0 (test for excess errors)
FAIL: gcc.dg/params/blocksort-part.c -O3 --param max-crossjump-edges=0 (test for excess errors)
FAIL: gcc.dg/params/blocksort-part.c -O3 --param max-cse-insns=0 (test for excess errors)
FAIL: gcc.dg/params/blocksort-part.c -O3 --param max-cse-path-length=1 (test for excess errors)
FAIL: gcc.dg/params/blocksort-part.c -O3 --param max-delay-slot-live-search=0 (test for excess errors)
FAIL: gcc.dg/params/blocksort-part.c -O3 --param max-gcse-insertion-ratio=0 (test for excess errors)
FAIL: gcc.dg/params/blocksort-part.c -O3 --param max-gcse-memory=0 (test for excess errors)
FAIL: gcc.dg/params/blocksort-part.c -O3 --param max-grow-copy-bb-insns=0 (test for excess errors)
FAIL: gcc.dg/params/blocksort-part.c -O3 --param max-hoist-depth=0 (test for excess errors)
FAIL: gcc.dg/params/blocksort-part.c -O3 --param max-inline-insns-auto=0 (test for excess errors)
FAIL: gcc.dg/params/blocksort-part.c -O3 --param max-inline-insns-recursive-auto=0 (test for excess errors)
FAIL: gcc.dg/params/blocksort-part.c -O3 --param max-inline-insns-recursive=0 (test for excess errors)
FAIL: gcc.dg/params/blocksort-part.c -O3 --param max-inline-insns-single=0 (test for excess errors)
FAIL: gcc.dg/params/blocksort-part.c -O3 --param max-iterations-computation-cost=0 (test for excess errors)
FAIL: gcc.dg/params/blocksort-part.c -O3 --param max-iterations-to-track=0 (test for excess errors)
FAIL: gcc.dg/params/blocksort-part.c -O3 --param max-loop-header-insns=0 (test for excess errors)
FAIL: gcc.dg/params/blocksort-part.c -O3 --param max-modulo-backtrack-attempts=0 (test for excess errors)
FAIL: gcc.dg/params/blocksort-part.c -O3 --param max-once-peeled-insns=0 (test for excess errors)
FAIL: gcc.dg/params/blocksort-part.c -O3 --param max-peel-branches=0 (test for excess errors)
FAIL: gcc.dg/params/blocksort-part.c -O3 --param max-peel-times=0 (test for excess errors)
FAIL: gcc.dg/params/blocksort-part.c -O3 --param max-peeled-insns=0 (test for excess errors)
FAIL: gcc.dg/params/blocksort-part.c -O3 --param max-pending-list-length=0 (test for excess errors)
FAIL: gcc.dg/params/blocksort-part.c -O3 --param max-pipeline-region-blocks=0 (test for excess errors)
FAIL: gcc.dg/params/blocksort-part.c -O3 --param max-pow-sqrt-depth=1 (test for excess errors)
FAIL: gcc.dg/params/blocksort-part.c -O3 --param max-pow-sqrt-depth=32 (test for excess errors)
FAIL: gcc.dg/params/blocksort-part.c -O3 --param max-predicted-iterations=0 (test for excess errors)
FAIL: gcc.dg/params/blocksort-part.c -O3 --param max-sched-region-blocks=0 (test for excess errors)
FAIL: gcc.dg/params/blocksort-part.c -O3 --param max-sched-region-insns=0 (test for excess errors)
FAIL: gcc.dg/params/blocksort-part.c -O3 --param max-tree-if-conversion-phi-args=2 (test for excess errors)
FAIL: gcc.dg/params/blocksort-part.c -O3 --param max-unroll-times=0 (test for excess errors)
FAIL: gcc.dg/params/blocksort-part.c -O3 --param max-unrolled-insns=0 (test for excess errors)
FAIL: gcc.dg/params/blocksort-part.c -O3 --param max-unswitch-insns=0 (test for excess errors)
FAIL: gcc.dg/params/blocksort-part.c -O3 --param max-unswitch-level=0 (test for excess errors)
FAIL: gcc.dg/params/blocksort-part.c -O3 --param min-crossjump-insns=1 (test for excess errors)
FAIL: gcc.dg/params/blocksort-part.c -O3 --param predictable-branch-outcome=0 (test for excess errors)
FAIL: gcc.dg/params/blocksort-part.c -O3 --param predictable-branch-outcome=50 (test for excess errors)
FAIL: gcc.dg/params/blocksort-part.c -O3 --param scev-max-expr-complexity=0 (test for excess errors)
FAIL: gcc.dg/params/blocksort-part.c -O3 --param sched-spec-prob-cutoff=100 (test for excess errors)
FAIL: gcc.dg/params/blocksort-part.c -O3 --param sink-frequency-threshold=100 (test for excess errors)
FAIL: gcc.dg/params/blocksort-part.c -O3 --param sms-dfa-history=0 (test for excess errors)
FAIL: gcc.dg/params/blocksort-part.c -O3 --param sms-loop-average-count-threshold=0 (test for excess errors)
FAIL: gcc.dg/params/blocksort-part.c -O3 --param sms-max-ii-factor=0 (test for excess errors)
FAIL: gcc.dg/params/blocksort-part.c -O3 --param sms-min-sc=1 (test for excess errors)
FAIL: gcc.dg/params/blocksort-part.c -O3 --param stack-clash-protection-guard-size=12 (test for excess errors)
FAIL: gcc.dg/params/blocksort-part.c -O3 --param stack-clash-protection-guard-size=30 (test for excess errors)
FAIL: gcc.dg/params/blocksort-part.c -O3 --param stack-clash-protection-probe-interval=10 (test for excess errors)
FAIL: gcc.dg/params/blocksort-part.c -O3 --param stack-clash-protection-probe-interval=16 (test for excess errors)
FAIL: gcc.dg/params/blocksort-part.c -O3 --param tracer-dynamic-coverage-feedback=0 (test for excess errors)
FAIL: gcc.dg/params/blocksort-part.c -O3 --param tracer-dynamic-coverage-feedback=100 (test for excess errors)
FAIL: gcc.dg/params/blocksort-part.c -O3 --param tracer-dynamic-coverage=0 (test for excess errors)
FAIL: gcc.dg/params/blocksort-part.c -O3 --param tracer-dynamic-coverage=100 (test for excess errors)
FAIL: gcc.dg/params/blocksort-part.c -O3 --param tracer-max-code-growth=0 (test for excess errors)
FAIL: gcc.dg/params/blocksort-part.c -O3 --param tracer-min-branch-probability-feedback=0 (test for excess errors)
FAIL: gcc.dg/params/blocksort-part.c -O3 --param tracer-min-branch-probability-feedback=100 (test for excess errors)
FAIL: gcc.dg/params/blocksort-part.c -O3 --param tracer-min-branch-probability=0 (test for excess errors)
FAIL: gcc.dg/params/blocksort-part.c -O3 --param tracer-min-branch-probability=100 (test for excess errors)
FAIL: gcc.dg/params/blocksort-part.c -O3 --param tracer-min-branch-ratio=0 (test for excess errors)
FAIL: gcc.dg/params/blocksort-part.c -O3 --param tracer-min-branch-ratio=100 (test for excess errors)
FAIL: gcc.dg/params/blocksort-part.c -O3 --param unlikely-bb-count-fraction=1 (test for excess errors)
FAIL: gcc.dg/params/blocksort-part.c -O3 --param unlikely-bb-count-fraction=10000 (test for excess errors)
FAIL: gcc.dg/params/blocksort-part.c -O3 --param vect-max-peeling-for-alignment=64 (test for excess errors)
FAIL: gcc.dg/params/blocksort-part.c -O3 --param vect-max-version-for-alias-checks=0 (test for excess errors)
FAIL: gcc.dg/params/blocksort-part.c -O3 --param vect-max-version-for-alignment-checks=0 (test for excess errors)
FAIL: gcc.dg/torture/pr52451.c -O0 execution test
FAIL: gcc.dg/torture/pr52451.c -O1 execution test
FAIL: gcc.dg/torture/pr52451.c -O2 execution test
FAIL: gcc.dg/torture/pr52451.c -O2 -flto -fno-use-linker-plugin -flto-partition=none execution test
FAIL: gcc.dg/torture/pr52451.c -O2 -flto -fuse-linker-plugin -fno-fat-lto-objects execution test
FAIL: gcc.dg/torture/pr52451.c -O3 -g execution test
FAIL: gcc.dg/torture/pr52451.c -Os execution test
XPASS: gcc.dg/tree-ssa/ssa-dom-cse-2.c scan-tree-dump optimized "return 28;"
FAIL: gcc.dg/vect/bb-slp-over-widen-1.c -flto -ffat-lto-objects scan-tree-dump-times slp2 "basic block vectorized" 2
FAIL: gcc.dg/vect/bb-slp-over-widen-1.c scan-tree-dump-times slp2 "basic block vectorized" 2
FAIL: gcc.dg/vect/bb-slp-over-widen-2.c -flto -ffat-lto-objects scan-tree-dump-times slp2 "basic block vectorized" 2
FAIL: gcc.dg/vect/bb-slp-over-widen-2.c scan-tree-dump-times slp2 "basic block vectorized" 2
FAIL: gcc.dg/vect/bb-slp-pow-1.c -flto -ffat-lto-objects scan-tree-dump-times slp2 "basic block vectorized" 1
FAIL: gcc.dg/vect/bb-slp-pow-1.c scan-tree-dump-times slp2 "basic block vectorized" 1
FAIL: gcc.dg/vect/bb-slp-pr65935.c -flto -ffat-lto-objects scan-tree-dump-times slp1 "basic block vectorized" 2
FAIL: gcc.dg/vect/bb-slp-pr65935.c scan-tree-dump-times slp1 "basic block vectorized" 2
FAIL: gcc.dg/vect/no-tree-sra-bb-slp-pr50730.c scan-tree-dump-times slp2 "basic block vectorized" 1
FAIL: gcc.dg/vect/no-vfa-vect-depend-2.c scan-tree-dump-times vect "vectorized 1 loops" 1
FAIL: gcc.dg/vect/no-vfa-vect-depend-3.c scan-tree-dump-times vect "vectorized 1 loops" 4
FAIL: gcc.dg/vect/pr46032.c -flto -ffat-lto-objects scan-tree-dump-times vect "vectorized 1 loop" 1
FAIL: gcc.dg/vect/pr46032.c scan-tree-dump-times vect "vectorized 1 loop" 1
FAIL: gcc.dg/vect/pr62171.c -flto -ffat-lto-objects scan-tree-dump-not vect "versioned"
FAIL: gcc.dg/vect/pr62171.c scan-tree-dump-not vect "versioned"
FAIL: gcc.dg/vect/pr85586.c -flto -ffat-lto-objects scan-tree-dump-times vect "LOOP VECTORIZED" 1
FAIL: gcc.dg/vect/pr85586.c scan-tree-dump-times vect "LOOP VECTORIZED" 1
FAIL: gcc.dg/vect/section-anchors-vect-69.c scan-tree-dump-times vect "vectorized 4 loops" 1
FAIL: gcc.dg/vect/slp-43.c -flto -ffat-lto-objects scan-tree-dump-times vect "vectorized 1 loops" 2
FAIL: gcc.dg/vect/slp-43.c scan-tree-dump-times vect "vectorized 1 loops" 2
XPASS: gcc.dg/vect/vect-24.c -flto -ffat-lto-objects scan-tree-dump-times vect "vectorized 3 loops" 1
XPASS: gcc.dg/vect/vect-24.c scan-tree-dump-times vect "vectorized 3 loops" 1
FAIL: gcc.dg/vect/vect-31.c -flto -ffat-lto-objects scan-tree-dump-times vect "vectorized 4 loops" 1
FAIL: gcc.dg/vect/vect-31.c scan-tree-dump-times vect "vectorized 4 loops" 1
FAIL: gcc.dg/vect/vect-44.c -flto -ffat-lto-objects scan-tree-dump-times vect "Vectorizing an unaligned access" 3
FAIL: gcc.dg/vect/vect-44.c scan-tree-dump-times vect "Vectorizing an unaligned access" 3
FAIL: gcc.dg/vect/vect-50.c -flto -ffat-lto-objects scan-tree-dump-times vect "Vectorizing an unaligned access" 3
FAIL: gcc.dg/vect/vect-50.c scan-tree-dump-times vect "Vectorizing an unaligned access" 3
FAIL: gcc.dg/vect/vect-93.c -flto -ffat-lto-objects scan-tree-dump-times vect "vectorized 2 loops" 2
FAIL: gcc.dg/vect/vect-93.c scan-tree-dump-times vect "vectorized 2 loops" 2
FAIL: gcc.dg/vect/vect-over-widen-17.c -flto -ffat-lto-objects scan-tree-dump-not vect "vector[^\\\\n]*char"
FAIL: gcc.dg/vect/vect-over-widen-17.c scan-tree-dump-not vect "vector[^\\\\n]*char"
FAIL: gcc.dg/vect/vect-reduc-in-order-2.c -flto -ffat-lto-objects scan-tree-dump vect "in-order double reduction not supported"
FAIL: gcc.dg/vect/vect-reduc-in-order-2.c scan-tree-dump vect "in-order double reduction not supported"
FAIL: gcc.dg/vect/vect-strided-a-u8-i2-gap.c -flto -ffat-lto-objects scan-tree-dump-times vect "vectorized 1 loops" 1
FAIL: gcc.dg/vect/vect-strided-a-u8-i2-gap.c scan-tree-dump-times vect "vectorized 1 loops" 1
FAIL: gcc.target/powerpc/pr56605.c scan-rtl-dump-times combine "\\\\(compare:CC \\\\(zero_extend:DI \\\\(reg:SI" 1
FAIL: gcc.target/powerpc/vec-init-6.c scan-assembler rldicl
FAIL: gcc.target/powerpc/vec-init-6.c scan-assembler rldicr
FAIL: gcc.target/powerpc/vsx-vector-6.p7.c scan-assembler-times xvcmpgtdp 8
FAIL: gcc.target/powerpc/vsx-vector-6.p7.c scan-assembler-times xvcmpgtdp. 8
FAIL: gcc.target/powerpc/vsx-vector-6.p7.c scan-assembler-times xxlnor 7
FAIL: gcc.target/powerpc/vsx-vector-6.p8.c scan-assembler-times xvcmpgedp 7
FAIL: gcc.target/powerpc/vsx-vector-6.p8.c scan-assembler-times xvcmpgedp. 7
FAIL: gcc.target/powerpc/vsx-vector-6.p8.c scan-assembler-times xxlnor 7
FAIL: gcc.target/powerpc/vsx-vector-6.p9.c scan-assembler-times xxlnor 7
=== gcc Summary ===
# of expected passes 122472
# of unexpected failures 705
# of unexpected successes 21
# of expected failures 477
# of unresolved testcases 116
# of unsupported tests 3238
/home/gccbuild/build/nightly/build-gcc-trunk/gcc/xgcc version 9.0.0 20180812 (experimental) [trunk revision 263496] (GCC)
=== gfortran tests ===
Running target unix
FAIL: gfortran.dg/elemental_subroutine_3.f90 -O1 (test for excess errors)
FAIL: gfortran.dg/elemental_subroutine_3.f90 -O2 (test for excess errors)
FAIL: gfortran.dg/elemental_subroutine_3.f90 -O3 -fomit-frame-pointer -funroll-loops -fpeel-loops -ftracer -finline-functions (test for excess errors)
FAIL: gfortran.dg/elemental_subroutine_3.f90 -O3 -g (test for excess errors)
FAIL: gfortran.dg/elemental_subroutine_3.f90 -Os (test for excess errors)
FAIL: gfortran.dg/init_flag_15.f03 -O3 -g execution test
FAIL: gfortran.dg/init_flag_15.f03 -Os (test for excess errors)
UNRESOLVED: gfortran.dg/init_flag_15.f03 -Os compilation failed to produce executable
FAIL: gfortran.dg/init_flag_6.f90 -O2 execution test
FAIL: gfortran.dg/init_flag_6.f90 -O3 -fomit-frame-pointer -funroll-loops -fpeel-loops -ftracer -finline-functions (test for excess errors)
UNRESOLVED: gfortran.dg/init_flag_6.f90 -O3 -fomit-frame-pointer -funroll-loops -fpeel-loops -ftracer -finline-functions compilation failed to produce executable
FAIL: gfortran.dg/init_flag_6.f90 -O3 -g (test for excess errors)
UNRESOLVED: gfortran.dg/init_flag_6.f90 -O3 -g compilation failed to produce executable
FAIL: gfortran.dg/init_flag_6.f90 -Os (test for excess errors)
UNRESOLVED: gfortran.dg/init_flag_6.f90 -Os compilation failed to produce executable
FAIL: gfortran.dg/init_flag_7.f90 -O0 (test for excess errors)
UNRESOLVED: gfortran.dg/init_flag_7.f90 -O0 compilation failed to produce executable
FAIL: gfortran.dg/init_flag_7.f90 -O1 (test for excess errors)
UNRESOLVED: gfortran.dg/init_flag_7.f90 -O1 compilation failed to produce executable
FAIL: gfortran.dg/init_flag_7.f90 -O2 (test for excess errors)
UNRESOLVED: gfortran.dg/init_flag_7.f90 -O2 compilation failed to produce executable
FAIL: gfortran.dg/init_flag_7.f90 -O3 -fomit-frame-pointer -funroll-loops -fpeel-loops -ftracer -finline-functions (test for excess errors)
UNRESOLVED: gfortran.dg/init_flag_7.f90 -O3 -fomit-frame-pointer -funroll-loops -fpeel-loops -ftracer -finline-functions compilation failed to produce executable
FAIL: gfortran.dg/init_flag_7.f90 -O3 -g (test for excess errors)
UNRESOLVED: gfortran.dg/init_flag_7.f90 -O3 -g compilation failed to produce executable
FAIL: gfortran.dg/init_flag_7.f90 -Os (test for excess errors)
UNRESOLVED: gfortran.dg/init_flag_7.f90 -Os compilation failed to produce executable
FAIL: gfortran.dg/inline_transpose_1.f90 -O2 (test for warnings, line 112)
FAIL: gfortran.dg/inline_transpose_1.f90 -O2 (test for warnings, line 120)
FAIL: gfortran.dg/inline_transpose_1.f90 -O2 (test for warnings, line 144)
FAIL: gfortran.dg/inline_transpose_1.f90 -O2 (test for warnings, line 146)
FAIL: gfortran.dg/inline_transpose_1.f90 -O2 (test for warnings, line 147)
FAIL: gfortran.dg/inline_transpose_1.f90 -O2 (test for warnings, line 151)
FAIL: gfortran.dg/inline_transpose_1.f90 -O2 (test for warnings, line 153)
FAIL: gfortran.dg/inline_transpose_1.f90 -O2 (test for warnings, line 154)
FAIL: gfortran.dg/inline_transpose_1.f90 -O2 (test for warnings, line 164)
FAIL: gfortran.dg/inline_transpose_1.f90 -O2 (test for warnings, line 171)
FAIL: gfortran.dg/inline_transpose_1.f90 -O2 (test for warnings, line 174)
FAIL: gfortran.dg/inline_transpose_1.f90 -O2 (test for warnings, line 182)
FAIL: gfortran.dg/inline_transpose_1.f90 -O2 (test for warnings, line 48)
FAIL: gfortran.dg/inline_transpose_1.f90 -O2 (test for warnings, line 56)
FAIL: gfortran.dg/inline_transpose_1.f90 -O2 (test for warnings, line 67)
FAIL: gfortran.dg/inline_transpose_1.f90 -O2 (test for warnings, line 72)
FAIL: gfortran.dg/inline_transpose_1.f90 -O2 (test for warnings, line 75)
FAIL: gfortran.dg/inline_transpose_1.f90 -O2 (test for warnings, line 80)
FAIL: gfortran.dg/inline_transpose_1.f90 -O2 (test for warnings, line 83)
FAIL: gfortran.dg/inline_transpose_1.f90 -O2 (test for warnings, line 88)
FAIL: gfortran.dg/inline_transpose_1.f90 -O2 (test for warnings, line 91)
UNRESOLVED: gfortran.dg/inline_transpose_1.f90 -O2 scan-tree-dump-times original "_gfortran_stop" 39
UNRESOLVED: gfortran.dg/inline_transpose_1.f90 -O2 scan-tree-dump-times original "_gfortran_transpose" 0
UNRESOLVED: gfortran.dg/inline_transpose_1.f90 -O2 scan-tree-dump-times original "struct[^\\\\n]*atmp" 24
FAIL: gfortran.dg/inline_transpose_1.f90 -O2 (test for excess errors)
UNRESOLVED: gfortran.dg/inline_transpose_1.f90 -O2 compilation failed to produce executable
FAIL: gfortran.dg/inline_transpose_1.f90 -O3 -fomit-frame-pointer -funroll-loops -fpeel-loops -ftracer -finline-functions (test for warnings, line 112)
FAIL: gfortran.dg/inline_transpose_1.f90 -O3 -fomit-frame-pointer -funroll-loops -fpeel-loops -ftracer -finline-functions (test for warnings, line 120)
FAIL: gfortran.dg/inline_transpose_1.f90 -O3 -fomit-frame-pointer -funroll-loops -fpeel-loops -ftracer -finline-functions (test for warnings, line 144)
FAIL: gfortran.dg/inline_transpose_1.f90 -O3 -fomit-frame-pointer -funroll-loops -fpeel-loops -ftracer -finline-functions (test for warnings, line 146)
FAIL: gfortran.dg/inline_transpose_1.f90 -O3 -fomit-frame-pointer -funroll-loops -fpeel-loops -ftracer -finline-functions (test for warnings, line 147)
FAIL: gfortran.dg/inline_transpose_1.f90 -O3 -fomit-frame-pointer -funroll-loops -fpeel-loops -ftracer -finline-functions (test for warnings, line 151)
FAIL: gfortran.dg/inline_transpose_1.f90 -O3 -fomit-frame-pointer -funroll-loops -fpeel-loops -ftracer -finline-functions (test for warnings, line 153)
FAIL: gfortran.dg/inline_transpose_1.f90 -O3 -fomit-frame-pointer -funroll-loops -fpeel-loops -ftracer -finline-functions (test for warnings, line 154)
FAIL: gfortran.dg/inline_transpose_1.f90 -O3 -fomit-frame-pointer -funroll-loops -fpeel-loops -ftracer -finline-functions (test for warnings, line 164)
FAIL: gfortran.dg/inline_transpose_1.f90 -O3 -fomit-frame-pointer -funroll-loops -fpeel-loops -ftracer -finline-functions (test for warnings, line 171)
FAIL: gfortran.dg/inline_transpose_1.f90 -O3 -fomit-frame-pointer -funroll-loops -fpeel-loops -ftracer -finline-functions (test for warnings, line 174)
FAIL: gfortran.dg/inline_transpose_1.f90 -O3 -fomit-frame-pointer -funroll-loops -fpeel-loops -ftracer -finline-functions (test for warnings, line 182)
FAIL: gfortran.dg/inline_transpose_1.f90 -O3 -fomit-frame-pointer -funroll-loops -fpeel-loops -ftracer -finline-functions (test for warnings, line 48)
FAIL: gfortran.dg/inline_transpose_1.f90 -O3 -fomit-frame-pointer -funroll-loops -fpeel-loops -ftracer -finline-functions (test for warnings, line 56)
FAIL: gfortran.dg/inline_transpose_1.f90 -O3 -fomit-frame-pointer -funroll-loops -fpeel-loops -ftracer -finline-functions (test for warnings, line 67)
FAIL: gfortran.dg/inline_transpose_1.f90 -O3 -fomit-frame-pointer -funroll-loops -fpeel-loops -ftracer -finline-functions (test for warnings, line 72)
FAIL: gfortran.dg/inline_transpose_1.f90 -O3 -fomit-frame-pointer -funroll-loops -fpeel-loops -ftracer -finline-functions (test for warnings, line 75)
FAIL: gfortran.dg/inline_transpose_1.f90 -O3 -fomit-frame-pointer -funroll-loops -fpeel-loops -ftracer -finline-functions (test for warnings, line 80)
FAIL: gfortran.dg/inline_transpose_1.f90 -O3 -fomit-frame-pointer -funroll-loops -fpeel-loops -ftracer -finline-functions (test for warnings, line 83)
FAIL: gfortran.dg/inline_transpose_1.f90 -O3 -fomit-frame-pointer -funroll-loops -fpeel-loops -ftracer -finline-functions (test for warnings, line 88)
FAIL: gfortran.dg/inline_transpose_1.f90 -O3 -fomit-frame-pointer -funroll-loops -fpeel-loops -ftracer -finline-functions (test for warnings, line 91)
UNRESOLVED: gfortran.dg/inline_transpose_1.f90 -O3 -fomit-frame-pointer -funroll-loops -fpeel-loops -ftracer -finline-functions scan-tree-dump-times original "_gfortran_stop" 39
UNRESOLVED: gfortran.dg/inline_transpose_1.f90 -O3 -fomit-frame-pointer -funroll-loops -fpeel-loops -ftracer -finline-functions scan-tree-dump-times original "_gfortran_transpose" 0
UNRESOLVED: gfortran.dg/inline_transpose_1.f90 -O3 -fomit-frame-pointer -funroll-loops -fpeel-loops -ftracer -finline-functions scan-tree-dump-times original "struct[^\\\\n]*atmp" 24
FAIL: gfortran.dg/inline_transpose_1.f90 -O3 -fomit-frame-pointer -funroll-loops -fpeel-loops -ftracer -finline-functions (test for excess errors)
UNRESOLVED: gfortran.dg/inline_transpose_1.f90 -O3 -fomit-frame-pointer -funroll-loops -fpeel-loops -ftracer -finline-functions compilation failed to produce executable
FAIL: gfortran.dg/inline_transpose_1.f90 -O3 -g (test for warnings, line 112)
FAIL: gfortran.dg/inline_transpose_1.f90 -O3 -g (test for warnings, line 120)
FAIL: gfortran.dg/inline_transpose_1.f90 -O3 -g (test for warnings, line 144)
FAIL: gfortran.dg/inline_transpose_1.f90 -O3 -g (test for warnings, line 146)
FAIL: gfortran.dg/inline_transpose_1.f90 -O3 -g (test for warnings, line 147)
FAIL: gfortran.dg/inline_transpose_1.f90 -O3 -g (test for warnings, line 151)
FAIL: gfortran.dg/inline_transpose_1.f90 -O3 -g (test for warnings, line 153)
FAIL: gfortran.dg/inline_transpose_1.f90 -O3 -g (test for warnings, line 154)
FAIL: gfortran.dg/inline_transpose_1.f90 -O3 -g (test for warnings, line 164)
FAIL: gfortran.dg/inline_transpose_1.f90 -O3 -g (test for warnings, line 171)
FAIL: gfortran.dg/inline_transpose_1.f90 -O3 -g (test for warnings, line 174)
FAIL: gfortran.dg/inline_transpose_1.f90 -O3 -g (test for warnings, line 182)
FAIL: gfortran.dg/inline_transpose_1.f90 -O3 -g (test for warnings, line 48)
FAIL: gfortran.dg/inline_transpose_1.f90 -O3 -g (test for warnings, line 56)
FAIL: gfortran.dg/inline_transpose_1.f90 -O3 -g (test for warnings, line 67)
FAIL: gfortran.dg/inline_transpose_1.f90 -O3 -g (test for warnings, line 72)
FAIL: gfortran.dg/inline_transpose_1.f90 -O3 -g (test for warnings, line 75)
FAIL: gfortran.dg/inline_transpose_1.f90 -O3 -g (test for warnings, line 80)
FAIL: gfortran.dg/inline_transpose_1.f90 -O3 -g (test for warnings, line 83)
FAIL: gfortran.dg/inline_transpose_1.f90 -O3 -g (test for warnings, line 88)
FAIL: gfortran.dg/inline_transpose_1.f90 -O3 -g (test for warnings, line 91)
UNRESOLVED: gfortran.dg/inline_transpose_1.f90 -O3 -g scan-tree-dump-times original "_gfortran_stop" 39
UNRESOLVED: gfortran.dg/inline_transpose_1.f90 -O3 -g scan-tree-dump-times original "_gfortran_transpose" 0
UNRESOLVED: gfortran.dg/inline_transpose_1.f90 -O3 -g scan-tree-dump-times original "struct[^\\\\n]*atmp" 24
FAIL: gfortran.dg/inline_transpose_1.f90 -O3 -g (test for excess errors)
UNRESOLVED: gfortran.dg/inline_transpose_1.f90 -O3 -g compilation failed to produce executable
FAIL: gfortran.dg/inline_transpose_1.f90 -Os (test for warnings, line 112)
FAIL: gfortran.dg/inline_transpose_1.f90 -Os (test for warnings, line 120)
FAIL: gfortran.dg/inline_transpose_1.f90 -Os (test for warnings, line 144)
FAIL: gfortran.dg/inline_transpose_1.f90 -Os (test for warnings, line 146)
FAIL: gfortran.dg/inline_transpose_1.f90 -Os (test for warnings, line 147)
FAIL: gfortran.dg/inline_transpose_1.f90 -Os (test for warnings, line 151)
FAIL: gfortran.dg/inline_transpose_1.f90 -Os (test for warnings, line 153)
FAIL: gfortran.dg/inline_transpose_1.f90 -Os (test for warnings, line 154)
FAIL: gfortran.dg/inline_transpose_1.f90 -Os (test for warnings, line 164)
FAIL: gfortran.dg/inline_transpose_1.f90 -Os (test for warnings, line 171)
FAIL: gfortran.dg/inline_transpose_1.f90 -Os (test for warnings, line 174)
FAIL: gfortran.dg/inline_transpose_1.f90 -Os (test for warnings, line 182)
FAIL: gfortran.dg/inline_transpose_1.f90 -Os (test for warnings, line 48)
FAIL: gfortran.dg/inline_transpose_1.f90 -Os (test for warnings, line 56)
FAIL: gfortran.dg/inline_transpose_1.f90 -Os (test for warnings, line 67)
FAIL: gfortran.dg/inline_transpose_1.f90 -Os (test for warnings, line 72)
FAIL: gfortran.dg/inline_transpose_1.f90 -Os (test for warnings, line 75)
FAIL: gfortran.dg/inline_transpose_1.f90 -Os (test for warnings, line 80)
FAIL: gfortran.dg/inline_transpose_1.f90 -Os (test for warnings, line 83)
FAIL: gfortran.dg/inline_transpose_1.f90 -Os (test for warnings, line 88)
FAIL: gfortran.dg/inline_transpose_1.f90 -Os (test for warnings, line 91)
UNRESOLVED: gfortran.dg/inline_transpose_1.f90 -Os scan-tree-dump-times original "_gfortran_stop" 39
UNRESOLVED: gfortran.dg/inline_transpose_1.f90 -Os scan-tree-dump-times original "_gfortran_transpose" 0
UNRESOLVED: gfortran.dg/inline_transpose_1.f90 -Os scan-tree-dump-times original "struct[^\\\\n]*atmp" 24
FAIL: gfortran.dg/inline_transpose_1.f90 -Os (test for excess errors)
UNRESOLVED: gfortran.dg/inline_transpose_1.f90 -Os compilation failed to produce executable
FAIL: gfortran.dg/inquire-complex.f90 -O0 (test for excess errors)
UNRESOLVED: gfortran.dg/inquire-complex.f90 -O0 compilation failed to produce executable
FAIL: gfortran.dg/inquire-complex.f90 -O1 (test for excess errors)
UNRESOLVED: gfortran.dg/inquire-complex.f90 -O1 compilation failed to produce executable
FAIL: gfortran.dg/inquire-complex.f90 -O2 (test for excess errors)
UNRESOLVED: gfortran.dg/inquire-complex.f90 -O2 compilation failed to produce executable
FAIL: gfortran.dg/inquire-complex.f90 -O3 -fomit-frame-pointer -funroll-loops -fpeel-loops -ftracer -finline-functions (test for excess errors)
UNRESOLVED: gfortran.dg/inquire-complex.f90 -O3 -fomit-frame-pointer -funroll-loops -fpeel-loops -ftracer -finline-functions compilation failed to produce executable
FAIL: gfortran.dg/inquire-complex.f90 -O3 -g (test for excess errors)
UNRESOLVED: gfortran.dg/inquire-complex.f90 -O3 -g compilation failed to produce executable
FAIL: gfortran.dg/inquire-complex.f90 -Os (test for excess errors)
UNRESOLVED: gfortran.dg/inquire-complex.f90 -Os compilation failed to produce executable
FAIL: gfortran.dg/inquire.f90 -O0 (test for excess errors)
UNRESOLVED: gfortran.dg/inquire.f90 -O0 compilation failed to produce executable
FAIL: gfortran.dg/inquire.f90 -O1 (test for excess errors)
UNRESOLVED: gfortran.dg/inquire.f90 -O1 compilation failed to produce executable
FAIL: gfortran.dg/inquire.f90 -O2 (test for excess errors)
UNRESOLVED: gfortran.dg/inquire.f90 -O2 compilation failed to produce executable
FAIL: gfortran.dg/inquire.f90 -O3 -fomit-frame-pointer -funroll-loops -fpeel-loops -ftracer -finline-functions (test for excess errors)
UNRESOLVED: gfortran.dg/inquire.f90 -O3 -fomit-frame-pointer -funroll-loops -fpeel-loops -ftracer -finline-functions compilation failed to produce executable
FAIL: gfortran.dg/inquire.f90 -O3 -g (test for excess errors)
UNRESOLVED: gfortran.dg/inquire.f90 -O3 -g compilation failed to produce executable
FAIL: gfortran.dg/inquire.f90 -Os (test for excess errors)
UNRESOLVED: gfortran.dg/inquire.f90 -Os compilation failed to produce executable
FAIL: gfortran.dg/inquire_10.f90 -O0 (test for excess errors)
UNRESOLVED: gfortran.dg/inquire_10.f90 -O0 compilation failed to produce executable
FAIL: gfortran.dg/inquire_10.f90 -O1 (test for excess errors)
UNRESOLVED: gfortran.dg/inquire_10.f90 -O1 compilation failed to produce executable
FAIL: gfortran.dg/inquire_10.f90 -O2 (test for excess errors)
UNRESOLVED: gfortran.dg/inquire_10.f90 -O2 compilation failed to produce executable
FAIL: gfortran.dg/inquire_10.f90 -O3 -fomit-frame-pointer -funroll-loops -fpeel-loops -ftracer -finline-functions (test for excess errors)
UNRESOLVED: gfortran.dg/inquire_10.f90 -O3 -fomit-frame-pointer -funroll-loops -fpeel-loops -ftracer -finline-functions compilation failed to produce executable
FAIL: gfortran.dg/inquire_10.f90 -O3 -g (test for excess errors)
UNRESOLVED: gfortran.dg/inquire_10.f90 -O3 -g compilation failed to produce executable
FAIL: gfortran.dg/inquire_10.f90 -Os (test for excess errors)
UNRESOLVED: gfortran.dg/inquire_10.f90 -Os compilation failed to produce executable
FAIL: gfortran.dg/inquire_11.f90 -O (test for excess errors)
FAIL: gfortran.dg/inquire_12.f90 -O (test for excess errors)
FAIL: gfortran.dg/inquire_13.f90 -O0 (test for excess errors)
UNRESOLVED: gfortran.dg/inquire_13.f90 -O0 compilation failed to produce executable
FAIL: gfortran.dg/inquire_13.f90 -O1 (test for excess errors)
UNRESOLVED: gfortran.dg/inquire_13.f90 -O1 compilation failed to produce executable
FAIL: gfortran.dg/inquire_13.f90 -O2 (test for excess errors)
UNRESOLVED: gfortran.dg/inquire_13.f90 -O2 compilation failed to produce executable
FAIL: gfortran.dg/inquire_13.f90 -O3 -fomit-frame-pointer -funroll-loops -fpeel-loops -ftracer -finline-functions (test for excess errors)
UNRESOLVED: gfortran.dg/inquire_13.f90 -O3 -fomit-frame-pointer -funroll-loops -fpeel-loops -ftracer -finline-functions compilation failed to produce executable
FAIL: gfortran.dg/inquire_13.f90 -O3 -g (test for excess errors)
UNRESOLVED: gfortran.dg/inquire_13.f90 -O3 -g compilation failed to produce executable
FAIL: gfortran.dg/inquire_13.f90 -Os (test for excess errors)
UNRESOLVED: gfortran.dg/inquire_13.f90 -Os compilation failed to produce executable
FAIL: gfortran.dg/inquire_14.f90 -O (test for excess errors)
FAIL: gfortran.dg/intent_out_3.f90 -O (test for errors, line 18)
FAIL: gfortran.dg/intent_out_3.f90 -O (test for excess errors)
FAIL: gfortran.dg/intent_out_4.f90 -O (test for excess errors)
FAIL: gfortran.dg/intent_out_5.f90 -O0 (test for excess errors)
UNRESOLVED: gfortran.dg/intent_out_5.f90 -O0 compilation failed to produce executable
FAIL: gfortran.dg/intent_out_5.f90 -O1 (test for excess errors)
UNRESOLVED: gfortran.dg/intent_out_5.f90 -O1 compilation failed to produce executable
FAIL: gfortran.dg/intent_out_5.f90 -O2 (test for excess errors)
UNRESOLVED: gfortran.dg/intent_out_5.f90 -O2 compilation failed to produce executable
FAIL: gfortran.dg/intent_out_5.f90 -O3 -fomit-frame-pointer -funroll-loops -fpeel-loops -ftracer -finline-functions (test for excess errors)
UNRESOLVED: gfortran.dg/intent_out_5.f90 -O3 -fomit-frame-pointer -funroll-loops -fpeel-loops -ftracer -finline-functions compilation failed to produce executable
FAIL: gfortran.dg/intent_out_5.f90 -O3 -g (test for excess errors)
UNRESOLVED: gfortran.dg/intent_out_5.f90 -O3 -g compilation failed to produce executable
FAIL: gfortran.dg/intent_out_5.f90 -Os (test for excess errors)
UNRESOLVED: gfortran.dg/intent_out_5.f90 -Os compilation failed to produce executable
FAIL: gfortran.dg/intent_out_6.f90 -O0 (test for excess errors)
UNRESOLVED: gfortran.dg/intent_out_6.f90 -O0 compilation failed to produce executable
FAIL: gfortran.dg/intent_out_6.f90 -O1 (test for excess errors)
UNRESOLVED: gfortran.dg/intent_out_6.f90 -O1 compilation failed to produce executable
FAIL: gfortran.dg/intent_out_6.f90 -O2 (test for excess errors)
UNRESOLVED: gfortran.dg/intent_out_6.f90 -O2 compilation failed to produce executable
FAIL: gfortran.dg/intent_out_6.f90 -O3 -fomit-frame-pointer -funroll-loops -fpeel-loops -ftracer -finline-functions (test for excess errors)
UNRESOLVED: gfortran.dg/intent_out_6.f90 -O3 -fomit-frame-pointer -funroll-loops -fpeel-loops -ftracer -finline-functions compilation failed to produce executable
FAIL: gfortran.dg/intent_out_6.f90 -O3 -g (test for excess errors)
UNRESOLVED: gfortran.dg/intent_out_6.f90 -O3 -g compilation failed to produce executable
FAIL: gfortran.dg/intent_out_6.f90 -Os (test for excess errors)
UNRESOLVED: gfortran.dg/intent_out_6.f90 -Os compilation failed to produce executable
FAIL: gfortran.dg/intent_out_7.f90 -O (test for excess errors)
FAIL: gfortran.dg/intent_out_8.f90 -O (test for warnings, line 13)
FAIL: gfortran.dg/intent_out_8.f90 -O (test for excess errors)
UNRESOLVED: gfortran.dg/intent_out_9.f90 -O scan-tree-dump-times original "__builtin_free" 6
FAIL: gfortran.dg/intent_out_9.f90 -O (test for excess errors)
FAIL: gfortran.dg/intent_used_1.f90 -O (test for excess errors)
FAIL: gfortran.dg/interface_12.f90 -Os (test for excess errors)
UNRESOLVED: gfortran.dg/interface_12.f90 -Os compilation failed to produce executable
FAIL: gfortran.dg/interface_13.f90 -O (test for excess errors)
FAIL: gfortran.dg/interface_14.f90 -O (test for excess errors)
FAIL: gfortran.dg/interface_15.f90 -O (test for errors, line 16)
FAIL: gfortran.dg/interface_15.f90 -O (test for excess errors)
FAIL: gfortran.dg/interface_16.f90 -O (test for excess errors)
FAIL: gfortran.dg/interface_17.f90 -O (test for excess errors)
FAIL: gfortran.dg/interface_18.f90 -O (test for excess errors)
FAIL: gfortran.dg/interface_36.f90 -O (test for errors, line 13)
FAIL: gfortran.dg/interface_36.f90 -O (test for excess errors)
FAIL: gfortran.dg/interface_37.f90 -O (test for errors, line 11)
FAIL: gfortran.dg/interface_37.f90 -O (test for errors, line 7)
FAIL: gfortran.dg/interface_37.f90 -O (test for excess errors)
FAIL: gfortran.dg/interface_38.f90 -O (test for errors, line 5)
FAIL: gfortran.dg/interface_38.f90 -O (test for errors, line 9)
FAIL: gfortran.dg/interface_38.f90 -O (test for excess errors)
FAIL: gfortran.dg/interface_39.f90 -O (test for errors, line 9)
FAIL: gfortran.dg/interface_39.f90 -O (test for excess errors)
FAIL: gfortran.dg/interface_4.f90 -O0 (test for excess errors)
UNRESOLVED: gfortran.dg/interface_4.f90 -O0 compilation failed to produce executable
FAIL: gfortran.dg/interface_4.f90 -O1 (test for excess errors)
UNRESOLVED: gfortran.dg/interface_4.f90 -O1 compilation failed to produce executable
FAIL: gfortran.dg/interface_4.f90 -O2 (test for excess errors)
UNRESOLVED: gfortran.dg/interface_4.f90 -O2 compilation failed to produce executable
FAIL: gfortran.dg/interface_4.f90 -O3 -fomit-frame-pointer -funroll-loops -fpeel-loops -ftracer -finline-functions (test for excess errors)
UNRESOLVED: gfortran.dg/interface_4.f90 -O3 -fomit-frame-pointer -funroll-loops -fpeel-loops -ftracer -finline-functions compilation failed to produce executable
FAIL: gfortran.dg/interface_4.f90 -O3 -g (test for excess errors)
UNRESOLVED: gfortran.dg/interface_4.f90 -O3 -g compilation failed to produce executable
FAIL: gfortran.dg/interface_4.f90 -Os (test for excess errors)
UNRESOLVED: gfortran.dg/interface_4.f90 -Os compilation failed to produce executable
FAIL: gfortran.dg/interface_40.f90 -O (test for errors, line 5)
FAIL: gfortran.dg/interface_40.f90 -O (test for excess errors)
FAIL: gfortran.dg/interface_41.f90 -O (test for errors, line 17)
FAIL: gfortran.dg/interface_41.f90 -O (test for excess errors)
FAIL: gfortran.dg/interface_42.f90 -O (test for errors, line 16)
FAIL: gfortran.dg/interface_42.f90 -O (test for errors, line 8)
FAIL: gfortran.dg/interface_42.f90 -O (test for excess errors)
FAIL: gfortran.dg/interface_43.f90 -O (test for excess errors)
FAIL: gfortran.dg/interface_5.f90 -O (test for errors, line 49)
FAIL: gfortran.dg/interface_5.f90 -O (test for errors, line 50)
FAIL: gfortran.dg/interface_5.f90 -O (test for warnings, line 41)
FAIL: gfortran.dg/interface_5.f90 -O (test for excess errors)
FAIL: gfortran.dg/interface_6.f90 -O (test for errors, line 10)
FAIL: gfortran.dg/interface_6.f90 -O (test for errors, line 15)
FAIL: gfortran.dg/interface_6.f90 -O (test for excess errors)
FAIL: gfortran.dg/interface_7.f90 -O (test for errors, line 14)
FAIL: gfortran.dg/interface_7.f90 -O (test for errors, line 21)
FAIL: gfortran.dg/interface_7.f90 -O (test for excess errors)
FAIL: gfortran.dg/interface_8.f90 -O (test for warnings, line 26)
FAIL: gfortran.dg/interface_8.f90 -O (test for excess errors)
FAIL: gfortran.dg/interface_9.f90 -O (test for excess errors)
FAIL: gfortran.dg/interface_abstract_1.f90 -O (test for errors, line 11)
FAIL: gfortran.dg/interface_abstract_1.f90 -O (test for errors, line 12)
FAIL: gfortran.dg/interface_abstract_1.f90 -O (test for errors, line 13)
FAIL: gfortran.dg/interface_abstract_1.f90 -O (test for errors, line 5)
FAIL: gfortran.dg/interface_abstract_1.f90 -O (test for errors, line 6)
FAIL: gfortran.dg/interface_abstract_1.f90 -O (test for excess errors)
FAIL: gfortran.dg/interface_abstract_2.f90 -O (test for errors, line 3)
FAIL: gfortran.dg/interface_abstract_2.f90 -O (test for errors, line 6)
FAIL: gfortran.dg/interface_abstract_2.f90 -O (test for excess errors)
FAIL: gfortran.dg/interface_abstract_3.f90 -O (test for errors, line 6)
FAIL: gfortran.dg/interface_abstract_3.f90 -O (test for excess errors)
FAIL: gfortran.dg/interface_abstract_4.f90 -O (test for errors, line 29)
FAIL: gfortran.dg/interface_abstract_4.f90 -O (test for errors, line 30)
FAIL: gfortran.dg/interface_abstract_4.f90 -O (test for excess errors)
FAIL: gfortran.dg/interface_assignment_1.f90 -O0 (test for excess errors)
UNRESOLVED: gfortran.dg/interface_assignment_1.f90 -O0 compilation failed to produce executable
FAIL: gfortran.dg/interface_assignment_1.f90 -O1 (test for excess errors)
UNRESOLVED: gfortran.dg/interface_assignment_1.f90 -O1 compilation failed to produce executable
FAIL: gfortran.dg/interface_assignment_1.f90 -O2 (test for excess errors)
UNRESOLVED: gfortran.dg/interface_assignment_1.f90 -O2 compilation failed to produce executable
FAIL: gfortran.dg/interface_assignment_1.f90 -O3 -fomit-frame-pointer -funroll-loops -fpeel-loops -ftracer -finline-functions (test for excess errors)
UNRESOLVED: gfortran.dg/interface_assignment_1.f90 -O3 -fomit-frame-pointer -funroll-loops -fpeel-loops -ftracer -finline-functions compilation failed to produce executable
FAIL: gfortran.dg/interface_assignment_1.f90 -O3 -g (test for excess errors)
UNRESOLVED: gfortran.dg/interface_assignment_1.f90 -O3 -g compilation failed to produce executable
FAIL: gfortran.dg/interface_assignment_1.f90 -Os (test for excess errors)
UNRESOLVED: gfortran.dg/interface_assignment_1.f90 -Os compilation failed to produce executable
FAIL: gfortran.dg/interface_assignment_2.f90 -O0 (test for excess errors)
UNRESOLVED: gfortran.dg/interface_assignment_2.f90 -O0 compilation failed to produce executable
FAIL: gfortran.dg/interface_assignment_2.f90 -O1 (test for excess errors)
UNRESOLVED: gfortran.dg/interface_assignment_2.f90 -O1 compilation failed to produce executable
FAIL: gfortran.dg/interface_assignment_2.f90 -O2 (test for excess errors)
UNRESOLVED: gfortran.dg/interface_assignment_2.f90 -O2 compilation failed to produce executable
FAIL: gfortran.dg/interface_assignment_2.f90 -O3 -fomit-frame-pointer -funroll-loops -fpeel-loops -ftracer -finline-functions (test for excess errors)
UNRESOLVED: gfortran.dg/interface_assignment_2.f90 -O3 -fomit-frame-pointer -funroll-loops -fpeel-loops -ftracer -finline-functions compilation failed to produce executable
FAIL: gfortran.dg/interface_assignment_2.f90 -O3 -g (test for excess errors)
UNRESOLVED: gfortran.dg/interface_assignment_2.f90 -O3 -g compilation failed to produce executable
FAIL: gfortran.dg/interface_assignment_2.f90 -Os (test for excess errors)
UNRESOLVED: gfortran.dg/interface_assignment_2.f90 -Os compilation failed to produce executable
FAIL: gfortran.dg/interface_assignment_3.f90 -O (test for excess errors)
FAIL: gfortran.dg/interface_assignment_4.f90 -O (test for excess errors)
FAIL: gfortran.dg/interface_assignment_5.f90 -O (test for excess errors)
FAIL: gfortran.dg/interface_assignment_6.f90 -O (test for excess errors)
FAIL: gfortran.dg/interface_derived_type_1.f90 -O (test for errors, line 16)
FAIL: gfortran.dg/interface_derived_type_1.f90 -O (test for excess errors)
FAIL: gfortran.dg/interface_operator_1.f90 -O (test for errors, line 8)
FAIL: gfortran.dg/interface_operator_1.f90 -O (test for errors, line 9)
FAIL: gfortran.dg/interface_operator_2.f90 -O (test for errors, line 8)
FAIL: gfortran.dg/interface_operator_2.f90 -O (test for errors, line 9)
FAIL: gfortran.dg/interface_proc_end.f90 -O (test for excess errors)
FAIL: gfortran.dg/internal_dummy_1.f90 -O (test for errors, line 8)
FAIL: gfortran.dg/internal_dummy_1.f90 -O (test for excess errors)
FAIL: gfortran.dg/internal_dummy_2.f08 -O0 (test for excess errors)
UNRESOLVED: gfortran.dg/internal_dummy_2.f08 -O0 compilation failed to produce executable
FAIL: gfortran.dg/internal_dummy_2.f08 -O1 (test for excess errors)
UNRESOLVED: gfortran.dg/internal_dummy_2.f08 -O1 compilation failed to produce executable
FAIL: gfortran.dg/internal_dummy_2.f08 -O2 (test for excess errors)
UNRESOLVED: gfortran.dg/internal_dummy_2.f08 -O2 compilation failed to produce executable
FAIL: gfortran.dg/internal_dummy_2.f08 -O3 -fomit-frame-pointer -funroll-loops -fpeel-loops -ftracer -finline-functions (test for excess errors)
UNRESOLVED: gfortran.dg/internal_dummy_2.f08 -O3 -fomit-frame-pointer -funroll-loops -fpeel-loops -ftracer -finline-functions compilation failed to produce executable
FAIL: gfortran.dg/internal_dummy_2.f08 -O3 -g (test for excess errors)
UNRESOLVED: gfortran.dg/internal_dummy_2.f08 -O3 -g compilation failed to produce executable
FAIL: gfortran.dg/internal_dummy_2.f08 -Os (test for excess errors)
UNRESOLVED: gfortran.dg/internal_dummy_2.f08 -Os compilation failed to produce executable
FAIL: gfortran.dg/internal_dummy_3.f08 -O0 (test for excess errors)
UNRESOLVED: gfortran.dg/internal_dummy_3.f08 -O0 compilation failed to produce executable
FAIL: gfortran.dg/internal_dummy_3.f08 -O1 (test for excess errors)
UNRESOLVED: gfortran.dg/internal_dummy_3.f08 -O1 compilation failed to produce executable
FAIL: gfortran.dg/internal_dummy_3.f08 -O2 (test for excess errors)
UNRESOLVED: gfortran.dg/internal_dummy_3.f08 -O2 compilation failed to produce executable
FAIL: gfortran.dg/internal_dummy_3.f08 -O3 -fomit-frame-pointer -funroll-loops -fpeel-loops -ftracer -finline-functions (test for excess errors)
UNRESOLVED: gfortran.dg/internal_dummy_3.f08 -O3 -fomit-frame-pointer -funroll-loops -fpeel-loops -ftracer -finline-functions compilation failed to produce executable
FAIL: gfortran.dg/internal_dummy_3.f08 -O3 -g (test for excess errors)
UNRESOLVED: gfortran.dg/internal_dummy_3.f08 -O3 -g compilation failed to produce executable
FAIL: gfortran.dg/internal_dummy_3.f08 -Os (test for excess errors)
UNRESOLVED: gfortran.dg/internal_dummy_3.f08 -Os compilation failed to produce executable
FAIL: gfortran.dg/internal_dummy_4.f08 -O0 (test for excess errors)
UNRESOLVED: gfortran.dg/internal_dummy_4.f08 -O0 compilation failed to produce executable
FAIL: gfortran.dg/internal_dummy_4.f08 -O1 (test for excess errors)
UNRESOLVED: gfortran.dg/internal_dummy_4.f08 -O1 compilation failed to produce executable
FAIL: gfortran.dg/internal_dummy_4.f08 -O2 (test for excess errors)
UNRESOLVED: gfortran.dg/internal_dummy_4.f08 -O2 compilation failed to produce executable
FAIL: gfortran.dg/internal_dummy_4.f08 -O3 -fomit-frame-pointer -funroll-loops -fpeel-loops -ftracer -finline-functions (test for excess errors)
UNRESOLVED: gfortran.dg/internal_dummy_4.f08 -O3 -fomit-frame-pointer -funroll-loops -fpeel-loops -ftracer -finline-functions compilation failed to produce executable
FAIL: gfortran.dg/internal_dummy_4.f08 -O3 -g (test for excess errors)
UNRESOLVED: gfortran.dg/internal_dummy_4.f08 -O3 -g compilation failed to produce executable
FAIL: gfortran.dg/internal_dummy_4.f08 -Os (test for excess errors)
UNRESOLVED: gfortran.dg/internal_dummy_4.f08 -Os compilation failed to produce executable
FAIL: gfortran.dg/internal_io_unf.f90 -O (test for errors, line 10)
FAIL: gfortran.dg/internal_io_unf.f90 -O (test for excess errors)
FAIL: gfortran.dg/internal_pack_1.f90 -O0 (test for excess errors)
UNRESOLVED: gfortran.dg/internal_pack_1.f90 -O0 compilation failed to produce executable
FAIL: gfortran.dg/internal_pack_1.f90 -O1 (test for excess errors)
UNRESOLVED: gfortran.dg/internal_pack_1.f90 -O1 compilation failed to produce executable
FAIL: gfortran.dg/internal_pack_1.f90 -O2 (test for excess errors)
UNRESOLVED: gfortran.dg/internal_pack_1.f90 -O2 compilation failed to produce executable
FAIL: gfortran.dg/internal_pack_1.f90 -O3 -fomit-frame-pointer -funroll-loops -fpeel-loops -ftracer -finline-functions (test for excess errors)
UNRESOLVED: gfortran.dg/internal_pack_1.f90 -O3 -fomit-frame-pointer -funroll-loops -fpeel-loops -ftracer -finline-functions compilation failed to produce executable
FAIL: gfortran.dg/internal_pack_1.f90 -O3 -g (test for excess errors)
UNRESOLVED: gfortran.dg/internal_pack_1.f90 -O3 -g compilation failed to produce executable
FAIL: gfortran.dg/internal_pack_1.f90 -Os (test for excess errors)
UNRESOLVED: gfortran.dg/internal_pack_1.f90 -Os compilation failed to produce executable
FAIL: gfortran.dg/internal_pack_10.f90 -O0 (test for excess errors)
UNRESOLVED: gfortran.dg/internal_pack_10.f90 -O0 compilation failed to produce executable
FAIL: gfortran.dg/internal_pack_10.f90 -O1 (test for excess errors)
UNRESOLVED: gfortran.dg/internal_pack_10.f90 -O1 compilation failed to produce executable
FAIL: gfortran.dg/internal_pack_10.f90 -O2 (test for excess errors)
UNRESOLVED: gfortran.dg/internal_pack_10.f90 -O2 compilation failed to produce executable
FAIL: gfortran.dg/internal_pack_10.f90 -O3 -fomit-frame-pointer -funroll-loops -fpeel-loops -ftracer -finline-functions (test for excess errors)
UNRESOLVED: gfortran.dg/internal_pack_10.f90 -O3 -fomit-frame-pointer -funroll-loops -fpeel-loops -ftracer -finline-functions compilation failed to produce executable
FAIL: gfortran.dg/internal_pack_10.f90 -O3 -g (test for excess errors)
UNRESOLVED: gfortran.dg/internal_pack_10.f90 -O3 -g compilation failed to produce executable
FAIL: gfortran.dg/internal_pack_10.f90 -Os (test for excess errors)
UNRESOLVED: gfortran.dg/internal_pack_10.f90 -Os compilation failed to produce executable
UNRESOLVED: gfortran.dg/internal_pack_11.f90 -O scan-tree-dump-times original "unpack" 0
FAIL: gfortran.dg/internal_pack_11.f90 -O (test for excess errors)
UNRESOLVED: gfortran.dg/internal_pack_12.f90 -O scan-tree-dump-times original "unpack" 4
FAIL: gfortran.dg/internal_pack_12.f90 -O (test for excess errors)
FAIL: gfortran.dg/internal_pack_13.f90 -O0 (test for excess errors)
UNRESOLVED: gfortran.dg/internal_pack_13.f90 -O0 compilation failed to produce executable
FAIL: gfortran.dg/internal_pack_13.f90 -O1 (test for excess errors)
UNRESOLVED: gfortran.dg/internal_pack_13.f90 -O1 compilation failed to produce executable
FAIL: gfortran.dg/internal_pack_13.f90 -O2 (test for excess errors)
UNRESOLVED: gfortran.dg/internal_pack_13.f90 -O2 compilation failed to produce executable
FAIL: gfortran.dg/internal_pack_13.f90 -O3 -fomit-frame-pointer -funroll-loops -fpeel-loops -ftracer -finline-functions (test for excess errors)
UNRESOLVED: gfortran.dg/internal_pack_13.f90 -O3 -fomit-frame-pointer -funroll-loops -fpeel-loops -ftracer -finline-functions compilation failed to produce executable
FAIL: gfortran.dg/internal_pack_13.f90 -O3 -g (test for excess errors)
UNRESOLVED: gfortran.dg/internal_pack_13.f90 -O3 -g compilation failed to produce executable
UNRESOLVED: gfortran.dg/internal_pack_4.f90 -O0 scan-tree-dump-times original "a != 0B \\\\? \\\\(.*\\\\) _gfortran_internal_pack" 1
UNRESOLVED: gfortran.dg/internal_pack_4.f90 -O0 scan-tree-dump-times original "if \\\\(a != 0B &&" 1
FAIL: gfortran.dg/internal_pack_4.f90 -O0 (test for excess errors)
UNRESOLVED: gfortran.dg/internal_pack_4.f90 -O0 compilation failed to produce executable
UNRESOLVED: gfortran.dg/internal_pack_4.f90 -O1 scan-tree-dump-times original "a != 0B \\\\? \\\\(.*\\\\) _gfortran_internal_pack" 1
UNRESOLVED: gfortran.dg/internal_pack_4.f90 -O1 scan-tree-dump-times original "if \\\\(a != 0B &&" 1
FAIL: gfortran.dg/internal_pack_4.f90 -O1 (test for excess errors)
UNRESOLVED: gfortran.dg/internal_pack_4.f90 -O1 compilation failed to produce executable
UNRESOLVED: gfortran.dg/internal_pack_4.f90 -O2 scan-tree-dump-times original "a != 0B \\\\? \\\\(.*\\\\) _gfortran_internal_pack" 1
UNRESOLVED: gfortran.dg/internal_pack_4.f90 -O2 scan-tree-dump-times original "if \\\\(a != 0B &&" 1
FAIL: gfortran.dg/internal_pack_4.f90 -O2 (test for excess errors)
UNRESOLVED: gfortran.dg/internal_pack_4.f90 -O2 compilation failed to produce executable
UNRESOLVED: gfortran.dg/internal_pack_4.f90 -O3 -fomit-frame-pointer -funroll-loops -fpeel-loops -ftracer -finline-functions scan-tree-dump-times original "a != 0B \\\\? \\\\(.*\\\\) _gfortran_internal_pack" 1
UNRESOLVED: gfortran.dg/internal_pack_4.f90 -O3 -fomit-frame-pointer -funroll-loops -fpeel-loops -ftracer -finline-functions scan-tree-dump-times original "if \\\\(a != 0B &&" 1
FAIL: gfortran.dg/internal_pack_4.f90 -O3 -fomit-frame-pointer -funroll-loops -fpeel-loops -ftracer -finline-functions (test for excess errors)
UNRESOLVED: gfortran.dg/internal_pack_4.f90 -O3 -fomit-frame-pointer -funroll-loops -fpeel-loops -ftracer -finline-functions compilation failed to produce executable
UNRESOLVED: gfortran.dg/internal_pack_4.f90 -O3 -g scan-tree-dump-times original "a != 0B \\\\? \\\\(.*\\\\) _gfortran_internal_pack" 1
UNRESOLVED: gfortran.dg/internal_pack_4.f90 -O3 -g scan-tree-dump-times original "if \\\\(a != 0B &&" 1
FAIL: gfortran.dg/internal_pack_4.f90 -O3 -g (test for excess errors)
UNRESOLVED: gfortran.dg/internal_pack_4.f90 -O3 -g compilation failed to produce executable
UNRESOLVED: gfortran.dg/internal_pack_4.f90 -Os scan-tree-dump-times original "a != 0B \\\\? \\\\(.*\\\\) _gfortran_internal_pack" 1
UNRESOLVED: gfortran.dg/internal_pack_4.f90 -Os scan-tree-dump-times original "if \\\\(a != 0B &&" 1
FAIL: gfortran.dg/internal_pack_4.f90 -Os (test for excess errors)
UNRESOLVED: gfortran.dg/internal_pack_4.f90 -Os compilation failed to produce executable
UNRESOLVED: gfortran.dg/internal_pack_5.f90 -O scan-tree-dump-times original "_gfortran_internal_pack" 1
UNRESOLVED: gfortran.dg/internal_pack_5.f90 -O scan-tree-dump-times original "_gfortran_internal_unpack" 0
FAIL: gfortran.dg/internal_pack_5.f90 -O (test for excess errors)
FAIL: gfortran.dg/internal_readwrite_4.f90 -O (test for excess errors)
UNRESOLVED: gfortran.dg/internal_readwrite_4.f90 -O compilation failed to produce executable
FAIL: gfortran.dg/internal_references_1.f90 -O (test for errors, line 14)
FAIL: gfortran.dg/internal_references_1.f90 -O (test for errors, line 18)
FAIL: gfortran.dg/internal_references_1.f90 -O (test for errors, line 29)
FAIL: gfortran.dg/internal_references_1.f90 -O (test for excess errors)
FAIL: gfortran.dg/internal_references_2.f90 -O (test for excess errors)
FAIL: gfortran.dg/internal_write_1.f90 -O0 (test for excess errors)
UNRESOLVED: gfortran.dg/internal_write_1.f90 -O0 compilation failed to produce executable
FAIL: gfortran.dg/internal_write_1.f90 -O1 (test for excess errors)
UNRESOLVED: gfortran.dg/internal_write_1.f90 -O1 compilation failed to produce executable
FAIL: gfortran.dg/internal_write_1.f90 -O2 (test for excess errors)
UNRESOLVED: gfortran.dg/internal_write_1.f90 -O2 compilation failed to produce executable
FAIL: gfortran.dg/internal_write_1.f90 -O3 -fomit-frame-pointer -funroll-loops -fpeel-loops -ftracer -finline-functions (test for excess errors)
UNRESOLVED: gfortran.dg/internal_write_1.f90 -O3 -fomit-frame-pointer -funroll-loops -fpeel-loops -ftracer -finline-functions compilation failed to produce executable
FAIL: gfortran.dg/internal_write_1.f90 -O3 -g (test for excess errors)
UNRESOLVED: gfortran.dg/internal_write_1.f90 -O3 -g compilation failed to produce executable
FAIL: gfortran.dg/internal_write_1.f90 -Os (test for excess errors)
UNRESOLVED: gfortran.dg/internal_write_1.f90 -Os compilation failed to produce executable
FAIL: gfortran.dg/interop_params.f03 -O (test for errors, line 21)
FAIL: gfortran.dg/interop_params.f03 -O (test for warnings, line 12)
FAIL: gfortran.dg/interop_params.f03 -O (test for warnings, line 18)
FAIL: gfortran.dg/interop_params.f03 -O (test for excess errors)
FAIL: gfortran.dg/intrinsic.f90 -O (test for errors, line 35)
FAIL: gfortran.dg/intrinsic.f90 -O (test for errors, line 36)
FAIL: gfortran.dg/intrinsic.f90 -O (test for errors, line 38)
FAIL: gfortran.dg/intrinsic.f90 -O (test for warnings, line 15)
FAIL: gfortran.dg/intrinsic.f90 -O (test for warnings, line 17)
FAIL: gfortran.dg/intrinsic.f90 -O (test for warnings, line 20)
FAIL: gfortran.dg/intrinsic.f90 -O (test for warnings, line 24)
FAIL: gfortran.dg/intrinsic.f90 -O (test for warnings, line 26)
FAIL: gfortran.dg/intrinsic.f90 -O (test for warnings, line 30)
FAIL: gfortran.dg/intrinsic.f90 -O (test for excess errors)
FAIL: gfortran.dg/intrinsic_1.f90 -O (test for excess errors)
FAIL: gfortran.dg/intrinsic_2.f90 -O (test for warnings, line 25)
FAIL: gfortran.dg/intrinsic_2.f90 -O (test for warnings, line 26)
FAIL: gfortran.dg/intrinsic_2.f90 -O (test for warnings, line 35)
FAIL: gfortran.dg/intrinsic_2.f90 -O (test for warnings, line 36)
FAIL: gfortran.dg/intrinsic_2.f90 -O (test for excess errors)
FAIL: gfortran.dg/intrinsic_3.f90 -O (test for excess errors)
FAIL: gfortran.dg/intrinsic_4.f90 -O (test for excess errors)
FAIL: gfortran.dg/intrinsic_5.f90 -O (test for excess errors)
FAIL: gfortran.dg/intrinsic_6.f90 -O (test for excess errors)
FAIL: gfortran.dg/intrinsic_7.f90 -O (test for excess errors)
FAIL: gfortran.dg/intrinsic_8.f90 -O (test for excess errors)
FAIL: gfortran.dg/intrinsic_actual_1.f -O (test for excess errors)
FAIL: gfortran.dg/intrinsic_actual_2.f90 -O (test for excess errors)
FAIL: gfortran.dg/intrinsic_actual_3.f90 -O (test for errors, line 17)
FAIL: gfortran.dg/intrinsic_actual_3.f90 -O (test for errors, line 18)
FAIL: gfortran.dg/intrinsic_actual_3.f90 -O (test for errors, line 22)
FAIL: gfortran.dg/intrinsic_actual_3.f90 -O (test for excess errors)
FAIL: gfortran.dg/intrinsic_actual_4.f90 -O0 (test for excess errors)
UNRESOLVED: gfortran.dg/intrinsic_actual_4.f90 -O0 compilation failed to produce executable
FAIL: gfortran.dg/intrinsic_actual_4.f90 -O1 (test for excess errors)
UNRESOLVED: gfortran.dg/intrinsic_actual_4.f90 -O1 compilation failed to produce executable
FAIL: gfortran.dg/intrinsic_actual_4.f90 -O2 (test for excess errors)
UNRESOLVED: gfortran.dg/intrinsic_actual_4.f90 -O2 compilation failed to produce executable
FAIL: gfortran.dg/intrinsic_actual_4.f90 -O3 -fomit-frame-pointer -funroll-loops -fpeel-loops -ftracer -finline-functions (test for excess errors)
UNRESOLVED: gfortran.dg/intrinsic_actual_4.f90 -O3 -fomit-frame-pointer -funroll-loops -fpeel-loops -ftracer -finline-functions compilation failed to produce executable
FAIL: gfortran.dg/intrinsic_actual_4.f90 -O3 -g (test for excess errors)
UNRESOLVED: gfortran.dg/intrinsic_actual_4.f90 -O3 -g compilation failed to produce executable
FAIL: gfortran.dg/intrinsic_actual_4.f90 -Os (test for excess errors)
UNRESOLVED: gfortran.dg/intrinsic_actual_4.f90 -Os compilation failed to produce executable
FAIL: gfortran.dg/intrinsic_argument_conformance_1.f90 -O (test for errors, line 6)
FAIL: gfortran.dg/intrinsic_argument_conformance_1.f90 -O (test for errors, line 7)
FAIL: gfortran.dg/intrinsic_argument_conformance_1.f90 -O (test for errors, line 8)
FAIL: gfortran.dg/intrinsic_argument_conformance_1.f90 -O (test for errors, line 9)
FAIL: gfortran.dg/intrinsic_argument_conformance_1.f90 -O (test for excess errors)
FAIL: gfortran.dg/intrinsic_argument_conformance_2.f90 -O (test for errors, line 20)
FAIL: gfortran.dg/intrinsic_argument_conformance_2.f90 -O (test for errors, line 22)
FAIL: gfortran.dg/intrinsic_argument_conformance_2.f90 -O (test for errors, line 23)
FAIL: gfortran.dg/intrinsic_argument_conformance_2.f90 -O (test for errors, line 24)
FAIL: gfortran.dg/intrinsic_argument_conformance_2.f90 -O (test for errors, line 25)
FAIL: gfortran.dg/intrinsic_argument_conformance_2.f90 -O (test for errors, line 29)
FAIL: gfortran.dg/intrinsic_argument_conformance_2.f90 -O (test for errors, line 31)
FAIL: gfortran.dg/intrinsic_argument_conformance_2.f90 -O (test for errors, line 33)
FAIL: gfortran.dg/intrinsic_argument_conformance_2.f90 -O (test for errors, line 34)
FAIL: gfortran.dg/intrinsic_argument_conformance_2.f90 -O (test for errors, line 35)
FAIL: gfortran.dg/intrinsic_argument_conformance_2.f90 -O (test for errors, line 37)
FAIL: gfortran.dg/intrinsic_argument_conformance_2.f90 -O (test for errors, line 39)
FAIL: gfortran.dg/intrinsic_argument_conformance_2.f90 -O (test for errors, line 40)
FAIL: gfortran.dg/intrinsic_argument_conformance_2.f90 -O (test for errors, line 42)
FAIL: gfortran.dg/intrinsic_argument_conformance_2.f90 -O (test for errors, line 43)
FAIL: gfortran.dg/intrinsic_argument_conformance_2.f90 -O (test for excess errors)
FAIL: gfortran.dg/intrinsic_bounds_1.f90 -O (test for excess errors)
FAIL: gfortran.dg/intrinsic_char_1.f90 -O0 (test for excess errors)
UNRESOLVED: gfortran.dg/intrinsic_char_1.f90 -O0 compilation failed to produce executable
FAIL: gfortran.dg/intrinsic_char_1.f90 -O1 (test for excess errors)
UNRESOLVED: gfortran.dg/intrinsic_char_1.f90 -O1 compilation failed to produce executable
FAIL: gfortran.dg/intrinsic_char_1.f90 -O2 (test for excess errors)
UNRESOLVED: gfortran.dg/intrinsic_char_1.f90 -O2 compilation failed to produce executable
FAIL: gfortran.dg/intrinsic_char_1.f90 -O3 -fomit-frame-pointer -funroll-loops -fpeel-loops -ftracer -finline-functions (test for excess errors)
UNRESOLVED: gfortran.dg/intrinsic_char_1.f90 -O3 -fomit-frame-pointer -funroll-loops -fpeel-loops -ftracer -finline-functions compilation failed to produce executable
FAIL: gfortran.dg/intrinsic_char_1.f90 -O3 -g (test for excess errors)
UNRESOLVED: gfortran.dg/intrinsic_char_1.f90 -O3 -g compilation failed to produce executable
FAIL: gfortran.dg/intrinsic_char_1.f90 -Os (test for excess errors)
UNRESOLVED: gfortran.dg/intrinsic_char_1.f90 -Os compilation failed to produce executable
FAIL: gfortran.dg/intrinsic_cmplx.f90 -O (test for errors, line 7)
FAIL: gfortran.dg/intrinsic_cmplx.f90 -O (test for errors, line 8)
FAIL: gfortran.dg/intrinsic_cmplx.f90 -O (test for excess errors)
FAIL: gfortran.dg/intrinsic_external_1.f90 -O (test for errors, line 7)
FAIL: gfortran.dg/intrinsic_external_1.f90 -O (test for excess errors)
FAIL: gfortran.dg/intrinsic_ifunction_1.f90 -O0 (test for excess errors)
UNRESOLVED: gfortran.dg/intrinsic_ifunction_1.f90 -O0 compilation failed to produce executable
FAIL: gfortran.dg/intrinsic_ifunction_1.f90 -O1 (test for excess errors)
UNRESOLVED: gfortran.dg/intrinsic_ifunction_1.f90 -O1 compilation failed to produce executable
FAIL: gfortran.dg/intrinsic_ifunction_1.f90 -O2 (test for excess errors)
UNRESOLVED: gfortran.dg/intrinsic_ifunction_1.f90 -O2 compilation failed to produce executable
FAIL: gfortran.dg/intrinsic_ifunction_1.f90 -O3 -fomit-frame-pointer -funroll-loops -fpeel-loops -ftracer -finline-functions (test for excess errors)
UNRESOLVED: gfortran.dg/intrinsic_ifunction_1.f90 -O3 -fomit-frame-pointer -funroll-loops -fpeel-loops -ftracer -finline-functions compilation failed to produce executable
FAIL: gfortran.dg/intrinsic_ifunction_1.f90 -O3 -g (test for excess errors)
UNRESOLVED: gfortran.dg/intrinsic_ifunction_1.f90 -O3 -g compilation failed to produce executable
UNRESOLVED: gfortran.dg/intrinsic_optional_char_arg_1.f90 -O scan-tree-dump original "_eoshift[0-9_]+char \\\\([&a-zA-Z0-9._, ]+, 1, 0\\\\)"
UNRESOLVED: gfortran.dg/intrinsic_optional_char_arg_1.f90 -O scan-tree-dump original "_pack[0-9_]+char \\\\([&a-zA-Z0-9._, ]+, 1, 0\\\\)"
UNRESOLVED: gfortran.dg/intrinsic_optional_char_arg_1.f90 -O scan-tree-dump original "_reshape[0-9_]+char \\\\([&a-zA-Z0-9._, ]+, 1, 0\\\\)"
FAIL: gfortran.dg/intrinsic_optional_char_arg_1.f90 -O (test for excess errors)
FAIL: gfortran.dg/intrinsic_pack_1.f90 -O0 (test for excess errors)
UNRESOLVED: gfortran.dg/intrinsic_pack_1.f90 -O0 compilation failed to produce executable
FAIL: gfortran.dg/intrinsic_pack_1.f90 -O1 (test for excess errors)
UNRESOLVED: gfortran.dg/intrinsic_pack_1.f90 -O1 compilation failed to produce executable
FAIL: gfortran.dg/intrinsic_pack_1.f90 -O2 (test for excess errors)
UNRESOLVED: gfortran.dg/intrinsic_pack_1.f90 -O2 compilation failed to produce executable
FAIL: gfortran.dg/intrinsic_shadow_3.f03 -O (test for excess errors)
FAIL: gfortran.dg/intrinsic_shadow_4.f90 -O (test for warnings, line 8)
FAIL: gfortran.dg/intrinsic_shadow_4.f90 -O (test for excess errors)
FAIL: gfortran.dg/intrinsic_std_1.f90 -O (test for errors, line 38)
FAIL: gfortran.dg/intrinsic_std_1.f90 -O (test for errors, line 45)
FAIL: gfortran.dg/intrinsic_std_1.f90 -O (test for errors, line 46)
FAIL: gfortran.dg/intrinsic_std_1.f90 -O (test for warnings, line 19)
FAIL: gfortran.dg/intrinsic_std_1.f90 -O (test for warnings, line 22)
FAIL: gfortran.dg/intrinsic_std_1.f90 -O (test for warnings, line 27)
FAIL: gfortran.dg/intrinsic_std_1.f90 -O (test for warnings, line 33)
FAIL: gfortran.dg/intrinsic_std_1.f90 -O (test for warnings, line 38)
FAIL: gfortran.dg/intrinsic_std_1.f90 -O (test for excess errors)
XPASS: gfortran.dg/large_real_kind_form_io_2.f90 -O0 execution test
XPASS: gfortran.dg/large_real_kind_form_io_2.f90 -O1 execution test
XPASS: gfortran.dg/large_real_kind_form_io_2.f90 -O2 execution test
XPASS: gfortran.dg/large_real_kind_form_io_2.f90 -O3 -fomit-frame-pointer -funroll-loops -fpeel-loops -ftracer -finline-functions execution test
XPASS: gfortran.dg/large_real_kind_form_io_2.f90 -O3 -g execution test
XPASS: gfortran.dg/large_real_kind_form_io_2.f90 -Os execution test
FAIL: gfortran.dg/transfer_simplify_4.f90 -O0 (test for excess errors)
UNRESOLVED: gfortran.dg/transfer_simplify_4.f90 -O0 compilation failed to produce executable
FAIL: gfortran.dg/transfer_simplify_4.f90 -O1 (test for excess errors)
UNRESOLVED: gfortran.dg/transfer_simplify_4.f90 -O1 compilation failed to produce executable
FAIL: gfortran.dg/transfer_simplify_4.f90 -O2 (test for excess errors)
UNRESOLVED: gfortran.dg/transfer_simplify_4.f90 -O2 compilation failed to produce executable
FAIL: gfortran.dg/transfer_simplify_4.f90 -O3 -fomit-frame-pointer -funroll-loops -fpeel-loops -ftracer -finline-functions (test for excess errors)
UNRESOLVED: gfortran.dg/transfer_simplify_4.f90 -O3 -fomit-frame-pointer -funroll-loops -fpeel-loops -ftracer -finline-functions compilation failed to produce executable
FAIL: gfortran.dg/transfer_simplify_4.f90 -O3 -g (test for excess errors)
UNRESOLVED: gfortran.dg/transfer_simplify_4.f90 -O3 -g compilation failed to produce executable
FAIL: gfortran.dg/transfer_simplify_4.f90 -Os (test for excess errors)
UNRESOLVED: gfortran.dg/transfer_simplify_4.f90 -Os compilation failed to produce executable
FAIL: gfortran.dg/transfer_simplify_5.f90 -O (test for excess errors)
FAIL: gfortran.dg/transfer_simplify_6.f90 -O (test for excess errors)
FAIL: gfortran.dg/transfer_simplify_7.f90 -O (test for errors, line 11)
FAIL: gfortran.dg/transfer_simplify_7.f90 -O (test for errors, line 14)
FAIL: gfortran.dg/transfer_simplify_7.f90 -O (test for errors, line 18)
FAIL: gfortran.dg/transfer_simplify_7.f90 -O (test for errors, line 20)
FAIL: gfortran.dg/transfer_simplify_7.f90 -O (test for errors, line 23)
FAIL: gfortran.dg/transfer_simplify_7.f90 -O (test for errors, line 25)
FAIL: gfortran.dg/transfer_simplify_7.f90 -O (test for errors, line 29)
FAIL: gfortran.dg/transfer_simplify_7.f90 -O (test for errors, line 31)
FAIL: gfortran.dg/transfer_simplify_7.f90 -O (test for errors, line 34)
FAIL: gfortran.dg/transfer_simplify_7.f90 -O (test for errors, line 36)
FAIL: gfortran.dg/transfer_simplify_7.f90 -O (test for errors, line 5)
FAIL: gfortran.dg/transfer_simplify_7.f90 -O (test for errors, line 8)
FAIL: gfortran.dg/transfer_simplify_7.f90 -O (test for excess errors)
FAIL: gfortran.dg/transpose_4.f90 -O2 execution test
FAIL: gfortran.dg/transpose_4.f90 -O3 -fomit-frame-pointer -funroll-loops -fpeel-loops -ftracer -finline-functions (test for excess errors)
UNRESOLVED: gfortran.dg/transpose_4.f90 -O3 -fomit-frame-pointer -funroll-loops -fpeel-loops -ftracer -finline-functions compilation failed to produce executable
FAIL: gfortran.dg/transpose_4.f90 -O3 -g (test for excess errors)
UNRESOLVED: gfortran.dg/transpose_4.f90 -O3 -g compilation failed to produce executable
FAIL: gfortran.dg/transpose_4.f90 -Os (test for excess errors)
UNRESOLVED: gfortran.dg/transpose_4.f90 -Os compilation failed to produce executable
FAIL: gfortran.dg/transpose_conjg_1.f90 -O0 (test for excess errors)
UNRESOLVED: gfortran.dg/transpose_conjg_1.f90 -O0 compilation failed to produce executable
FAIL: gfortran.dg/transpose_conjg_1.f90 -O1 (test for excess errors)
UNRESOLVED: gfortran.dg/transpose_conjg_1.f90 -O1 compilation failed to produce executable
FAIL: gfortran.dg/transpose_conjg_1.f90 -O2 (test for excess errors)
UNRESOLVED: gfortran.dg/transpose_conjg_1.f90 -O2 compilation failed to produce executable
FAIL: gfortran.dg/transpose_conjg_1.f90 -O3 -fomit-frame-pointer -funroll-loops -fpeel-loops -ftracer -finline-functions (test for excess errors)
UNRESOLVED: gfortran.dg/transpose_conjg_1.f90 -O3 -fomit-frame-pointer -funroll-loops -fpeel-loops -ftracer -finline-functions compilation failed to produce executable
FAIL: gfortran.dg/transpose_conjg_1.f90 -O3 -g (test for excess errors)
UNRESOLVED: gfortran.dg/transpose_conjg_1.f90 -O3 -g compilation failed to produce executable
FAIL: gfortran.dg/transpose_conjg_1.f90 -Os (test for excess errors)
UNRESOLVED: gfortran.dg/transpose_conjg_1.f90 -Os compilation failed to produce executable
FAIL: gfortran.dg/transpose_intrinsic_func_call_1.f90 -O0 (test for excess errors)
UNRESOLVED: gfortran.dg/transpose_intrinsic_func_call_1.f90 -O0 compilation failed to produce executable
FAIL: gfortran.dg/transpose_intrinsic_func_call_1.f90 -O1 (test for excess errors)
UNRESOLVED: gfortran.dg/transpose_intrinsic_func_call_1.f90 -O1 compilation failed to produce executable
FAIL: gfortran.dg/transpose_intrinsic_func_call_1.f90 -O2 (test for excess errors)
UNRESOLVED: gfortran.dg/transpose_intrinsic_func_call_1.f90 -O2 compilation failed to produce executable
FAIL: gfortran.dg/transpose_intrinsic_func_call_1.f90 -O3 -fomit-frame-pointer -funroll-loops -fpeel-loops -ftracer -finline-functions (test for excess errors)
UNRESOLVED: gfortran.dg/transpose_intrinsic_func_call_1.f90 -O3 -fomit-frame-pointer -funroll-loops -fpeel-loops -ftracer -finline-functions compilation failed to produce executable
FAIL: gfortran.dg/transpose_intrinsic_func_call_1.f90 -O3 -g (test for excess errors)
UNRESOLVED: gfortran.dg/transpose_intrinsic_func_call_1.f90 -O3 -g compilation failed to produce executable
FAIL: gfortran.dg/transpose_intrinsic_func_call_1.f90 -Os (test for excess errors)
UNRESOLVED: gfortran.dg/transpose_intrinsic_func_call_1.f90 -Os compilation failed to produce executable
FAIL: gfortran.dg/transpose_optimization_1.f90 -O (test for warnings, line 101)
FAIL: gfortran.dg/transpose_optimization_1.f90 -O (test for warnings, line 49)
FAIL: gfortran.dg/transpose_optimization_1.f90 -O (test for warnings, line 57)
FAIL: gfortran.dg/transpose_optimization_1.f90 -O (test for warnings, line 65)
FAIL: gfortran.dg/transpose_optimization_1.f90 -O (test for warnings, line 87)
UNRESOLVED: gfortran.dg/transpose_optimization_1.f90 -O scan-tree-dump-times original "struct[^\\\\n]*atmp" 4
FAIL: gfortran.dg/transpose_optimization_1.f90 -O (test for excess errors)
UNRESOLVED: gfortran.dg/transpose_optimization_2.f90 -O0 scan-tree-dump-times original "atmp" 12
UNRESOLVED: gfortran.dg/transpose_optimization_2.f90 -O0 scan-tree-dump-times original "parm" 66
FAIL: gfortran.dg/transpose_optimization_2.f90 -O0 (test for excess errors)
UNRESOLVED: gfortran.dg/transpose_optimization_2.f90 -O0 compilation failed to produce executable
UNRESOLVED: gfortran.dg/transpose_optimization_2.f90 -O1 scan-tree-dump-times original "atmp" 12
UNRESOLVED: gfortran.dg/transpose_optimization_2.f90 -O1 scan-tree-dump-times original "parm" 66
FAIL: gfortran.dg/transpose_optimization_2.f90 -O1 (test for excess errors)
UNRESOLVED: gfortran.dg/transpose_optimization_2.f90 -O1 compilation failed to produce executable
UNRESOLVED: gfortran.dg/transpose_optimization_2.f90 -O2 scan-tree-dump-times original "atmp" 12
UNRESOLVED: gfortran.dg/transpose_optimization_2.f90 -O2 scan-tree-dump-times original "parm" 66
FAIL: gfortran.dg/transpose_optimization_2.f90 -O2 (test for excess errors)
UNRESOLVED: gfortran.dg/transpose_optimization_2.f90 -O2 compilation failed to produce executable
UNRESOLVED: gfortran.dg/transpose_optimization_2.f90 -O3 -fomit-frame-pointer -funroll-loops -fpeel-loops -ftracer -finline-functions scan-tree-dump-times original "atmp" 12
UNRESOLVED: gfortran.dg/transpose_optimization_2.f90 -O3 -fomit-frame-pointer -funroll-loops -fpeel-loops -ftracer -finline-functions scan-tree-dump-times original "parm" 66
FAIL: gfortran.dg/transpose_optimization_2.f90 -O3 -fomit-frame-pointer -funroll-loops -fpeel-loops -ftracer -finline-functions (test for excess errors)
UNRESOLVED: gfortran.dg/transpose_optimization_2.f90 -O3 -fomit-frame-pointer -funroll-loops -fpeel-loops -ftracer -finline-functions compilation failed to produce executable
UNRESOLVED: gfortran.dg/transpose_optimization_2.f90 -O3 -g scan-tree-dump-times original "atmp" 12
UNRESOLVED: gfortran.dg/transpose_optimization_2.f90 -O3 -g scan-tree-dump-times original "parm" 66
FAIL: gfortran.dg/transpose_optimization_2.f90 -O3 -g (test for excess errors)
UNRESOLVED: gfortran.dg/transpose_optimization_2.f90 -O3 -g compilation failed to produce executable
UNRESOLVED: gfortran.dg/transpose_optimization_2.f90 -Os scan-tree-dump-times original "atmp" 12
UNRESOLVED: gfortran.dg/transpose_optimization_2.f90 -Os scan-tree-dump-times original "parm" 66
FAIL: gfortran.dg/transpose_optimization_2.f90 -Os (test for excess errors)
UNRESOLVED: gfortran.dg/transpose_optimization_2.f90 -Os compilation failed to produce executable
FAIL: gfortran.dg/typebound_operator_17.f90 -O (test for excess errors)
FAIL: gfortran.dg/typebound_operator_18.f90 -O (test for excess errors)
FAIL: gfortran.dg/typebound_operator_19.f90 -O (test for excess errors)
FAIL: gfortran.dg/typebound_operator_2.f03 -O (test for errors, line 25)
FAIL: gfortran.dg/typebound_operator_2.f03 -O (test for errors, line 26)
FAIL: gfortran.dg/typebound_operator_2.f03 -O (test for errors, line 32)
FAIL: gfortran.dg/typebound_operator_2.f03 -O (test for errors, line 34)
FAIL: gfortran.dg/typebound_operator_2.f03 -O (test for errors, line 35)
FAIL: gfortran.dg/typebound_operator_2.f03 -O (test for errors, line 40)
FAIL: gfortran.dg/typebound_operator_2.f03 -O (test for errors, line 50)
FAIL: gfortran.dg/typebound_operator_2.f03 -O (test for errors, line 60)
FAIL: gfortran.dg/typebound_operator_2.f03 -O (test for excess errors)
FAIL: gfortran.dg/typebound_operator_20.f90 -O0 (test for excess errors)
UNRESOLVED: gfortran.dg/typebound_operator_20.f90 -O0 compilation failed to produce executable
FAIL: gfortran.dg/typebound_operator_20.f90 -O1 (test for excess errors)
UNRESOLVED: gfortran.dg/typebound_operator_20.f90 -O1 compilation failed to produce executable
FAIL: gfortran.dg/typebound_operator_20.f90 -O2 (test for excess errors)
UNRESOLVED: gfortran.dg/typebound_operator_20.f90 -O2 compilation failed to produce executable
FAIL: gfortran.dg/typebound_operator_20.f90 -O3 -fomit-frame-pointer -funroll-loops -fpeel-loops -ftracer -finline-functions (test for excess errors)
UNRESOLVED: gfortran.dg/typebound_operator_20.f90 -O3 -fomit-frame-pointer -funroll-loops -fpeel-loops -ftracer -finline-functions compilation failed to produce executable
FAIL: gfortran.dg/typebound_operator_20.f90 -O3 -g (test for excess errors)
UNRESOLVED: gfortran.dg/typebound_operator_20.f90 -O3 -g compilation failed to produce executable
FAIL: gfortran.dg/typebound_operator_20.f90 -Os (test for excess errors)
UNRESOLVED: gfortran.dg/typebound_operator_20.f90 -Os compilation failed to produce executable
FAIL: gfortran.dg/typebound_operator_21.f03 -O0 (test for excess errors)
UNRESOLVED: gfortran.dg/typebound_operator_21.f03 -O0 compilation failed to produce executable
FAIL: gfortran.dg/typebound_operator_21.f03 -O1 (test for excess errors)
UNRESOLVED: gfortran.dg/typebound_operator_21.f03 -O1 compilation failed to produce executable
FAIL: gfortran.dg/typebound_operator_21.f03 -O2 (test for excess errors)
UNRESOLVED: gfortran.dg/typebound_operator_21.f03 -O2 compilation failed to produce executable
FAIL: gfortran.dg/typebound_operator_21.f03 -O3 -fomit-frame-pointer -funroll-loops -fpeel-loops -ftracer -finline-functions (test for excess errors)
UNRESOLVED: gfortran.dg/typebound_operator_21.f03 -O3 -fomit-frame-pointer -funroll-loops -fpeel-loops -ftracer -finline-functions compilation failed to produce executable
FAIL: gfortran.dg/typebound_operator_21.f03 -O3 -g (test for excess errors)
UNRESOLVED: gfortran.dg/typebound_operator_21.f03 -O3 -g compilation failed to produce executable
FAIL: gfortran.dg/typebound_operator_21.f03 -Os (test for excess errors)
UNRESOLVED: gfortran.dg/typebound_operator_21.f03 -Os compilation failed to produce executable
FAIL: gfortran.dg/typebound_operator_3.f03 -O0 (test for excess errors)
UNRESOLVED: gfortran.dg/typebound_operator_3.f03 -O0 compilation failed to produce executable
FAIL: gfortran.dg/typebound_operator_3.f03 -O1 (test for excess errors)
UNRESOLVED: gfortran.dg/typebound_operator_3.f03 -O1 compilation failed to produce executable
FAIL: gfortran.dg/typebound_operator_3.f03 -O2 (test for excess errors)
UNRESOLVED: gfortran.dg/typebound_operator_3.f03 -O2 compilation failed to produce executable
FAIL: gfortran.dg/typebound_operator_3.f03 -O3 -fomit-frame-pointer -funroll-loops -fpeel-loops -ftracer -finline-functions (test for excess errors)
UNRESOLVED: gfortran.dg/typebound_operator_3.f03 -O3 -fomit-frame-pointer -funroll-loops -fpeel-loops -ftracer -finline-functions compilation failed to produce executable
FAIL: gfortran.dg/typebound_operator_3.f03 -O3 -g (test for excess errors)
UNRESOLVED: gfortran.dg/typebound_operator_3.f03 -O3 -g compilation failed to produce executable
FAIL: gfortran.dg/typebound_operator_3.f03 -Os (test for excess errors)
UNRESOLVED: gfortran.dg/typebound_operator_3.f03 -Os compilation failed to produce executable
FAIL: gfortran.dg/typebound_operator_4.f03 -O (test for errors, line 76)
FAIL: gfortran.dg/typebound_operator_4.f03 -O (test for errors, line 77)
FAIL: gfortran.dg/typebound_operator_4.f03 -O (test for errors, line 78)
FAIL: gfortran.dg/typebound_operator_4.f03 -O (test for errors, line 86)
FAIL: gfortran.dg/typebound_operator_4.f03 -O (test for errors, line 87)
FAIL: gfortran.dg/typebound_operator_4.f03 -O (test for errors, line 88)
FAIL: gfortran.dg/typebound_operator_4.f03 -O (test for excess errors)
FAIL: gfortran.dg/typebound_operator_6.f03 -O3 -g execution test
FAIL: gfortran.dg/typebound_operator_6.f03 -Os (test for excess errors)
UNRESOLVED: gfortran.dg/typebound_operator_6.f03 -Os compilation failed to produce executable
FAIL: gfortran.dg/typebound_operator_7.f03 -O0 (test for excess errors)
UNRESOLVED: gfortran.dg/typebound_operator_7.f03 -O0 compilation failed to produce executable
FAIL: gfortran.dg/typebound_operator_7.f03 -O1 (test for excess errors)
UNRESOLVED: gfortran.dg/typebound_operator_7.f03 -O1 compilation failed to produce executable
FAIL: gfortran.dg/typebound_operator_7.f03 -O2 (test for excess errors)
UNRESOLVED: gfortran.dg/typebound_operator_7.f03 -O2 compilation failed to produce executable
FAIL: gfortran.dg/typebound_operator_7.f03 -O3 -fomit-frame-pointer -funroll-loops -fpeel-loops -ftracer -finline-functions (test for excess errors)
UNRESOLVED: gfortran.dg/typebound_operator_7.f03 -O3 -fomit-frame-pointer -funroll-loops -fpeel-loops -ftracer -finline-functions compilation failed to produce executable
FAIL: gfortran.dg/typebound_operator_7.f03 -O3 -g (test for excess errors)
UNRESOLVED: gfortran.dg/typebound_operator_7.f03 -O3 -g compilation failed to produce executable
FAIL: gfortran.dg/typebound_operator_7.f03 -Os (test for excess errors)
UNRESOLVED: gfortran.dg/typebound_operator_7.f03 -Os compilation failed to produce executable
FAIL: gfortran.dg/typebound_operator_8.f03 -O0 (test for excess errors)
UNRESOLVED: gfortran.dg/typebound_operator_8.f03 -O0 compilation failed to produce executable
FAIL: gfortran.dg/typebound_operator_8.f03 -O1 (test for excess errors)
UNRESOLVED: gfortran.dg/typebound_operator_8.f03 -O1 compilation failed to produce executable
FAIL: gfortran.dg/typebound_operator_8.f03 -O2 (test for excess errors)
UNRESOLVED: gfortran.dg/typebound_operator_8.f03 -O2 compilation failed to produce executable
FAIL: gfortran.dg/typebound_operator_8.f03 -O3 -fomit-frame-pointer -funroll-loops -fpeel-loops -ftracer -finline-functions (test for excess errors)
UNRESOLVED: gfortran.dg/typebound_operator_8.f03 -O3 -fomit-frame-pointer -funroll-loops -fpeel-loops -ftracer -finline-functions compilation failed to produce executable
FAIL: gfortran.dg/typebound_operator_8.f03 -O3 -g (test for excess errors)
UNRESOLVED: gfortran.dg/typebound_operator_8.f03 -O3 -g compilation failed to produce executable
FAIL: gfortran.dg/typebound_operator_8.f03 -Os (test for excess errors)
UNRESOLVED: gfortran.dg/typebound_operator_8.f03 -Os compilation failed to produce executable
FAIL: gfortran.dg/typebound_operator_9.f03 -O0 (test for excess errors)
UNRESOLVED: gfortran.dg/typebound_operator_9.f03 -O0 compilation failed to produce executable
FAIL: gfortran.dg/typebound_operator_9.f03 -O1 (test for excess errors)
UNRESOLVED: gfortran.dg/typebound_operator_9.f03 -O1 compilation failed to produce executable
FAIL: gfortran.dg/typebound_operator_9.f03 -O2 (test for excess errors)
UNRESOLVED: gfortran.dg/typebound_operator_9.f03 -O2 compilation failed to produce executable
FAIL: gfortran.dg/typebound_operator_9.f03 -O3 -fomit-frame-pointer -funroll-loops -fpeel-loops -ftracer -finline-functions (test for excess errors)
UNRESOLVED: gfortran.dg/typebound_operator_9.f03 -O3 -fomit-frame-pointer -funroll-loops -fpeel-loops -ftracer -finline-functions compilation failed to produce executable
FAIL: gfortran.dg/typebound_operator_9.f03 -O3 -g (test for excess errors)
UNRESOLVED: gfortran.dg/typebound_operator_9.f03 -O3 -g compilation failed to produce executable
FAIL: gfortran.dg/typebound_operator_9.f03 -Os (test for excess errors)
UNRESOLVED: gfortran.dg/typebound_operator_9.f03 -Os compilation failed to produce executable
FAIL: gfortran.dg/typebound_override_1.f90 -O (test for errors, line 22)
FAIL: gfortran.dg/typebound_override_1.f90 -O (test for errors, line 23)
FAIL: gfortran.dg/typebound_override_1.f90 -O (test for errors, line 26)
FAIL: gfortran.dg/typebound_override_1.f90 -O (test for excess errors)
FAIL: gfortran.dg/typebound_proc_15.f03 -O (test for errors, line 15)
FAIL: gfortran.dg/typebound_proc_15.f03 -O (test for excess errors)
FAIL: gfortran.dg/typebound_proc_16.f03 -O (test for excess errors)
FAIL: gfortran.dg/typebound_proc_26.f90 -O (test for errors, line 14)
FAIL: gfortran.dg/typebound_proc_26.f90 -O (test for errors, line 19)
FAIL: gfortran.dg/typebound_proc_26.f90 -O (test for errors, line 24)
FAIL: gfortran.dg/typebound_proc_26.f90 -O (test for warnings, line 31)
FAIL: gfortran.dg/typebound_proc_26.f90 -O (test for excess errors)
UNRESOLVED: gfortran.dg/typebound_proc_27.f03 -O0 scan-tree-dump-times original "__builtin_free" 10
UNRESOLVED: gfortran.dg/typebound_proc_27.f03 -O0 scan-tree-dump-times original "__builtin_malloc" 15
UNRESOLVED: gfortran.dg/typebound_proc_27.f03 -O0 scan-tree-dump-times original "__builtin_realloc" 6
FAIL: gfortran.dg/typebound_proc_27.f03 -O0 (test for excess errors)
UNRESOLVED: gfortran.dg/typebound_proc_27.f03 -O0 compilation failed to produce executable
UNRESOLVED: gfortran.dg/typebound_proc_27.f03 -O1 scan-tree-dump-times original "__builtin_free" 10
UNRESOLVED: gfortran.dg/typebound_proc_27.f03 -O1 scan-tree-dump-times original "__builtin_malloc" 15
UNRESOLVED: gfortran.dg/typebound_proc_27.f03 -O1 scan-tree-dump-times original "__builtin_realloc" 6
FAIL: gfortran.dg/typebound_proc_27.f03 -O1 (test for excess errors)
UNRESOLVED: gfortran.dg/typebound_proc_27.f03 -O1 compilation failed to produce executable
UNRESOLVED: gfortran.dg/typebound_proc_27.f03 -O2 scan-tree-dump-times original "__builtin_free" 10
UNRESOLVED: gfortran.dg/typebound_proc_27.f03 -O2 scan-tree-dump-times original "__builtin_malloc" 15
UNRESOLVED: gfortran.dg/typebound_proc_27.f03 -O2 scan-tree-dump-times original "__builtin_realloc" 6
FAIL: gfortran.dg/typebound_proc_27.f03 -O2 (test for excess errors)
UNRESOLVED: gfortran.dg/typebound_proc_27.f03 -O2 compilation failed to produce executable
UNRESOLVED: gfortran.dg/typebound_proc_27.f03 -O3 -fomit-frame-pointer -funroll-loops -fpeel-loops -ftracer -finline-functions scan-tree-dump-times original "__builtin_free" 10
UNRESOLVED: gfortran.dg/typebound_proc_27.f03 -O3 -fomit-frame-pointer -funroll-loops -fpeel-loops -ftracer -finline-functions scan-tree-dump-times original "__builtin_malloc" 15
UNRESOLVED: gfortran.dg/typebound_proc_27.f03 -O3 -fomit-frame-pointer -funroll-loops -fpeel-loops -ftracer -finline-functions scan-tree-dump-times original "__builtin_realloc" 6
FAIL: gfortran.dg/typebound_proc_27.f03 -O3 -fomit-frame-pointer -funroll-loops -fpeel-loops -ftracer -finline-functions (test for excess errors)
UNRESOLVED: gfortran.dg/typebound_proc_27.f03 -O3 -fomit-frame-pointer -funroll-loops -fpeel-loops -ftracer -finline-functions compilation failed to produce executable
UNRESOLVED: gfortran.dg/typebound_proc_27.f03 -O3 -g scan-tree-dump-times original "__builtin_free" 10
UNRESOLVED: gfortran.dg/typebound_proc_27.f03 -O3 -g scan-tree-dump-times original "__builtin_malloc" 15
UNRESOLVED: gfortran.dg/typebound_proc_27.f03 -O3 -g scan-tree-dump-times original "__builtin_realloc" 6
FAIL: gfortran.dg/typebound_proc_27.f03 -O3 -g (test for excess errors)
UNRESOLVED: gfortran.dg/typebound_proc_27.f03 -O3 -g compilation failed to produce executable
UNRESOLVED: gfortran.dg/typebound_proc_27.f03 -Os scan-tree-dump-times original "__builtin_free" 10
UNRESOLVED: gfortran.dg/typebound_proc_27.f03 -Os scan-tree-dump-times original "__builtin_malloc" 15
UNRESOLVED: gfortran.dg/typebound_proc_27.f03 -Os scan-tree-dump-times original "__builtin_realloc" 6
FAIL: gfortran.dg/typebound_proc_27.f03 -Os (test for excess errors)
UNRESOLVED: gfortran.dg/typebound_proc_27.f03 -Os compilation failed to produce executable
FAIL: gfortran.dg/typebound_proc_28.f03 -O (test for errors, line 25)
FAIL: gfortran.dg/typebound_proc_28.f03 -O (test for excess errors)
FAIL: gfortran.dg/typebound_proc_29.f90 -O (test for errors, line 23)
FAIL: gfortran.dg/typebound_proc_29.f90 -O (test for excess errors)
FAIL: gfortran.dg/typebound_proc_3.f03 -O (test for errors, line 13)
FAIL: gfortran.dg/typebound_proc_3.f03 -O (test for excess errors)
FAIL: gfortran.dg/typebound_proc_30.f90 -O (test for excess errors)
FAIL: gfortran.dg/typebound_proc_31.f90 -O (test for excess errors)
FAIL: gfortran.dg/typebound_proc_32.f90 -O (test for excess errors)
FAIL: gfortran.dg/typebound_proc_33.f90 -O (test for excess errors)
FAIL: gfortran.dg/typebound_proc_34.f90 -O (test for excess errors)
FAIL: gfortran.dg/typebound_proc_35.f90 -O0 (test for excess errors)
UNRESOLVED: gfortran.dg/typebound_proc_35.f90 -O0 compilation failed to produce executable
FAIL: gfortran.dg/typebound_proc_35.f90 -O1 (test for excess errors)
UNRESOLVED: gfortran.dg/typebound_proc_35.f90 -O1 compilation failed to produce executable
FAIL: gfortran.dg/typebound_proc_35.f90 -O2 (test for excess errors)
UNRESOLVED: gfortran.dg/typebound_proc_35.f90 -O2 compilation failed to produce executable
FAIL: gfortran.dg/typebound_proc_35.f90 -O3 -fomit-frame-pointer -funroll-loops -fpeel-loops -ftracer -finline-functions (test for excess errors)
UNRESOLVED: gfortran.dg/typebound_proc_35.f90 -O3 -fomit-frame-pointer -funroll-loops -fpeel-loops -ftracer -finline-functions compilation failed to produce executable
FAIL: gfortran.dg/typebound_proc_35.f90 -O3 -g (test for excess errors)
UNRESOLVED: gfortran.dg/typebound_proc_35.f90 -O3 -g compilation failed to produce executable
FAIL: gfortran.dg/typebound_proc_35.f90 -Os (test for excess errors)
UNRESOLVED: gfortran.dg/typebound_proc_35.f90 -Os compilation failed to produce executable
FAIL: gfortran.dg/typebound_proc_36.f90 -O0 (test for excess errors)
UNRESOLVED: gfortran.dg/typebound_proc_36.f90 -O0 compilation failed to produce executable
FAIL: gfortran.dg/typebound_proc_36.f90 -O1 (test for excess errors)
UNRESOLVED: gfortran.dg/typebound_proc_36.f90 -O1 compilation failed to produce executable
FAIL: gfortran.dg/typebound_proc_36.f90 -O2 (test for excess errors)
UNRESOLVED: gfortran.dg/typebound_proc_36.f90 -O2 compilation failed to produce executable
FAIL: gfortran.dg/typebound_proc_36.f90 -O3 -fomit-frame-pointer -funroll-loops -fpeel-loops -ftracer -finline-functions (test for excess errors)
UNRESOLVED: gfortran.dg/typebound_proc_36.f90 -O3 -fomit-frame-pointer -funroll-loops -fpeel-loops -ftracer -finline-functions compilation failed to produce executable
FAIL: gfortran.dg/typebound_proc_36.f90 -O3 -g (test for excess errors)
UNRESOLVED: gfortran.dg/typebound_proc_36.f90 -O3 -g compilation failed to produce executable
FAIL: gfortran.dg/typebound_proc_36.f90 -Os (test for excess errors)
UNRESOLVED: gfortran.dg/typebound_proc_36.f90 -Os compilation failed to produce executable
FAIL: gfortran.dg/typebound_proc_4.f03 -O (test for errors, line 12)
FAIL: gfortran.dg/typebound_proc_4.f03 -O (test for errors, line 13)
FAIL: gfortran.dg/typebound_proc_4.f03 -O (test for errors, line 14)
FAIL: gfortran.dg/typebound_proc_4.f03 -O (test for errors, line 15)
FAIL: gfortran.dg/typebound_proc_4.f03 -O (test for errors, line 16)
FAIL: gfortran.dg/typebound_proc_4.f03 -O (test for errors, line 17)
FAIL: gfortran.dg/typebound_proc_4.f03 -O (test for errors, line 18)
FAIL: gfortran.dg/typebound_proc_4.f03 -O (test for errors, line 19)
FAIL: gfortran.dg/typebound_proc_4.f03 -O (test for errors, line 20)
FAIL: gfortran.dg/typebound_proc_4.f03 -O (test for errors, line 21)
FAIL: gfortran.dg/typebound_proc_4.f03 -O (test for errors, line 22)
FAIL: gfortran.dg/typebound_proc_4.f03 -O (test for errors, line 23)
FAIL: gfortran.dg/typebound_proc_4.f03 -O (test for errors, line 24)
FAIL: gfortran.dg/typebound_proc_4.f03 -O (test for errors, line 25)
FAIL: gfortran.dg/typebound_proc_4.f03 -O (test for errors, line 26)
FAIL: gfortran.dg/typebound_proc_4.f03 -O (test for errors, line 27)
FAIL: gfortran.dg/typebound_proc_4.f03 -O (test for errors, line 28)
FAIL: gfortran.dg/typebound_proc_4.f03 -O (test for errors, line 29)
FAIL: gfortran.dg/typebound_proc_4.f03 -O (test for errors, line 30)
FAIL: gfortran.dg/typebound_proc_4.f03 -O (test for errors, line 31)
FAIL: gfortran.dg/typebound_proc_4.f03 -O (test for errors, line 32)
FAIL: gfortran.dg/typebound_proc_4.f03 -O (test for excess errors)
FAIL: gfortran.dg/typebound_proc_5.f03 -O (test for errors, line 109)
FAIL: gfortran.dg/typebound_proc_5.f03 -O (test for errors, line 54)
FAIL: gfortran.dg/typebound_proc_5.f03 -O (test for errors, line 55)
FAIL: gfortran.dg/typebound_proc_5.f03 -O (test for errors, line 56)
FAIL: gfortran.dg/typebound_proc_5.f03 -O (test for errors, line 57)
FAIL: gfortran.dg/typebound_proc_5.f03 -O (test for errors, line 58)
FAIL: gfortran.dg/typebound_proc_5.f03 -O (test for errors, line 59)
FAIL: gfortran.dg/typebound_proc_5.f03 -O (test for errors, line 60)
FAIL: gfortran.dg/typebound_proc_5.f03 -O (test for errors, line 61)
FAIL: gfortran.dg/typebound_proc_5.f03 -O (test for errors, line 62)
FAIL: gfortran.dg/typebound_proc_5.f03 -O (test for errors, line 63)
FAIL: gfortran.dg/typebound_proc_5.f03 -O (test for excess errors)
FAIL: gfortran.dg/uncommon_block_data_1.f90 -O (test for errors, line 8)
FAIL: gfortran.dg/uncommon_block_data_1.f90 -O (test for excess errors)
FAIL: gfortran.dg/unconstrained_commons.f -O (test for warnings, line 12)
FAIL: gfortran.dg/unconstrained_commons.f -O (test for warnings, line 13)
UNRESOLVED: gfortran.dg/unconstrained_commons.f -O scan-tree-dump-not dom2 "FIND"
UNRESOLVED: gfortran.dg/unconstrained_commons.f -O scan-tree-dump-times dom2 " _[0-9]+ = mycommon\\\\.x\\\\[_[0-9]+\\\\];" 1
UNRESOLVED: gfortran.dg/unconstrained_commons.f -O scan-tree-dump-times dom2 " mycommon\\\\.x\\\\[j?_[0-9]+\\\\] = _[0-9]+;" 1
FAIL: gfortran.dg/unconstrained_commons.f -O (test for excess errors)
FAIL: gfortran.dg/underflow.f90 -O (test for warnings, line 4)
FAIL: gfortran.dg/underflow.f90 -O (test for excess errors)
FAIL: gfortran.dg/unexp_attribute.f90 -O (test for errors, line 6)
FAIL: gfortran.dg/unexp_attribute.f90 -O (test for excess errors)
FAIL: gfortran.dg/unf_io_convert_2.f90 -O0 (test for warnings, line 10)
FAIL: gfortran.dg/unf_io_convert_2.f90 -O0 (test for warnings, line 17)
FAIL: gfortran.dg/unf_io_convert_2.f90 -O0 (test for warnings, line 29)
FAIL: gfortran.dg/unf_io_convert_2.f90 -O0 (test for excess errors)
UNRESOLVED: gfortran.dg/unf_io_convert_2.f90 -O0 compilation failed to produce executable
FAIL: gfortran.dg/unf_io_convert_2.f90 -O1 (test for warnings, line 10)
FAIL: gfortran.dg/unf_io_convert_2.f90 -O1 (test for warnings, line 17)
FAIL: gfortran.dg/unf_io_convert_2.f90 -O1 (test for warnings, line 29)
FAIL: gfortran.dg/unf_io_convert_2.f90 -O1 (test for excess errors)
UNRESOLVED: gfortran.dg/unf_io_convert_2.f90 -O1 compilation failed to produce executable
FAIL: gfortran.dg/ieee/large_2.f90 -O0 execution test
FAIL: gfortran.dg/ieee/large_2.f90 -O1 execution test
FAIL: gfortran.dg/ieee/large_2.f90 -O2 execution test
FAIL: gfortran.dg/ieee/large_2.f90 -O3 -fomit-frame-pointer -funroll-loops -fpeel-loops -ftracer -finline-functions execution test
FAIL: gfortran.dg/ieee/large_2.f90 -O3 -g execution test
FAIL: gfortran.dg/ieee/large_2.f90 -Os execution test
FAIL: gfortran.dg/vect/fast-math-pr37021.f90 -O scan-tree-dump vect "vectorized 2 loops"
FAIL: gfortran.dg/vect/pr52580.f -O scan-tree-dump-times vect "LOOP VECTORIZED" 1
FAIL: gfortran.dg/vect/pr62283-2.f -O scan-tree-dump slp2 "basic block vectorized"
FAIL: gfortran.dg/vect/pr81303.f -O scan-tree-dump vect "vectorized 1 loops in function"
FAIL: gfortran.dg/vect/vect-8.f90 -O scan-tree-dump-times vect "vectorized 22 loops" 1
FAIL: gfortran.dg/vect/vect-gems.f90 -O scan-tree-dump-times vect "vectorized 1 loops" 1
=== gfortran Summary ===
# of expected passes 46505
# of unexpected failures 596
# of unexpected successes 6
# of expected failures 106
# of unresolved testcases 287
# of unsupported tests 121
/home/gccbuild/build/nightly/build-gcc-trunk/gcc/gfortran version 9.0.0 20180812 (experimental) [trunk revision 263496] (GCC)
=== go tests ===
Running target unix
FAIL: go.test/test/ken/cplx2.go execution, -O2 -g
=== go Summary ===
# of expected passes 7281
# of unexpected failures 1
# of expected failures 1
# of untested testcases 7
# of unsupported tests 3
/home/gccbuild/build/nightly/build-gcc-trunk/gcc/gccgo version 9.0.0 20180812 (experimental) [trunk revision 263496] (GCC)
=== obj-c++ tests ===
Running target unix
=== obj-c++ Summary ===
# of expected passes 1456
# of expected failures 10
# of unsupported tests 77
/home/gccbuild/build/nightly/build-gcc-trunk/gcc/xg++ version 9.0.0 20180812 (experimental) [trunk revision 263496] (GCC)
=== objc tests ===
Running target unix
=== objc Summary ===
# of expected passes 2803
# of unsupported tests 68
/home/gccbuild/build/nightly/build-gcc-trunk/gcc/xgcc version 9.0.0 20180812 (experimental) [trunk revision 263496] (GCC)
=== gotools tests ===
FAIL: go test cmd/go
=== gotools Summary ===
# of expected passes 329
# of unexpected failures 1
# of untested testcases 146
/home/gccbuild/build/nightly/build-gcc-trunk/./gcc/gccgo version 9.0.0 20180812 (experimental) [trunk revision 263496] (GCC)
=== libatomic tests ===
Running target unix
=== libatomic Summary ===
# of expected passes 54
=== libffi tests ===
Running target unix
=== libffi Summary ===
# of expected passes 1934
# of unsupported tests 28
=== libgo tests ===
Running target unix
FAIL: os/signal
FAIL: runtime/pprof
=== libgo Summary ===
# of expected passes 161
# of unexpected failures 2
/home/gccbuild/build/nightly/build-gcc-trunk/./gcc/gccgo version 9.0.0 20180812 (experimental) [trunk revision 263496] (GCC)
=== libgomp tests ===
Running target unix
UNRESOLVED: libgomp.oacc-c++/non-scalar-data.C -DACC_DEVICE_TYPE_host=1 -DACC_MEM_SHARED=1 -O2 compilation failed to produce executable
=== libgomp Summary ===
# of expected passes 5862
# of expected failures 2
# of unresolved testcases 1
# of unsupported tests 394
=== libitm tests ===
Running target unix
=== libitm Summary ===
# of expected passes 42
# of expected failures 3
# of unsupported tests 1
=== libstdc++ tests ===
Running target unix
FAIL: libstdc++-prettyprinters/cxx17.cc print ab
FAIL: libstdc++-prettyprinters/cxx17.cc print ab
FAIL: libstdc++-prettyprinters/cxx17.cc print ai
FAIL: libstdc++-prettyprinters/cxx17.cc print ai
FAIL: libstdc++-prettyprinters/cxx17.cc print am
FAIL: libstdc++-prettyprinters/cxx17.cc print am
FAIL: libstdc++-prettyprinters/cxx17.cc print ap
FAIL: libstdc++-prettyprinters/cxx17.cc print ap
FAIL: libstdc++-prettyprinters/cxx17.cc print as
FAIL: libstdc++-prettyprinters/cxx17.cc print as
FAIL: libstdc++-prettyprinters/cxx17.cc print as2
FAIL: libstdc++-prettyprinters/cxx17.cc print as2
FAIL: libstdc++-prettyprinters/libfundts.cc print ab
FAIL: libstdc++-prettyprinters/libfundts.cc print ab
FAIL: libstdc++-prettyprinters/libfundts.cc print ai
FAIL: libstdc++-prettyprinters/libfundts.cc print ai
FAIL: libstdc++-prettyprinters/libfundts.cc print am
FAIL: libstdc++-prettyprinters/libfundts.cc print am
FAIL: libstdc++-prettyprinters/libfundts.cc print ap
FAIL: libstdc++-prettyprinters/libfundts.cc print ap
FAIL: libstdc++-prettyprinters/libfundts.cc print as
FAIL: libstdc++-prettyprinters/libfundts.cc print as
FAIL: libstdc++-prettyprinters/libfundts.cc print as2
FAIL: libstdc++-prettyprinters/libfundts.cc print as2
=== libstdc++ Summary ===
# of expected passes 13196
# of unexpected failures 24
# of expected failures 77
# of unsupported tests 285
Compiler version: 9.0.0 20180812 (experimental) [trunk revision 263496] (GCC)
Platform: powerpc64-unknown-linux-gnu
configure flags: --prefix=/opt/gcc-nightly/trunk --with-as=/usr/bin/as --with-ld=/usr/bin/ld --enable-languages=c,c++,fortran,objc,obj-c++,go --disable-multilib --disable-multilib --with-cpu=power7
fail WARNING: Could not generate test framework tests
fail WARNING: Could not generate test framework tests
fail WARNING: Could not generate test framework tests
fail WARNING: Could not generate test framework tests
fail WARNING: Could not generate test framework tests
fail WARNING: Could not generate test framework tests
fail WARNING: Could not generate test framework tests
fail XPASS: gcc.test-framework/dg-bogus-exp-XF.c (test for excess errors)
fail FAIL: gcc.test-framework/dg-do-assemble-exp-P.c (test for excess errors) (PRMS 42)
fail FAIL: gcc.test-framework/dg-do-compile-exp-P.c (test for excess errors) (PRMS 42)
fail FAIL: gcc.test-framework/dg-do-link-exp-P.c (test for excess errors) (PRMS 42)
fail FAIL: gcc.test-framework/dg-do-run-exp-P.c (test for excess errors) (PRMS 42)
fail FAIL: gcc.test-framework/dg-dot-run-exp-P.c (test for excess errors) (PRMS 42)
fail FAIL: gcc.test-framework/dg-dox-run-exp-XF.c (test for excess errors) (PRMS 42)
fail FAIL: gcc.test-framework/dg-output-exp-P.c (test for excess errors) (PRMS 42)
fail FAIL: gcc.test-framework/dg-output-exp-XF.c (test for excess errors) (PRMS 42)
fail FAIL: gcc.test-framework/dg-warning-exp-P.c warning test (test for warnings, line 9) (PRMS 42)
=== Test Framework Summary ===
# of expected passes 68
# of unexpected failures 17
More information about the Gcc-testresults
mailing list