Results for 9.0.0 20180808 (experimental) [trunk revision 263409] (GCC) testsuite on riscv64-unknown-linux-gnu
Serge Belyshev
belyshev@depni.sinp.msu.ru
Thu Aug 9 12:07:00 GMT 2018
LAST_UPDATED: Wed Aug 8 15:28:48 UTC 2018 (revision 263409)
Native configuration is riscv64-unknown-linux-gnu
=== g++ tests ===
Running target unix
FAIL: c-c++-common/patchable_function_entry-decl.c -std=gnu++98 scan-assembler-times nop 2
FAIL: c-c++-common/patchable_function_entry-decl.c -std=gnu++11 scan-assembler-times nop 2
FAIL: c-c++-common/patchable_function_entry-decl.c -std=gnu++14 scan-assembler-times nop 2
FAIL: c-c++-common/patchable_function_entry-default.c -std=gnu++98 scan-assembler-times nop 3
FAIL: c-c++-common/patchable_function_entry-default.c -std=gnu++11 scan-assembler-times nop 3
FAIL: c-c++-common/patchable_function_entry-default.c -std=gnu++14 scan-assembler-times nop 3
FAIL: c-c++-common/patchable_function_entry-definition.c -std=gnu++98 scan-assembler-times nop 1
FAIL: c-c++-common/patchable_function_entry-definition.c -std=gnu++11 scan-assembler-times nop 1
FAIL: c-c++-common/patchable_function_entry-definition.c -std=gnu++14 scan-assembler-times nop 1
FAIL: c-c++-common/spec-barrier-1.c -std=gnu++98 (test for excess errors)
FAIL: c-c++-common/spec-barrier-1.c -std=gnu++11 (test for excess errors)
FAIL: c-c++-common/spec-barrier-1.c -std=gnu++14 (test for excess errors)
FAIL: g++.dg/eh/forced1.C -std=c++98 execution test
FAIL: g++.dg/eh/forced1.C -std=c++11 execution test
FAIL: g++.dg/eh/forced1.C -std=c++14 execution test
FAIL: g++.dg/ext/cleanup-10.C -std=gnu++98 execution test
FAIL: g++.dg/ext/cleanup-10.C -std=gnu++11 execution test
FAIL: g++.dg/ext/cleanup-10.C -std=gnu++14 execution test
FAIL: g++.dg/ext/cleanup-11.C -std=gnu++98 execution test
FAIL: g++.dg/ext/cleanup-11.C -std=gnu++11 execution test
FAIL: g++.dg/ext/cleanup-11.C -std=gnu++14 execution test
FAIL: g++.dg/ext/cleanup-8.C -std=gnu++98 execution test
FAIL: g++.dg/ext/cleanup-8.C -std=gnu++11 execution test
FAIL: g++.dg/ext/cleanup-8.C -std=gnu++14 execution test
FAIL: g++.dg/ext/cleanup-9.C -std=gnu++98 execution test
FAIL: g++.dg/ext/cleanup-9.C -std=gnu++11 execution test
FAIL: g++.dg/ext/cleanup-9.C -std=gnu++14 execution test
FAIL: g++.dg/opt/eh4.C -std=gnu++98 execution test
FAIL: g++.dg/opt/eh4.C -std=gnu++11 execution test
FAIL: g++.dg/opt/eh4.C -std=gnu++14 execution test
FAIL: g++.dg/pr83239.C -std=gnu++98 (test for excess errors)
WARNING: program timed out.
WARNING: program timed out.
WARNING: program timed out.
WARNING: program timed out.
WARNING: program timed out.
WARNING: program timed out.
FAIL: g++.old-deja/g++.eh/terminate2.C -std=c++98 execution test
FAIL: g++.old-deja/g++.eh/terminate2.C -std=c++11 execution test
FAIL: g++.old-deja/g++.eh/terminate2.C -std=c++14 execution test
WARNING: program timed out.
WARNING: program timed out.
WARNING: program timed out.
=== g++ Summary ===
# of expected passes 115003
# of unexpected failures 34
# of expected failures 520
# of unsupported tests 5195
/opt/t/gcc/xg++ version 9.0.0 20180808 (experimental) [trunk revision 263409] (GCC)
=== gcc tests ===
Running target unix
FAIL: c-c++-common/patchable_function_entry-decl.c -Wc++-compat scan-assembler-times nop 2
FAIL: c-c++-common/patchable_function_entry-default.c -Wc++-compat scan-assembler-times nop 3
FAIL: c-c++-common/patchable_function_entry-definition.c -Wc++-compat scan-assembler-times nop 1
FAIL: c-c++-common/spec-barrier-1.c -Wc++-compat (test for excess errors)
XPASS: gcc.dg/attr-alloc_size-11.c missing range info for signed char (test for warnings, line 50)
XPASS: gcc.dg/attr-alloc_size-11.c missing range info for short (test for warnings, line 51)
FAIL: gcc.dg/cleanup-10.c execution test
FAIL: gcc.dg/cleanup-11.c execution test
FAIL: gcc.dg/cleanup-8.c execution test
FAIL: gcc.dg/cleanup-9.c execution test
FAIL: gcc.dg/uninit-suppress_2.c should not be promoted to error (test for warnings, line 16)
FAIL: gcc.dg/tree-ssa/pr84512.c scan-tree-dump optimized "return 285;"
FAIL: gcc.dg/tree-ssa/pr84859.c (test for bogus messages, line 18)
FAIL: gcc.dg/tree-ssa/pr84859.c scan-tree-dump phiopt1 "MIN_EXPR"
XPASS: gcc.dg/tree-ssa/ssa-fre-3.c scan-tree-dump fre1 "Replaced \\\\(int\\\\) aa_.*with a_"
=== gcc Summary ===
# of expected passes 99985
# of unexpected failures 12
# of unexpected successes 3
# of expected failures 302
# of unsupported tests 1944
/opt/t/gcc/xgcc version 9.0.0 20180808 (experimental) [trunk revision 263409] (GCC)
=== gfortran tests ===
Running target unix
FAIL: gfortran.dg/elemental_subroutine_3.f90 -O1 (test for excess errors)
FAIL: gfortran.dg/elemental_subroutine_3.f90 -O2 (test for excess errors)
FAIL: gfortran.dg/elemental_subroutine_3.f90 -O3 -fomit-frame-pointer -funroll-loops -fpeel-loops -ftracer -finline-functions (test for excess errors)
FAIL: gfortran.dg/elemental_subroutine_3.f90 -O3 -g (test for excess errors)
FAIL: gfortran.dg/elemental_subroutine_3.f90 -Os (test for excess errors)
FAIL: gfortran.dg/ieee/ieee_8.f90 -O0 execution test
FAIL: gfortran.dg/ieee/ieee_8.f90 -O1 execution test
FAIL: gfortran.dg/ieee/ieee_8.f90 -O2 execution test
FAIL: gfortran.dg/ieee/ieee_8.f90 -O3 -fomit-frame-pointer -funroll-loops -fpeel-loops -ftracer -finline-functions execution test
FAIL: gfortran.dg/ieee/ieee_8.f90 -O3 -g execution test
FAIL: gfortran.dg/ieee/ieee_8.f90 -Os execution test
=== gfortran Summary ===
# of expected passes 46801
# of unexpected failures 11
# of expected failures 103
# of unsupported tests 106
/opt/t/gcc/gfortran version 9.0.0 20180808 (experimental) [trunk revision 263409] (GCC)
=== objc tests ===
Running target unix
WARNING: program timed out.
FAIL: objc/execute/exceptions/handler-1.m execution, -O0 -fgnu-runtime
WARNING: program timed out.
FAIL: objc/execute/exceptions/handler-1.m execution, -O1 -fgnu-runtime
FAIL: objc/execute/exceptions/handler-1.m execution, -O2 -fgnu-runtime
FAIL: objc/execute/exceptions/handler-1.m execution, -O3 -g -fgnu-runtime
FAIL: objc/execute/exceptions/handler-1.m execution, -Os -fgnu-runtime
=== objc Summary ===
# of expected passes 2796
# of unexpected failures 5
# of unsupported tests 69
/opt/t/gcc/xgcc version 9.0.0 20180808 (experimental) [trunk revision 263409] (GCC)
=== libatomic tests ===
Running target unix
=== libatomic Summary ===
# of expected passes 54
=== libgomp tests ===
Running target unix
XPASS: libgomp.graphite/force-parallel-4.c scan-tree-dump-times graphite "2 loops carried no dependency" 1
FAIL: libgomp.graphite/force-parallel-4.c scan-tree-dump-times graphite "1 loops carried no dependency" 1
UNRESOLVED: libgomp.oacc-c++/non-scalar-data.C -DACC_DEVICE_TYPE_host=1 -DACC_MEM_SHARED=1 -O2 compilation failed to produce executable
=== libgomp Summary ===
# of expected passes 5891
# of unexpected failures 1
# of unexpected successes 1
# of expected failures 2
# of unresolved testcases 1
# of unsupported tests 402
=== libstdc++ tests ===
Running target unix
FAIL: 27_io/basic_filebuf/imbue/char/13171-2.cc execution test
FAIL: 27_io/ios_base/storage/2.cc execution test
WARNING: program timed out.
WARNING: program timed out.
=== libstdc++ Summary ===
# of expected passes 12239
# of unexpected failures 2
# of expected failures 77
# of unsupported tests 314
Compiler version: 9.0.0 20180808 (experimental) [trunk revision 263409] (GCC)
Platform: riscv64-unknown-linux-gnu
configure flags: --disable-multilib --disable-stage1-checking --disable-libstdcxx-pch
More information about the Gcc-testresults
mailing list