Results for 7.3.0 (genunix Mon Apr 16 19:59:50 GMT 2018) testsuite on sparc64-sun-solaris2.10
Dennis Clarke
dclarke@blastwave.org
Wed Apr 18 02:57:00 GMT 2018
This looks to be a brilliant quality build. However a pile of gnu
dependencies were needed first .. too many to mention. GNU Make 4.2.1
is essential and there are patches required.
Thus :
LAST_UPDATED: Obtained from SVN: tags/gcc_7_3_0_release revision 257042
=== acats tests ===
=== acats Summary ===
# of expected passes 2320
# of unexpected failures 0
Native configuration is sparc64-sun-solaris2.10
=== gcc tests ===
Running target unix
XPASS: gcc.dg/pr78768.c -Wformat-overflow (test for warnings, line 11)
FAIL: gcc.dg/visibility-22.c execution test
FAIL: gcc.dg/visibility-d.c scan-not-hidden
FAIL: gcc.dg/visibility-d.c scan-not-hidden
FAIL: gcc.dg/visibility-d.c scan-not-hidden
FAIL: gcc.dg/visibility-d.c scan-not-hidden
FAIL: gcc.dg/visibility-d.c scan-not-hidden
FAIL: gcc.dg/visibility-d.c scan-not-hidden
FAIL: gcc.dg/visibility-d.c scan-not-hidden
FAIL: gcc.dg/visibility-d.c scan-not-hidden
FAIL: gcc.dg/visibility-d.c scan-not-hidden
FAIL: gcc.dg/visibility-d.c scan-not-hidden
FAIL: gcc.dg/visibility-d.c scan-not-hidden
FAIL: gcc.dg/visibility-d.c scan-not-hidden
FAIL: gcc.dg/visibility-d.c scan-not-hidden
FAIL: gcc.dg/visibility-d.c scan-not-hidden
FAIL: gcc.dg/visibility-d.c scan-not-hidden
FAIL: gcc.dg/visibility-d.c scan-not-hidden
FAIL: gcc.dg/visibility-d.c scan-not-hidden
FAIL: gcc.dg/visibility-d.c scan-not-hidden
FAIL: gcc.dg/visibility-d.c scan-not-hidden
FAIL: gcc.dg/visibility-d.c scan-not-hidden
FAIL: gcc.dg/visibility-d.c scan-not-hidden
FAIL: gcc.dg/visibility-d.c scan-not-hidden
FAIL: gcc.dg/visibility-d.c scan-not-hidden
FAIL: gcc.dg/visibility-d.c scan-not-hidden
FAIL: gcc.dg/visibility-d.c scan-not-hidden
FAIL: gcc.dg/visibility-d.c scan-not-hidden
FAIL: gcc.dg/visibility-d.c scan-not-hidden
FAIL: gcc.dg/visibility-d.c scan-not-hidden
FAIL: gcc.dg/visibility-d.c scan-not-hidden
FAIL: gcc.dg/visibility-d.c scan-not-hidden
=== gcc Summary ===
# of expected passes 100475
# of unexpected failures 31
# of unexpected successes 1
# of expected failures 390
# of unsupported tests 2425
/usr/local/build/gcc-7.3.0_SunOS5.10_sparc64vii+.001/gcc/xgcc version
7.3.0 (genunix Mon Apr 16 19:59:50 GMT 2018)
=== gfortran tests ===
Running target unix
FAIL: gfortran.dg/execute_command_line_3.f90 -O execution test
=== gfortran Summary ===
# of expected passes 45290
# of unexpected failures 1
# of expected failures 95
# of unsupported tests 134
/usr/local/build/gcc-7.3.0_SunOS5.10_sparc64vii+.001/gcc/testsuite/gfortran/../../gfortran
version 7.3.0 (genunix Mon Apr 16 19:59:50 GMT 2018)
=== g++ tests ===
Running target unix
FAIL: g++.dg/ext/visibility/fvisibility-inlines-hidden-2.C -std=gnu++98
scan-not-hidden
FAIL: g++.dg/ext/visibility/fvisibility-inlines-hidden-2.C -std=gnu++11
scan-not-hidden
FAIL: g++.dg/ext/visibility/fvisibility-inlines-hidden-2.C -std=gnu++14
scan-not-hidden
FAIL: g++.dg/ext/visibility/fvisibility-inlines-hidden-3.C -std=gnu++98
scan-not-hidden
FAIL: g++.dg/ext/visibility/fvisibility-inlines-hidden-3.C -std=gnu++98
scan-not-hidden
FAIL: g++.dg/ext/visibility/fvisibility-inlines-hidden-3.C -std=gnu++11
scan-not-hidden
FAIL: g++.dg/ext/visibility/fvisibility-inlines-hidden-3.C -std=gnu++11
scan-not-hidden
FAIL: g++.dg/ext/visibility/fvisibility-inlines-hidden-3.C -std=gnu++14
scan-not-hidden
FAIL: g++.dg/ext/visibility/fvisibility-inlines-hidden-3.C -std=gnu++14
scan-not-hidden
FAIL: g++.dg/ext/visibility/fvisibility-inlines-hidden-4.C -std=gnu++98
scan-not-hidden
FAIL: g++.dg/ext/visibility/fvisibility-inlines-hidden-4.C -std=gnu++98
scan-not-hidden
FAIL: g++.dg/ext/visibility/fvisibility-inlines-hidden-4.C -std=gnu++11
scan-not-hidden
FAIL: g++.dg/ext/visibility/fvisibility-inlines-hidden-4.C -std=gnu++11
scan-not-hidden
FAIL: g++.dg/ext/visibility/fvisibility-inlines-hidden-4.C -std=gnu++14
scan-not-hidden
FAIL: g++.dg/ext/visibility/fvisibility-inlines-hidden-4.C -std=gnu++14
scan-not-hidden
FAIL: g++.dg/ext/visibility/fvisibility-override1.C -std=gnu++98
scan-not-hidden
FAIL: g++.dg/ext/visibility/fvisibility-override1.C -std=gnu++11
scan-not-hidden
FAIL: g++.dg/ext/visibility/fvisibility-override1.C -std=gnu++14
scan-not-hidden
FAIL: g++.dg/ext/visibility/fvisibility-override2.C -std=gnu++98
scan-not-hidden
FAIL: g++.dg/ext/visibility/fvisibility-override2.C -std=gnu++11
scan-not-hidden
FAIL: g++.dg/ext/visibility/fvisibility-override2.C -std=gnu++14
scan-not-hidden
FAIL: g++.dg/ext/visibility/guard1.C -std=gnu++98 scan-not-hidden
FAIL: g++.dg/ext/visibility/guard1.C -std=gnu++11 scan-not-hidden
FAIL: g++.dg/ext/visibility/guard1.C -std=gnu++14 scan-not-hidden
FAIL: g++.dg/ext/visibility/ms-compat-1.C -std=gnu++98 scan-not-hidden
FAIL: g++.dg/ext/visibility/ms-compat-1.C -std=gnu++98 scan-not-hidden
FAIL: g++.dg/ext/visibility/ms-compat-1.C -std=gnu++98 scan-not-hidden
FAIL: g++.dg/ext/visibility/ms-compat-1.C -std=gnu++11 scan-not-hidden
FAIL: g++.dg/ext/visibility/ms-compat-1.C -std=gnu++11 scan-not-hidden
FAIL: g++.dg/ext/visibility/ms-compat-1.C -std=gnu++11 scan-not-hidden
FAIL: g++.dg/ext/visibility/ms-compat-1.C -std=gnu++14 scan-not-hidden
FAIL: g++.dg/ext/visibility/ms-compat-1.C -std=gnu++14 scan-not-hidden
FAIL: g++.dg/ext/visibility/ms-compat-1.C -std=gnu++14 scan-not-hidden
FAIL: g++.dg/ext/visibility/namespace1.C -std=c++98 scan-not-hidden
FAIL: g++.dg/ext/visibility/namespace1.C -std=c++11 scan-not-hidden
FAIL: g++.dg/ext/visibility/namespace1.C -std=c++14 scan-not-hidden
FAIL: g++.dg/ext/visibility/new1.C -std=gnu++98 scan-not-hidden
FAIL: g++.dg/ext/visibility/new1.C -std=gnu++11 scan-not-hidden
FAIL: g++.dg/ext/visibility/new1.C -std=gnu++14 scan-not-hidden
FAIL: g++.dg/ext/visibility/template1.C -std=gnu++98 scan-not-hidden
FAIL: g++.dg/ext/visibility/template1.C -std=gnu++98 scan-not-hidden
FAIL: g++.dg/ext/visibility/template1.C -std=gnu++11 scan-not-hidden
FAIL: g++.dg/ext/visibility/template1.C -std=gnu++11 scan-not-hidden
FAIL: g++.dg/ext/visibility/template1.C -std=gnu++14 scan-not-hidden
FAIL: g++.dg/ext/visibility/template1.C -std=gnu++14 scan-not-hidden
FAIL: g++.dg/ext/visibility/template10.C -std=gnu++98 scan-not-hidden
FAIL: g++.dg/ext/visibility/template10.C -std=gnu++11 scan-not-hidden
FAIL: g++.dg/ext/visibility/template10.C -std=gnu++14 scan-not-hidden
FAIL: g++.dg/ext/visibility/template11.C -std=gnu++98 scan-not-hidden
FAIL: g++.dg/ext/visibility/template11.C -std=gnu++11 scan-not-hidden
FAIL: g++.dg/ext/visibility/template11.C -std=gnu++14 scan-not-hidden
FAIL: g++.dg/ext/visibility/template12.C -std=gnu++98 scan-not-hidden
FAIL: g++.dg/ext/visibility/template12.C -std=gnu++11 scan-not-hidden
FAIL: g++.dg/ext/visibility/template12.C -std=gnu++14 scan-not-hidden
FAIL: g++.dg/ext/visibility/template2.C -std=c++98 scan-not-hidden
FAIL: g++.dg/ext/visibility/template2.C -std=c++98 scan-not-hidden
FAIL: g++.dg/ext/visibility/template2.C -std=c++11 scan-not-hidden
FAIL: g++.dg/ext/visibility/template2.C -std=c++11 scan-not-hidden
FAIL: g++.dg/ext/visibility/template2.C -std=c++14 scan-not-hidden
FAIL: g++.dg/ext/visibility/template2.C -std=c++14 scan-not-hidden
FAIL: g++.dg/ext/visibility/template3.C -std=c++98 scan-not-hidden
FAIL: g++.dg/ext/visibility/template3.C -std=c++98 scan-not-hidden
FAIL: g++.dg/ext/visibility/template3.C -std=c++11 scan-not-hidden
FAIL: g++.dg/ext/visibility/template3.C -std=c++11 scan-not-hidden
FAIL: g++.dg/ext/visibility/template3.C -std=c++14 scan-not-hidden
FAIL: g++.dg/ext/visibility/template3.C -std=c++14 scan-not-hidden
FAIL: g++.dg/ext/visibility/template4.C -std=c++98 scan-not-hidden
FAIL: g++.dg/ext/visibility/template4.C -std=c++98 scan-not-hidden
FAIL: g++.dg/ext/visibility/template4.C -std=c++98 scan-not-hidden
FAIL: g++.dg/ext/visibility/template4.C -std=c++98 scan-not-hidden
FAIL: g++.dg/ext/visibility/template4.C -std=c++11 scan-not-hidden
FAIL: g++.dg/ext/visibility/template4.C -std=c++11 scan-not-hidden
FAIL: g++.dg/ext/visibility/template4.C -std=c++11 scan-not-hidden
FAIL: g++.dg/ext/visibility/template4.C -std=c++11 scan-not-hidden
FAIL: g++.dg/ext/visibility/template4.C -std=c++14 scan-not-hidden
FAIL: g++.dg/ext/visibility/template4.C -std=c++14 scan-not-hidden
FAIL: g++.dg/ext/visibility/template4.C -std=c++14 scan-not-hidden
FAIL: g++.dg/ext/visibility/template4.C -std=c++14 scan-not-hidden
FAIL: g++.dg/ext/visibility/template6.C -std=c++98 scan-not-hidden
FAIL: g++.dg/ext/visibility/template6.C -std=c++11 scan-not-hidden
FAIL: g++.dg/ext/visibility/template6.C -std=c++14 scan-not-hidden
FAIL: g++.dg/ext/visibility/template9.C -std=gnu++98 scan-not-hidden
FAIL: g++.dg/ext/visibility/template9.C -std=gnu++11 scan-not-hidden
FAIL: g++.dg/ext/visibility/template9.C -std=gnu++14 scan-not-hidden
FAIL: g++.dg/ext/visibility/typeinfo1.C -std=gnu++98 scan-not-hidden
FAIL: g++.dg/ext/visibility/typeinfo1.C -std=gnu++98 scan-not-hidden
FAIL: g++.dg/ext/visibility/typeinfo1.C -std=gnu++11 scan-not-hidden
FAIL: g++.dg/ext/visibility/typeinfo1.C -std=gnu++11 scan-not-hidden
FAIL: g++.dg/ext/visibility/typeinfo1.C -std=gnu++14 scan-not-hidden
FAIL: g++.dg/ext/visibility/typeinfo1.C -std=gnu++14 scan-not-hidden
FAIL: g++.dg/ext/visibility/typeinfo2.C -std=c++98 scan-not-hidden
FAIL: g++.dg/ext/visibility/typeinfo2.C -std=c++11 scan-not-hidden
FAIL: g++.dg/ext/visibility/typeinfo2.C -std=c++14 scan-not-hidden
FAIL: g++.dg/ext/visibility/typeinfo3.C -std=c++98 scan-not-hidden
FAIL: g++.dg/ext/visibility/typeinfo3.C -std=c++98 scan-not-hidden
FAIL: g++.dg/ext/visibility/typeinfo3.C -std=c++11 scan-not-hidden
FAIL: g++.dg/ext/visibility/typeinfo3.C -std=c++11 scan-not-hidden
FAIL: g++.dg/ext/visibility/typeinfo3.C -std=c++14 scan-not-hidden
FAIL: g++.dg/ext/visibility/typeinfo3.C -std=c++14 scan-not-hidden
FAIL: g++.dg/ext/visibility/warn3.C -std=c++98 scan-not-hidden
FAIL: g++.dg/ext/visibility/warn3.C -std=c++11 scan-not-hidden
FAIL: g++.dg/ext/visibility/warn3.C -std=c++14 scan-not-hidden
FAIL: g++.old-deja/g++.mike/visibility-1.C -std=gnu++98 scan-not-hidden
FAIL: g++.old-deja/g++.mike/visibility-1.C -std=gnu++11 scan-not-hidden
FAIL: g++.old-deja/g++.mike/visibility-1.C -std=gnu++14 scan-not-hidden
=== g++ Summary ===
# of expected passes 105237
# of unexpected failures 105
# of expected failures 395
# of unsupported tests 4600
/usr/local/build/gcc-7.3.0_SunOS5.10_sparc64vii+.001/gcc/testsuite/g++/../../xg++
version 7.3.0 (genunix Mon Apr 16 19:59:50 GMT 2018)
=== gnat tests ===
Running target unix
=== gnat Summary ===
# of expected passes 2549
# of expected failures 24
# of unsupported tests 23
/usr/local/build/gcc-7.3.0_SunOS5.10_sparc64vii+.001/gcc/gnatmake
version 7.3.0
=== go tests ===
Running target unix
FAIL: go.test/test/fixedbugs/bug347.go execution, -O0 -g
FAIL: go.test/test/fixedbugs/bug348.go execution, -O0 -g
FAIL: ./index0-out.go execution, -O0 -g -fno-var-tracking-assignments
FAIL: go.test/test/recover.go execution, -O2 -g
FAIL: ./slice3-out.go execution, -O0 -g -fno-var-tracking-assignments
=== go Summary ===
# of expected passes 7237
# of unexpected failures 5
# of expected failures 1
# of untested testcases 11
# of unsupported tests 3
=== obj-c++ tests ===
Running target unix
=== obj-c++ Summary ===
# of expected passes 1435
# of expected failures 10
# of unsupported tests 77
/usr/local/build/gcc-7.3.0_SunOS5.10_sparc64vii+.001/gcc/testsuite/obj-c++/../../xg++
version 7.3.0 (genunix Mon Apr 16 19:59:50 GMT 2018)
=== objc tests ===
Running target unix
=== objc Summary ===
# of expected passes 2787
# of unsupported tests 68
/usr/local/build/gcc-7.3.0_SunOS5.10_sparc64vii+.001/gcc/xgcc version
7.3.0 (genunix Mon Apr 16 19:59:50 GMT 2018)
=== libatomic tests ===
Running target unix
=== libatomic Summary ===
# of expected passes 54
=== libffi tests ===
Running target unix
=== libffi Summary ===
# of expected passes 2214
=== libgo tests ===
Running target unix
FAIL: net
FAIL: os/signal
FAIL: runtime/debug
=== libgo Summary for unix ===
# of expected passes 143
# of unexpected failures 3
Running target unix/-m32
FAIL: net
FAIL: runtime
FAIL: net/http
FAIL: os/signal
FAIL: runtime/debug
=== libgo Summary for unix/-m32 ===
# of expected passes 141
# of unexpected failures 5
=== libgo Summary ===
# of expected passes 284
# of unexpected failures 8
/usr/local/build/gcc-7.3.0_SunOS5.10_sparc64vii+.001/./gcc/gccgo version
7.3.0 (genunix Mon Apr 16 19:59:50 GMT 2018)
=== libgomp tests ===
Running target unix
=== libgomp Summary ===
# of expected passes 5109
# of unsupported tests 382
=== libitm tests ===
Running target unix
=== libitm Summary ===
# of expected passes 42
# of expected failures 3
# of unsupported tests 1
=== libstdc++ tests ===
Running target unix
FAIL: experimental/filesystem/operations/last_write_time.cc execution test
=== libstdc++ Summary ===
# of expected passes 10843
# of unexpected failures 1
# of expected failures 67
# of unsupported tests 646
Compiler version: 7.3.0 (genunix Mon Apr 16 19:59:50 GMT 2018)
Platform: sparc64-sun-solaris2.10
configure flags: --build=sparc64-sun-solaris2.10
--target=sparc64-sun-solaris2.10 --host=sparc64-sun-solaris2.10
--prefix=/usr/local/gcc7 --without-gnu-as --without-gnu-ld
--with-as=/usr/ccs/bin/as --with-ld=/usr/ccs/bin/sparcv9/ld
--disable-nls --enable-threads=posix --enable-shared
--with-gmp=/usr/local --with-mpfr=/usr/local --with-mpc=/usr/local
--with-isl=/usr/local --with-build-time-tools=/usr/local/bin
--with-cpu=v9 --enable-bootstrap --enable-stage1-languages=c,c++
--enable-stage1-checking=misc
--enable-languages=ada,c,c++,fortran,go,lto,objc,obj-c++
--with-pkgversion='genunix Mon Apr 16 19:59:50 GMT 2018'
Dennis Clarke
More information about the Gcc-testresults
mailing list