Results for 8.0.1 20180406 (experimental) [trunk revision 259166] (GCC) testsuite on i386-pc-solaris2.11
Rainer Orth
ro@CeBiTec.Uni-Bielefeld.DE
Sat Apr 7 08:06:00 GMT 2018
LAST_UPDATED: Fri Apr 6 08:52:59 UTC 2018 (revision 259166)
=== acats tests ===
=== acats Summary ===
# of expected passes 2320
# of unexpected failures 0
Native configuration is i386-pc-solaris2.11
=== g++ tests ===
Running target unix
UNRESOLVED: tmpdir-g++.dg-struct-layout-1/t003 cp_compat_x_tst.o-cp_compat_y_tst.o execute
UNRESOLVED: tmpdir-g++.dg-struct-layout-1/t003 cp_compat_x_tst.o-cp_compat_y_tst.o link
FAIL: tmpdir-g++.dg-struct-layout-1/t003 cp_compat_y_tst.o compile
FAIL: g++.dg/ext/pr84828.C -std=gnu++11 (internal compiler error)
FAIL: g++.dg/ext/pr84828.C -std=gnu++11 (test for excess errors)
FAIL: g++.dg/ext/pr84828.C -std=gnu++14 (internal compiler error)
FAIL: g++.dg/ext/pr84828.C -std=gnu++14 (test for excess errors)
FAIL: g++.dg/ext/pr84828.C -std=gnu++98 (internal compiler error)
FAIL: g++.dg/ext/pr84828.C -std=gnu++98 (test for excess errors)
=== g++ Summary for unix ===
# of expected passes 114083
# of unexpected failures 7
# of expected failures 505
# of unresolved testcases 2
# of unsupported tests 4586
Running target unix/-m64
FAIL: g++.dg/pr80481.C -std=gnu++11 scan-assembler-not vmovaps
FAIL: g++.dg/pr80481.C -std=gnu++14 scan-assembler-not vmovaps
FAIL: g++.dg/pr80481.C -std=gnu++98 scan-assembler-not vmovaps
=== g++ Summary for unix/-m64 ===
# of expected passes 115586
# of unexpected failures 3
# of expected failures 508
# of unsupported tests 4776
=== g++ Summary ===
# of expected passes 229669
# of unexpected failures 10
# of expected failures 1013
# of unresolved testcases 2
# of unsupported tests 9362
/var/gcc/regression/trunk/11-gcc-gas/build/gcc/xg++ version 8.0.1 20180406 (experimental) [trunk revision 259166] (GCC)
=== gcc tests ===
Running target unix
FAIL: gcc.c-torture/compile/20001226-1.c -O1 (test for excess errors)
FAIL: gcc.dg/debug/pr41893-1.c -gdwarf-2 -g3 (test for excess errors)
FAIL: gcc.dg/debug/pr41893-1.c -gdwarf-2 -g3 -O (test for excess errors)
FAIL: gcc.dg/debug/pr41893-1.c -gdwarf-2 -g3 -O3 (test for excess errors)
FAIL: gcc.dg/visibility-22.c execution test
FAIL: gcc.dg/torture/pr60092.c -O0 execution test
=== gcc Summary for unix ===
# of expected passes 121446
# of unexpected failures 6
# of expected failures 404
# of unsupported tests 2207
Running target unix/-m64
FAIL: gcc.dg/debug/pr41893-1.c -gdwarf-2 -g3 (test for excess errors)
FAIL: gcc.dg/debug/pr41893-1.c -gdwarf-2 -g3 -O (test for excess errors)
FAIL: gcc.dg/debug/pr41893-1.c -gdwarf-2 -g3 -O3 (test for excess errors)
FAIL: gcc.dg/visibility-22.c execution test
FAIL: gcc.dg/torture/pr60092.c -O0 execution test
=== gcc Summary for unix/-m64 ===
# of expected passes 123177
# of unexpected failures 5
# of expected failures 393
# of unsupported tests 2102
=== gcc Summary ===
# of expected passes 244623
# of unexpected failures 11
# of expected failures 797
# of unsupported tests 4309
/var/gcc/regression/trunk/11-gcc-gas/build/gcc/xgcc version 8.0.1 20180406 (experimental) [trunk revision 259166] (GCC)
=== gfortran tests ===
Running target unix
=== gfortran Summary for unix ===
# of expected passes 46992
# of expected failures 93
# of unsupported tests 194
Running target unix/-m64
=== gfortran Summary for unix/-m64 ===
# of expected passes 47209
# of expected failures 93
# of unsupported tests 91
=== gfortran Summary ===
# of expected passes 94201
# of expected failures 186
# of unsupported tests 285
/var/gcc/regression/trunk/11-gcc-gas/build/gcc/gfortran version 8.0.1 20180406 (experimental) [trunk revision 259166] (GCC)
=== gnat tests ===
Running target unix
=== gnat Summary for unix ===
# of expected passes 2696
# of expected failures 23
# of unsupported tests 7
Running target unix/-m64
=== gnat Summary for unix/-m64 ===
# of expected passes 2696
# of expected failures 23
# of unsupported tests 7
=== gnat Summary ===
# of expected passes 5392
# of expected failures 46
# of unsupported tests 14
/var/gcc/regression/trunk/11-gcc-gas/build/gcc/gnatmake version 8.0.1 20180406 (experimental) [trunk revision 259166]
=== go tests ===
Running target unix
FAIL: go.go-torture/execute/names-1.go compilation, -Os
FAIL: ./64bit-out.go compilation, -O0 -g -fno-var-tracking-assignments
FAIL: ./index0-out.go execution, -O0 -g -fno-var-tracking-assignments
=== go Summary for unix ===
# of expected passes 7392
# of unexpected failures 3
# of expected failures 1
# of untested testcases 12
# of unsupported tests 2
Running target unix/-m64
FAIL: ./index0-out.go execution, -O0 -g -fno-var-tracking-assignments
=== go Summary for unix/-m64 ===
# of expected passes 7277
# of unexpected failures 1
# of expected failures 1
# of untested testcases 10
# of unsupported tests 1
=== go Summary ===
# of expected passes 14669
# of unexpected failures 4
# of expected failures 2
# of untested testcases 22
# of unsupported tests 3
=== obj-c++ tests ===
Running target unix
FAIL: obj-c++.dg/tls/init-1.mm -fgnu-runtime (internal compiler error)
FAIL: obj-c++.dg/tls/init-1.mm -fgnu-runtime (test for excess errors)
=== obj-c++ Summary for unix ===
# of expected passes 1463
# of unexpected failures 2
# of expected failures 2
# of unsupported tests 77
Running target unix/-m64
=== obj-c++ Summary for unix/-m64 ===
# of expected passes 1456
# of expected failures 10
# of unsupported tests 77
=== obj-c++ Summary ===
# of expected passes 2919
# of unexpected failures 2
# of expected failures 12
# of unsupported tests 154
/var/gcc/regression/trunk/11-gcc-gas/build/gcc/xg++ version 8.0.1 20180406 (experimental) [trunk revision 259166] (GCC)
=== objc tests ===
Running target unix
FAIL: objc/execute/class-9.m compilation, -O3 -g -fgnu-runtime (internal compiler error)
UNRESOLVED: objc/execute/class-9.m execution, -O3 -g -fgnu-runtime
=== objc Summary for unix ===
# of expected passes 2795
# of unexpected failures 1
# of expected failures 6
# of unresolved testcases 1
# of unsupported tests 68
Running target unix/-m64
=== objc Summary for unix/-m64 ===
# of expected passes 2797
# of expected failures 6
# of unsupported tests 68
=== objc Summary ===
# of expected passes 5592
# of unexpected failures 1
# of expected failures 12
# of unresolved testcases 1
# of unsupported tests 136
/var/gcc/regression/trunk/11-gcc-gas/build/gcc/xgcc version 8.0.1 20180406 (experimental) [trunk revision 259166] (GCC)
=== gotools tests ===
FAIL: go test cmd/go
FAIL: go test runtime
FAIL: Test18146
FAIL: go test misc/cgo/test
FAIL: TestCompileWithoutShared
FAIL: TestEarlySignalHandler
FAIL: TestInstall
FAIL: TestOsSignal
FAIL: TestPIE
FAIL: TestSIGPROF
FAIL: TestSigaltstack
FAIL: TestSignalForwarding
FAIL: TestSignalForwardingExternal
FAIL: go test misc/cgo/testcarchive
=== gotools Summary ===
# of expected passes 78
# of unexpected failures 14
# of untested testcases 10
/var/gcc/regression/trunk/11-gcc-gas/build/./gcc/gccgo version 8.0.1 20180406 (experimental) [trunk revision 259166] (GCC)
=== libatomic tests ===
Running target unix
=== libatomic Summary for unix ===
# of expected passes 44
# of unsupported tests 5
Running target unix/-m64
=== libatomic Summary for unix/-m64 ===
# of expected passes 54
=== libatomic Summary ===
# of expected passes 98
# of unsupported tests 5
=== libffi tests ===
Running target unix
FAIL: libffi.call/cls_pointer.c -W -Wall -Wno-psabi -O2 (test for excess errors)
=== libffi Summary for unix ===
# of expected passes 2798
# of unexpected failures 1
Running target unix/-m64
=== libffi Summary for unix/-m64 ===
# of expected passes 2214
=== libffi Summary ===
# of expected passes 5012
# of unexpected failures 1
=== libgo tests ===
Running target unix
FAIL: runtime
FAIL: go/build
=== libgo Summary for unix ===
# of expected passes 161
# of unexpected failures 2
Running target unix/-m64
FAIL: fmt
FAIL: go/build
=== libgo Summary for unix/-m64 ===
# of expected passes 161
# of unexpected failures 2
=== libgo Summary ===
# of expected passes 322
# of unexpected failures 4
/var/gcc/regression/trunk/11-gcc-gas/build/./gcc/gccgo version 8.0.1 20180406 (experimental) [trunk revision 259166] (GCC)
=== libgomp tests ===
Running target unix
FAIL: libgomp.c/for-2.c (internal compiler error)
FAIL: libgomp.c/for-2.c (test for excess errors)
UNRESOLVED: libgomp.c/for-2.c compilation failed to produce executable
=== libgomp Summary for unix ===
# of expected passes 5439
# of unexpected failures 2
# of expected failures 1
# of unresolved testcases 1
# of unsupported tests 304
Running target unix/-m64
=== libgomp Summary for unix/-m64 ===
# of expected passes 5441
# of expected failures 1
# of unsupported tests 304
=== libgomp Summary ===
# of expected passes 10880
# of unexpected failures 2
# of expected failures 2
# of unresolved testcases 1
# of unsupported tests 608
=== libitm tests ===
Running target unix
=== libitm Summary for unix ===
# of expected passes 42
# of expected failures 3
# of unsupported tests 1
Running target unix/-m64
=== libitm Summary for unix/-m64 ===
# of expected passes 42
# of expected failures 3
# of unsupported tests 1
=== libitm Summary ===
# of expected passes 84
# of expected failures 6
# of unsupported tests 2
=== libstdc++ tests ===
Running target unix
FAIL: 17_intro/headers/c++1998/all_attributes.cc (test for excess errors)
FAIL: 17_intro/headers/c++2011/all_no_rtti.cc (test for excess errors)
FAIL: 17_intro/headers/c++2014/operator_names.cc (test for excess errors)
FAIL: 18_support/numeric_limits/infinity.cc (test for excess errors)
UNRESOLVED: 18_support/numeric_limits/infinity.cc compilation failed to produce executable
ERROR: could not compile io/prog_bar.cc
ERROR: tcl error sourcing /vol/gcc/src/hg/trunk/local/libstdc++-v3/testsuite/libstdc++-dg/conformance.exp.
ERROR: remote_download to target of /vol/gcc/src/hg/trunk/local/libstdc++-v3/testsuite/data/ostream_inserter_other-2.tst to ostream_inserter_other-2.tst: couldn't fork child process: not enough memory
=== libstdc++ Summary for unix ===
# of expected passes 9584
# of unexpected failures 4
# of expected failures 63
# of unresolved testcases 1
# of unsupported tests 564
Running target unix/-m64
=== libstdc++ Summary for unix/-m64 ===
# of expected passes 12924
# of expected failures 82
# of unsupported tests 710
=== libstdc++ Summary ===
# of expected passes 22508
# of unexpected failures 4
# of expected failures 145
# of unresolved testcases 1
# of unsupported tests 1274
Compiler version: 8.0.1 20180406 (experimental) [trunk revision 259166] (GCC)
Platform: i386-pc-solaris2.11
configure flags: --prefix=/vol/gcc --target=i386-pc-solaris2.11 --enable-objc-gc --with-target-bdw-gc-include=/vol/gcc/include --with-target-bdw-gc-lib=/vol/gcc/lib,amd64=/vol/gcc/lib/amd64 --enable-libmudflap --with-as=/vol/gcc/bin/gas-2.30 --with-gnu-as --with-gmp-include=/vol/gcc/include --with-gmp-lib=/vol/gcc/lib --with-mpfr-include=/vol/gcc/include --with-mpfr-lib=/vol/gcc/lib --with-mpc-include=/vol/gcc/include --with-mpc-lib=/vol/gcc/lib --enable-languages=all,ada,obj-c++,go --with-isl-include=/vol/gcc/include --with-isl-lib=/vol/gcc/lib --build=i386-pc-solaris2.11 --host=i386-pc-solaris2.11
BOOT_CFLAGS=-g -O2
More information about the Gcc-testresults
mailing list